Jul 30 11:51:14.049452 np0000006125 nova-scheduler[96772]: DEBUG cotyledon.oslo_config_glue [-] workarounds.ensure_libvirt_rbd_instance_dir_cleanup = False {{(pid=96772) log_opt_values /opt/stack/data/venv/lib/python3.12/site-packages/oslo_config/cfg.py:3253}}
Jul 30 11:51:14.049452 np0000006125 nova-scheduler[96772]: DEBUG cotyledon.oslo_config_glue [-] workarounds.handle_virt_lifecycle_events = True {{(pid=96772) log_opt_values /opt/stack/data/venv/lib/python3.12/site-packages/oslo_config/cfg.py:3253}}
Jul 30 11:51:14.049452 np0000006125 nova-scheduler[96772]: DEBUG cotyledon.oslo_config_glue [-] workarounds.libvirt_disable_apic = False {{(pid=96772) log_opt_values /opt/stack/data/venv/lib/python3.12/site-packages/oslo_config/cfg.py:3253}}
Jul 30 11:51:14.049452 np0000006125 nova-scheduler[96772]: DEBUG cotyledon.oslo_config_glue [-] workarounds.never_download_image_if_on_rbd = False {{(pid=96772) log_opt_values /opt/stack/data/venv/lib/python3.12/site-packages/oslo_config/cfg.py:3253}}
Jul 30 11:51:14.049452 np0000006125 nova-scheduler[96772]: DEBUG cotyledon.oslo_config_glue [-] workarounds.qemu_monitor_announce_self_count = 3 {{(pid=96772) log_opt_values /opt/stack/data/venv/lib/python3.12/site-packages/oslo_config/cfg.py:3253}}
Jul 30 11:51:14.049452 np0000006125 nova-scheduler[96772]: DEBUG cotyledon.oslo_config_glue [-] workarounds.qemu_monitor_announce_self_interval = 1 {{(pid=96772) log_opt_values /opt/stack/data/venv/lib/python3.12/site-packages/oslo_config/cfg.py:3253}}
Jul 30 11:51:14.049452 np0000006125 nova-scheduler[96772]: DEBUG cotyledon.oslo_config_glue [-] workarounds.reserve_disk_resource_for_image_cache = False {{(pid=96772) log_opt_values /opt/stack/data/venv/lib/python3.12/site-packages/oslo_config/cfg.py:3253}}
Jul 30 11:51:14.049736 np0000006125 nova-scheduler[96772]: DEBUG cotyledon.oslo_config_glue [-] workarounds.skip_cpu_compare_at_startup = False {{(pid=96772) log_opt_values /opt/stack/data/venv/lib/python3.12/site-packages/oslo_config/cfg.py:3253}}
Jul 30 11:51:14.049736 np0000006125 nova-scheduler[96772]: DEBUG cotyledon.oslo_config_glue [-] workarounds.skip_cpu_compare_on_dest = False {{(pid=96772) log_opt_values /opt/stack/data/venv/lib/python3.12/site-packages/oslo_config/cfg.py:3253}}
Jul 30 11:51:14.049736 np0000006125 nova-scheduler[96772]: DEBUG cotyledon.oslo_config_glue [-] workarounds.skip_hypervisor_version_check_on_lm = False {{(pid=96772) log_opt_values /opt/stack/data/venv/lib/python3.12/site-packages/oslo_config/cfg.py:3253}}
Jul 30 11:51:14.049736 np0000006125 nova-scheduler[96772]: DEBUG cotyledon.oslo_config_glue [-] workarounds.skip_reserve_in_use_ironic_nodes = False {{(pid=96772) log_opt_values /opt/stack/data/venv/lib/python3.12/site-packages/oslo_config/cfg.py:3253}}
Jul 30 11:51:14.049736 np0000006125 nova-scheduler[96772]: DEBUG cotyledon.oslo_config_glue [-] workarounds.unified_limits_count_pcpu_as_vcpu = False {{(pid=96772) log_opt_values /opt/stack/data/venv/lib/python3.12/site-packages/oslo_config/cfg.py:3253}}
Jul 30 11:51:14.049736 np0000006125 nova-scheduler[96772]: DEBUG cotyledon.oslo_config_glue [-] workarounds.wait_for_vif_plugged_event_during_hard_reboot = [] {{(pid=96772) log_opt_values /opt/stack/data/venv/lib/python3.12/site-packages/oslo_config/cfg.py:3253}}
Jul 30 11:51:14.049736 np0000006125 nova-scheduler[96772]: DEBUG cotyledon.oslo_config_glue [-] wsgi.api_paste_config = /etc/nova/api-paste.ini {{(pid=96772) log_opt_values /opt/stack/data/venv/lib/python3.12/site-packages/oslo_config/cfg.py:3253}}
Jul 30 11:51:14.049736 np0000006125 nova-scheduler[96772]: DEBUG cotyledon.oslo_config_glue [-] wsgi.secure_proxy_ssl_header = None {{(pid=96772) log_opt_values /opt/stack/data/venv/lib/python3.12/site-packages/oslo_config/cfg.py:3253}}
Jul 30 11:51:14.049736 np0000006125 nova-scheduler[96772]: DEBUG cotyledon.oslo_config_glue [-] zvm.ca_file = None {{(pid=96772) log_opt_values /opt/stack/data/venv/lib/python3.12/site-packages/oslo_config/cfg.py:3253}}
Jul 30 11:51:14.050002 np0000006125 nova-scheduler[96772]: DEBUG cotyledon.oslo_config_glue [-] zvm.cloud_connector_url = None {{(pid=96772) log_opt_values /opt/stack/data/venv/lib/python3.12/site-packages/oslo_config/cfg.py:3253}}
Jul 30 11:51:14.050002 np0000006125 nova-scheduler[96772]: DEBUG cotyledon.oslo_config_glue [-] zvm.image_tmp_path = /opt/stack/data/nova/images {{(pid=96772) log_opt_values /opt/stack/data/venv/lib/python3.12/site-packages/oslo_config/cfg.py:3253}}
Jul 30 11:51:14.050002 np0000006125 nova-scheduler[96772]: DEBUG cotyledon.oslo_config_glue [-] zvm.reachable_timeout = 300 {{(pid=96772) log_opt_values /opt/stack/data/venv/lib/python3.12/site-packages/oslo_config/cfg.py:3253}}
Jul 30 11:51:14.050002 np0000006125 nova-scheduler[96772]: DEBUG cotyledon.oslo_config_glue [-] oslo_versionedobjects.fatal_exception_format_errors = False {{(pid=96772) log_opt_values /opt/stack/data/venv/lib/python3.12/site-packages/oslo_config/cfg.py:3253}}
Jul 30 11:51:14.050002 np0000006125 nova-scheduler[96772]: DEBUG cotyledon.oslo_config_glue [-] oslo_middleware.http_basic_auth_user_file = /etc/htpasswd {{(pid=96772) log_opt_values /opt/stack/data/venv/lib/python3.12/site-packages/oslo_config/cfg.py:3253}}
Jul 30 11:51:14.050002 np0000006125 nova-scheduler[96772]: DEBUG cotyledon.oslo_config_glue [-] oslo_messaging_metrics.metrics_buffer_size = 1000 {{(pid=96772) log_opt_values /opt/stack/data/venv/lib/python3.12/site-packages/oslo_config/cfg.py:3253}}
Jul 30 11:51:14.050002 np0000006125 nova-scheduler[96772]: DEBUG cotyledon.oslo_config_glue [-] oslo_messaging_metrics.metrics_enabled = False {{(pid=96772) log_opt_values /opt/stack/data/venv/lib/python3.12/site-packages/oslo_config/cfg.py:3253}}
Jul 30 11:51:14.050002 np0000006125 nova-scheduler[96772]: DEBUG cotyledon.oslo_config_glue [-] oslo_messaging_metrics.metrics_process_name = {{(pid=96772) log_opt_values /opt/stack/data/venv/lib/python3.12/site-packages/oslo_config/cfg.py:3253}}
Jul 30 11:51:14.050254 np0000006125 nova-scheduler[96772]: DEBUG cotyledon.oslo_config_glue [-] oslo_messaging_metrics.metrics_socket_file = /var/tmp/metrics_collector.sock {{(pid=96772) log_opt_values /opt/stack/data/venv/lib/python3.12/site-packages/oslo_config/cfg.py:3253}}
Jul 30 11:51:14.050254 np0000006125 nova-scheduler[96772]: DEBUG cotyledon.oslo_config_glue [-] oslo_messaging_metrics.metrics_thread_stop_timeout = 10 {{(pid=96772) log_opt_values /opt/stack/data/venv/lib/python3.12/site-packages/oslo_config/cfg.py:3253}}
Jul 30 11:51:14.050254 np0000006125 nova-scheduler[96772]: DEBUG cotyledon.oslo_config_glue [-] profiler.connection_string = messaging:// {{(pid=96772) log_opt_values /opt/stack/data/venv/lib/python3.12/site-packages/oslo_config/cfg.py:3253}}
Jul 30 11:51:14.050254 np0000006125 nova-scheduler[96772]: DEBUG cotyledon.oslo_config_glue [-] profiler.enabled = False {{(pid=96772) log_opt_values /opt/stack/data/venv/lib/python3.12/site-packages/oslo_config/cfg.py:3253}}
Jul 30 11:51:14.050254 np0000006125 nova-scheduler[96772]: DEBUG cotyledon.oslo_config_glue [-] profiler.es_doc_type = notification {{(pid=96772) log_opt_values /opt/stack/data/venv/lib/python3.12/site-packages/oslo_config/cfg.py:3253}}
Jul 30 11:51:14.050254 np0000006125 nova-scheduler[96772]: DEBUG cotyledon.oslo_config_glue [-] profiler.es_scroll_size = 10000 {{(pid=96772) log_opt_values /opt/stack/data/venv/lib/python3.12/site-packages/oslo_config/cfg.py:3253}}
Jul 30 11:51:14.050254 np0000006125 nova-scheduler[96772]: DEBUG cotyledon.oslo_config_glue [-] profiler.es_scroll_time = 2m {{(pid=96772) log_opt_values /opt/stack/data/venv/lib/python3.12/site-packages/oslo_config/cfg.py:3253}}
Jul 30 11:51:14.050254 np0000006125 nova-scheduler[96772]: DEBUG cotyledon.oslo_config_glue [-] profiler.filter_error_trace = False {{(pid=96772) log_opt_values /opt/stack/data/venv/lib/python3.12/site-packages/oslo_config/cfg.py:3253}}
Jul 30 11:51:14.050254 np0000006125 nova-scheduler[96772]: DEBUG cotyledon.oslo_config_glue [-] profiler.hmac_keys = **** {{(pid=96772) log_opt_values /opt/stack/data/venv/lib/python3.12/site-packages/oslo_config/cfg.py:3253}}
Jul 30 11:51:14.050538 np0000006125 nova-scheduler[96772]: DEBUG cotyledon.oslo_config_glue [-] profiler.sentinel_service_name = mymaster {{(pid=96772) log_opt_values /opt/stack/data/venv/lib/python3.12/site-packages/oslo_config/cfg.py:3253}}
Jul 30 11:51:14.050538 np0000006125 nova-scheduler[96772]: DEBUG cotyledon.oslo_config_glue [-] profiler.socket_timeout = 0.1 {{(pid=96772) log_opt_values /opt/stack/data/venv/lib/python3.12/site-packages/oslo_config/cfg.py:3253}}
Jul 30 11:51:14.050538 np0000006125 nova-scheduler[96772]: DEBUG cotyledon.oslo_config_glue [-] profiler.trace_requests = False {{(pid=96772) log_opt_values /opt/stack/data/venv/lib/python3.12/site-packages/oslo_config/cfg.py:3253}}
Jul 30 11:51:14.050538 np0000006125 nova-scheduler[96772]: DEBUG cotyledon.oslo_config_glue [-] profiler.trace_sqlalchemy = False {{(pid=96772) log_opt_values /opt/stack/data/venv/lib/python3.12/site-packages/oslo_config/cfg.py:3253}}
Jul 30 11:51:14.050538 np0000006125 nova-scheduler[96772]: DEBUG cotyledon.oslo_config_glue [-] profiler_jaeger.process_tags = {} {{(pid=96772) log_opt_values /opt/stack/data/venv/lib/python3.12/site-packages/oslo_config/cfg.py:3253}}
Jul 30 11:51:14.050538 np0000006125 nova-scheduler[96772]: DEBUG cotyledon.oslo_config_glue [-] profiler_jaeger.service_name_prefix = None {{(pid=96772) log_opt_values /opt/stack/data/venv/lib/python3.12/site-packages/oslo_config/cfg.py:3253}}
Jul 30 11:51:14.050538 np0000006125 nova-scheduler[96772]: DEBUG cotyledon.oslo_config_glue [-] profiler_otlp.service_name_prefix = None {{(pid=96772) log_opt_values /opt/stack/data/venv/lib/python3.12/site-packages/oslo_config/cfg.py:3253}}
Jul 30 11:51:14.050538 np0000006125 nova-scheduler[96772]: DEBUG cotyledon.oslo_config_glue [-] oslo_messaging_rabbit.amqp_auto_delete = False {{(pid=96772) log_opt_values /opt/stack/data/venv/lib/python3.12/site-packages/oslo_config/cfg.py:3253}}
Jul 30 11:51:14.050538 np0000006125 nova-scheduler[96772]: DEBUG cotyledon.oslo_config_glue [-] oslo_messaging_rabbit.amqp_durable_queues = False {{(pid=96772) log_opt_values /opt/stack/data/venv/lib/python3.12/site-packages/oslo_config/cfg.py:3253}}
Jul 30 11:51:14.050845 np0000006125 nova-scheduler[96772]: DEBUG cotyledon.oslo_config_glue [-] oslo_messaging_rabbit.conn_pool_min_size = 2 {{(pid=96772) log_opt_values /opt/stack/data/venv/lib/python3.12/site-packages/oslo_config/cfg.py:3253}}
Jul 30 11:51:14.050845 np0000006125 nova-scheduler[96772]: DEBUG cotyledon.oslo_config_glue [-] oslo_messaging_rabbit.conn_pool_ttl = 1200 {{(pid=96772) log_opt_values /opt/stack/data/venv/lib/python3.12/site-packages/oslo_config/cfg.py:3253}}
Jul 30 11:51:14.050845 np0000006125 nova-scheduler[96772]: DEBUG cotyledon.oslo_config_glue [-] oslo_messaging_rabbit.direct_mandatory_flag = True {{(pid=96772) log_opt_values /opt/stack/data/venv/lib/python3.12/site-packages/oslo_config/cfg.py:3253}}
Jul 30 11:51:14.050845 np0000006125 nova-scheduler[96772]: DEBUG cotyledon.oslo_config_glue [-] oslo_messaging_rabbit.enable_cancel_on_failover = False {{(pid=96772) log_opt_values /opt/stack/data/venv/lib/python3.12/site-packages/oslo_config/cfg.py:3253}}
Jul 30 11:51:14.050845 np0000006125 nova-scheduler[96772]: DEBUG cotyledon.oslo_config_glue [-] oslo_messaging_rabbit.heartbeat_rate = 3 {{(pid=96772) log_opt_values /opt/stack/data/venv/lib/python3.12/site-packages/oslo_config/cfg.py:3253}}
Jul 30 11:51:14.050845 np0000006125 nova-scheduler[96772]: DEBUG cotyledon.oslo_config_glue [-] oslo_messaging_rabbit.heartbeat_timeout_threshold = 60 {{(pid=96772) log_opt_values /opt/stack/data/venv/lib/python3.12/site-packages/oslo_config/cfg.py:3253}}
Jul 30 11:51:14.050845 np0000006125 nova-scheduler[96772]: DEBUG cotyledon.oslo_config_glue [-] oslo_messaging_rabbit.hostname = np0000006125 {{(pid=96772) log_opt_values /opt/stack/data/venv/lib/python3.12/site-packages/oslo_config/cfg.py:3253}}
Jul 30 11:51:14.050845 np0000006125 nova-scheduler[96772]: DEBUG cotyledon.oslo_config_glue [-] oslo_messaging_rabbit.kombu_compression = None {{(pid=96772) log_opt_values /opt/stack/data/venv/lib/python3.12/site-packages/oslo_config/cfg.py:3253}}
Jul 30 11:51:14.050845 np0000006125 nova-scheduler[96772]: DEBUG cotyledon.oslo_config_glue [-] oslo_messaging_rabbit.kombu_failover_strategy = round-robin {{(pid=96772) log_opt_values /opt/stack/data/venv/lib/python3.12/site-packages/oslo_config/cfg.py:3253}}
Jul 30 11:51:14.051134 np0000006125 nova-scheduler[96772]: DEBUG cotyledon.oslo_config_glue [-] oslo_messaging_rabbit.kombu_missing_consumer_retry_timeout = 60 {{(pid=96772) log_opt_values /opt/stack/data/venv/lib/python3.12/site-packages/oslo_config/cfg.py:3253}}
Jul 30 11:51:14.051134 np0000006125 nova-scheduler[96772]: DEBUG cotyledon.oslo_config_glue [-] oslo_messaging_rabbit.kombu_reconnect_delay = 1.0 {{(pid=96772) log_opt_values /opt/stack/data/venv/lib/python3.12/site-packages/oslo_config/cfg.py:3253}}
Jul 30 11:51:14.051134 np0000006125 nova-scheduler[96772]: DEBUG cotyledon.oslo_config_glue [-] oslo_messaging_rabbit.kombu_reconnect_splay = 0.0 {{(pid=96772) log_opt_values /opt/stack/data/venv/lib/python3.12/site-packages/oslo_config/cfg.py:3253}}
Jul 30 11:51:14.051134 np0000006125 nova-scheduler[96772]: DEBUG cotyledon.oslo_config_glue [-] oslo_messaging_rabbit.processname = nova-scheduler {{(pid=96772) log_opt_values /opt/stack/data/venv/lib/python3.12/site-packages/oslo_config/cfg.py:3253}}
Jul 30 11:51:14.051134 np0000006125 nova-scheduler[96772]: DEBUG cotyledon.oslo_config_glue [-] oslo_messaging_rabbit.rabbit_ha_queues = False {{(pid=96772) log_opt_values /opt/stack/data/venv/lib/python3.12/site-packages/oslo_config/cfg.py:3253}}
Jul 30 11:51:14.051134 np0000006125 nova-scheduler[96772]: DEBUG cotyledon.oslo_config_glue [-] oslo_messaging_rabbit.rabbit_interval_max = 30 {{(pid=96772) log_opt_values /opt/stack/data/venv/lib/python3.12/site-packages/oslo_config/cfg.py:3253}}
Jul 30 11:51:14.051134 np0000006125 nova-scheduler[96772]: DEBUG cotyledon.oslo_config_glue [-] oslo_messaging_rabbit.rabbit_login_method = AMQPLAIN {{(pid=96772) log_opt_values /opt/stack/data/venv/lib/python3.12/site-packages/oslo_config/cfg.py:3253}}
Jul 30 11:51:14.051134 np0000006125 nova-scheduler[96772]: DEBUG cotyledon.oslo_config_glue [-] oslo_messaging_rabbit.rabbit_qos_prefetch_count = 0 {{(pid=96772) log_opt_values /opt/stack/data/venv/lib/python3.12/site-packages/oslo_config/cfg.py:3253}}
Jul 30 11:51:14.051134 np0000006125 nova-scheduler[96772]: DEBUG cotyledon.oslo_config_glue [-] oslo_messaging_rabbit.rabbit_quorum_delivery_limit = 0 {{(pid=96772) log_opt_values /opt/stack/data/venv/lib/python3.12/site-packages/oslo_config/cfg.py:3253}}
Jul 30 11:51:14.051438 np0000006125 nova-scheduler[96772]: DEBUG cotyledon.oslo_config_glue [-] oslo_messaging_rabbit.rabbit_quorum_max_memory_bytes = 0 {{(pid=96772) log_opt_values /opt/stack/data/venv/lib/python3.12/site-packages/oslo_config/cfg.py:3253}}
Jul 30 11:51:14.051438 np0000006125 nova-scheduler[96772]: DEBUG cotyledon.oslo_config_glue [-] oslo_messaging_rabbit.rabbit_quorum_max_memory_length = 0 {{(pid=96772) log_opt_values /opt/stack/data/venv/lib/python3.12/site-packages/oslo_config/cfg.py:3253}}
Jul 30 11:51:14.051438 np0000006125 nova-scheduler[96772]: DEBUG cotyledon.oslo_config_glue [-] oslo_messaging_rabbit.rabbit_quorum_queue = False {{(pid=96772) log_opt_values /opt/stack/data/venv/lib/python3.12/site-packages/oslo_config/cfg.py:3253}}
Jul 30 11:51:14.051438 np0000006125 nova-scheduler[96772]: DEBUG cotyledon.oslo_config_glue [-] oslo_messaging_rabbit.rabbit_retry_backoff = 2 {{(pid=96772) log_opt_values /opt/stack/data/venv/lib/python3.12/site-packages/oslo_config/cfg.py:3253}}
Jul 30 11:51:14.051438 np0000006125 nova-scheduler[96772]: DEBUG cotyledon.oslo_config_glue [-] oslo_messaging_rabbit.rabbit_retry_interval = 1 {{(pid=96772) log_opt_values /opt/stack/data/venv/lib/python3.12/site-packages/oslo_config/cfg.py:3253}}
Jul 30 11:51:14.051438 np0000006125 nova-scheduler[96772]: DEBUG cotyledon.oslo_config_glue [-] oslo_messaging_rabbit.rabbit_stream_fanout = False {{(pid=96772) log_opt_values /opt/stack/data/venv/lib/python3.12/site-packages/oslo_config/cfg.py:3253}}
Jul 30 11:51:14.051438 np0000006125 nova-scheduler[96772]: DEBUG cotyledon.oslo_config_glue [-] oslo_messaging_rabbit.rabbit_transient_queues_ttl = 1800 {{(pid=96772) log_opt_values /opt/stack/data/venv/lib/python3.12/site-packages/oslo_config/cfg.py:3253}}
Jul 30 11:51:14.051438 np0000006125 nova-scheduler[96772]: DEBUG cotyledon.oslo_config_glue [-] oslo_messaging_rabbit.rabbit_transient_quorum_queue = False {{(pid=96772) log_opt_values /opt/stack/data/venv/lib/python3.12/site-packages/oslo_config/cfg.py:3253}}
Jul 30 11:51:14.051696 np0000006125 nova-scheduler[96772]: DEBUG cotyledon.oslo_config_glue [-] oslo_messaging_rabbit.rpc_conn_pool_size = 30 {{(pid=96772) log_opt_values /opt/stack/data/venv/lib/python3.12/site-packages/oslo_config/cfg.py:3253}}
Jul 30 11:51:14.051696 np0000006125 nova-scheduler[96772]: DEBUG cotyledon.oslo_config_glue [-] oslo_messaging_rabbit.ssl = False {{(pid=96772) log_opt_values /opt/stack/data/venv/lib/python3.12/site-packages/oslo_config/cfg.py:3253}}
Jul 30 11:51:14.051696 np0000006125 nova-scheduler[96772]: DEBUG cotyledon.oslo_config_glue [-] oslo_messaging_rabbit.ssl_ca_file = {{(pid=96772) log_opt_values /opt/stack/data/venv/lib/python3.12/site-packages/oslo_config/cfg.py:3253}}
Jul 30 11:51:14.051696 np0000006125 nova-scheduler[96772]: DEBUG cotyledon.oslo_config_glue [-] oslo_messaging_rabbit.ssl_cert_file = {{(pid=96772) log_opt_values /opt/stack/data/venv/lib/python3.12/site-packages/oslo_config/cfg.py:3253}}
Jul 30 11:51:14.051696 np0000006125 nova-scheduler[96772]: DEBUG cotyledon.oslo_config_glue [-] oslo_messaging_rabbit.ssl_enforce_fips_mode = False {{(pid=96772) log_opt_values /opt/stack/data/venv/lib/python3.12/site-packages/oslo_config/cfg.py:3253}}
Jul 30 11:51:14.051696 np0000006125 nova-scheduler[96772]: DEBUG cotyledon.oslo_config_glue [-] oslo_messaging_rabbit.ssl_enforce_hostname_verification = True {{(pid=96772) log_opt_values /opt/stack/data/venv/lib/python3.12/site-packages/oslo_config/cfg.py:3253}}
Jul 30 11:51:14.051696 np0000006125 nova-scheduler[96772]: DEBUG cotyledon.oslo_config_glue [-] oslo_messaging_rabbit.ssl_key_file = {{(pid=96772) log_opt_values /opt/stack/data/venv/lib/python3.12/site-packages/oslo_config/cfg.py:3253}}
Jul 30 11:51:14.051696 np0000006125 nova-scheduler[96772]: DEBUG cotyledon.oslo_config_glue [-] oslo_messaging_rabbit.ssl_version = {{(pid=96772) log_opt_values /opt/stack/data/venv/lib/python3.12/site-packages/oslo_config/cfg.py:3253}}
Jul 30 11:51:14.051696 np0000006125 nova-scheduler[96772]: DEBUG cotyledon.oslo_config_glue [-] oslo_messaging_rabbit.use_queue_manager = False {{(pid=96772) log_opt_values /opt/stack/data/venv/lib/python3.12/site-packages/oslo_config/cfg.py:3253}}
Jul 30 11:51:14.051971 np0000006125 nova-scheduler[96772]: DEBUG cotyledon.oslo_config_glue [-] oslo_messaging_notifications.driver = ['messagingv2'] {{(pid=96772) log_opt_values /opt/stack/data/venv/lib/python3.12/site-packages/oslo_config/cfg.py:3253}}
Jul 30 11:51:14.051971 np0000006125 nova-scheduler[96772]: DEBUG cotyledon.oslo_config_glue [-] oslo_messaging_notifications.retry = -1 {{(pid=96772) log_opt_values /opt/stack/data/venv/lib/python3.12/site-packages/oslo_config/cfg.py:3253}}
Jul 30 11:51:14.051971 np0000006125 nova-scheduler[96772]: DEBUG cotyledon.oslo_config_glue [-] oslo_messaging_notifications.topics = ['notifications'] {{(pid=96772) log_opt_values /opt/stack/data/venv/lib/python3.12/site-packages/oslo_config/cfg.py:3253}}
Jul 30 11:51:14.051971 np0000006125 nova-scheduler[96772]: DEBUG cotyledon.oslo_config_glue [-] oslo_messaging_notifications.transport_url = **** {{(pid=96772) log_opt_values /opt/stack/data/venv/lib/python3.12/site-packages/oslo_config/cfg.py:3253}}
Jul 30 11:51:14.051971 np0000006125 nova-scheduler[96772]: DEBUG cotyledon.oslo_config_glue [-] oslo_limit.auth_section = None {{(pid=96772) log_opt_values /opt/stack/data/venv/lib/python3.12/site-packages/oslo_config/cfg.py:3253}}
Jul 30 11:51:14.051971 np0000006125 nova-scheduler[96772]: DEBUG cotyledon.oslo_config_glue [-] oslo_limit.auth_type = None {{(pid=96772) log_opt_values /opt/stack/data/venv/lib/python3.12/site-packages/oslo_config/cfg.py:3253}}
Jul 30 11:51:14.051971 np0000006125 nova-scheduler[96772]: DEBUG cotyledon.oslo_config_glue [-] oslo_limit.cafile = None {{(pid=96772) log_opt_values /opt/stack/data/venv/lib/python3.12/site-packages/oslo_config/cfg.py:3253}}
Jul 30 11:51:14.051971 np0000006125 nova-scheduler[96772]: DEBUG cotyledon.oslo_config_glue [-] oslo_limit.certfile = None {{(pid=96772) log_opt_values /opt/stack/data/venv/lib/python3.12/site-packages/oslo_config/cfg.py:3253}}
Jul 30 11:51:14.051971 np0000006125 nova-scheduler[96772]: DEBUG cotyledon.oslo_config_glue [-] oslo_limit.collect_timing = False {{(pid=96772) log_opt_values /opt/stack/data/venv/lib/python3.12/site-packages/oslo_config/cfg.py:3253}}
Jul 30 11:51:14.052269 np0000006125 nova-scheduler[96772]: DEBUG cotyledon.oslo_config_glue [-] oslo_limit.connect_retries = None {{(pid=96772) log_opt_values /opt/stack/data/venv/lib/python3.12/site-packages/oslo_config/cfg.py:3253}}
Jul 30 11:51:14.052269 np0000006125 nova-scheduler[96772]: DEBUG cotyledon.oslo_config_glue [-] oslo_limit.connect_retry_delay = None {{(pid=96772) log_opt_values /opt/stack/data/venv/lib/python3.12/site-packages/oslo_config/cfg.py:3253}}
Jul 30 11:51:14.052269 np0000006125 nova-scheduler[96772]: DEBUG cotyledon.oslo_config_glue [-] oslo_limit.endpoint_id = None {{(pid=96772) log_opt_values /opt/stack/data/venv/lib/python3.12/site-packages/oslo_config/cfg.py:3253}}
Jul 30 11:51:14.052269 np0000006125 nova-scheduler[96772]: DEBUG cotyledon.oslo_config_glue [-] oslo_limit.endpoint_interface = public {{(pid=96772) log_opt_values /opt/stack/data/venv/lib/python3.12/site-packages/oslo_config/cfg.py:3253}}
Jul 30 11:51:14.052269 np0000006125 nova-scheduler[96772]: DEBUG cotyledon.oslo_config_glue [-] oslo_limit.endpoint_override = None {{(pid=96772) log_opt_values /opt/stack/data/venv/lib/python3.12/site-packages/oslo_config/cfg.py:3253}}
Jul 30 11:51:14.052269 np0000006125 nova-scheduler[96772]: DEBUG cotyledon.oslo_config_glue [-] oslo_limit.endpoint_region_name = None {{(pid=96772) log_opt_values /opt/stack/data/venv/lib/python3.12/site-packages/oslo_config/cfg.py:3253}}
Jul 30 11:51:14.052269 np0000006125 nova-scheduler[96772]: DEBUG cotyledon.oslo_config_glue [-] oslo_limit.endpoint_service_name = None {{(pid=96772) log_opt_values /opt/stack/data/venv/lib/python3.12/site-packages/oslo_config/cfg.py:3253}}
Jul 30 11:51:14.052269 np0000006125 nova-scheduler[96772]: DEBUG cotyledon.oslo_config_glue [-] oslo_limit.endpoint_service_type = None {{(pid=96772) log_opt_values /opt/stack/data/venv/lib/python3.12/site-packages/oslo_config/cfg.py:3253}}
Jul 30 11:51:14.052269 np0000006125 nova-scheduler[96772]: DEBUG cotyledon.oslo_config_glue [-] oslo_limit.insecure = False {{(pid=96772) log_opt_values /opt/stack/data/venv/lib/python3.12/site-packages/oslo_config/cfg.py:3253}}
Jul 30 11:51:14.052595 np0000006125 nova-scheduler[96772]: DEBUG cotyledon.oslo_config_glue [-] oslo_limit.keyfile = None {{(pid=96772) log_opt_values /opt/stack/data/venv/lib/python3.12/site-packages/oslo_config/cfg.py:3253}}
Jul 30 11:51:14.052595 np0000006125 nova-scheduler[96772]: DEBUG cotyledon.oslo_config_glue [-] oslo_limit.max_version = None {{(pid=96772) log_opt_values /opt/stack/data/venv/lib/python3.12/site-packages/oslo_config/cfg.py:3253}}
Jul 30 11:51:14.052595 np0000006125 nova-scheduler[96772]: DEBUG cotyledon.oslo_config_glue [-] oslo_limit.min_version = None {{(pid=96772) log_opt_values /opt/stack/data/venv/lib/python3.12/site-packages/oslo_config/cfg.py:3253}}
Jul 30 11:51:14.052595 np0000006125 nova-scheduler[96772]: DEBUG cotyledon.oslo_config_glue [-] oslo_limit.region_name = None {{(pid=96772) log_opt_values /opt/stack/data/venv/lib/python3.12/site-packages/oslo_config/cfg.py:3253}}
Jul 30 11:51:14.052595 np0000006125 nova-scheduler[96772]: DEBUG cotyledon.oslo_config_glue [-] oslo_limit.retriable_status_codes = None {{(pid=96772) log_opt_values /opt/stack/data/venv/lib/python3.12/site-packages/oslo_config/cfg.py:3253}}
Jul 30 11:51:14.052595 np0000006125 nova-scheduler[96772]: DEBUG cotyledon.oslo_config_glue [-] oslo_limit.service_name = None {{(pid=96772) log_opt_values /opt/stack/data/venv/lib/python3.12/site-packages/oslo_config/cfg.py:3253}}
Jul 30 11:51:14.052595 np0000006125 nova-scheduler[96772]: DEBUG cotyledon.oslo_config_glue [-] oslo_limit.service_type = None {{(pid=96772) log_opt_values /opt/stack/data/venv/lib/python3.12/site-packages/oslo_config/cfg.py:3253}}
Jul 30 11:51:14.052595 np0000006125 nova-scheduler[96772]: DEBUG cotyledon.oslo_config_glue [-] oslo_limit.split_loggers = False {{(pid=96772) log_opt_values /opt/stack/data/venv/lib/python3.12/site-packages/oslo_config/cfg.py:3253}}
Jul 30 11:51:14.052595 np0000006125 nova-scheduler[96772]: DEBUG cotyledon.oslo_config_glue [-] oslo_limit.status_code_retries = None {{(pid=96772) log_opt_values /opt/stack/data/venv/lib/python3.12/site-packages/oslo_config/cfg.py:3253}}
Jul 30 11:51:14.052861 np0000006125 nova-scheduler[96772]: DEBUG cotyledon.oslo_config_glue [-] oslo_limit.status_code_retry_delay = None {{(pid=96772) log_opt_values /opt/stack/data/venv/lib/python3.12/site-packages/oslo_config/cfg.py:3253}}
Jul 30 11:51:14.052861 np0000006125 nova-scheduler[96772]: DEBUG cotyledon.oslo_config_glue [-] oslo_limit.timeout = None {{(pid=96772) log_opt_values /opt/stack/data/venv/lib/python3.12/site-packages/oslo_config/cfg.py:3253}}
Jul 30 11:51:14.052861 np0000006125 nova-scheduler[96772]: DEBUG cotyledon.oslo_config_glue [-] oslo_limit.valid_interfaces = None {{(pid=96772) log_opt_values /opt/stack/data/venv/lib/python3.12/site-packages/oslo_config/cfg.py:3253}}
Jul 30 11:51:14.052861 np0000006125 nova-scheduler[96772]: DEBUG cotyledon.oslo_config_glue [-] oslo_limit.version = None {{(pid=96772) log_opt_values /opt/stack/data/venv/lib/python3.12/site-packages/oslo_config/cfg.py:3253}}
Jul 30 11:51:14.052861 np0000006125 nova-scheduler[96772]: DEBUG cotyledon.oslo_config_glue [-] oslo_reports.file_event_handler = None {{(pid=96772) log_opt_values /opt/stack/data/venv/lib/python3.12/site-packages/oslo_config/cfg.py:3253}}
Jul 30 11:51:14.052861 np0000006125 nova-scheduler[96772]: DEBUG cotyledon.oslo_config_glue [-] oslo_reports.file_event_handler_interval = 1 {{(pid=96772) log_opt_values /opt/stack/data/venv/lib/python3.12/site-packages/oslo_config/cfg.py:3253}}
Jul 30 11:51:14.052861 np0000006125 nova-scheduler[96772]: DEBUG cotyledon.oslo_config_glue [-] oslo_reports.log_dir = None {{(pid=96772) log_opt_values /opt/stack/data/venv/lib/python3.12/site-packages/oslo_config/cfg.py:3253}}
Jul 30 11:51:14.052861 np0000006125 nova-scheduler[96772]: DEBUG cotyledon.oslo_config_glue [-] ******************************************************************************** {{(pid=96772) log_opt_values /opt/stack/data/venv/lib/python3.12/site-packages/oslo_config/cfg.py:3260}}
Jul 30 11:51:14.052861 np0000006125 nova-scheduler[96772]: DEBUG cotyledon._service_worker [-] Run service ServiceWrapper(3) [96772] {{(pid=96772) wait_forever /opt/stack/data/venv/lib/python3.12/site-packages/cotyledon/_service_worker.py:218}}
Jul 30 11:51:14.053136 np0000006125 nova-scheduler[96772]: INFO nova.service [-] Starting scheduler node (version 33.1.0)
Jul 30 11:51:14.053136 np0000006125 nova-scheduler[96772]: INFO dbcounter [None req-161fec43-6981-4eab-aba0-f0994e1eb1bf None None] Registered counter for database nova_cell0
Jul 30 11:51:14.053203 np0000006125 nova-scheduler[96747]: DEBUG oslo_db.sqlalchemy.engines [None req-630652c4-ea2c-479f-8f0b-739360843678 None None] MySQL server mode set to STRICT_TRANS_TABLES,STRICT_ALL_TABLES,NO_ZERO_IN_DATE,NO_ZERO_DATE,ERROR_FOR_DIVISION_BY_ZERO,TRADITIONAL,NO_ENGINE_SUBSTITUTION {{(pid=96747) _check_effective_sql_mode /opt/stack/data/venv/lib/python3.12/site-packages/oslo_db/sqlalchemy/engines.py:325}}
Jul 30 11:51:14.053283 np0000006125 nova-scheduler[96738]: DEBUG oslo_db.sqlalchemy.engines [None req-6d28967a-0d3a-482d-a404-f876a2295173 None None] MySQL server mode set to STRICT_TRANS_TABLES,STRICT_ALL_TABLES,NO_ZERO_IN_DATE,NO_ZERO_DATE,ERROR_FOR_DIVISION_BY_ZERO,TRADITIONAL,NO_ENGINE_SUBSTITUTION {{(pid=96738) _check_effective_sql_mode /opt/stack/data/venv/lib/python3.12/site-packages/oslo_db/sqlalchemy/engines.py:325}}
Jul 30 11:51:14.053322 np0000006125 nova-scheduler[96747]: DEBUG dbcounter [-] [96747] Writer thread running {{(pid=96747) stat_writer /opt/stack/data/venv/lib/python3.12/site-packages/dbcounter.py:102}}
Jul 30 11:51:14.053361 np0000006125 nova-scheduler[96738]: DEBUG dbcounter [-] [96738] Writer thread running {{(pid=96738) stat_writer /opt/stack/data/venv/lib/python3.12/site-packages/dbcounter.py:102}}
Jul 30 11:51:14.053399 np0000006125 nova-scheduler[96772]: DEBUG oslo_db.sqlalchemy.engines [None req-161fec43-6981-4eab-aba0-f0994e1eb1bf None None] MySQL server mode set to STRICT_TRANS_TABLES,STRICT_ALL_TABLES,NO_ZERO_IN_DATE,NO_ZERO_DATE,ERROR_FOR_DIVISION_BY_ZERO,TRADITIONAL,NO_ENGINE_SUBSTITUTION {{(pid=96772) _check_effective_sql_mode /opt/stack/data/venv/lib/python3.12/site-packages/oslo_db/sqlalchemy/engines.py:325}}
Jul 30 11:51:14.053450 np0000006125 nova-scheduler[96742]: DEBUG oslo_db.sqlalchemy.engines [None req-00c3bd5b-a12f-4084-8fda-fc3dfb43d70c None None] MySQL server mode set to STRICT_TRANS_TABLES,STRICT_ALL_TABLES,NO_ZERO_IN_DATE,NO_ZERO_DATE,ERROR_FOR_DIVISION_BY_ZERO,TRADITIONAL,NO_ENGINE_SUBSTITUTION {{(pid=96742) _check_effective_sql_mode /opt/stack/data/venv/lib/python3.12/site-packages/oslo_db/sqlalchemy/engines.py:325}}
Jul 30 11:51:14.056065 np0000006125 nova-scheduler[96738]: DEBUG nova.service [None req-6d28967a-0d3a-482d-a404-f876a2295173 None None] Creating RPC server for service: nova-scheduler on topic: scheduler {{(pid=96738) start /opt/stack/nova/nova/service.py:196}}
Jul 30 11:51:14.058251 np0000006125 nova-scheduler[96772]: DEBUG dbcounter [-] [96772] Writer thread running {{(pid=96772) stat_writer /opt/stack/data/venv/lib/python3.12/site-packages/dbcounter.py:102}}
Jul 30 11:51:14.060856 np0000006125 nova-scheduler[96742]: DEBUG dbcounter [-] [96742] Writer thread running {{(pid=96742) stat_writer /opt/stack/data/venv/lib/python3.12/site-packages/dbcounter.py:102}}
Jul 30 11:51:14.061597 np0000006125 nova-scheduler[96772]: DEBUG nova.service [None req-161fec43-6981-4eab-aba0-f0994e1eb1bf None None] Creating RPC server for service: nova-scheduler on topic: scheduler {{(pid=96772) start /opt/stack/nova/nova/service.py:196}}
Jul 30 11:51:14.063913 np0000006125 nova-scheduler[96747]: DEBUG nova.service [None req-630652c4-ea2c-479f-8f0b-739360843678 None None] Creating RPC server for service: nova-scheduler on topic: scheduler {{(pid=96747) start /opt/stack/nova/nova/service.py:196}}
Jul 30 11:51:14.064983 np0000006125 nova-scheduler[96742]: DEBUG nova.service [None req-00c3bd5b-a12f-4084-8fda-fc3dfb43d70c None None] Creating RPC server for service: nova-scheduler on topic: scheduler {{(pid=96742) start /opt/stack/nova/nova/service.py:196}}
Jul 30 11:51:14.099488 np0000006125 nova-scheduler[96738]: DEBUG nova.service [None req-6d28967a-0d3a-482d-a404-f876a2295173 None None] Join ServiceGroup membership for this service scheduler {{(pid=96738) start /opt/stack/nova/nova/service.py:222}}
Jul 30 11:51:14.099957 np0000006125 nova-scheduler[96738]: DEBUG nova.servicegroup.drivers.db [None req-6d28967a-0d3a-482d-a404-f876a2295173 None None] DB_Driver: join new ServiceGroup member np0000006125 to the scheduler group, service = {{(pid=96738) join /opt/stack/nova/nova/servicegroup/drivers/db.py:44}}
Jul 30 11:51:14.100554 np0000006125 nova-scheduler[96772]: DEBUG nova.service [None req-161fec43-6981-4eab-aba0-f0994e1eb1bf None None] Join ServiceGroup membership for this service scheduler {{(pid=96772) start /opt/stack/nova/nova/service.py:222}}
Jul 30 11:51:14.101477 np0000006125 nova-scheduler[96772]: DEBUG nova.servicegroup.drivers.db [None req-161fec43-6981-4eab-aba0-f0994e1eb1bf None None] DB_Driver: join new ServiceGroup member np0000006125 to the scheduler group, service = {{(pid=96772) join /opt/stack/nova/nova/servicegroup/drivers/db.py:44}}
Jul 30 11:51:14.108059 np0000006125 nova-scheduler[96747]: DEBUG nova.service [None req-630652c4-ea2c-479f-8f0b-739360843678 None None] Join ServiceGroup membership for this service scheduler {{(pid=96747) start /opt/stack/nova/nova/service.py:222}}
Jul 30 11:51:14.108548 np0000006125 nova-scheduler[96747]: DEBUG nova.servicegroup.drivers.db [None req-630652c4-ea2c-479f-8f0b-739360843678 None None] DB_Driver: join new ServiceGroup member np0000006125 to the scheduler group, service = {{(pid=96747) join /opt/stack/nova/nova/servicegroup/drivers/db.py:44}}
Jul 30 11:51:14.109253 np0000006125 nova-scheduler[96742]: DEBUG nova.service [None req-00c3bd5b-a12f-4084-8fda-fc3dfb43d70c None None] Join ServiceGroup membership for this service scheduler {{(pid=96742) start /opt/stack/nova/nova/service.py:222}}
Jul 30 11:51:14.109759 np0000006125 nova-scheduler[96742]: DEBUG nova.servicegroup.drivers.db [None req-00c3bd5b-a12f-4084-8fda-fc3dfb43d70c None None] DB_Driver: join new ServiceGroup member np0000006125 to the scheduler group, service = {{(pid=96742) join /opt/stack/nova/nova/servicegroup/drivers/db.py:44}}
Jul 30 11:51:19.113569 np0000006125 nova-scheduler[96738]: DEBUG oslo.service.backend._threading.loopingcall [-] Fixed interval looping call 'nova.servicegroup.drivers.db.DbDriver._report_state' sleeping for 119.99 seconds {{(pid=96738) _run_loop /opt/stack/data/venv/lib/python3.12/site-packages/oslo_service/backend/_threading/loopingcall.py:125}}
Jul 30 11:51:19.114837 np0000006125 nova-scheduler[96772]: DEBUG oslo.service.backend._threading.loopingcall [-] Fixed interval looping call 'nova.servicegroup.drivers.db.DbDriver._report_state' sleeping for 119.99 seconds {{(pid=96772) _run_loop /opt/stack/data/venv/lib/python3.12/site-packages/oslo_service/backend/_threading/loopingcall.py:125}}
Jul 30 11:51:19.119905 np0000006125 nova-scheduler[96747]: DEBUG oslo.service.backend._threading.loopingcall [-] Fixed interval looping call 'nova.servicegroup.drivers.db.DbDriver._report_state' sleeping for 119.99 seconds {{(pid=96747) _run_loop /opt/stack/data/venv/lib/python3.12/site-packages/oslo_service/backend/_threading/loopingcall.py:125}}
Jul 30 11:51:19.120260 np0000006125 nova-scheduler[96742]: DEBUG oslo.service.backend._threading.loopingcall [-] Fixed interval looping call 'nova.servicegroup.drivers.db.DbDriver._report_state' sleeping for 119.99 seconds {{(pid=96742) _run_loop /opt/stack/data/venv/lib/python3.12/site-packages/oslo_service/backend/_threading/loopingcall.py:125}}
Jul 30 11:51:22.603413 np0000006125 nova-scheduler[95498]: DEBUG dbcounter [-] [95498] Writing DB stats nova_api:SELECT=3 {{(pid=95498) stat_writer /opt/stack/data/venv/lib/python3.12/site-packages/dbcounter.py:115}}
Jul 30 11:51:22.720693 np0000006125 nova-scheduler[95498]: DEBUG dbcounter [-] [95498] Writing DB stats nova_cell0:SELECT=1 {{(pid=95498) stat_writer /opt/stack/data/venv/lib/python3.12/site-packages/dbcounter.py:115}}
Jul 30 11:51:22.731828 np0000006125 nova-scheduler[95498]: DEBUG dbcounter [-] [95498] Writing DB stats nova_cell1:SELECT=1 {{(pid=95498) stat_writer /opt/stack/data/venv/lib/python3.12/site-packages/dbcounter.py:115}}
Jul 30 11:51:27.101981 np0000006125 nova-scheduler[96738]: DEBUG oslo.service.backend._threading.loopingcall [None req-de0d9700-639e-4734-8ddc-9d6ea1e6aec3 None None] Dynamic interval looping call 'nova.service.Service.periodic_tasks' sleeping for 60.00 seconds {{(pid=96738) _run_loop /opt/stack/data/venv/lib/python3.12/site-packages/oslo_service/backend/_threading/loopingcall.py:125}}
Jul 30 11:51:29.109936 np0000006125 nova-scheduler[96738]: DEBUG dbcounter [-] [96738] Writing DB stats nova_cell0:SELECT=4,nova_cell0:INSERT=1,nova_cell0:UPDATE=1 {{(pid=96738) stat_writer /opt/stack/data/venv/lib/python3.12/site-packages/dbcounter.py:115}}
Jul 30 11:51:29.113072 np0000006125 nova-scheduler[96772]: DEBUG dbcounter [-] [96772] Writing DB stats nova_cell0:SELECT=3,nova_cell0:UPDATE=1 {{(pid=96772) stat_writer /opt/stack/data/venv/lib/python3.12/site-packages/dbcounter.py:115}}
Jul 30 11:51:29.117384 np0000006125 nova-scheduler[96747]: DEBUG dbcounter [-] [96747] Writing DB stats nova_cell0:SELECT=5,nova_cell0:INSERT=1 {{(pid=96747) stat_writer /opt/stack/data/venv/lib/python3.12/site-packages/dbcounter.py:115}}
Jul 30 11:51:29.117652 np0000006125 nova-scheduler[96742]: DEBUG dbcounter [-] [96742] Writing DB stats nova_cell0:SELECT=3 {{(pid=96742) stat_writer /opt/stack/data/venv/lib/python3.12/site-packages/dbcounter.py:115}}
Jul 30 11:51:40.104433 np0000006125 nova-scheduler[96772]: DEBUG oslo.service.backend._threading.loopingcall [None req-9d017b1b-3bd2-4c6a-94c6-df58ba675f23 None None] Dynamic interval looping call 'nova.service.Service.periodic_tasks' sleeping for 60.00 seconds {{(pid=96772) _run_loop /opt/stack/data/venv/lib/python3.12/site-packages/oslo_service/backend/_threading/loopingcall.py:125}}
Jul 30 11:51:40.111862 np0000006125 nova-scheduler[96742]: DEBUG oslo.service.backend._threading.loopingcall [None req-77b2a47d-05a9-4c7b-a08e-8a73483cb0d8 None None] Dynamic interval looping call 'nova.service.Service.periodic_tasks' sleeping for 60.00 seconds {{(pid=96742) _run_loop /opt/stack/data/venv/lib/python3.12/site-packages/oslo_service/backend/_threading/loopingcall.py:125}}
Jul 30 11:51:56.110722 np0000006125 nova-scheduler[96747]: DEBUG oslo.service.backend._threading.loopingcall [None req-9f75a876-58a6-41ae-a677-9cb366ae8327 None None] Dynamic interval looping call 'nova.service.Service.periodic_tasks' sleeping for 60.00 seconds {{(pid=96747) _run_loop /opt/stack/data/venv/lib/python3.12/site-packages/oslo_service/backend/_threading/loopingcall.py:125}}
Jul 30 11:52:27.102553 np0000006125 nova-scheduler[96738]: DEBUG oslo.service.backend._threading.loopingcall [None req-de0d9700-639e-4734-8ddc-9d6ea1e6aec3 None None] Dynamic interval looping call 'nova.service.Service.periodic_tasks' sleeping for 60.00 seconds {{(pid=96738) _run_loop /opt/stack/data/venv/lib/python3.12/site-packages/oslo_service/backend/_threading/loopingcall.py:125}}
Jul 30 11:52:40.105039 np0000006125 nova-scheduler[96772]: DEBUG oslo.service.backend._threading.loopingcall [None req-9d017b1b-3bd2-4c6a-94c6-df58ba675f23 None None] Dynamic interval looping call 'nova.service.Service.periodic_tasks' sleeping for 60.00 seconds {{(pid=96772) _run_loop /opt/stack/data/venv/lib/python3.12/site-packages/oslo_service/backend/_threading/loopingcall.py:125}}
Jul 30 11:52:40.112359 np0000006125 nova-scheduler[96742]: DEBUG oslo.service.backend._threading.loopingcall [None req-77b2a47d-05a9-4c7b-a08e-8a73483cb0d8 None None] Dynamic interval looping call 'nova.service.Service.periodic_tasks' sleeping for 60.00 seconds {{(pid=96742) _run_loop /opt/stack/data/venv/lib/python3.12/site-packages/oslo_service/backend/_threading/loopingcall.py:125}}
Jul 30 11:52:56.111244 np0000006125 nova-scheduler[96747]: DEBUG oslo.service.backend._threading.loopingcall [None req-9f75a876-58a6-41ae-a677-9cb366ae8327 None None] Dynamic interval looping call 'nova.service.Service.periodic_tasks' sleeping for 60.00 seconds {{(pid=96747) _run_loop /opt/stack/data/venv/lib/python3.12/site-packages/oslo_service/backend/_threading/loopingcall.py:125}}
Jul 30 11:53:19.113678 np0000006125 nova-scheduler[96738]: DEBUG oslo.service.backend._threading.loopingcall [-] Fixed interval looping call 'nova.servicegroup.drivers.db.DbDriver._report_state' sleeping for 119.99 seconds {{(pid=96738) _run_loop /opt/stack/data/venv/lib/python3.12/site-packages/oslo_service/backend/_threading/loopingcall.py:125}}
Jul 30 11:53:19.114298 np0000006125 nova-scheduler[96772]: DEBUG oslo.service.backend._threading.loopingcall [-] Fixed interval looping call 'nova.servicegroup.drivers.db.DbDriver._report_state' sleeping for 119.99 seconds {{(pid=96772) _run_loop /opt/stack/data/venv/lib/python3.12/site-packages/oslo_service/backend/_threading/loopingcall.py:125}}
Jul 30 11:53:19.114608 np0000006125 nova-scheduler[96742]: DEBUG oslo.service.backend._threading.loopingcall [-] Fixed interval looping call 'nova.servicegroup.drivers.db.DbDriver._report_state' sleeping for 120.00 seconds {{(pid=96742) _run_loop /opt/stack/data/venv/lib/python3.12/site-packages/oslo_service/backend/_threading/loopingcall.py:125}}
Jul 30 11:53:19.117816 np0000006125 nova-scheduler[96747]: DEBUG oslo.service.backend._threading.loopingcall [-] Fixed interval looping call 'nova.servicegroup.drivers.db.DbDriver._report_state' sleeping for 119.99 seconds {{(pid=96747) _run_loop /opt/stack/data/venv/lib/python3.12/site-packages/oslo_service/backend/_threading/loopingcall.py:125}}
Jul 30 11:53:27.103095 np0000006125 nova-scheduler[96738]: DEBUG oslo.service.backend._threading.loopingcall [None req-de0d9700-639e-4734-8ddc-9d6ea1e6aec3 None None] Dynamic interval looping call 'nova.service.Service.periodic_tasks' sleeping for 60.00 seconds {{(pid=96738) _run_loop /opt/stack/data/venv/lib/python3.12/site-packages/oslo_service/backend/_threading/loopingcall.py:125}}
Jul 30 11:53:29.108495 np0000006125 nova-scheduler[96738]: DEBUG dbcounter [-] [96738] Writing DB stats nova_cell0:SELECT=1,nova_cell0:UPDATE=1 {{(pid=96738) stat_writer /opt/stack/data/venv/lib/python3.12/site-packages/dbcounter.py:115}}
Jul 30 11:53:29.109016 np0000006125 nova-scheduler[96772]: DEBUG dbcounter [-] [96772] Writing DB stats nova_cell0:SELECT=1,nova_cell0:UPDATE=1 {{(pid=96772) stat_writer /opt/stack/data/venv/lib/python3.12/site-packages/dbcounter.py:115}}
Jul 30 11:53:29.115079 np0000006125 nova-scheduler[96742]: DEBUG dbcounter [-] [96742] Writing DB stats nova_cell0:SELECT=1 {{(pid=96742) stat_writer /opt/stack/data/venv/lib/python3.12/site-packages/dbcounter.py:115}}
Jul 30 11:53:29.116464 np0000006125 nova-scheduler[96747]: DEBUG dbcounter [-] [96747] Writing DB stats nova_cell0:SELECT=1,nova_cell0:UPDATE=1 {{(pid=96747) stat_writer /opt/stack/data/venv/lib/python3.12/site-packages/dbcounter.py:115}}
Jul 30 11:53:36.996416 np0000006125 nova-scheduler[96738]: DEBUG nova.scheduler.manager [None req-d542c4ea-ea2f-4106-a9d5-d5728026cc0a tempest-DeleteServersTestJSON-1157933558 tempest-DeleteServersTestJSON-1157933558-project-member] Starting to schedule for instances: ['6314fe16-38d4-42e6-a803-e0a7e74babe3'] {{(pid=96738) select_destinations /opt/stack/nova/nova/scheduler/manager.py:209}}
Jul 30 11:53:36.999155 np0000006125 nova-scheduler[96738]: DEBUG nova.scheduler.request_filter [None req-d542c4ea-ea2f-4106-a9d5-d5728026cc0a tempest-DeleteServersTestJSON-1157933558 tempest-DeleteServersTestJSON-1157933558-project-member] compute_status_filter request filter added forbidden trait COMPUTE_STATUS_DISABLED {{(pid=96738) compute_status_filter /opt/stack/nova/nova/scheduler/request_filter.py:253}}
Jul 30 11:53:36.999155 np0000006125 nova-scheduler[96738]: DEBUG nova.scheduler.request_filter [None req-d542c4ea-ea2f-4106-a9d5-d5728026cc0a tempest-DeleteServersTestJSON-1157933558 tempest-DeleteServersTestJSON-1157933558-project-member] Request filter 'compute_status_filter' took 0.0 seconds {{(pid=96738) wrapper /opt/stack/nova/nova/scheduler/request_filter.py:46}}
Jul 30 11:53:36.999155 np0000006125 nova-scheduler[96738]: DEBUG nova.scheduler.request_filter [None req-d542c4ea-ea2f-4106-a9d5-d5728026cc0a tempest-DeleteServersTestJSON-1157933558 tempest-DeleteServersTestJSON-1157933558-project-member] Request filter 'accelerators_filter' took 0.0 seconds {{(pid=96738) wrapper /opt/stack/nova/nova/scheduler/request_filter.py:46}}
Jul 30 11:53:36.999155 np0000006125 nova-scheduler[96738]: DEBUG nova.scheduler.request_filter [None req-d542c4ea-ea2f-4106-a9d5-d5728026cc0a tempest-DeleteServersTestJSON-1157933558 tempest-DeleteServersTestJSON-1157933558-project-member] Request filter 'packed_virtqueue_filter' took 0.0 seconds {{(pid=96738) wrapper /opt/stack/nova/nova/scheduler/request_filter.py:46}}
Jul 30 11:53:36.999155 np0000006125 nova-scheduler[96738]: DEBUG nova.scheduler.request_filter [None req-d542c4ea-ea2f-4106-a9d5-d5728026cc0a tempest-DeleteServersTestJSON-1157933558 tempest-DeleteServersTestJSON-1157933558-project-member] Request filter 'remote_managed_ports_filter' took 0.0 seconds {{(pid=96738) wrapper /opt/stack/nova/nova/scheduler/request_filter.py:46}}
Jul 30 11:53:36.999465 np0000006125 nova-scheduler[96738]: DEBUG nova.scheduler.request_filter [None req-d542c4ea-ea2f-4106-a9d5-d5728026cc0a tempest-DeleteServersTestJSON-1157933558 tempest-DeleteServersTestJSON-1157933558-project-member] ephemeral_encryption_filter skipped {{(pid=96738) ephemeral_encryption_filter /opt/stack/nova/nova/scheduler/request_filter.py:426}}
Jul 30 11:53:36.999465 np0000006125 nova-scheduler[96738]: DEBUG nova.scheduler.request_filter [None req-d542c4ea-ea2f-4106-a9d5-d5728026cc0a tempest-DeleteServersTestJSON-1157933558 tempest-DeleteServersTestJSON-1157933558-project-member] virtio_sound_filter skipped {{(pid=96738) virtio_sound_filter /opt/stack/nova/nova/scheduler/request_filter.py:460}}
Jul 30 11:53:36.999465 np0000006125 nova-scheduler[96738]: DEBUG nova.scheduler.request_filter [None req-d542c4ea-ea2f-4106-a9d5-d5728026cc0a tempest-DeleteServersTestJSON-1157933558 tempest-DeleteServersTestJSON-1157933558-project-member] tpm_secret_security_filter skipped {{(pid=96738) tpm_secret_security_filter /opt/stack/nova/nova/scheduler/request_filter.py:477}}
Jul 30 11:53:37.651223 np0000006125 nova-scheduler[96738]: INFO nova.utils [None req-d542c4ea-ea2f-4106-a9d5-d5728026cc0a tempest-DeleteServersTestJSON-1157933558 tempest-DeleteServersTestJSON-1157933558-project-member] The cell worker thread pool ForkProcess-1.cell_worker is initialized
Jul 30 11:53:37.651223 np0000006125 nova-scheduler[96738]: DEBUG oslo_concurrency.lockutils [None req-d542c4ea-ea2f-4106-a9d5-d5728026cc0a tempest-DeleteServersTestJSON-1157933558 tempest-DeleteServersTestJSON-1157933558-project-member] Acquiring lock "42ff4de4-e1e4-43a7-ae13-e21bad69f14a" by "nova.context.set_target_cell..get_or_set_cached_cell_and_set_connections" {{(pid=96738) inner /opt/stack/data/venv/lib/python3.12/site-packages/oslo_concurrency/lockutils.py:512}}
Jul 30 11:53:37.651223 np0000006125 nova-scheduler[96738]: DEBUG oslo_concurrency.lockutils [None req-d542c4ea-ea2f-4106-a9d5-d5728026cc0a tempest-DeleteServersTestJSON-1157933558 tempest-DeleteServersTestJSON-1157933558-project-member] Lock "42ff4de4-e1e4-43a7-ae13-e21bad69f14a" acquired by "nova.context.set_target_cell..get_or_set_cached_cell_and_set_connections" :: waited 0.000s {{(pid=96738) inner /opt/stack/data/venv/lib/python3.12/site-packages/oslo_concurrency/lockutils.py:525}}
Jul 30 11:53:37.652981 np0000006125 nova-scheduler[96738]: DEBUG oslo_concurrency.lockutils [None req-d542c4ea-ea2f-4106-a9d5-d5728026cc0a tempest-DeleteServersTestJSON-1157933558 tempest-DeleteServersTestJSON-1157933558-project-member] Lock "42ff4de4-e1e4-43a7-ae13-e21bad69f14a" "released" by "nova.context.set_target_cell..get_or_set_cached_cell_and_set_connections" :: held 0.002s {{(pid=96738) inner /opt/stack/data/venv/lib/python3.12/site-packages/oslo_concurrency/lockutils.py:544}}
Jul 30 11:53:37.658129 np0000006125 nova-scheduler[96738]: INFO dbcounter [None req-d542c4ea-ea2f-4106-a9d5-d5728026cc0a tempest-DeleteServersTestJSON-1157933558 tempest-DeleteServersTestJSON-1157933558-project-member] Registered counter for database nova_cell1
Jul 30 11:53:37.707008 np0000006125 nova-scheduler[96738]: DEBUG oslo_db.sqlalchemy.engines [None req-d542c4ea-ea2f-4106-a9d5-d5728026cc0a tempest-DeleteServersTestJSON-1157933558 tempest-DeleteServersTestJSON-1157933558-project-member] MySQL server mode set to STRICT_TRANS_TABLES,STRICT_ALL_TABLES,NO_ZERO_IN_DATE,NO_ZERO_DATE,ERROR_FOR_DIVISION_BY_ZERO,TRADITIONAL,NO_ENGINE_SUBSTITUTION {{(pid=96738) _check_effective_sql_mode /opt/stack/data/venv/lib/python3.12/site-packages/oslo_db/sqlalchemy/engines.py:325}}
Jul 30 11:53:37.720788 np0000006125 nova-scheduler[96738]: DEBUG dbcounter [-] [96738] Writer thread running {{(pid=96738) stat_writer /opt/stack/data/venv/lib/python3.12/site-packages/dbcounter.py:102}}
Jul 30 11:53:37.736362 np0000006125 nova-scheduler[96738]: DEBUG oslo_db.sqlalchemy.engines [None req-d542c4ea-ea2f-4106-a9d5-d5728026cc0a tempest-DeleteServersTestJSON-1157933558 tempest-DeleteServersTestJSON-1157933558-project-member] Parent process 95498 forked (96738) with an open database connection, which is being discarded and recreated. {{(pid=96738) checkout /opt/stack/data/venv/lib/python3.12/site-packages/oslo_db/sqlalchemy/engines.py:402}}
Jul 30 11:53:37.789647 np0000006125 nova-scheduler[96738]: DEBUG dbcounter [-] [96738] Writer thread running {{(pid=96738) stat_writer /opt/stack/data/venv/lib/python3.12/site-packages/dbcounter.py:102}}
Jul 30 11:53:37.793026 np0000006125 nova-scheduler[96738]: DEBUG oslo_concurrency.lockutils [None req-d542c4ea-ea2f-4106-a9d5-d5728026cc0a tempest-DeleteServersTestJSON-1157933558 tempest-DeleteServersTestJSON-1157933558-project-member] Acquiring lock "42ff4de4-e1e4-43a7-ae13-e21bad69f14a" by "nova.context.set_target_cell..get_or_set_cached_cell_and_set_connections" {{(pid=96738) inner /opt/stack/data/venv/lib/python3.12/site-packages/oslo_concurrency/lockutils.py:512}}
