Jul 30 11:54:50.546191 np0000006125 devstack@placement-api.service[93263]: INFO placement.requestlog [req-607dc723-f303-4321-9efa-7dd6447b1036 req-ee5e977b-9579-4483-abbc-c14047a21e59 service nova] 10.4.3.95 "GET /placement/allocations/1bc3a999-7f40-438b-9aa7-2291d0e4ed1d" status: 200 len: 19 microversion: 1.28
Jul 30 11:54:50.546644 np0000006125 devstack@placement-api.service[93263]: [pid: 93263|app: 0|req: 52/205] 10.4.3.95 () {68 vars in 1494 bytes} [Thu Jul 30 11:54:50 2026] GET /placement/allocations/1bc3a999-7f40-438b-9aa7-2291d0e4ed1d => generated 19 bytes in 18 msecs (HTTP/1.1 200) 8 headers in 295 bytes (1 switches on core 0)
Jul 30 11:54:50.603514 np0000006125 devstack@placement-api.service[93264]: DEBUG placement.requestlog [req-607dc723-f303-4321-9efa-7dd6447b1036 req-d7b67c13-f7a4-4639-8cf8-01d77e2962d5 None None] Starting request: 10.4.3.95 "PUT /placement/allocations/1bc3a999-7f40-438b-9aa7-2291d0e4ed1d" {{(pid=93264) __call__ /opt/stack/placement/placement/requestlog.py:55}}
Jul 30 11:54:50.629325 np0000006125 devstack@placement-api.service[93261]: DEBUG placement.requestlog [req-7fbf9dfd-27f6-4247-ba6a-089dbb80181c req-e7c5e839-57b2-4378-9cf9-4a5ea4707545 None None] Starting request: 10.4.3.95 "GET /placement/allocations/46566cfe-354d-4bca-8a47-bfc3ef5c9e10" {{(pid=93261) __call__ /opt/stack/placement/placement/requestlog.py:55}}
Jul 30 11:54:50.642074 np0000006125 devstack@placement-api.service[93261]: INFO placement.requestlog [req-7fbf9dfd-27f6-4247-ba6a-089dbb80181c req-e7c5e839-57b2-4378-9cf9-4a5ea4707545 service nova] 10.4.3.95 "GET /placement/allocations/46566cfe-354d-4bca-8a47-bfc3ef5c9e10" status: 200 len: 244 microversion: 1.28
Jul 30 11:54:50.642392 np0000006125 devstack@placement-api.service[93261]: [pid: 93261|app: 0|req: 52/206] 10.4.3.95 () {68 vars in 1492 bytes} [Thu Jul 30 11:54:50 2026] GET /placement/allocations/46566cfe-354d-4bca-8a47-bfc3ef5c9e10 => generated 244 bytes in 13 msecs (HTTP/1.1 200) 8 headers in 296 bytes (1 switches on core 0)
Jul 30 11:54:50.655921 np0000006125 devstack@placement-api.service[93264]: DEBUG placement.handlers.allocation [req-607dc723-f303-4321-9efa-7dd6447b1036 req-d7b67c13-f7a4-4639-8cf8-01d77e2962d5 service nova] Successfully wrote allocations [, ] {{(pid=93264) _update_consumers_and_create_allocations /opt/stack/placement/placement/handlers/allocation.py:462}}
Jul 30 11:54:50.659854 np0000006125 devstack@placement-api.service[93264]: INFO placement.requestlog [req-607dc723-f303-4321-9efa-7dd6447b1036 req-d7b67c13-f7a4-4639-8cf8-01d77e2962d5 service nova] 10.4.3.95 "PUT /placement/allocations/1bc3a999-7f40-438b-9aa7-2291d0e4ed1d" status: 204 len: 0 microversion: 1.36
Jul 30 11:54:50.660144 np0000006125 devstack@placement-api.service[93264]: [pid: 93264|app: 0|req: 51/207] 10.4.3.95 () {72 vars in 1547 bytes} [Thu Jul 30 11:54:50 2026] PUT /placement/allocations/1bc3a999-7f40-438b-9aa7-2291d0e4ed1d => generated 0 bytes in 57 msecs (HTTP/1.1 204) 5 headers in 199 bytes (1 switches on core 0)
Jul 30 11:54:50.767029 np0000006125 devstack@placement-api.service[93262]: DEBUG placement.requestlog [req-7fbf9dfd-27f6-4247-ba6a-089dbb80181c req-9e7258a9-f47e-426f-86b2-b9bacb76dc37 None None] Starting request: 10.4.3.95 "GET /placement/resource_providers/c51a1565-e158-4a2a-bc6d-5b442862cc2b/allocations" {{(pid=93262) __call__ /opt/stack/placement/placement/requestlog.py:55}}
Jul 30 11:54:50.784753 np0000006125 devstack@placement-api.service[93262]: INFO placement.requestlog [req-7fbf9dfd-27f6-4247-ba6a-089dbb80181c req-9e7258a9-f47e-426f-86b2-b9bacb76dc37 service nova] 10.4.3.95 "GET /placement/resource_providers/c51a1565-e158-4a2a-bc6d-5b442862cc2b/allocations" status: 200 len: 1111 microversion: 1.0
Jul 30 11:54:50.785070 np0000006125 devstack@placement-api.service[93262]: [pid: 93262|app: 0|req: 53/208] 10.4.3.95 () {66 vars in 1505 bytes} [Thu Jul 30 11:54:50 2026] GET /placement/resource_providers/c51a1565-e158-4a2a-bc6d-5b442862cc2b/allocations => generated 1111 bytes in 18 msecs (HTTP/1.1 200) 6 headers in 225 bytes (1 switches on core 0)
Jul 30 11:54:50.836261 np0000006125 devstack@placement-api.service[93263]: DEBUG placement.requestlog [req-7fbf9dfd-27f6-4247-ba6a-089dbb80181c req-eb7d338d-09e0-4b53-bd8b-1aa84dae9f4b None None] Starting request: 10.4.3.95 "GET /placement/allocations/d61b5d0e-cfbf-4ef8-9cd1-b7085584c9ba" {{(pid=93263) __call__ /opt/stack/placement/placement/requestlog.py:55}}
Jul 30 11:54:50.850251 np0000006125 devstack@placement-api.service[93263]: INFO placement.requestlog [req-7fbf9dfd-27f6-4247-ba6a-089dbb80181c req-eb7d338d-09e0-4b53-bd8b-1aa84dae9f4b service nova] 10.4.3.95 "GET /placement/allocations/d61b5d0e-cfbf-4ef8-9cd1-b7085584c9ba" status: 200 len: 258 microversion: 1.28
Jul 30 11:54:50.850826 np0000006125 devstack@placement-api.service[93263]: [pid: 93263|app: 0|req: 53/209] 10.4.3.95 () {68 vars in 1492 bytes} [Thu Jul 30 11:54:50 2026] GET /placement/allocations/d61b5d0e-cfbf-4ef8-9cd1-b7085584c9ba => generated 258 bytes in 15 msecs (HTTP/1.1 200) 8 headers in 296 bytes (1 switches on core 0)
Jul 30 11:54:50.902236 np0000006125 devstack@placement-api.service[93261]: DEBUG placement.requestlog [req-7fbf9dfd-27f6-4247-ba6a-089dbb80181c req-babd6933-e7c1-4818-b06c-9a9233265cd3 None None] Starting request: 10.4.3.95 "GET /placement/allocations/ff7606d6-f26d-4fb8-b536-015573c143d8" {{(pid=93261) __call__ /opt/stack/placement/placement/requestlog.py:55}}
Jul 30 11:54:50.915258 np0000006125 devstack@placement-api.service[93264]: DEBUG placement.requestlog [req-607dc723-f303-4321-9efa-7dd6447b1036 req-91da508a-37d0-4b6e-a43a-cd02f956f4b7 None None] Starting request: 10.4.3.95 "GET /placement/allocations/1bc3a999-7f40-438b-9aa7-2291d0e4ed1d" {{(pid=93264) __call__ /opt/stack/placement/placement/requestlog.py:55}}
Jul 30 11:54:50.923009 np0000006125 devstack@placement-api.service[93261]: INFO placement.requestlog [req-7fbf9dfd-27f6-4247-ba6a-089dbb80181c req-babd6933-e7c1-4818-b06c-9a9233265cd3 service nova] 10.4.3.95 "GET /placement/allocations/ff7606d6-f26d-4fb8-b536-015573c143d8" status: 200 len: 258 microversion: 1.28
Jul 30 11:54:50.924716 np0000006125 devstack@placement-api.service[93261]: [pid: 93261|app: 0|req: 53/210] 10.4.3.95 () {68 vars in 1492 bytes} [Thu Jul 30 11:54:50 2026] GET /placement/allocations/ff7606d6-f26d-4fb8-b536-015573c143d8 => generated 258 bytes in 23 msecs (HTTP/1.1 200) 8 headers in 296 bytes (1 switches on core 0)
Jul 30 11:54:50.925155 np0000006125 devstack@placement-api.service[93264]: INFO placement.requestlog [req-607dc723-f303-4321-9efa-7dd6447b1036 req-91da508a-37d0-4b6e-a43a-cd02f956f4b7 service nova] 10.4.3.95 "GET /placement/allocations/1bc3a999-7f40-438b-9aa7-2291d0e4ed1d" status: 200 len: 244 microversion: 1.28
Jul 30 11:54:50.925420 np0000006125 devstack@placement-api.service[93264]: [pid: 93264|app: 0|req: 52/211] 10.4.3.95 () {68 vars in 1492 bytes} [Thu Jul 30 11:54:50 2026] GET /placement/allocations/1bc3a999-7f40-438b-9aa7-2291d0e4ed1d => generated 244 bytes in 10 msecs (HTTP/1.1 200) 8 headers in 296 bytes (1 switches on core 0)
Jul 30 11:54:50.975508 np0000006125 devstack@placement-api.service[93262]: DEBUG placement.requestlog [req-7fbf9dfd-27f6-4247-ba6a-089dbb80181c req-3d17f926-6334-48b3-b6b1-bfc8079e9338 None None] Starting request: 10.4.3.95 "GET /placement/allocations/63260b0b-d4a1-4333-85dc-e4c0c31aa306" {{(pid=93262) __call__ /opt/stack/placement/placement/requestlog.py:55}}
Jul 30 11:54:50.993110 np0000006125 devstack@placement-api.service[93262]: INFO placement.requestlog [req-7fbf9dfd-27f6-4247-ba6a-089dbb80181c req-3d17f926-6334-48b3-b6b1-bfc8079e9338 service nova] 10.4.3.95 "GET /placement/allocations/63260b0b-d4a1-4333-85dc-e4c0c31aa306" status: 200 len: 258 microversion: 1.28
Jul 30 11:54:50.993435 np0000006125 devstack@placement-api.service[93262]: [pid: 93262|app: 0|req: 54/212] 10.4.3.95 () {68 vars in 1492 bytes} [Thu Jul 30 11:54:50 2026] GET /placement/allocations/63260b0b-d4a1-4333-85dc-e4c0c31aa306 => generated 258 bytes in 18 msecs (HTTP/1.1 200) 8 headers in 296 bytes (1 switches on core 0)
Jul 30 11:54:51.032769 np0000006125 devstack@placement-api.service[93263]: DEBUG placement.requestlog [req-7fbf9dfd-27f6-4247-ba6a-089dbb80181c req-92730fd2-f29c-4d59-9800-2cecb8dde670 None None] Starting request: 10.4.3.95 "GET /placement/allocations/ea555010-b505-4edc-bc74-2687cd48941f" {{(pid=93263) __call__ /opt/stack/placement/placement/requestlog.py:55}}
Jul 30 11:54:51.043081 np0000006125 devstack@placement-api.service[93263]: INFO placement.requestlog [req-7fbf9dfd-27f6-4247-ba6a-089dbb80181c req-92730fd2-f29c-4d59-9800-2cecb8dde670 service nova] 10.4.3.95 "GET /placement/allocations/ea555010-b505-4edc-bc74-2687cd48941f" status: 200 len: 244 microversion: 1.28
Jul 30 11:54:51.043934 np0000006125 devstack@placement-api.service[93263]: [pid: 93263|app: 0|req: 54/213] 10.4.3.95 () {68 vars in 1492 bytes} [Thu Jul 30 11:54:51 2026] GET /placement/allocations/ea555010-b505-4edc-bc74-2687cd48941f => generated 244 bytes in 12 msecs (HTTP/1.1 200) 8 headers in 296 bytes (1 switches on core 0)
Jul 30 11:54:51.102047 np0000006125 devstack@placement-api.service[93261]: DEBUG placement.requestlog [req-7fbf9dfd-27f6-4247-ba6a-089dbb80181c req-8515d655-39e9-48c2-8cf0-12b3ae1eea28 None None] Starting request: 10.4.3.95 "GET /placement/allocations/46566cfe-354d-4bca-8a47-bfc3ef5c9e10" {{(pid=93261) __call__ /opt/stack/placement/placement/requestlog.py:55}}
Jul 30 11:54:51.118822 np0000006125 devstack@placement-api.service[93261]: INFO placement.requestlog [req-7fbf9dfd-27f6-4247-ba6a-089dbb80181c req-8515d655-39e9-48c2-8cf0-12b3ae1eea28 service nova] 10.4.3.95 "GET /placement/allocations/46566cfe-354d-4bca-8a47-bfc3ef5c9e10" status: 200 len: 244 microversion: 1.28
Jul 30 11:54:51.119787 np0000006125 devstack@placement-api.service[93261]: [pid: 93261|app: 0|req: 54/214] 10.4.3.95 () {68 vars in 1492 bytes} [Thu Jul 30 11:54:51 2026] GET /placement/allocations/46566cfe-354d-4bca-8a47-bfc3ef5c9e10 => generated 244 bytes in 18 msecs (HTTP/1.1 200) 8 headers in 296 bytes (1 switches on core 0)
Jul 30 11:54:51.169939 np0000006125 devstack@placement-api.service[93264]: DEBUG placement.requestlog [req-7fbf9dfd-27f6-4247-ba6a-089dbb80181c req-d9651a25-bb8d-46c0-b668-27a606bf33ab None None] Starting request: 10.4.3.95 "GET /placement/allocations/2fb9b3d9-6d25-4844-aad1-14f0b704e95e" {{(pid=93264) __call__ /opt/stack/placement/placement/requestlog.py:55}}
Jul 30 11:54:51.179809 np0000006125 devstack@placement-api.service[93264]: INFO placement.requestlog [req-7fbf9dfd-27f6-4247-ba6a-089dbb80181c req-d9651a25-bb8d-46c0-b668-27a606bf33ab service nova] 10.4.3.95 "GET /placement/allocations/2fb9b3d9-6d25-4844-aad1-14f0b704e95e" status: 200 len: 258 microversion: 1.28
Jul 30 11:54:51.180272 np0000006125 devstack@placement-api.service[93264]: [pid: 93264|app: 0|req: 53/215] 10.4.3.95 () {68 vars in 1492 bytes} [Thu Jul 30 11:54:51 2026] GET /placement/allocations/2fb9b3d9-6d25-4844-aad1-14f0b704e95e => generated 258 bytes in 10 msecs (HTTP/1.1 200) 8 headers in 296 bytes (1 switches on core 0)
Jul 30 11:54:51.233722 np0000006125 devstack@placement-api.service[93262]: DEBUG placement.requestlog [req-7fbf9dfd-27f6-4247-ba6a-089dbb80181c req-5c262453-ae26-41d1-95ae-d36ef4c3d0ae None None] Starting request: 10.4.3.95 "GET /placement/allocations/1bc3a999-7f40-438b-9aa7-2291d0e4ed1d" {{(pid=93262) __call__ /opt/stack/placement/placement/requestlog.py:55}}
Jul 30 11:54:51.253200 np0000006125 devstack@placement-api.service[93262]: INFO placement.requestlog [req-7fbf9dfd-27f6-4247-ba6a-089dbb80181c req-5c262453-ae26-41d1-95ae-d36ef4c3d0ae service nova] 10.4.3.95 "GET /placement/allocations/1bc3a999-7f40-438b-9aa7-2291d0e4ed1d" status: 200 len: 244 microversion: 1.28
Jul 30 11:54:51.253541 np0000006125 devstack@placement-api.service[93262]: [pid: 93262|app: 0|req: 55/216] 10.4.3.95 () {68 vars in 1492 bytes} [Thu Jul 30 11:54:51 2026] GET /placement/allocations/1bc3a999-7f40-438b-9aa7-2291d0e4ed1d => generated 244 bytes in 20 msecs (HTTP/1.1 200) 8 headers in 296 bytes (1 switches on core 0)
Jul 30 11:54:51.312504 np0000006125 devstack@placement-api.service[93263]: DEBUG placement.requestlog [req-7fbf9dfd-27f6-4247-ba6a-089dbb80181c req-819c33f9-5cc6-454e-a1d4-e1dd022c503f None None] Starting request: 10.4.3.95 "GET /placement/allocations/2072a703-c627-43cb-a925-b372ed93fdab" {{(pid=93263) __call__ /opt/stack/placement/placement/requestlog.py:55}}
Jul 30 11:54:51.332673 np0000006125 devstack@placement-api.service[93263]: INFO placement.requestlog [req-7fbf9dfd-27f6-4247-ba6a-089dbb80181c req-819c33f9-5cc6-454e-a1d4-e1dd022c503f service nova] 10.4.3.95 "GET /placement/allocations/2072a703-c627-43cb-a925-b372ed93fdab" status: 200 len: 258 microversion: 1.28
Jul 30 11:54:51.333171 np0000006125 devstack@placement-api.service[93263]: [pid: 93263|app: 0|req: 55/217] 10.4.3.95 () {68 vars in 1492 bytes} [Thu Jul 30 11:54:51 2026] GET /placement/allocations/2072a703-c627-43cb-a925-b372ed93fdab => generated 258 bytes in 21 msecs (HTTP/1.1 200) 8 headers in 296 bytes (1 switches on core 0)
Jul 30 11:54:51.384468 np0000006125 devstack@placement-api.service[93261]: DEBUG placement.requestlog [req-7fbf9dfd-27f6-4247-ba6a-089dbb80181c req-8c472005-69a7-4ce9-9049-b16fe6f91950 None None] Starting request: 10.4.3.95 "GET /placement/allocations/28f8172a-64cd-4311-8e97-ddad4a678da9" {{(pid=93261) __call__ /opt/stack/placement/placement/requestlog.py:55}}
Jul 30 11:54:51.401609 np0000006125 devstack@placement-api.service[93261]: INFO placement.requestlog [req-7fbf9dfd-27f6-4247-ba6a-089dbb80181c req-8c472005-69a7-4ce9-9049-b16fe6f91950 service nova] 10.4.3.95 "GET /placement/allocations/28f8172a-64cd-4311-8e97-ddad4a678da9" status: 200 len: 258 microversion: 1.28
Jul 30 11:54:51.402032 np0000006125 devstack@placement-api.service[93261]: [pid: 93261|app: 0|req: 55/218] 10.4.3.95 () {68 vars in 1492 bytes} [Thu Jul 30 11:54:51 2026] GET /placement/allocations/28f8172a-64cd-4311-8e97-ddad4a678da9 => generated 258 bytes in 19 msecs (HTTP/1.1 200) 8 headers in 296 bytes (1 switches on core 0)
Jul 30 11:54:51.448363 np0000006125 devstack@placement-api.service[93264]: DEBUG placement.requestlog [req-7fbf9dfd-27f6-4247-ba6a-089dbb80181c req-66ae645c-a663-4e73-b5f0-8d84a2a10a10 None None] Starting request: 10.4.3.95 "GET /placement/allocations/e875f48b-6b6f-4823-86cb-b4d8ad530052" {{(pid=93264) __call__ /opt/stack/placement/placement/requestlog.py:55}}
Jul 30 11:54:51.463870 np0000006125 devstack@placement-api.service[93264]: INFO placement.requestlog [req-7fbf9dfd-27f6-4247-ba6a-089dbb80181c req-66ae645c-a663-4e73-b5f0-8d84a2a10a10 service nova] 10.4.3.95 "GET /placement/allocations/e875f48b-6b6f-4823-86cb-b4d8ad530052" status: 200 len: 258 microversion: 1.28
Jul 30 11:54:51.464163 np0000006125 devstack@placement-api.service[93264]: [pid: 93264|app: 0|req: 54/219] 10.4.3.95 () {68 vars in 1492 bytes} [Thu Jul 30 11:54:51 2026] GET /placement/allocations/e875f48b-6b6f-4823-86cb-b4d8ad530052 => generated 258 bytes in 17 msecs (HTTP/1.1 200) 8 headers in 296 bytes (1 switches on core 0)
Jul 30 11:54:51.520885 np0000006125 devstack@placement-api.service[93262]: DEBUG placement.requestlog [req-7fbf9dfd-27f6-4247-ba6a-089dbb80181c req-92b0d3d8-e132-44ba-982f-3b3d65faa1b9 None None] Starting request: 10.4.3.95 "GET /placement/allocations/efe25f50-d113-4d53-8821-de8cdac8cce6" {{(pid=93262) __call__ /opt/stack/placement/placement/requestlog.py:55}}
Jul 30 11:54:51.529204 np0000006125 devstack@placement-api.service[93262]: INFO placement.requestlog [req-7fbf9dfd-27f6-4247-ba6a-089dbb80181c req-92b0d3d8-e132-44ba-982f-3b3d65faa1b9 service nova] 10.4.3.95 "GET /placement/allocations/efe25f50-d113-4d53-8821-de8cdac8cce6" status: 200 len: 258 microversion: 1.28
Jul 30 11:54:51.529466 np0000006125 devstack@placement-api.service[93262]: [pid: 93262|app: 0|req: 56/220] 10.4.3.95 () {68 vars in 1492 bytes} [Thu Jul 30 11:54:51 2026] GET /placement/allocations/efe25f50-d113-4d53-8821-de8cdac8cce6 => generated 258 bytes in 9 msecs (HTTP/1.1 200) 8 headers in 296 bytes (1 switches on core 0)
Jul 30 11:54:51.764829 np0000006125 devstack@placement-api.service[93263]: DEBUG placement.requestlog [req-607dc723-f303-4321-9efa-7dd6447b1036 req-4910f430-e442-486a-8763-96df8cc8821f None None] Starting request: 10.4.3.95 "GET /placement/resource_providers/c51a1565-e158-4a2a-bc6d-5b442862cc2b/allocations" {{(pid=93263) __call__ /opt/stack/placement/placement/requestlog.py:55}}
Jul 30 11:54:51.784516 np0000006125 devstack@placement-api.service[93263]: INFO placement.requestlog [req-607dc723-f303-4321-9efa-7dd6447b1036 req-4910f430-e442-486a-8763-96df8cc8821f service nova] 10.4.3.95 "GET /placement/resource_providers/c51a1565-e158-4a2a-bc6d-5b442862cc2b/allocations" status: 200 len: 1111 microversion: 1.0
Jul 30 11:54:51.784516 np0000006125 devstack@placement-api.service[93263]: [pid: 93263|app: 0|req: 56/221] 10.4.3.95 () {66 vars in 1505 bytes} [Thu Jul 30 11:54:51 2026] GET /placement/resource_providers/c51a1565-e158-4a2a-bc6d-5b442862cc2b/allocations => generated 1111 bytes in 20 msecs (HTTP/1.1 200) 6 headers in 225 bytes (1 switches on core 0)
Jul 30 11:54:51.842969 np0000006125 devstack@placement-api.service[93261]: DEBUG placement.requestlog [req-607dc723-f303-4321-9efa-7dd6447b1036 req-d73bceb4-9ced-4cc1-8e15-b44b57ade334 None None] Starting request: 10.4.3.95 "GET /placement/allocations/d61b5d0e-cfbf-4ef8-9cd1-b7085584c9ba" {{(pid=93261) __call__ /opt/stack/placement/placement/requestlog.py:55}}
Jul 30 11:54:51.862145 np0000006125 devstack@placement-api.service[93261]: INFO placement.requestlog [req-607dc723-f303-4321-9efa-7dd6447b1036 req-d73bceb4-9ced-4cc1-8e15-b44b57ade334 service nova] 10.4.3.95 "GET /placement/allocations/d61b5d0e-cfbf-4ef8-9cd1-b7085584c9ba" status: 200 len: 258 microversion: 1.28
Jul 30 11:54:51.863082 np0000006125 devstack@placement-api.service[93261]: [pid: 93261|app: 0|req: 56/222] 10.4.3.95 () {68 vars in 1492 bytes} [Thu Jul 30 11:54:51 2026] GET /placement/allocations/d61b5d0e-cfbf-4ef8-9cd1-b7085584c9ba => generated 258 bytes in 20 msecs (HTTP/1.1 200) 8 headers in 296 bytes (1 switches on core 0)
Jul 30 11:54:51.927595 np0000006125 devstack@placement-api.service[93264]: DEBUG placement.requestlog [req-607dc723-f303-4321-9efa-7dd6447b1036 req-9b82f7e1-d10f-4211-b8de-b38240312eec None None] Starting request: 10.4.3.95 "GET /placement/allocations/ff7606d6-f26d-4fb8-b536-015573c143d8" {{(pid=93264) __call__ /opt/stack/placement/placement/requestlog.py:55}}
Jul 30 11:54:51.950420 np0000006125 devstack@placement-api.service[93264]: INFO placement.requestlog [req-607dc723-f303-4321-9efa-7dd6447b1036 req-9b82f7e1-d10f-4211-b8de-b38240312eec service nova] 10.4.3.95 "GET /placement/allocations/ff7606d6-f26d-4fb8-b536-015573c143d8" status: 200 len: 258 microversion: 1.28
Jul 30 11:54:51.950420 np0000006125 devstack@placement-api.service[93264]: [pid: 93264|app: 0|req: 55/223] 10.4.3.95 () {68 vars in 1492 bytes} [Thu Jul 30 11:54:51 2026] GET /placement/allocations/ff7606d6-f26d-4fb8-b536-015573c143d8 => generated 258 bytes in 24 msecs (HTTP/1.1 200) 8 headers in 296 bytes (1 switches on core 0)
Jul 30 11:54:52.009027 np0000006125 devstack@placement-api.service[93262]: DEBUG placement.requestlog [req-607dc723-f303-4321-9efa-7dd6447b1036 req-398bd6d3-cd04-403e-835f-ab770f4aba0f None None] Starting request: 10.4.3.95 "GET /placement/allocations/63260b0b-d4a1-4333-85dc-e4c0c31aa306" {{(pid=93262) __call__ /opt/stack/placement/placement/requestlog.py:55}}
Jul 30 11:54:52.029143 np0000006125 devstack@placement-api.service[93262]: INFO placement.requestlog [req-607dc723-f303-4321-9efa-7dd6447b1036 req-398bd6d3-cd04-403e-835f-ab770f4aba0f service nova] 10.4.3.95 "GET /placement/allocations/63260b0b-d4a1-4333-85dc-e4c0c31aa306" status: 200 len: 258 microversion: 1.28
Jul 30 11:54:52.029143 np0000006125 devstack@placement-api.service[93262]: [pid: 93262|app: 0|req: 57/224] 10.4.3.95 () {68 vars in 1492 bytes} [Thu Jul 30 11:54:52 2026] GET /placement/allocations/63260b0b-d4a1-4333-85dc-e4c0c31aa306 => generated 258 bytes in 20 msecs (HTTP/1.1 200) 8 headers in 296 bytes (1 switches on core 0)
Jul 30 11:54:52.093343 np0000006125 devstack@placement-api.service[93263]: DEBUG placement.requestlog [req-607dc723-f303-4321-9efa-7dd6447b1036 req-d5f8d88d-ff14-447c-b819-521b24347cf3 None None] Starting request: 10.4.3.95 "GET /placement/allocations/ea555010-b505-4edc-bc74-2687cd48941f" {{(pid=93263) __call__ /opt/stack/placement/placement/requestlog.py:55}}
Jul 30 11:54:52.118039 np0000006125 devstack@placement-api.service[93263]: INFO placement.requestlog [req-607dc723-f303-4321-9efa-7dd6447b1036 req-d5f8d88d-ff14-447c-b819-521b24347cf3 service nova] 10.4.3.95 "GET /placement/allocations/ea555010-b505-4edc-bc74-2687cd48941f" status: 200 len: 244 microversion: 1.28
Jul 30 11:54:52.118039 np0000006125 devstack@placement-api.service[93263]: [pid: 93263|app: 0|req: 57/225] 10.4.3.95 () {68 vars in 1492 bytes} [Thu Jul 30 11:54:52 2026] GET /placement/allocations/ea555010-b505-4edc-bc74-2687cd48941f => generated 244 bytes in 25 msecs (HTTP/1.1 200) 8 headers in 296 bytes (2 switches on core 0)
Jul 30 11:54:52.178387 np0000006125 devstack@placement-api.service[93261]: DEBUG placement.requestlog [req-607dc723-f303-4321-9efa-7dd6447b1036 req-dbb85e10-e19c-46c8-a90d-e945e40b9240 None None] Starting request: 10.4.3.95 "GET /placement/allocations/46566cfe-354d-4bca-8a47-bfc3ef5c9e10" {{(pid=93261) __call__ /opt/stack/placement/placement/requestlog.py:55}}
Jul 30 11:54:52.190764 np0000006125 devstack@placement-api.service[93261]: INFO placement.requestlog [req-607dc723-f303-4321-9efa-7dd6447b1036 req-dbb85e10-e19c-46c8-a90d-e945e40b9240 service nova] 10.4.3.95 "GET /placement/allocations/46566cfe-354d-4bca-8a47-bfc3ef5c9e10" status: 200 len: 244 microversion: 1.28
Jul 30 11:54:52.191044 np0000006125 devstack@placement-api.service[93261]: [pid: 93261|app: 0|req: 57/226] 10.4.3.95 () {68 vars in 1492 bytes} [Thu Jul 30 11:54:52 2026] GET /placement/allocations/46566cfe-354d-4bca-8a47-bfc3ef5c9e10 => generated 244 bytes in 13 msecs (HTTP/1.1 200) 8 headers in 296 bytes (1 switches on core 0)
Jul 30 11:54:52.261399 np0000006125 devstack@placement-api.service[93264]: DEBUG placement.requestlog [req-607dc723-f303-4321-9efa-7dd6447b1036 req-68a4295a-a098-4f9e-85a8-f3d8d51e2fef None None] Starting request: 10.4.3.95 "GET /placement/allocations/2fb9b3d9-6d25-4844-aad1-14f0b704e95e" {{(pid=93264) __call__ /opt/stack/placement/placement/requestlog.py:55}}
Jul 30 11:54:52.282963 np0000006125 devstack@placement-api.service[93264]: INFO placement.requestlog [req-607dc723-f303-4321-9efa-7dd6447b1036 req-68a4295a-a098-4f9e-85a8-f3d8d51e2fef service nova] 10.4.3.95 "GET /placement/allocations/2fb9b3d9-6d25-4844-aad1-14f0b704e95e" status: 200 len: 258 microversion: 1.28
Jul 30 11:54:52.283348 np0000006125 devstack@placement-api.service[93264]: [pid: 93264|app: 0|req: 56/227] 10.4.3.95 () {68 vars in 1492 bytes} [Thu Jul 30 11:54:52 2026] GET /placement/allocations/2fb9b3d9-6d25-4844-aad1-14f0b704e95e => generated 258 bytes in 22 msecs (HTTP/1.1 200) 8 headers in 296 bytes (1 switches on core 0)
Jul 30 11:54:52.341622 np0000006125 devstack@placement-api.service[93262]: DEBUG placement.requestlog [req-607dc723-f303-4321-9efa-7dd6447b1036 req-213ff35d-33ab-4f1c-8bb0-82e22c240c3b None None] Starting request: 10.4.3.95 "GET /placement/allocations/1bc3a999-7f40-438b-9aa7-2291d0e4ed1d" {{(pid=93262) __call__ /opt/stack/placement/placement/requestlog.py:55}}
Jul 30 11:54:52.355195 np0000006125 devstack@placement-api.service[93262]: INFO placement.requestlog [req-607dc723-f303-4321-9efa-7dd6447b1036 req-213ff35d-33ab-4f1c-8bb0-82e22c240c3b service nova] 10.4.3.95 "GET /placement/allocations/1bc3a999-7f40-438b-9aa7-2291d0e4ed1d" status: 200 len: 244 microversion: 1.28
Jul 30 11:54:52.355937 np0000006125 devstack@placement-api.service[93262]: [pid: 93262|app: 0|req: 58/228] 10.4.3.95 () {68 vars in 1492 bytes} [Thu Jul 30 11:54:52 2026] GET /placement/allocations/1bc3a999-7f40-438b-9aa7-2291d0e4ed1d => generated 244 bytes in 15 msecs (HTTP/1.1 200) 8 headers in 296 bytes (1 switches on core 0)
Jul 30 11:54:52.409262 np0000006125 devstack@placement-api.service[93263]: DEBUG placement.requestlog [req-607dc723-f303-4321-9efa-7dd6447b1036 req-ac7d7f15-8c1f-47fc-a0dc-c1b6a813d46b None None] Starting request: 10.4.3.95 "GET /placement/allocations/2072a703-c627-43cb-a925-b372ed93fdab" {{(pid=93263) __call__ /opt/stack/placement/placement/requestlog.py:55}}
Jul 30 11:54:52.421334 np0000006125 devstack@placement-api.service[93263]: INFO placement.requestlog [req-607dc723-f303-4321-9efa-7dd6447b1036 req-ac7d7f15-8c1f-47fc-a0dc-c1b6a813d46b service nova] 10.4.3.95 "GET /placement/allocations/2072a703-c627-43cb-a925-b372ed93fdab" status: 200 len: 258 microversion: 1.28
Jul 30 11:54:52.421334 np0000006125 devstack@placement-api.service[93263]: [pid: 93263|app: 0|req: 58/229] 10.4.3.95 () {68 vars in 1492 bytes} [Thu Jul 30 11:54:52 2026] GET /placement/allocations/2072a703-c627-43cb-a925-b372ed93fdab => generated 258 bytes in 13 msecs (HTTP/1.1 200) 8 headers in 296 bytes (1 switches on core 0)
Jul 30 11:54:52.488201 np0000006125 devstack@placement-api.service[93261]: DEBUG placement.requestlog [req-607dc723-f303-4321-9efa-7dd6447b1036 req-e27a5053-98b5-485d-bf4d-d21b39226a40 None None] Starting request: 10.4.3.95 "GET /placement/allocations/28f8172a-64cd-4311-8e97-ddad4a678da9" {{(pid=93261) __call__ /opt/stack/placement/placement/requestlog.py:55}}
Jul 30 11:54:52.500395 np0000006125 devstack@placement-api.service[93261]: INFO placement.requestlog [req-607dc723-f303-4321-9efa-7dd6447b1036 req-e27a5053-98b5-485d-bf4d-d21b39226a40 service nova] 10.4.3.95 "GET /placement/allocations/28f8172a-64cd-4311-8e97-ddad4a678da9" status: 200 len: 258 microversion: 1.28
Jul 30 11:54:52.500722 np0000006125 devstack@placement-api.service[93261]: [pid: 93261|app: 0|req: 58/230] 10.4.3.95 () {68 vars in 1492 bytes} [Thu Jul 30 11:54:52 2026] GET /placement/allocations/28f8172a-64cd-4311-8e97-ddad4a678da9 => generated 258 bytes in 13 msecs (HTTP/1.1 200) 8 headers in 296 bytes (1 switches on core 0)
Jul 30 11:54:52.556387 np0000006125 devstack@placement-api.service[93264]: DEBUG placement.requestlog [req-607dc723-f303-4321-9efa-7dd6447b1036 req-df5add52-ae39-42a8-a902-794529340f1e None None] Starting request: 10.4.3.95 "GET /placement/allocations/e875f48b-6b6f-4823-86cb-b4d8ad530052" {{(pid=93264) __call__ /opt/stack/placement/placement/requestlog.py:55}}
Jul 30 11:54:52.571119 np0000006125 devstack@placement-api.service[93264]: INFO placement.requestlog [req-607dc723-f303-4321-9efa-7dd6447b1036 req-df5add52-ae39-42a8-a902-794529340f1e service nova] 10.4.3.95 "GET /placement/allocations/e875f48b-6b6f-4823-86cb-b4d8ad530052" status: 200 len: 258 microversion: 1.28
Jul 30 11:54:52.571355 np0000006125 devstack@placement-api.service[93264]: [pid: 93264|app: 0|req: 57/231] 10.4.3.95 () {68 vars in 1492 bytes} [Thu Jul 30 11:54:52 2026] GET /placement/allocations/e875f48b-6b6f-4823-86cb-b4d8ad530052 => generated 258 bytes in 15 msecs (HTTP/1.1 200) 8 headers in 296 bytes (1 switches on core 0)
Jul 30 11:54:52.627720 np0000006125 devstack@placement-api.service[93262]: DEBUG placement.requestlog [req-607dc723-f303-4321-9efa-7dd6447b1036 req-4aa2ea57-8ef4-4b6e-8e64-2d9a3b5e401e None None] Starting request: 10.4.3.95 "GET /placement/allocations/efe25f50-d113-4d53-8821-de8cdac8cce6" {{(pid=93262) __call__ /opt/stack/placement/placement/requestlog.py:55}}
Jul 30 11:54:52.640168 np0000006125 devstack@placement-api.service[93262]: INFO placement.requestlog [req-607dc723-f303-4321-9efa-7dd6447b1036 req-4aa2ea57-8ef4-4b6e-8e64-2d9a3b5e401e service nova] 10.4.3.95 "GET /placement/allocations/efe25f50-d113-4d53-8821-de8cdac8cce6" status: 200 len: 258 microversion: 1.28
Jul 30 11:54:52.640168 np0000006125 devstack@placement-api.service[93262]: [pid: 93262|app: 0|req: 59/232] 10.4.3.95 () {68 vars in 1492 bytes} [Thu Jul 30 11:54:52 2026] GET /placement/allocations/efe25f50-d113-4d53-8821-de8cdac8cce6 => generated 258 bytes in 13 msecs (HTTP/1.1 200) 8 headers in 296 bytes (1 switches on core 0)
Jul 30 11:54:52.796878 np0000006125 devstack@placement-api.service[93263]: DEBUG placement.requestlog [req-9ba3a8b4-54f2-426b-9428-dd0dcafc6e52 req-117c806e-5402-4520-9c5f-4eb65555b168 None None] Starting request: 10.4.3.95 "GET /placement/resource_providers/c51a1565-e158-4a2a-bc6d-5b442862cc2b/allocations" {{(pid=93263) __call__ /opt/stack/placement/placement/requestlog.py:55}}
Jul 30 11:54:52.816301 np0000006125 devstack@placement-api.service[93263]: INFO placement.requestlog [req-9ba3a8b4-54f2-426b-9428-dd0dcafc6e52 req-117c806e-5402-4520-9c5f-4eb65555b168 service nova] 10.4.3.95 "GET /placement/resource_providers/c51a1565-e158-4a2a-bc6d-5b442862cc2b/allocations" status: 200 len: 1111 microversion: 1.0
Jul 30 11:54:52.816680 np0000006125 devstack@placement-api.service[93263]: [pid: 93263|app: 0|req: 59/233] 10.4.3.95 () {66 vars in 1505 bytes} [Thu Jul 30 11:54:52 2026] GET /placement/resource_providers/c51a1565-e158-4a2a-bc6d-5b442862cc2b/allocations => generated 1111 bytes in 20 msecs (HTTP/1.1 200) 6 headers in 225 bytes (1 switches on core 0)
Jul 30 11:54:52.869081 np0000006125 devstack@placement-api.service[93261]: DEBUG placement.requestlog [req-9ba3a8b4-54f2-426b-9428-dd0dcafc6e52 req-415117a8-edfb-4559-abe9-d4c0f5fa84d1 None None] Starting request: 10.4.3.95 "GET /placement/allocations/d61b5d0e-cfbf-4ef8-9cd1-b7085584c9ba" {{(pid=93261) __call__ /opt/stack/placement/placement/requestlog.py:55}}
Jul 30 11:54:52.881459 np0000006125 devstack@placement-api.service[93261]: INFO placement.requestlog [req-9ba3a8b4-54f2-426b-9428-dd0dcafc6e52 req-415117a8-edfb-4559-abe9-d4c0f5fa84d1 service nova] 10.4.3.95 "GET /placement/allocations/d61b5d0e-cfbf-4ef8-9cd1-b7085584c9ba" status: 200 len: 258 microversion: 1.28
Jul 30 11:54:52.881622 np0000006125 devstack@placement-api.service[93261]: [pid: 93261|app: 0|req: 59/234] 10.4.3.95 () {68 vars in 1492 bytes} [Thu Jul 30 11:54:52 2026] GET /placement/allocations/d61b5d0e-cfbf-4ef8-9cd1-b7085584c9ba => generated 258 bytes in 13 msecs (HTTP/1.1 200) 8 headers in 296 bytes (1 switches on core 0)
Jul 30 11:54:52.946940 np0000006125 devstack@placement-api.service[93264]: DEBUG placement.requestlog [req-9ba3a8b4-54f2-426b-9428-dd0dcafc6e52 req-b98cd855-9673-4568-a82a-1b39a24da5ff None None] Starting request: 10.4.3.95 "GET /placement/allocations/ff7606d6-f26d-4fb8-b536-015573c143d8" {{(pid=93264) __call__ /opt/stack/placement/placement/requestlog.py:55}}
Jul 30 11:54:52.963328 np0000006125 devstack@placement-api.service[93264]: INFO placement.requestlog [req-9ba3a8b4-54f2-426b-9428-dd0dcafc6e52 req-b98cd855-9673-4568-a82a-1b39a24da5ff service nova] 10.4.3.95 "GET /placement/allocations/ff7606d6-f26d-4fb8-b536-015573c143d8" status: 200 len: 258 microversion: 1.28
Jul 30 11:54:52.964182 np0000006125 devstack@placement-api.service[93264]: [pid: 93264|app: 0|req: 58/235] 10.4.3.95 () {68 vars in 1492 bytes} [Thu Jul 30 11:54:52 2026] GET /placement/allocations/ff7606d6-f26d-4fb8-b536-015573c143d8 => generated 258 bytes in 17 msecs (HTTP/1.1 200) 8 headers in 296 bytes (1 switches on core 0)
Jul 30 11:54:53.007198 np0000006125 devstack@placement-api.service[93262]: DEBUG placement.requestlog [req-9ba3a8b4-54f2-426b-9428-dd0dcafc6e52 req-dce7f17d-6032-4a2f-95ad-5c94a6defac0 None None] Starting request: 10.4.3.95 "GET /placement/allocations/63260b0b-d4a1-4333-85dc-e4c0c31aa306" {{(pid=93262) __call__ /opt/stack/placement/placement/requestlog.py:55}}
Jul 30 11:54:53.019093 np0000006125 devstack@placement-api.service[93262]: INFO placement.requestlog [req-9ba3a8b4-54f2-426b-9428-dd0dcafc6e52 req-dce7f17d-6032-4a2f-95ad-5c94a6defac0 service nova] 10.4.3.95 "GET /placement/allocations/63260b0b-d4a1-4333-85dc-e4c0c31aa306" status: 200 len: 258 microversion: 1.28
Jul 30 11:54:53.019344 np0000006125 devstack@placement-api.service[93262]: [pid: 93262|app: 0|req: 60/236] 10.4.3.95 () {68 vars in 1492 bytes} [Thu Jul 30 11:54:53 2026] GET /placement/allocations/63260b0b-d4a1-4333-85dc-e4c0c31aa306 => generated 258 bytes in 12 msecs (HTTP/1.1 200) 8 headers in 296 bytes (1 switches on core 0)
Jul 30 11:54:53.069286 np0000006125 devstack@placement-api.service[93263]: DEBUG placement.requestlog [req-9ba3a8b4-54f2-426b-9428-dd0dcafc6e52 req-3bb81a99-a86d-42b2-a423-e9a9a91ad9b7 None None] Starting request: 10.4.3.95 "GET /placement/allocations/ea555010-b505-4edc-bc74-2687cd48941f" {{(pid=93263) __call__ /opt/stack/placement/placement/requestlog.py:55}}
Jul 30 11:54:53.082321 np0000006125 devstack@placement-api.service[93263]: INFO placement.requestlog [req-9ba3a8b4-54f2-426b-9428-dd0dcafc6e52 req-3bb81a99-a86d-42b2-a423-e9a9a91ad9b7 service nova] 10.4.3.95 "GET /placement/allocations/ea555010-b505-4edc-bc74-2687cd48941f" status: 200 len: 244 microversion: 1.28
Jul 30 11:54:53.082321 np0000006125 devstack@placement-api.service[93263]: [pid: 93263|app: 0|req: 60/237] 10.4.3.95 () {68 vars in 1492 bytes} [Thu Jul 30 11:54:53 2026] GET /placement/allocations/ea555010-b505-4edc-bc74-2687cd48941f => generated 244 bytes in 13 msecs (HTTP/1.1 200) 8 headers in 296 bytes (1 switches on core 0)
Jul 30 11:54:53.129137 np0000006125 devstack@placement-api.service[93261]: DEBUG placement.requestlog [req-9ba3a8b4-54f2-426b-9428-dd0dcafc6e52 req-4aba9b6c-f524-4f24-a400-5972a2325c80 None None] Starting request: 10.4.3.95 "GET /placement/allocations/46566cfe-354d-4bca-8a47-bfc3ef5c9e10" {{(pid=93261) __call__ /opt/stack/placement/placement/requestlog.py:55}}
Jul 30 11:54:53.146852 np0000006125 devstack@placement-api.service[93261]: INFO placement.requestlog [req-9ba3a8b4-54f2-426b-9428-dd0dcafc6e52 req-4aba9b6c-f524-4f24-a400-5972a2325c80 service nova] 10.4.3.95 "GET /placement/allocations/46566cfe-354d-4bca-8a47-bfc3ef5c9e10" status: 200 len: 244 microversion: 1.28
Jul 30 11:54:53.147194 np0000006125 devstack@placement-api.service[93261]: [pid: 93261|app: 0|req: 60/238] 10.4.3.95 () {68 vars in 1492 bytes} [Thu Jul 30 11:54:53 2026] GET /placement/allocations/46566cfe-354d-4bca-8a47-bfc3ef5c9e10 => generated 244 bytes in 18 msecs (HTTP/1.1 200) 8 headers in 296 bytes (1 switches on core 0)
Jul 30 11:54:53.197400 np0000006125 devstack@placement-api.service[93264]: DEBUG placement.requestlog [req-9ba3a8b4-54f2-426b-9428-dd0dcafc6e52 req-1325a155-11f7-4c64-8c82-7768671b5b94 None None] Starting request: 10.4.3.95 "GET /placement/allocations/2fb9b3d9-6d25-4844-aad1-14f0b704e95e" {{(pid=93264) __call__ /opt/stack/placement/placement/requestlog.py:55}}
Jul 30 11:54:53.212280 np0000006125 devstack@placement-api.service[93264]: INFO placement.requestlog [req-9ba3a8b4-54f2-426b-9428-dd0dcafc6e52 req-1325a155-11f7-4c64-8c82-7768671b5b94 service nova] 10.4.3.95 "GET /placement/allocations/2fb9b3d9-6d25-4844-aad1-14f0b704e95e" status: 200 len: 258 microversion: 1.28
Jul 30 11:54:53.212280 np0000006125 devstack@placement-api.service[93264]: [pid: 93264|app: 0|req: 59/239] 10.4.3.95 () {68 vars in 1492 bytes} [Thu Jul 30 11:54:53 2026] GET /placement/allocations/2fb9b3d9-6d25-4844-aad1-14f0b704e95e => generated 258 bytes in 15 msecs (HTTP/1.1 200) 8 headers in 296 bytes (2 switches on core 0)
Jul 30 11:54:53.263142 np0000006125 devstack@placement-api.service[93262]: DEBUG placement.requestlog [req-9ba3a8b4-54f2-426b-9428-dd0dcafc6e52 req-c6660358-c851-4ed2-b28d-c3e3b07614e9 None None] Starting request: 10.4.3.95 "GET /placement/allocations/1bc3a999-7f40-438b-9aa7-2291d0e4ed1d" {{(pid=93262) __call__ /opt/stack/placement/placement/requestlog.py:55}}
Jul 30 11:54:53.272869 np0000006125 devstack@placement-api.service[93262]: INFO placement.requestlog [req-9ba3a8b4-54f2-426b-9428-dd0dcafc6e52 req-c6660358-c851-4ed2-b28d-c3e3b07614e9 service nova] 10.4.3.95 "GET /placement/allocations/1bc3a999-7f40-438b-9aa7-2291d0e4ed1d" status: 200 len: 244 microversion: 1.28
Jul 30 11:54:53.273068 np0000006125 devstack@placement-api.service[93262]: [pid: 93262|app: 0|req: 61/240] 10.4.3.95 () {68 vars in 1492 bytes} [Thu Jul 30 11:54:53 2026] GET /placement/allocations/1bc3a999-7f40-438b-9aa7-2291d0e4ed1d => generated 244 bytes in 10 msecs (HTTP/1.1 200) 8 headers in 296 bytes (1 switches on core 0)
Jul 30 11:54:53.325364 np0000006125 devstack@placement-api.service[93263]: DEBUG placement.requestlog [req-9ba3a8b4-54f2-426b-9428-dd0dcafc6e52 req-06708015-248c-4647-88b9-bbb62d7920e1 None None] Starting request: 10.4.3.95 "GET /placement/allocations/2072a703-c627-43cb-a925-b372ed93fdab" {{(pid=93263) __call__ /opt/stack/placement/placement/requestlog.py:55}}
Jul 30 11:54:53.347174 np0000006125 devstack@placement-api.service[93263]: INFO placement.requestlog [req-9ba3a8b4-54f2-426b-9428-dd0dcafc6e52 req-06708015-248c-4647-88b9-bbb62d7920e1 service nova] 10.4.3.95 "GET /placement/allocations/2072a703-c627-43cb-a925-b372ed93fdab" status: 200 len: 258 microversion: 1.28
Jul 30 11:54:53.347590 np0000006125 devstack@placement-api.service[93263]: [pid: 93263|app: 0|req: 61/241] 10.4.3.95 () {68 vars in 1492 bytes} [Thu Jul 30 11:54:53 2026] GET /placement/allocations/2072a703-c627-43cb-a925-b372ed93fdab => generated 258 bytes in 23 msecs (HTTP/1.1 200) 8 headers in 296 bytes (1 switches on core 0)
Jul 30 11:54:53.411015 np0000006125 devstack@placement-api.service[93261]: DEBUG placement.requestlog [req-9ba3a8b4-54f2-426b-9428-dd0dcafc6e52 req-31bf18a3-bf78-4d17-8801-3b8424a2472f None None] Starting request: 10.4.3.95 "GET /placement/allocations/28f8172a-64cd-4311-8e97-ddad4a678da9" {{(pid=93261) __call__ /opt/stack/placement/placement/requestlog.py:55}}
Jul 30 11:54:53.423853 np0000006125 devstack@placement-api.service[93261]: INFO placement.requestlog [req-9ba3a8b4-54f2-426b-9428-dd0dcafc6e52 req-31bf18a3-bf78-4d17-8801-3b8424a2472f service nova] 10.4.3.95 "GET /placement/allocations/28f8172a-64cd-4311-8e97-ddad4a678da9" status: 200 len: 258 microversion: 1.28
Jul 30 11:54:53.424899 np0000006125 devstack@placement-api.service[93261]: [pid: 93261|app: 0|req: 61/242] 10.4.3.95 () {68 vars in 1492 bytes} [Thu Jul 30 11:54:53 2026] GET /placement/allocations/28f8172a-64cd-4311-8e97-ddad4a678da9 => generated 258 bytes in 14 msecs (HTTP/1.1 200) 8 headers in 296 bytes (1 switches on core 0)
Jul 30 11:54:53.481097 np0000006125 devstack@placement-api.service[93264]: DEBUG placement.requestlog [req-9ba3a8b4-54f2-426b-9428-dd0dcafc6e52 req-12703c08-3854-40f2-a6de-342b4461afea None None] Starting request: 10.4.3.95 "GET /placement/allocations/e875f48b-6b6f-4823-86cb-b4d8ad530052" {{(pid=93264) __call__ /opt/stack/placement/placement/requestlog.py:55}}
Jul 30 11:54:53.499174 np0000006125 devstack@placement-api.service[93264]: INFO placement.requestlog [req-9ba3a8b4-54f2-426b-9428-dd0dcafc6e52 req-12703c08-3854-40f2-a6de-342b4461afea service nova] 10.4.3.95 "GET /placement/allocations/e875f48b-6b6f-4823-86cb-b4d8ad530052" status: 200 len: 258 microversion: 1.28
Jul 30 11:54:53.499174 np0000006125 devstack@placement-api.service[93264]: [pid: 93264|app: 0|req: 60/243] 10.4.3.95 () {68 vars in 1492 bytes} [Thu Jul 30 11:54:53 2026] GET /placement/allocations/e875f48b-6b6f-4823-86cb-b4d8ad530052 => generated 258 bytes in 18 msecs (HTTP/1.1 200) 8 headers in 296 bytes (1 switches on core 0)
Jul 30 11:54:53.725462 np0000006125 devstack@placement-api.service[93262]: DEBUG placement.requestlog [req-9ba3a8b4-54f2-426b-9428-dd0dcafc6e52 req-8296a0a0-62d5-4187-aa95-790f5c190f3a None None] Starting request: 10.4.3.95 "GET /placement/allocations/efe25f50-d113-4d53-8821-de8cdac8cce6" {{(pid=93262) __call__ /opt/stack/placement/placement/requestlog.py:55}}
Jul 30 11:54:53.734064 np0000006125 devstack@placement-api.service[93262]: INFO placement.requestlog [req-9ba3a8b4-54f2-426b-9428-dd0dcafc6e52 req-8296a0a0-62d5-4187-aa95-790f5c190f3a service nova] 10.4.3.95 "GET /placement/allocations/efe25f50-d113-4d53-8821-de8cdac8cce6" status: 200 len: 258 microversion: 1.28
Jul 30 11:54:53.734269 np0000006125 devstack@placement-api.service[93262]: [pid: 93262|app: 0|req: 62/244] 10.4.3.95 () {68 vars in 1492 bytes} [Thu Jul 30 11:54:53 2026] GET /placement/allocations/efe25f50-d113-4d53-8821-de8cdac8cce6 => generated 258 bytes in 9 msecs (HTTP/1.1 200) 8 headers in 296 bytes (1 switches on core 0)
Jul 30 11:54:53.874293 np0000006125 devstack@placement-api.service[93263]: DEBUG placement.requestlog [req-9ba3a8b4-54f2-426b-9428-dd0dcafc6e52 req-dbde36a1-b60a-4ed7-a290-aeafd7e7c1d2 None None] Starting request: 10.4.3.95 "DELETE /placement/allocations/e875f48b-6b6f-4823-86cb-b4d8ad530052" {{(pid=93263) __call__ /opt/stack/placement/placement/requestlog.py:55}}
Jul 30 11:54:53.908120 np0000006125 devstack@placement-api.service[93263]: DEBUG placement.handlers.allocation [req-9ba3a8b4-54f2-426b-9428-dd0dcafc6e52 req-dbde36a1-b60a-4ed7-a290-aeafd7e7c1d2 service nova] Successfully deleted allocations [, , ] {{(pid=93263) delete_allocations /opt/stack/placement/placement/handlers/allocation.py:627}}
Jul 30 11:54:53.908458 np0000006125 devstack@placement-api.service[93263]: INFO placement.requestlog [req-9ba3a8b4-54f2-426b-9428-dd0dcafc6e52 req-dbde36a1-b60a-4ed7-a290-aeafd7e7c1d2 service nova] 10.4.3.95 "DELETE /placement/allocations/e875f48b-6b6f-4823-86cb-b4d8ad530052" status: 204 len: 0 microversion: 1.0
Jul 30 11:54:53.908729 np0000006125 devstack@placement-api.service[93263]: [pid: 93263|app: 0|req: 62/245] 10.4.3.95 () {68 vars in 1470 bytes} [Thu Jul 30 11:54:53 2026] DELETE /placement/allocations/e875f48b-6b6f-4823-86cb-b4d8ad530052 => generated 0 bytes in 45 msecs (HTTP/1.1 204) 5 headers in 198 bytes (1 switches on core 0)
Jul 30 11:54:59.746512 np0000006125 devstack@placement-api.service[93261]: DEBUG placement.requestlog [None req-cd4e2ffc-3bcc-4a2b-8ee9-379ab4349837 None None] Starting request: 10.4.3.95 "GET /placement/resource_providers/c01e26d2-b805-46f0-8e89-be530d552c5f/aggregates" {{(pid=93261) __call__ /opt/stack/placement/placement/requestlog.py:55}}
Jul 30 11:54:59.753911 np0000006125 devstack@placement-api.service[93261]: INFO placement.requestlog [None req-cd4e2ffc-3bcc-4a2b-8ee9-379ab4349837 service placement] 10.4.3.95 "GET /placement/resource_providers/c01e26d2-b805-46f0-8e89-be530d552c5f/aggregates" status: 404 len: 235 microversion: 1.1
Jul 30 11:54:59.753911 np0000006125 devstack@placement-api.service[93261]: [pid: 93261|app: 0|req: 62/246] 10.4.3.95 () {66 vars in 1467 bytes} [Thu Jul 30 11:54:59 2026] GET /placement/resource_providers/c01e26d2-b805-46f0-8e89-be530d552c5f/aggregates => generated 235 bytes in 8 msecs (HTTP/1.1 404) 5 headers in 202 bytes (1 switches on core 0)
Jul 30 11:54:59.813790 np0000006125 devstack@placement-api.service[93264]: DEBUG placement.requestlog [None req-4ee3c6bb-9f4f-4873-847a-6c9a18b0552f None None] Starting request: 10.4.3.95 "DELETE /placement/resource_providers/c01e26d2-b805-46f0-8e89-be530d552c5f" {{(pid=93264) __call__ /opt/stack/placement/placement/requestlog.py:55}}
Jul 30 11:54:59.824036 np0000006125 devstack@placement-api.service[93264]: DEBUG placement.wsgi_wrapper [None req-4ee3c6bb-9f4f-4873-847a-6c9a18b0552f service placement] Placement API returning an error response: No resource provider with uuid c01e26d2-b805-46f0-8e89-be530d552c5f found for delete {{(pid=93264) call_func /opt/stack/placement/placement/wsgi_wrapper.py:31}}
Jul 30 11:54:59.824619 np0000006125 devstack@placement-api.service[93264]: INFO placement.requestlog [None req-4ee3c6bb-9f4f-4873-847a-6c9a18b0552f service placement] 10.4.3.95 "DELETE /placement/resource_providers/c01e26d2-b805-46f0-8e89-be530d552c5f" status: 404 len: 246 microversion: 1.1
Jul 30 11:54:59.824918 np0000006125 devstack@placement-api.service[93264]: [pid: 93264|app: 0|req: 61/247] 10.4.3.95 () {68 vars in 1456 bytes} [Thu Jul 30 11:54:59 2026] DELETE /placement/resource_providers/c01e26d2-b805-46f0-8e89-be530d552c5f => generated 246 bytes in 11 msecs (HTTP/1.1 404) 6 headers in 231 bytes (1 switches on core 0)
Jul 30 11:55:01.897937 np0000006125 devstack@placement-api.service[93262]: DEBUG placement.requestlog [req-ec483b66-b067-475a-a907-3a48f208d424 req-dc399f25-ad81-4114-b54d-ab5bcca83871 None None] Starting request: 10.4.3.95 "GET /placement/allocation_candidates?limit=1000&resources=MEMORY_MB%3A192%2CVCPU%3A1&root_required=%21COMPUTE_STATUS_DISABLED" {{(pid=93262) __call__ /opt/stack/placement/placement/requestlog.py:55}}
Jul 30 11:55:01.903803 np0000006125 devstack@placement-api.service[93263]: DEBUG placement.requestlog [req-2b9b70e2-b245-4e3e-9b1b-264f5e66dc54 req-682562c4-4002-44a0-b2d6-95b1923547de None None] Starting request: 10.4.3.95 "GET /placement/allocation_candidates?limit=1000&resources=MEMORY_MB%3A192%2CVCPU%3A1&root_required=%21COMPUTE_STATUS_DISABLED" {{(pid=93263) __call__ /opt/stack/placement/placement/requestlog.py:55}}
Jul 30 11:55:01.923321 np0000006125 devstack@placement-api.service[93262]: DEBUG placement.objects.research_context [req-ec483b66-b067-475a-a907-3a48f208d424 req-dc399f25-ad81-4114-b54d-ab5bcca83871 service nova] getting providers with 192 MEMORY_MB {{(pid=93262) __init__ /opt/stack/placement/placement/objects/research_context.py:137}}
Jul 30 11:55:01.923936 np0000006125 devstack@placement-api.service[93263]: DEBUG placement.objects.research_context [req-2b9b70e2-b245-4e3e-9b1b-264f5e66dc54 req-682562c4-4002-44a0-b2d6-95b1923547de service nova] getting providers with 192 MEMORY_MB {{(pid=93263) __init__ /opt/stack/placement/placement/objects/research_context.py:137}}
Jul 30 11:55:01.927037 np0000006125 devstack@placement-api.service[93263]: DEBUG placement.objects.research_context [req-2b9b70e2-b245-4e3e-9b1b-264f5e66dc54 req-682562c4-4002-44a0-b2d6-95b1923547de service nova] getting providers with 1 VCPU {{(pid=93263) __init__ /opt/stack/placement/placement/objects/research_context.py:137}}
Jul 30 11:55:01.927126 np0000006125 devstack@placement-api.service[93262]: DEBUG placement.objects.research_context [req-ec483b66-b067-475a-a907-3a48f208d424 req-dc399f25-ad81-4114-b54d-ab5bcca83871 service nova] getting providers with 1 VCPU {{(pid=93262) __init__ /opt/stack/placement/placement/objects/research_context.py:137}}
Jul 30 11:55:01.929879 np0000006125 devstack@placement-api.service[93263]: DEBUG placement.objects.research_context [req-2b9b70e2-b245-4e3e-9b1b-264f5e66dc54 req-682562c4-4002-44a0-b2d6-95b1923547de service nova] found 1 providers with available 192 MEMORY_MB {{(pid=93263) get_provider_ids_matching /opt/stack/placement/placement/objects/research_context.py:566}}
Jul 30 11:55:01.929997 np0000006125 devstack@placement-api.service[93263]: DEBUG placement.objects.research_context [req-2b9b70e2-b245-4e3e-9b1b-264f5e66dc54 req-682562c4-4002-44a0-b2d6-95b1923547de service nova] found 1 providers with available 1 VCPU {{(pid=93263) get_provider_ids_matching /opt/stack/placement/placement/objects/research_context.py:566}}
Jul 30 11:55:01.930056 np0000006125 devstack@placement-api.service[93262]: DEBUG placement.objects.research_context [req-ec483b66-b067-475a-a907-3a48f208d424 req-dc399f25-ad81-4114-b54d-ab5bcca83871 service nova] found 1 providers with available 192 MEMORY_MB {{(pid=93262) get_provider_ids_matching /opt/stack/placement/placement/objects/research_context.py:566}}
Jul 30 11:55:01.930149 np0000006125 devstack@placement-api.service[93263]: DEBUG placement.objects.research_context [req-2b9b70e2-b245-4e3e-9b1b-264f5e66dc54 req-682562c4-4002-44a0-b2d6-95b1923547de service nova] found 1 providers after filtering by previous result {{(pid=93263) get_provider_ids_matching /opt/stack/placement/placement/objects/research_context.py:597}}
Jul 30 11:55:01.930826 np0000006125 devstack@placement-api.service[93262]: DEBUG placement.objects.research_context [req-ec483b66-b067-475a-a907-3a48f208d424 req-dc399f25-ad81-4114-b54d-ab5bcca83871 service nova] found 1 providers with available 1 VCPU {{(pid=93262) get_provider_ids_matching /opt/stack/placement/placement/objects/research_context.py:566}}
Jul 30 11:55:01.930826 np0000006125 devstack@placement-api.service[93262]: DEBUG placement.objects.research_context [req-ec483b66-b067-475a-a907-3a48f208d424 req-dc399f25-ad81-4114-b54d-ab5bcca83871 service nova] found 1 providers after filtering by previous result {{(pid=93262) get_provider_ids_matching /opt/stack/placement/placement/objects/research_context.py:597}}
Jul 30 11:55:01.937973 np0000006125 devstack@placement-api.service[93263]: DEBUG placement.objects.allocation_candidate [req-2b9b70e2-b245-4e3e-9b1b-264f5e66dc54 req-682562c4-4002-44a0-b2d6-95b1923547de service nova] RequestGroup(use_same_provider=False, resources={MEMORY_MB:192, VCPU:1}, traits=(), aggregates=[]) (suffix '') returned 1 matches {{(pid=93263) _get_by_requests /opt/stack/placement/placement/objects/allocation_candidate.py:158}}
Jul 30 11:55:01.938185 np0000006125 devstack@placement-api.service[93263]: DEBUG placement.objects.allocation_candidate [req-2b9b70e2-b245-4e3e-9b1b-264f5e66dc54 req-682562c4-4002-44a0-b2d6-95b1923547de service nova] Merging candidates yields 1 allocation requests and 1 provider summaries {{(pid=93263) _merge_candidates /opt/stack/placement/placement/objects/allocation_candidate.py:973}}
Jul 30 11:55:01.939349 np0000006125 devstack@placement-api.service[93263]: INFO placement.requestlog [req-2b9b70e2-b245-4e3e-9b1b-264f5e66dc54 req-682562c4-4002-44a0-b2d6-95b1923547de service nova] 10.4.3.95 "GET /placement/allocation_candidates?limit=1000&resources=MEMORY_MB%3A192%2CVCPU%3A1&root_required=%21COMPUTE_STATUS_DISABLED" status: 200 len: 2480 microversion: 1.36
