May 20 15:56:56.617330 np0000001082 devstack@g-api.service[98978]: DEBUG glance.api.middleware.version_negotiation [None req-82005426-38d1-41ab-9ed2-c5e699125a51 tempest-VolumeAndVolumeTypeFromImageTest-1077750731 tempest-VolumeAndVolumeTypeFromImageTest-1077750731-project-member] Determining version of request: GET /v2/images/82a114d5-9a62-416e-9de9-77b47e7f4c35 Accept: */* {{(pid=98978) process_request /opt/stack/glance/glance/api/middleware/version_negotiation.py:44}}
May 20 15:56:56.617768 np0000001082 devstack@g-api.service[98978]: DEBUG glance.api.middleware.version_negotiation [None req-82005426-38d1-41ab-9ed2-c5e699125a51 tempest-VolumeAndVolumeTypeFromImageTest-1077750731 tempest-VolumeAndVolumeTypeFromImageTest-1077750731-project-member] Using url versioning {{(pid=98978) process_request /opt/stack/glance/glance/api/middleware/version_negotiation.py:57}}
May 20 15:56:56.617768 np0000001082 devstack@g-api.service[98978]: DEBUG glance.api.middleware.version_negotiation [None req-82005426-38d1-41ab-9ed2-c5e699125a51 tempest-VolumeAndVolumeTypeFromImageTest-1077750731 tempest-VolumeAndVolumeTypeFromImageTest-1077750731-project-member] Matched version: v2 {{(pid=98978) process_request /opt/stack/glance/glance/api/middleware/version_negotiation.py:69}}
May 20 15:56:56.617768 np0000001082 devstack@g-api.service[98978]: DEBUG glance.api.middleware.version_negotiation [None req-82005426-38d1-41ab-9ed2-c5e699125a51 tempest-VolumeAndVolumeTypeFromImageTest-1077750731 tempest-VolumeAndVolumeTypeFromImageTest-1077750731-project-member] new path /v2/images/82a114d5-9a62-416e-9de9-77b47e7f4c35 {{(pid=98978) process_request /opt/stack/glance/glance/api/middleware/version_negotiation.py:70}}
May 20 15:56:56.626205 np0000001082 devstack@g-api.service[98978]: [pid: 98978|app: 0|req: 165/306] 127.0.0.1 () {44 vars in 1115 bytes} [Wed May 20 15:56:56 2026] GET /v2/images/82a114d5-9a62-416e-9de9-77b47e7f4c35 => generated 898 bytes in 9 msecs (HTTP/1.1 200) 4 headers in 157 bytes (1 switches on core 0)
May 20 15:56:56.637600 np0000001082 devstack@g-api.service[98978]: DEBUG glance.api.middleware.version_negotiation [None req-82005426-38d1-41ab-9ed2-c5e699125a51 tempest-VolumeAndVolumeTypeFromImageTest-1077750731 tempest-VolumeAndVolumeTypeFromImageTest-1077750731-project-member] Determining version of request: GET /v2/schemas/image Accept: */* {{(pid=98978) process_request /opt/stack/glance/glance/api/middleware/version_negotiation.py:44}}
May 20 15:56:56.637721 np0000001082 devstack@g-api.service[98978]: DEBUG glance.api.middleware.version_negotiation [None req-82005426-38d1-41ab-9ed2-c5e699125a51 tempest-VolumeAndVolumeTypeFromImageTest-1077750731 tempest-VolumeAndVolumeTypeFromImageTest-1077750731-project-member] Using url versioning {{(pid=98978) process_request /opt/stack/glance/glance/api/middleware/version_negotiation.py:57}}
May 20 15:56:56.637850 np0000001082 devstack@g-api.service[98978]: DEBUG glance.api.middleware.version_negotiation [None req-82005426-38d1-41ab-9ed2-c5e699125a51 tempest-VolumeAndVolumeTypeFromImageTest-1077750731 tempest-VolumeAndVolumeTypeFromImageTest-1077750731-project-member] Matched version: v2 {{(pid=98978) process_request /opt/stack/glance/glance/api/middleware/version_negotiation.py:69}}
May 20 15:56:56.637944 np0000001082 devstack@g-api.service[98978]: DEBUG glance.api.middleware.version_negotiation [None req-82005426-38d1-41ab-9ed2-c5e699125a51 tempest-VolumeAndVolumeTypeFromImageTest-1077750731 tempest-VolumeAndVolumeTypeFromImageTest-1077750731-project-member] new path /v2/schemas/image {{(pid=98978) process_request /opt/stack/glance/glance/api/middleware/version_negotiation.py:70}}
May 20 15:56:56.641193 np0000001082 devstack@g-api.service[98978]: [pid: 98978|app: 0|req: 166/307] 127.0.0.1 () {44 vars in 1055 bytes} [Wed May 20 15:56:56 2026] GET /v2/schemas/image => generated 6083 bytes in 4 msecs (HTTP/1.1 200) 4 headers in 158 bytes (1 switches on core 0)
May 20 15:56:56.738544 np0000001082 devstack@g-api.service[98977]: DEBUG glance.location [None req-a3f932ac-2b4d-4da8-abe1-16e367cb7b04 tempest-VolumesNegativeTest-1716806810 tempest-VolumesNegativeTest-1716806810-project-member] Enabling in-flight format inspection for raw {{(pid=98977) set_data /opt/stack/glance/glance/location.py:616}}
May 20 15:56:56.739765 np0000001082 devstack@g-api.service[98977]: DEBUG glance_store.backend [None req-a3f932ac-2b4d-4da8-abe1-16e367cb7b04 tempest-VolumesNegativeTest-1716806810 tempest-VolumesNegativeTest-1716806810-project-member] Attempting to import store swift {{(pid=98977) _load_store /opt/stack/data/venv/lib/python3.12/site-packages/glance_store/backend.py:215}}
May 20 15:56:56.742273 np0000001082 devstack@g-api.service[98977]: DEBUG glance_store.capabilities [None req-a3f932ac-2b4d-4da8-abe1-16e367cb7b04 tempest-VolumesNegativeTest-1716806810 tempest-VolumesNegativeTest-1716806810-project-member] Store glance_store._drivers.swift.store.SingleTenantStore doesn't support updating dynamic storage capabilities. Please overwrite 'update_capabilities' method of the store to implement updating logics if needed. {{(pid=98977) update_capabilities /opt/stack/data/venv/lib/python3.12/site-packages/glance_store/capabilities.py:91}}
May 20 15:56:56.742462 np0000001082 devstack@g-api.service[98977]: DEBUG glance_store.driver [None req-a3f932ac-2b4d-4da8-abe1-16e367cb7b04 tempest-VolumesNegativeTest-1716806810 tempest-VolumesNegativeTest-1716806810-project-member] Late loading location class glance_store._drivers.swift.store.StoreLocation {{(pid=98977) get_store_location_class /opt/stack/data/venv/lib/python3.12/site-packages/glance_store/driver.py:134}}
May 20 15:56:56.742583 np0000001082 devstack@g-api.service[98977]: DEBUG glance_store.location [None req-a3f932ac-2b4d-4da8-abe1-16e367cb7b04 tempest-VolumesNegativeTest-1716806810 tempest-VolumesNegativeTest-1716806810-project-member] Registering scheme swift+https with {'store': , 'location_class': , 'store_entry': 'swift'} {{(pid=98977) register_scheme_map /opt/stack/data/venv/lib/python3.12/site-packages/glance_store/location.py:146}}
May 20 15:56:56.742694 np0000001082 devstack@g-api.service[98977]: DEBUG glance_store.location [None req-a3f932ac-2b4d-4da8-abe1-16e367cb7b04 tempest-VolumesNegativeTest-1716806810 tempest-VolumesNegativeTest-1716806810-project-member] Registering scheme swift+https with {'store': , 'location_class': , 'store_entry': 'swift'} {{(pid=98977) register_scheme_map /opt/stack/data/venv/lib/python3.12/site-packages/glance_store/location.py:146}}
May 20 15:56:56.742759 np0000001082 devstack@g-api.service[98977]: DEBUG glance_store.location [None req-a3f932ac-2b4d-4da8-abe1-16e367cb7b04 tempest-VolumesNegativeTest-1716806810 tempest-VolumesNegativeTest-1716806810-project-member] Registering scheme swift with {'store': , 'location_class': , 'store_entry': 'swift'} {{(pid=98977) register_scheme_map /opt/stack/data/venv/lib/python3.12/site-packages/glance_store/location.py:146}}
May 20 15:56:56.742836 np0000001082 devstack@g-api.service[98977]: DEBUG glance_store.location [None req-a3f932ac-2b4d-4da8-abe1-16e367cb7b04 tempest-VolumesNegativeTest-1716806810 tempest-VolumesNegativeTest-1716806810-project-member] Registering scheme swift+https with {'store': , 'location_class': , 'store_entry': 'swift'} {{(pid=98977) register_scheme_map /opt/stack/data/venv/lib/python3.12/site-packages/glance_store/location.py:146}}
May 20 15:56:56.742982 np0000001082 devstack@g-api.service[98977]: DEBUG glance_store.location [None req-a3f932ac-2b4d-4da8-abe1-16e367cb7b04 tempest-VolumesNegativeTest-1716806810 tempest-VolumesNegativeTest-1716806810-project-member] Registering scheme swift with {'store': , 'location_class': , 'store_entry': 'swift'} {{(pid=98977) register_scheme_map /opt/stack/data/venv/lib/python3.12/site-packages/glance_store/location.py:146}}
May 20 15:56:56.742982 np0000001082 devstack@g-api.service[98977]: DEBUG glance_store.location [None req-a3f932ac-2b4d-4da8-abe1-16e367cb7b04 tempest-VolumesNegativeTest-1716806810 tempest-VolumesNegativeTest-1716806810-project-member] Registering scheme swift+http with {'store': , 'location_class': , 'store_entry': 'swift'} {{(pid=98977) register_scheme_map /opt/stack/data/venv/lib/python3.12/site-packages/glance_store/location.py:146}}
May 20 15:56:56.743376 np0000001082 devstack@g-api.service[98977]: DEBUG glance_store.location [None req-a3f932ac-2b4d-4da8-abe1-16e367cb7b04 tempest-VolumesNegativeTest-1716806810 tempest-VolumesNegativeTest-1716806810-project-member] Registering scheme swift+https with {'store': , 'location_class': , 'store_entry': 'swift'} {{(pid=98977) register_scheme_map /opt/stack/data/venv/lib/python3.12/site-packages/glance_store/location.py:146}}
May 20 15:56:56.743376 np0000001082 devstack@g-api.service[98977]: DEBUG glance_store.location [None req-a3f932ac-2b4d-4da8-abe1-16e367cb7b04 tempest-VolumesNegativeTest-1716806810 tempest-VolumesNegativeTest-1716806810-project-member] Registering scheme swift with {'store': , 'location_class': , 'store_entry': 'swift'} {{(pid=98977) register_scheme_map /opt/stack/data/venv/lib/python3.12/site-packages/glance_store/location.py:146}}
May 20 15:56:56.743376 np0000001082 devstack@g-api.service[98977]: DEBUG glance_store.location [None req-a3f932ac-2b4d-4da8-abe1-16e367cb7b04 tempest-VolumesNegativeTest-1716806810 tempest-VolumesNegativeTest-1716806810-project-member] Registering scheme swift+http with {'store': , 'location_class': , 'store_entry': 'swift'} {{(pid=98977) register_scheme_map /opt/stack/data/venv/lib/python3.12/site-packages/glance_store/location.py:146}}
May 20 15:56:56.743376 np0000001082 devstack@g-api.service[98977]: DEBUG glance_store.location [None req-a3f932ac-2b4d-4da8-abe1-16e367cb7b04 tempest-VolumesNegativeTest-1716806810 tempest-VolumesNegativeTest-1716806810-project-member] Registering scheme swift+config with {'store': , 'location_class': , 'store_entry': 'swift'} {{(pid=98977) register_scheme_map /opt/stack/data/venv/lib/python3.12/site-packages/glance_store/location.py:146}}
May 20 15:56:56.878163 np0000001082 devstack@g-api.service[98977]: DEBUG swiftclient [None req-a3f932ac-2b4d-4da8-abe1-16e367cb7b04 tempest-VolumesNegativeTest-1716806810 tempest-VolumesNegativeTest-1716806810-project-member] REQ: curl -i https://10.4.3.125:8080/v1/AUTH_6d69d834474d499f890fea4ac4869e59/glance -I -H "X-Auth-Token: gAAAAABqDdnIGPBX..." {{(pid=98977) http_log /opt/stack/data/venv/lib/python3.12/site-packages/swiftclient/client.py:160}}
May 20 15:56:56.880161 np0000001082 devstack@g-api.service[98977]: DEBUG swiftclient [None req-a3f932ac-2b4d-4da8-abe1-16e367cb7b04 tempest-VolumesNegativeTest-1716806810 tempest-VolumesNegativeTest-1716806810-project-member] RESP STATUS: 204 No Content {{(pid=98977) http_log /opt/stack/data/venv/lib/python3.12/site-packages/swiftclient/client.py:161}}
May 20 15:56:56.880543 np0000001082 devstack@g-api.service[98977]: DEBUG swiftclient [None req-a3f932ac-2b4d-4da8-abe1-16e367cb7b04 tempest-VolumesNegativeTest-1716806810 tempest-VolumesNegativeTest-1716806810-project-member] RESP HEADERS: {'Date': 'Wed, 20 May 2026 15:56:56 GMT', 'Server': 'Apache/2.4.58 (Ubuntu)', 'Content-Type': 'text/plain; charset=utf-8', 'X-Container-Object-Count': '6', 'X-Container-Bytes-Used': '87884800', 'X-Timestamp': '1779292183.51427', 'Last-Modified': 'Wed, 20 May 2026 15:49:44 GMT', 'Accept-Ranges': 'bytes', 'X-Storage-Policy': 'Policy-0', 'X-Container-Sharding': 'False', 'Vary': 'Accept', 'X-Trans-Id': 'tx9a0acf129a8f4c25965e1-006a0dd9c8', 'X-Openstack-Request-Id': 'tx9a0acf129a8f4c25965e1-006a0dd9c8', 'Connection': 'close'} {{(pid=98977) http_log /opt/stack/data/venv/lib/python3.12/site-packages/swiftclient/client.py:162}}
May 20 15:56:56.881856 np0000001082 devstack@g-api.service[98977]: DEBUG glance_store._drivers.swift.store [None req-a3f932ac-2b4d-4da8-abe1-16e367cb7b04 tempest-VolumesNegativeTest-1716806810 tempest-VolumesNegativeTest-1716806810-project-member] Adding image object 'ee63d719-f4d1-4d89-b075-17aaeee0e9bf' to Swift {{(pid=98977) add /opt/stack/data/venv/lib/python3.12/site-packages/glance_store/_drivers/swift/store.py:978}}
May 20 15:56:56.890806 np0000001082 devstack@g-api.service[98977]: DEBUG oslo_utils.imageutils.format_inspector [None req-a3f932ac-2b4d-4da8-abe1-16e367cb7b04 tempest-VolumesNegativeTest-1716806810 tempest-VolumesNegativeTest-1716806810-project-member] Format inspector for vmdk does not match, excluding from consideration (Signature KDMV not found: b'q\x05 R') {{(pid=98977) _process_chunk /opt/stack/data/venv/lib/python3.12/site-packages/oslo_utils/imageutils/format_inspector.py:1538}}
May 20 15:56:56.928808 np0000001082 devstack@g-api.service[98977]: DEBUG swiftclient [None req-a3f932ac-2b4d-4da8-abe1-16e367cb7b04 tempest-VolumesNegativeTest-1716806810 tempest-VolumesNegativeTest-1716806810-project-member] REQ: curl -i https://10.4.3.125:8080/v1/AUTH_6d69d834474d499f890fea4ac4869e59/glance/ee63d719-f4d1-4d89-b075-17aaeee0e9bf -X PUT -H "X-Auth-Token: gAAAAABqDdnIGPBX..." -H "Content-Length: 1024" {{(pid=98977) http_log /opt/stack/data/venv/lib/python3.12/site-packages/swiftclient/client.py:160}}
May 20 15:56:56.928808 np0000001082 devstack@g-api.service[98977]: DEBUG swiftclient [None req-a3f932ac-2b4d-4da8-abe1-16e367cb7b04 tempest-VolumesNegativeTest-1716806810 tempest-VolumesNegativeTest-1716806810-project-member] RESP STATUS: 201 Created {{(pid=98977) http_log /opt/stack/data/venv/lib/python3.12/site-packages/swiftclient/client.py:161}}
May 20 15:56:56.928808 np0000001082 devstack@g-api.service[98977]: DEBUG swiftclient [None req-a3f932ac-2b4d-4da8-abe1-16e367cb7b04 tempest-VolumesNegativeTest-1716806810 tempest-VolumesNegativeTest-1716806810-project-member] RESP HEADERS: {'Date': 'Wed, 20 May 2026 15:56:56 GMT', 'Server': 'Apache/2.4.58 (Ubuntu)', 'Content-Type': 'text/html; charset=UTF-8', 'Content-Length': '0', 'Etag': '5d3e8185aaee77d3f7b3dbac5a110e5f', 'Last-Modified': 'Wed, 20 May 2026 15:56:57 GMT', 'X-Trans-Id': 'tx65803eeb5d1f4350adf5d-006a0dd9c8', 'X-Openstack-Request-Id': 'tx65803eeb5d1f4350adf5d-006a0dd9c8', 'Connection': 'close'} {{(pid=98977) http_log /opt/stack/data/venv/lib/python3.12/site-packages/swiftclient/client.py:162}}
May 20 15:56:56.929193 np0000001082 devstack@g-api.service[98977]: INFO glance.location [None req-a3f932ac-2b4d-4da8-abe1-16e367cb7b04 tempest-VolumesNegativeTest-1716806810 tempest-VolumesNegativeTest-1716806810-project-member] Image format matched and virtual size computed: 1024
May 20 15:56:56.964114 np0000001082 devstack@g-api.service[98977]: DEBUG glance_store.backend [None req-a3f932ac-2b4d-4da8-abe1-16e367cb7b04 tempest-VolumesNegativeTest-1716806810 tempest-VolumesNegativeTest-1716806810-project-member] Attempting to import store swift {{(pid=98977) _load_store /opt/stack/data/venv/lib/python3.12/site-packages/glance_store/backend.py:215}}
May 20 15:56:56.965603 np0000001082 devstack@g-api.service[98977]: DEBUG glance_store.capabilities [None req-a3f932ac-2b4d-4da8-abe1-16e367cb7b04 tempest-VolumesNegativeTest-1716806810 tempest-VolumesNegativeTest-1716806810-project-member] Store glance_store._drivers.swift.store.SingleTenantStore doesn't support updating dynamic storage capabilities. Please overwrite 'update_capabilities' method of the store to implement updating logics if needed. {{(pid=98977) update_capabilities /opt/stack/data/venv/lib/python3.12/site-packages/glance_store/capabilities.py:91}}
May 20 15:56:56.965711 np0000001082 devstack@g-api.service[98977]: DEBUG glance_store.driver [None req-a3f932ac-2b4d-4da8-abe1-16e367cb7b04 tempest-VolumesNegativeTest-1716806810 tempest-VolumesNegativeTest-1716806810-project-member] Late loading location class glance_store._drivers.swift.store.StoreLocation {{(pid=98977) get_store_location_class /opt/stack/data/venv/lib/python3.12/site-packages/glance_store/driver.py:134}}
May 20 15:56:56.965815 np0000001082 devstack@g-api.service[98977]: DEBUG glance_store.location [None req-a3f932ac-2b4d-4da8-abe1-16e367cb7b04 tempest-VolumesNegativeTest-1716806810 tempest-VolumesNegativeTest-1716806810-project-member] Registering scheme swift+https with {'store': , 'location_class': , 'store_entry': 'swift'} {{(pid=98977) register_scheme_map /opt/stack/data/venv/lib/python3.12/site-packages/glance_store/location.py:146}}
May 20 15:56:56.965934 np0000001082 devstack@g-api.service[98977]: DEBUG glance_store.location [None req-a3f932ac-2b4d-4da8-abe1-16e367cb7b04 tempest-VolumesNegativeTest-1716806810 tempest-VolumesNegativeTest-1716806810-project-member] Registering scheme swift+https with {'store': , 'location_class': , 'store_entry': 'swift'} {{(pid=98977) register_scheme_map /opt/stack/data/venv/lib/python3.12/site-packages/glance_store/location.py:146}}
May 20 15:56:56.966029 np0000001082 devstack@g-api.service[98977]: DEBUG glance_store.location [None req-a3f932ac-2b4d-4da8-abe1-16e367cb7b04 tempest-VolumesNegativeTest-1716806810 tempest-VolumesNegativeTest-1716806810-project-member] Registering scheme swift with {'store': , 'location_class': , 'store_entry': 'swift'} {{(pid=98977) register_scheme_map /opt/stack/data/venv/lib/python3.12/site-packages/glance_store/location.py:146}}
May 20 15:56:56.966148 np0000001082 devstack@g-api.service[98977]: DEBUG glance_store.location [None req-a3f932ac-2b4d-4da8-abe1-16e367cb7b04 tempest-VolumesNegativeTest-1716806810 tempest-VolumesNegativeTest-1716806810-project-member] Registering scheme swift+https with {'store': , 'location_class': , 'store_entry': 'swift'} {{(pid=98977) register_scheme_map /opt/stack/data/venv/lib/python3.12/site-packages/glance_store/location.py:146}}
May 20 15:56:56.966263 np0000001082 devstack@g-api.service[98977]: DEBUG glance_store.location [None req-a3f932ac-2b4d-4da8-abe1-16e367cb7b04 tempest-VolumesNegativeTest-1716806810 tempest-VolumesNegativeTest-1716806810-project-member] Registering scheme swift with {'store': , 'location_class': , 'store_entry': 'swift'} {{(pid=98977) register_scheme_map /opt/stack/data/venv/lib/python3.12/site-packages/glance_store/location.py:146}}
May 20 15:56:56.966263 np0000001082 devstack@g-api.service[98977]: DEBUG glance_store.location [None req-a3f932ac-2b4d-4da8-abe1-16e367cb7b04 tempest-VolumesNegativeTest-1716806810 tempest-VolumesNegativeTest-1716806810-project-member] Registering scheme swift+http with {'store': , 'location_class': , 'store_entry': 'swift'} {{(pid=98977) register_scheme_map /opt/stack/data/venv/lib/python3.12/site-packages/glance_store/location.py:146}}
May 20 15:56:56.966456 np0000001082 devstack@g-api.service[98977]: DEBUG glance_store.location [None req-a3f932ac-2b4d-4da8-abe1-16e367cb7b04 tempest-VolumesNegativeTest-1716806810 tempest-VolumesNegativeTest-1716806810-project-member] Registering scheme swift+https with {'store': , 'location_class': , 'store_entry': 'swift'} {{(pid=98977) register_scheme_map /opt/stack/data/venv/lib/python3.12/site-packages/glance_store/location.py:146}}
May 20 15:56:56.966456 np0000001082 devstack@g-api.service[98977]: DEBUG glance_store.location [None req-a3f932ac-2b4d-4da8-abe1-16e367cb7b04 tempest-VolumesNegativeTest-1716806810 tempest-VolumesNegativeTest-1716806810-project-member] Registering scheme swift with {'store': , 'location_class': , 'store_entry': 'swift'} {{(pid=98977) register_scheme_map /opt/stack/data/venv/lib/python3.12/site-packages/glance_store/location.py:146}}
May 20 15:56:56.966456 np0000001082 devstack@g-api.service[98977]: DEBUG glance_store.location [None req-a3f932ac-2b4d-4da8-abe1-16e367cb7b04 tempest-VolumesNegativeTest-1716806810 tempest-VolumesNegativeTest-1716806810-project-member] Registering scheme swift+http with {'store': , 'location_class': , 'store_entry': 'swift'} {{(pid=98977) register_scheme_map /opt/stack/data/venv/lib/python3.12/site-packages/glance_store/location.py:146}}
May 20 15:56:56.966620 np0000001082 devstack@g-api.service[98977]: DEBUG glance_store.location [None req-a3f932ac-2b4d-4da8-abe1-16e367cb7b04 tempest-VolumesNegativeTest-1716806810 tempest-VolumesNegativeTest-1716806810-project-member] Registering scheme swift+config with {'store': , 'location_class': , 'store_entry': 'swift'} {{(pid=98977) register_scheme_map /opt/stack/data/venv/lib/python3.12/site-packages/glance_store/location.py:146}}
May 20 15:56:56.966620 np0000001082 devstack@g-api.service[98977]: DEBUG glance_store.backend [None req-a3f932ac-2b4d-4da8-abe1-16e367cb7b04 tempest-VolumesNegativeTest-1716806810 tempest-VolumesNegativeTest-1716806810-project-member] Skipping store.set_acls... not implemented. {{(pid=98977) set_acls /opt/stack/data/venv/lib/python3.12/site-packages/glance_store/backend.py:507}}
May 20 15:56:56.968743 np0000001082 devstack@g-api.service[98977]: [pid: 98977|app: 0|req: 142/308] 127.0.0.1 () {40 vars in 847 bytes} [Wed May 20 15:56:55 2026] PUT /v2/images/ee63d719-f4d1-4d89-b075-17aaeee0e9bf/file => generated 0 bytes in 1142 msecs (HTTP/1.1 204) 4 headers in 171 bytes (1 switches on core 0)
May 20 15:56:56.978818 np0000001082 devstack@g-api.service[98978]: DEBUG glance.api.middleware.version_negotiation [None req-82005426-38d1-41ab-9ed2-c5e699125a51 tempest-VolumeAndVolumeTypeFromImageTest-1077750731 tempest-VolumeAndVolumeTypeFromImageTest-1077750731-project-member] Determining version of request: GET /v2/images/ee63d719-f4d1-4d89-b075-17aaeee0e9bf Accept: application/json {{(pid=98978) process_request /opt/stack/glance/glance/api/middleware/version_negotiation.py:44}}
May 20 15:56:56.978818 np0000001082 devstack@g-api.service[98978]: DEBUG glance.api.middleware.version_negotiation [None req-82005426-38d1-41ab-9ed2-c5e699125a51 tempest-VolumeAndVolumeTypeFromImageTest-1077750731 tempest-VolumeAndVolumeTypeFromImageTest-1077750731-project-member] Using url versioning {{(pid=98978) process_request /opt/stack/glance/glance/api/middleware/version_negotiation.py:57}}
May 20 15:56:56.978818 np0000001082 devstack@g-api.service[98978]: DEBUG glance.api.middleware.version_negotiation [None req-82005426-38d1-41ab-9ed2-c5e699125a51 tempest-VolumeAndVolumeTypeFromImageTest-1077750731 tempest-VolumeAndVolumeTypeFromImageTest-1077750731-project-member] Matched version: v2 {{(pid=98978) process_request /opt/stack/glance/glance/api/middleware/version_negotiation.py:69}}
May 20 15:56:56.978818 np0000001082 devstack@g-api.service[98978]: DEBUG glance.api.middleware.version_negotiation [None req-82005426-38d1-41ab-9ed2-c5e699125a51 tempest-VolumeAndVolumeTypeFromImageTest-1077750731 tempest-VolumeAndVolumeTypeFromImageTest-1077750731-project-member] new path /v2/images/ee63d719-f4d1-4d89-b075-17aaeee0e9bf {{(pid=98978) process_request /opt/stack/glance/glance/api/middleware/version_negotiation.py:70}}
May 20 15:56:56.995888 np0000001082 devstack@g-api.service[98978]: [pid: 98978|app: 0|req: 167/309] 127.0.0.1 () {40 vars in 838 bytes} [Wed May 20 15:56:56 2026] GET /v2/images/ee63d719-f4d1-4d89-b075-17aaeee0e9bf => generated 812 bytes in 17 msecs (HTTP/1.1 200) 4 headers in 157 bytes (1 switches on core 0)
May 20 15:56:57.006125 np0000001082 devstack@g-api.service[98977]: DEBUG glance.api.middleware.version_negotiation [None req-a3f932ac-2b4d-4da8-abe1-16e367cb7b04 tempest-VolumesNegativeTest-1716806810 tempest-VolumesNegativeTest-1716806810-project-member] Determining version of request: POST /v2/images/ee63d719-f4d1-4d89-b075-17aaeee0e9bf/actions/deactivate Accept: application/json {{(pid=98977) process_request /opt/stack/glance/glance/api/middleware/version_negotiation.py:44}}
May 20 15:56:57.007182 np0000001082 devstack@g-api.service[98977]: DEBUG glance.api.middleware.version_negotiation [None req-a3f932ac-2b4d-4da8-abe1-16e367cb7b04 tempest-VolumesNegativeTest-1716806810 tempest-VolumesNegativeTest-1716806810-project-member] Using url versioning {{(pid=98977) process_request /opt/stack/glance/glance/api/middleware/version_negotiation.py:57}}
May 20 15:56:57.007324 np0000001082 devstack@g-api.service[98977]: DEBUG glance.api.middleware.version_negotiation [None req-a3f932ac-2b4d-4da8-abe1-16e367cb7b04 tempest-VolumesNegativeTest-1716806810 tempest-VolumesNegativeTest-1716806810-project-member] Matched version: v2 {{(pid=98977) process_request /opt/stack/glance/glance/api/middleware/version_negotiation.py:69}}
May 20 15:56:57.007455 np0000001082 devstack@g-api.service[98977]: DEBUG glance.api.middleware.version_negotiation [None req-a3f932ac-2b4d-4da8-abe1-16e367cb7b04 tempest-VolumesNegativeTest-1716806810 tempest-VolumesNegativeTest-1716806810-project-member] new path /v2/images/ee63d719-f4d1-4d89-b075-17aaeee0e9bf/actions/deactivate {{(pid=98977) process_request /opt/stack/glance/glance/api/middleware/version_negotiation.py:70}}
May 20 15:56:57.037420 np0000001082 devstack@g-api.service[98978]: DEBUG glance.api.middleware.version_negotiation [None req-d875d4d0-9975-4fc3-98bc-88e4ed1022f0 tempest-VolumesNegativeTest-1716806810 tempest-VolumesNegativeTest-1716806810-project-member] Determining version of request: GET /versions Accept: */* {{(pid=98978) process_request /opt/stack/glance/glance/api/middleware/version_negotiation.py:44}}
May 20 15:56:57.041242 np0000001082 devstack@g-api.service[98978]: [pid: 98978|app: 0|req: 168/310] 127.0.0.1 () {44 vars in 1039 bytes} [Wed May 20 15:56:57 2026] GET /versions => generated 1407 bytes in 4 msecs (HTTP/1.1 200) 3 headers in 92 bytes (1 switches on core 0)
May 20 15:56:57.046823 np0000001082 devstack@g-api.service[98977]: DEBUG glance_store.backend [None req-a44381fc-6f32-4e69-96a3-b22d37c05d1d tempest-VolumesNegativeTest-1716806810 tempest-VolumesNegativeTest-1716806810-project-member] Attempting to import store swift {{(pid=98977) _load_store /opt/stack/data/venv/lib/python3.12/site-packages/glance_store/backend.py:215}}
May 20 15:56:57.049804 np0000001082 devstack@g-api.service[98977]: DEBUG glance_store.capabilities [None req-a44381fc-6f32-4e69-96a3-b22d37c05d1d tempest-VolumesNegativeTest-1716806810 tempest-VolumesNegativeTest-1716806810-project-member] Store glance_store._drivers.swift.store.SingleTenantStore doesn't support updating dynamic storage capabilities. Please overwrite 'update_capabilities' method of the store to implement updating logics if needed. {{(pid=98977) update_capabilities /opt/stack/data/venv/lib/python3.12/site-packages/glance_store/capabilities.py:91}}
May 20 15:56:57.049804 np0000001082 devstack@g-api.service[98977]: DEBUG glance_store.driver [None req-a44381fc-6f32-4e69-96a3-b22d37c05d1d tempest-VolumesNegativeTest-1716806810 tempest-VolumesNegativeTest-1716806810-project-member] Late loading location class glance_store._drivers.swift.store.StoreLocation {{(pid=98977) get_store_location_class /opt/stack/data/venv/lib/python3.12/site-packages/glance_store/driver.py:134}}
May 20 15:56:57.049804 np0000001082 devstack@g-api.service[98977]: DEBUG glance_store.location [None req-a44381fc-6f32-4e69-96a3-b22d37c05d1d tempest-VolumesNegativeTest-1716806810 tempest-VolumesNegativeTest-1716806810-project-member] Registering scheme swift+https with {'store': , 'location_class': , 'store_entry': 'swift'} {{(pid=98977) register_scheme_map /opt/stack/data/venv/lib/python3.12/site-packages/glance_store/location.py:146}}
May 20 15:56:57.049804 np0000001082 devstack@g-api.service[98977]: DEBUG glance_store.location [None req-a44381fc-6f32-4e69-96a3-b22d37c05d1d tempest-VolumesNegativeTest-1716806810 tempest-VolumesNegativeTest-1716806810-project-member] Registering scheme swift+https with {'store': , 'location_class': , 'store_entry': 'swift'} {{(pid=98977) register_scheme_map /opt/stack/data/venv/lib/python3.12/site-packages/glance_store/location.py:146}}
May 20 15:56:57.049804 np0000001082 devstack@g-api.service[98977]: DEBUG glance_store.location [None req-a44381fc-6f32-4e69-96a3-b22d37c05d1d tempest-VolumesNegativeTest-1716806810 tempest-VolumesNegativeTest-1716806810-project-member] Registering scheme swift with {'store': , 'location_class': , 'store_entry': 'swift'} {{(pid=98977) register_scheme_map /opt/stack/data/venv/lib/python3.12/site-packages/glance_store/location.py:146}}
May 20 15:56:57.049804 np0000001082 devstack@g-api.service[98977]: DEBUG glance_store.location [None req-a44381fc-6f32-4e69-96a3-b22d37c05d1d tempest-VolumesNegativeTest-1716806810 tempest-VolumesNegativeTest-1716806810-project-member] Registering scheme swift+https with {'store': , 'location_class': , 'store_entry': 'swift'} {{(pid=98977) register_scheme_map /opt/stack/data/venv/lib/python3.12/site-packages/glance_store/location.py:146}}
May 20 15:56:57.049804 np0000001082 devstack@g-api.service[98977]: DEBUG glance_store.location [None req-a44381fc-6f32-4e69-96a3-b22d37c05d1d tempest-VolumesNegativeTest-1716806810 tempest-VolumesNegativeTest-1716806810-project-member] Registering scheme swift with {'store': , 'location_class': , 'store_entry': 'swift'} {{(pid=98977) register_scheme_map /opt/stack/data/venv/lib/python3.12/site-packages/glance_store/location.py:146}}
May 20 15:56:57.049804 np0000001082 devstack@g-api.service[98977]: DEBUG glance_store.location [None req-a44381fc-6f32-4e69-96a3-b22d37c05d1d tempest-VolumesNegativeTest-1716806810 tempest-VolumesNegativeTest-1716806810-project-member] Registering scheme swift+http with {'store': , 'location_class': , 'store_entry': 'swift'} {{(pid=98977) register_scheme_map /opt/stack/data/venv/lib/python3.12/site-packages/glance_store/location.py:146}}
May 20 15:56:57.049804 np0000001082 devstack@g-api.service[98977]: DEBUG glance_store.location [None req-a44381fc-6f32-4e69-96a3-b22d37c05d1d tempest-VolumesNegativeTest-1716806810 tempest-VolumesNegativeTest-1716806810-project-member] Registering scheme swift+https with {'store': , 'location_class': , 'store_entry': 'swift'} {{(pid=98977) register_scheme_map /opt/stack/data/venv/lib/python3.12/site-packages/glance_store/location.py:146}}
May 20 15:56:57.049804 np0000001082 devstack@g-api.service[98977]: DEBUG glance_store.location [None req-a44381fc-6f32-4e69-96a3-b22d37c05d1d tempest-VolumesNegativeTest-1716806810 tempest-VolumesNegativeTest-1716806810-project-member] Registering scheme swift with {'store': , 'location_class': , 'store_entry': 'swift'} {{(pid=98977) register_scheme_map /opt/stack/data/venv/lib/python3.12/site-packages/glance_store/location.py:146}}
May 20 15:56:57.049804 np0000001082 devstack@g-api.service[98977]: DEBUG glance_store.location [None req-a44381fc-6f32-4e69-96a3-b22d37c05d1d tempest-VolumesNegativeTest-1716806810 tempest-VolumesNegativeTest-1716806810-project-member] Registering scheme swift+http with {'store': , 'location_class': , 'store_entry': 'swift'} {{(pid=98977) register_scheme_map /opt/stack/data/venv/lib/python3.12/site-packages/glance_store/location.py:146}}
May 20 15:56:57.054509 np0000001082 devstack@g-api.service[98977]: DEBUG glance_store.location [None req-a44381fc-6f32-4e69-96a3-b22d37c05d1d tempest-VolumesNegativeTest-1716806810 tempest-VolumesNegativeTest-1716806810-project-member] Registering scheme swift+config with {'store': , 'location_class': , 'store_entry': 'swift'} {{(pid=98977) register_scheme_map /opt/stack/data/venv/lib/python3.12/site-packages/glance_store/location.py:146}}
May 20 15:56:57.054509 np0000001082 devstack@g-api.service[98977]: DEBUG glance_store.backend [None req-a44381fc-6f32-4e69-96a3-b22d37c05d1d tempest-VolumesNegativeTest-1716806810 tempest-VolumesNegativeTest-1716806810-project-member] Skipping store.set_acls... not implemented. {{(pid=98977) set_acls /opt/stack/data/venv/lib/python3.12/site-packages/glance_store/backend.py:507}}
May 20 15:56:57.054614 np0000001082 devstack@g-api.service[98978]: DEBUG glance.api.middleware.version_negotiation [None req-d875d4d0-9975-4fc3-98bc-88e4ed1022f0 tempest-VolumesNegativeTest-1716806810 tempest-VolumesNegativeTest-1716806810-project-member] Determining version of request: GET /v2/images/82a114d5-9a62-416e-9de9-77b47e7f4c35/locations Accept: */* {{(pid=98978) process_request /opt/stack/glance/glance/api/middleware/version_negotiation.py:44}}
May 20 15:56:57.054614 np0000001082 devstack@g-api.service[98978]: DEBUG glance.api.middleware.version_negotiation [None req-d875d4d0-9975-4fc3-98bc-88e4ed1022f0 tempest-VolumesNegativeTest-1716806810 tempest-VolumesNegativeTest-1716806810-project-member] Using url versioning {{(pid=98978) process_request /opt/stack/glance/glance/api/middleware/version_negotiation.py:57}}
May 20 15:56:57.054614 np0000001082 devstack@g-api.service[98978]: DEBUG glance.api.middleware.version_negotiation [None req-d875d4d0-9975-4fc3-98bc-88e4ed1022f0 tempest-VolumesNegativeTest-1716806810 tempest-VolumesNegativeTest-1716806810-project-member] Matched version: v2 {{(pid=98978) process_request /opt/stack/glance/glance/api/middleware/version_negotiation.py:69}}
May 20 15:56:57.054614 np0000001082 devstack@g-api.service[98978]: DEBUG glance.api.middleware.version_negotiation [None req-d875d4d0-9975-4fc3-98bc-88e4ed1022f0 tempest-VolumesNegativeTest-1716806810 tempest-VolumesNegativeTest-1716806810-project-member] new path /v2/images/82a114d5-9a62-416e-9de9-77b47e7f4c35/locations {{(pid=98978) process_request /opt/stack/glance/glance/api/middleware/version_negotiation.py:70}}
May 20 15:56:57.061808 np0000001082 devstack@g-api.service[98977]: INFO glance.api.v2.image_actions [None req-a44381fc-6f32-4e69-96a3-b22d37c05d1d tempest-VolumesNegativeTest-1716806810 tempest-VolumesNegativeTest-1716806810-project-member] Image ee63d719-f4d1-4d89-b075-17aaeee0e9bf is deactivated
May 20 15:56:57.062391 np0000001082 devstack@g-api.service[98977]: [pid: 98977|app: 0|req: 143/311] 127.0.0.1 () {42 vars in 896 bytes} [Wed May 20 15:56:57 2026] POST /v2/images/ee63d719-f4d1-4d89-b075-17aaeee0e9bf/actions/deactivate => generated 0 bytes in 56 msecs (HTTP/1.1 204) 4 headers in 171 bytes (1 switches on core 0)
May 20 15:56:57.070440 np0000001082 devstack@g-api.service[98977]: DEBUG glance.api.middleware.version_negotiation [None req-a44381fc-6f32-4e69-96a3-b22d37c05d1d tempest-VolumesNegativeTest-1716806810 tempest-VolumesNegativeTest-1716806810-project-member] Determining version of request: GET /v2/images/ee63d719-f4d1-4d89-b075-17aaeee0e9bf Accept: application/json {{(pid=98977) process_request /opt/stack/glance/glance/api/middleware/version_negotiation.py:44}}
May 20 15:56:57.070708 np0000001082 devstack@g-api.service[98977]: DEBUG glance.api.middleware.version_negotiation [None req-a44381fc-6f32-4e69-96a3-b22d37c05d1d tempest-VolumesNegativeTest-1716806810 tempest-VolumesNegativeTest-1716806810-project-member] Using url versioning {{(pid=98977) process_request /opt/stack/glance/glance/api/middleware/version_negotiation.py:57}}
May 20 15:56:57.070955 np0000001082 devstack@g-api.service[98977]: DEBUG glance.api.middleware.version_negotiation [None req-a44381fc-6f32-4e69-96a3-b22d37c05d1d tempest-VolumesNegativeTest-1716806810 tempest-VolumesNegativeTest-1716806810-project-member] Matched version: v2 {{(pid=98977) process_request /opt/stack/glance/glance/api/middleware/version_negotiation.py:69}}
May 20 15:56:57.071130 np0000001082 devstack@g-api.service[98977]: DEBUG glance.api.middleware.version_negotiation [None req-a44381fc-6f32-4e69-96a3-b22d37c05d1d tempest-VolumesNegativeTest-1716806810 tempest-VolumesNegativeTest-1716806810-project-member] new path /v2/images/ee63d719-f4d1-4d89-b075-17aaeee0e9bf {{(pid=98977) process_request /opt/stack/glance/glance/api/middleware/version_negotiation.py:70}}
May 20 15:56:57.088520 np0000001082 devstack@g-api.service[98977]: [pid: 98977|app: 0|req: 144/312] 127.0.0.1 () {40 vars in 838 bytes} [Wed May 20 15:56:57 2026] GET /v2/images/ee63d719-f4d1-4d89-b075-17aaeee0e9bf => generated 817 bytes in 18 msecs (HTTP/1.1 200) 4 headers in 157 bytes (1 switches on core 0)
May 20 15:56:57.099708 np0000001082 devstack@g-api.service[98977]: DEBUG glance.api.middleware.version_negotiation [None req-51b95784-50f8-4ea2-aa8b-f24f2fa993af tempest-VolumesNegativeTest-1716806810 tempest-VolumesNegativeTest-1716806810-project-member] Determining version of request: GET /v2/images/ee63d719-f4d1-4d89-b075-17aaeee0e9bf Accept: application/json {{(pid=98977) process_request /opt/stack/glance/glance/api/middleware/version_negotiation.py:44}}
May 20 15:56:57.099708 np0000001082 devstack@g-api.service[98977]: DEBUG glance.api.middleware.version_negotiation [None req-51b95784-50f8-4ea2-aa8b-f24f2fa993af tempest-VolumesNegativeTest-1716806810 tempest-VolumesNegativeTest-1716806810-project-member] Using url versioning {{(pid=98977) process_request /opt/stack/glance/glance/api/middleware/version_negotiation.py:57}}
May 20 15:56:57.099708 np0000001082 devstack@g-api.service[98977]: DEBUG glance.api.middleware.version_negotiation [None req-51b95784-50f8-4ea2-aa8b-f24f2fa993af tempest-VolumesNegativeTest-1716806810 tempest-VolumesNegativeTest-1716806810-project-member] Matched version: v2 {{(pid=98977) process_request /opt/stack/glance/glance/api/middleware/version_negotiation.py:69}}
May 20 15:56:57.099708 np0000001082 devstack@g-api.service[98977]: DEBUG glance.api.middleware.version_negotiation [None req-51b95784-50f8-4ea2-aa8b-f24f2fa993af tempest-VolumesNegativeTest-1716806810 tempest-VolumesNegativeTest-1716806810-project-member] new path /v2/images/ee63d719-f4d1-4d89-b075-17aaeee0e9bf {{(pid=98977) process_request /opt/stack/glance/glance/api/middleware/version_negotiation.py:70}}
May 20 15:56:57.112638 np0000001082 devstack@g-api.service[98978]: [pid: 98978|app: 0|req: 169/313] 127.0.0.1 () {44 vars in 1135 bytes} [Wed May 20 15:56:57 2026] GET /v2/images/82a114d5-9a62-416e-9de9-77b47e7f4c35/locations => generated 92 bytes in 60 msecs (HTTP/1.1 200) 4 headers in 156 bytes (1 switches on core 0)
May 20 15:56:57.114351 np0000001082 devstack@g-api.service[98977]: [pid: 98977|app: 0|req: 145/314] 127.0.0.1 () {40 vars in 838 bytes} [Wed May 20 15:56:57 2026] GET /v2/images/ee63d719-f4d1-4d89-b075-17aaeee0e9bf => generated 817 bytes in 15 msecs (HTTP/1.1 200) 4 headers in 157 bytes (1 switches on core 0)
May 20 15:56:57.127843 np0000001082 devstack@g-api.service[98978]: DEBUG glance.api.middleware.version_negotiation [None req-82005426-38d1-41ab-9ed2-c5e699125a51 service glance] Determining version of request: GET /v2/images/82a114d5-9a62-416e-9de9-77b47e7f4c35 Accept: */* {{(pid=98978) process_request /opt/stack/glance/glance/api/middleware/version_negotiation.py:44}}
May 20 15:56:57.127843 np0000001082 devstack@g-api.service[98978]: DEBUG glance.api.middleware.version_negotiation [None req-82005426-38d1-41ab-9ed2-c5e699125a51 service glance] Using url versioning {{(pid=98978) process_request /opt/stack/glance/glance/api/middleware/version_negotiation.py:57}}
May 20 15:56:57.127843 np0000001082 devstack@g-api.service[98978]: DEBUG glance.api.middleware.version_negotiation [None req-82005426-38d1-41ab-9ed2-c5e699125a51 service glance] Matched version: v2 {{(pid=98978) process_request /opt/stack/glance/glance/api/middleware/version_negotiation.py:69}}
May 20 15:56:57.127843 np0000001082 devstack@g-api.service[98978]: DEBUG glance.api.middleware.version_negotiation [None req-82005426-38d1-41ab-9ed2-c5e699125a51 service glance] new path /v2/images/82a114d5-9a62-416e-9de9-77b47e7f4c35 {{(pid=98978) process_request /opt/stack/glance/glance/api/middleware/version_negotiation.py:70}}
May 20 15:56:57.139305 np0000001082 devstack@g-api.service[98977]: DEBUG glance.api.middleware.version_negotiation [None req-9725dd7a-7539-4951-99a5-0cd8e7944092 tempest-VolumesNegativeTest-1716806810 tempest-VolumesNegativeTest-1716806810-project-member] Determining version of request: GET /v2/images/ee63d719-f4d1-4d89-b075-17aaeee0e9bf Accept: */* {{(pid=98977) process_request /opt/stack/glance/glance/api/middleware/version_negotiation.py:44}}
May 20 15:56:57.139838 np0000001082 devstack@g-api.service[98977]: DEBUG glance.api.middleware.version_negotiation [None req-9725dd7a-7539-4951-99a5-0cd8e7944092 tempest-VolumesNegativeTest-1716806810 tempest-VolumesNegativeTest-1716806810-project-member] Using url versioning {{(pid=98977) process_request /opt/stack/glance/glance/api/middleware/version_negotiation.py:57}}
May 20 15:56:57.140191 np0000001082 devstack@g-api.service[98977]: DEBUG glance.api.middleware.version_negotiation [None req-9725dd7a-7539-4951-99a5-0cd8e7944092 tempest-VolumesNegativeTest-1716806810 tempest-VolumesNegativeTest-1716806810-project-member] Matched version: v2 {{(pid=98977) process_request /opt/stack/glance/glance/api/middleware/version_negotiation.py:69}}
May 20 15:56:57.141813 np0000001082 devstack@g-api.service[98977]: DEBUG glance.api.middleware.version_negotiation [None req-9725dd7a-7539-4951-99a5-0cd8e7944092 tempest-VolumesNegativeTest-1716806810 tempest-VolumesNegativeTest-1716806810-project-member] new path /v2/images/ee63d719-f4d1-4d89-b075-17aaeee0e9bf {{(pid=98977) process_request /opt/stack/glance/glance/api/middleware/version_negotiation.py:70}}
May 20 15:56:57.151996 np0000001082 devstack@g-api.service[98978]: [pid: 98978|app: 0|req: 170/315] 127.0.0.1 () {44 vars in 1115 bytes} [Wed May 20 15:56:57 2026] GET /v2/images/82a114d5-9a62-416e-9de9-77b47e7f4c35 => generated 898 bytes in 25 msecs (HTTP/1.1 200) 4 headers in 157 bytes (1 switches on core 0)
May 20 15:56:57.161744 np0000001082 devstack@g-api.service[98977]: [pid: 98977|app: 0|req: 146/316] 127.0.0.1 () {44 vars in 1115 bytes} [Wed May 20 15:56:57 2026] GET /v2/images/ee63d719-f4d1-4d89-b075-17aaeee0e9bf => generated 817 bytes in 19 msecs (HTTP/1.1 200) 4 headers in 157 bytes (1 switches on core 0)
May 20 15:56:57.166864 np0000001082 devstack@g-api.service[98978]: DEBUG glance.api.middleware.version_negotiation [None req-82005426-38d1-41ab-9ed2-c5e699125a51 tempest-VolumeAndVolumeTypeFromImageTest-1077750731 tempest-VolumeAndVolumeTypeFromImageTest-1077750731-project-member] Determining version of request: GET /v2/schemas/image Accept: */* {{(pid=98978) process_request /opt/stack/glance/glance/api/middleware/version_negotiation.py:44}}
May 20 15:56:57.166964 np0000001082 devstack@g-api.service[98977]: DEBUG glance.api.middleware.version_negotiation [None req-43d83103-7696-4d76-842f-fc670052911c tempest-VolumesNegativeTest-1716806810 tempest-VolumesNegativeTest-1716806810-project-member] Determining version of request: GET /v2/schemas/image Accept: */* {{(pid=98977) process_request /opt/stack/glance/glance/api/middleware/version_negotiation.py:44}}
May 20 15:56:57.167212 np0000001082 devstack@g-api.service[98978]: DEBUG glance.api.middleware.version_negotiation [None req-82005426-38d1-41ab-9ed2-c5e699125a51 tempest-VolumeAndVolumeTypeFromImageTest-1077750731 tempest-VolumeAndVolumeTypeFromImageTest-1077750731-project-member] Using url versioning {{(pid=98978) process_request /opt/stack/glance/glance/api/middleware/version_negotiation.py:57}}
May 20 15:56:57.167270 np0000001082 devstack@g-api.service[98977]: DEBUG glance.api.middleware.version_negotiation [None req-43d83103-7696-4d76-842f-fc670052911c tempest-VolumesNegativeTest-1716806810 tempest-VolumesNegativeTest-1716806810-project-member] Using url versioning {{(pid=98977) process_request /opt/stack/glance/glance/api/middleware/version_negotiation.py:57}}
May 20 15:56:57.167386 np0000001082 devstack@g-api.service[98977]: DEBUG glance.api.middleware.version_negotiation [None req-43d83103-7696-4d76-842f-fc670052911c tempest-VolumesNegativeTest-1716806810 tempest-VolumesNegativeTest-1716806810-project-member] Matched version: v2 {{(pid=98977) process_request /opt/stack/glance/glance/api/middleware/version_negotiation.py:69}}
May 20 15:56:57.167539 np0000001082 devstack@g-api.service[98977]: DEBUG glance.api.middleware.version_negotiation [None req-43d83103-7696-4d76-842f-fc670052911c tempest-VolumesNegativeTest-1716806810 tempest-VolumesNegativeTest-1716806810-project-member] new path /v2/schemas/image {{(pid=98977) process_request /opt/stack/glance/glance/api/middleware/version_negotiation.py:70}}
May 20 15:56:57.167607 np0000001082 devstack@g-api.service[98978]: DEBUG glance.api.middleware.version_negotiation [None req-82005426-38d1-41ab-9ed2-c5e699125a51 tempest-VolumeAndVolumeTypeFromImageTest-1077750731 tempest-VolumeAndVolumeTypeFromImageTest-1077750731-project-member] Matched version: v2 {{(pid=98978) process_request /opt/stack/glance/glance/api/middleware/version_negotiation.py:69}}
May 20 15:56:57.167762 np0000001082 devstack@g-api.service[98978]: DEBUG glance.api.middleware.version_negotiation [None req-82005426-38d1-41ab-9ed2-c5e699125a51 tempest-VolumeAndVolumeTypeFromImageTest-1077750731 tempest-VolumeAndVolumeTypeFromImageTest-1077750731-project-member] new path /v2/schemas/image {{(pid=98978) process_request /opt/stack/glance/glance/api/middleware/version_negotiation.py:70}}
May 20 15:56:57.171807 np0000001082 devstack@g-api.service[98977]: [pid: 98977|app: 0|req: 147/317] 127.0.0.1 () {44 vars in 1055 bytes} [Wed May 20 15:56:57 2026] GET /v2/schemas/image => generated 6083 bytes in 4 msecs (HTTP/1.1 200) 4 headers in 158 bytes (1 switches on core 0)
May 20 15:56:57.171920 np0000001082 devstack@g-api.service[98978]: [pid: 98978|app: 0|req: 171/318] 127.0.0.1 () {44 vars in 1055 bytes} [Wed May 20 15:56:57 2026] GET /v2/schemas/image => generated 6083 bytes in 5 msecs (HTTP/1.1 200) 4 headers in 158 bytes (1 switches on core 0)
May 20 15:56:57.181196 np0000001082 devstack@g-api.service[98977]: DEBUG glance.api.middleware.version_negotiation [None req-82005426-38d1-41ab-9ed2-c5e699125a51 tempest-VolumeAndVolumeTypeFromImageTest-1077750731 tempest-VolumeAndVolumeTypeFromImageTest-1077750731-project-member] Determining version of request: GET /v2/schemas/image Accept: */* {{(pid=98977) process_request /opt/stack/glance/glance/api/middleware/version_negotiation.py:44}}
May 20 15:56:57.181367 np0000001082 devstack@g-api.service[98977]: DEBUG glance.api.middleware.version_negotiation [None req-82005426-38d1-41ab-9ed2-c5e699125a51 tempest-VolumeAndVolumeTypeFromImageTest-1077750731 tempest-VolumeAndVolumeTypeFromImageTest-1077750731-project-member] Using url versioning {{(pid=98977) process_request /opt/stack/glance/glance/api/middleware/version_negotiation.py:57}}
May 20 15:56:57.181535 np0000001082 devstack@g-api.service[98977]: DEBUG glance.api.middleware.version_negotiation [None req-82005426-38d1-41ab-9ed2-c5e699125a51 tempest-VolumeAndVolumeTypeFromImageTest-1077750731 tempest-VolumeAndVolumeTypeFromImageTest-1077750731-project-member] Matched version: v2 {{(pid=98977) process_request /opt/stack/glance/glance/api/middleware/version_negotiation.py:69}}
May 20 15:56:57.181661 np0000001082 devstack@g-api.service[98977]: DEBUG glance.api.middleware.version_negotiation [None req-82005426-38d1-41ab-9ed2-c5e699125a51 tempest-VolumeAndVolumeTypeFromImageTest-1077750731 tempest-VolumeAndVolumeTypeFromImageTest-1077750731-project-member] new path /v2/schemas/image {{(pid=98977) process_request /opt/stack/glance/glance/api/middleware/version_negotiation.py:70}}
May 20 15:56:57.184711 np0000001082 devstack@g-api.service[98977]: [pid: 98977|app: 0|req: 148/319] 127.0.0.1 () {44 vars in 1055 bytes} [Wed May 20 15:56:57 2026] GET /v2/schemas/image => generated 6083 bytes in 3 msecs (HTTP/1.1 200) 4 headers in 158 bytes (1 switches on core 0)
May 20 15:56:57.186458 np0000001082 devstack@g-api.service[98978]: DEBUG glance.api.middleware.version_negotiation [None req-43d83103-7696-4d76-842f-fc670052911c tempest-VolumesNegativeTest-1716806810 tempest-VolumesNegativeTest-1716806810-project-member] Determining version of request: GET /v2/schemas/image Accept: */* {{(pid=98978) process_request /opt/stack/glance/glance/api/middleware/version_negotiation.py:44}}
May 20 15:56:57.186667 np0000001082 devstack@g-api.service[98978]: DEBUG glance.api.middleware.version_negotiation [None req-43d83103-7696-4d76-842f-fc670052911c tempest-VolumesNegativeTest-1716806810 tempest-VolumesNegativeTest-1716806810-project-member] Using url versioning {{(pid=98978) process_request /opt/stack/glance/glance/api/middleware/version_negotiation.py:57}}
May 20 15:56:57.186869 np0000001082 devstack@g-api.service[98978]: DEBUG glance.api.middleware.version_negotiation [None req-43d83103-7696-4d76-842f-fc670052911c tempest-VolumesNegativeTest-1716806810 tempest-VolumesNegativeTest-1716806810-project-member] Matched version: v2 {{(pid=98978) process_request /opt/stack/glance/glance/api/middleware/version_negotiation.py:69}}
May 20 15:56:57.187052 np0000001082 devstack@g-api.service[98978]: DEBUG glance.api.middleware.version_negotiation [None req-43d83103-7696-4d76-842f-fc670052911c tempest-VolumesNegativeTest-1716806810 tempest-VolumesNegativeTest-1716806810-project-member] new path /v2/schemas/image {{(pid=98978) process_request /opt/stack/glance/glance/api/middleware/version_negotiation.py:70}}
May 20 15:56:57.192812 np0000001082 devstack@g-api.service[98978]: [pid: 98978|app: 0|req: 172/320] 127.0.0.1 () {44 vars in 1055 bytes} [Wed May 20 15:56:57 2026] GET /v2/schemas/image => generated 6083 bytes in 3 msecs (HTTP/1.1 200) 4 headers in 158 bytes (1 switches on core 0)
May 20 15:56:57.200971 np0000001082 devstack@g-api.service[98977]: DEBUG glance.api.middleware.version_negotiation [None req-82005426-38d1-41ab-9ed2-c5e699125a51 tempest-VolumeAndVolumeTypeFromImageTest-1077750731 tempest-VolumeAndVolumeTypeFromImageTest-1077750731-project-member] Determining version of request: GET /v2/images/ee63d719-f4d1-4d89-b075-17aaeee0e9bf Accept: */* {{(pid=98977) process_request /opt/stack/glance/glance/api/middleware/version_negotiation.py:44}}
May 20 15:56:57.201232 np0000001082 devstack@g-api.service[98977]: DEBUG glance.api.middleware.version_negotiation [None req-82005426-38d1-41ab-9ed2-c5e699125a51 tempest-VolumeAndVolumeTypeFromImageTest-1077750731 tempest-VolumeAndVolumeTypeFromImageTest-1077750731-project-member] Using url versioning {{(pid=98977) process_request /opt/stack/glance/glance/api/middleware/version_negotiation.py:57}}
