May 20 15:48:52.516485 np0000001082 neutron-periodic-workers[89070]: DEBUG cotyledon.oslo_config_glue [-] ovn.dns_servers = [] {{(pid=89070) log_opt_values /opt/stack/data/venv/lib/python3.12/site-packages/oslo_config/cfg.py:3256}}
May 20 15:48:52.516485 np0000001082 neutron-periodic-workers[89070]: DEBUG cotyledon.oslo_config_glue [-] ovn.enable_distributed_floating_ip = False {{(pid=89070) log_opt_values /opt/stack/data/venv/lib/python3.12/site-packages/oslo_config/cfg.py:3256}}
May 20 15:48:52.516752 np0000001082 neutron-periodic-workers[89070]: DEBUG cotyledon.oslo_config_glue [-] ovn.fdb_age_threshold = 300 {{(pid=89070) log_opt_values /opt/stack/data/venv/lib/python3.12/site-packages/oslo_config/cfg.py:3256}}
May 20 15:48:52.516752 np0000001082 neutron-periodic-workers[89070]: DEBUG cotyledon.oslo_config_glue [-] ovn.ha_failover_strategy = normal {{(pid=89070) log_opt_values /opt/stack/data/venv/lib/python3.12/site-packages/oslo_config/cfg.py:3256}}
May 20 15:48:52.516752 np0000001082 neutron-periodic-workers[89070]: DEBUG cotyledon.oslo_config_glue [-] ovn.live_migration_activation_strategy = rarp {{(pid=89070) log_opt_values /opt/stack/data/venv/lib/python3.12/site-packages/oslo_config/cfg.py:3256}}
May 20 15:48:52.516752 np0000001082 neutron-periodic-workers[89070]: DEBUG cotyledon.oslo_config_glue [-] ovn.localnet_learn_fdb = False {{(pid=89070) log_opt_values /opt/stack/data/venv/lib/python3.12/site-packages/oslo_config/cfg.py:3256}}
May 20 15:48:52.516752 np0000001082 neutron-periodic-workers[89070]: DEBUG cotyledon.oslo_config_glue [-] ovn.mac_binding_age_threshold = 300 {{(pid=89070) log_opt_values /opt/stack/data/venv/lib/python3.12/site-packages/oslo_config/cfg.py:3256}}
May 20 15:48:52.516752 np0000001082 neutron-periodic-workers[89070]: DEBUG cotyledon.oslo_config_glue [-] ovn.neutron_sync_mode = log {{(pid=89070) log_opt_values /opt/stack/data/venv/lib/python3.12/site-packages/oslo_config/cfg.py:3256}}
May 20 15:48:52.516752 np0000001082 neutron-periodic-workers[89070]: DEBUG cotyledon.oslo_config_glue [-] ovn.ovn_dhcp4_global_options = {} {{(pid=89070) log_opt_values /opt/stack/data/venv/lib/python3.12/site-packages/oslo_config/cfg.py:3256}}
May 20 15:48:52.516752 np0000001082 neutron-periodic-workers[89070]: DEBUG cotyledon.oslo_config_glue [-] ovn.ovn_dhcp6_global_options = {} {{(pid=89070) log_opt_values /opt/stack/data/venv/lib/python3.12/site-packages/oslo_config/cfg.py:3256}}
May 20 15:48:52.517369 np0000001082 neutron-periodic-workers[89070]: DEBUG cotyledon.oslo_config_glue [-] ovn.ovn_l3_scheduler = leastloaded {{(pid=89070) log_opt_values /opt/stack/data/venv/lib/python3.12/site-packages/oslo_config/cfg.py:3256}}
May 20 15:48:52.517369 np0000001082 neutron-periodic-workers[89070]: DEBUG cotyledon.oslo_config_glue [-] ovn.ovn_metadata_enabled = True {{(pid=89070) log_opt_values /opt/stack/data/venv/lib/python3.12/site-packages/oslo_config/cfg.py:3256}}
May 20 15:48:52.517369 np0000001082 neutron-periodic-workers[89070]: DEBUG cotyledon.oslo_config_glue [-] ovn.ovn_nb_ca_cert = /opt/stack/data/CA/int-ca/ca-chain.pem {{(pid=89070) log_opt_values /opt/stack/data/venv/lib/python3.12/site-packages/oslo_config/cfg.py:3256}}
May 20 15:48:52.517369 np0000001082 neutron-periodic-workers[89070]: DEBUG cotyledon.oslo_config_glue [-] ovn.ovn_nb_certificate = /opt/stack/data/CA/int-ca/devstack-cert.crt {{(pid=89070) log_opt_values /opt/stack/data/venv/lib/python3.12/site-packages/oslo_config/cfg.py:3256}}
May 20 15:48:52.517369 np0000001082 neutron-periodic-workers[89070]: DEBUG cotyledon.oslo_config_glue [-] ovn.ovn_nb_connection = ['ssl:10.4.3.125:6641'] {{(pid=89070) log_opt_values /opt/stack/data/venv/lib/python3.12/site-packages/oslo_config/cfg.py:3256}}
May 20 15:48:52.517369 np0000001082 neutron-periodic-workers[89070]: DEBUG cotyledon.oslo_config_glue [-] ovn.ovn_nb_private_key = /opt/stack/data/CA/int-ca/private/devstack-cert.key {{(pid=89070) log_opt_values /opt/stack/data/venv/lib/python3.12/site-packages/oslo_config/cfg.py:3256}}
May 20 15:48:52.517369 np0000001082 neutron-periodic-workers[89070]: DEBUG cotyledon.oslo_config_glue [-] ovn.ovn_router_indirect_snat = False {{(pid=89070) log_opt_values /opt/stack/data/venv/lib/python3.12/site-packages/oslo_config/cfg.py:3256}}
May 20 15:48:52.517369 np0000001082 neutron-periodic-workers[89070]: DEBUG cotyledon.oslo_config_glue [-] ovn.ovn_sb_ca_cert = /opt/stack/data/CA/int-ca/ca-chain.pem {{(pid=89070) log_opt_values /opt/stack/data/venv/lib/python3.12/site-packages/oslo_config/cfg.py:3256}}
May 20 15:48:52.517589 np0000001082 neutron-periodic-workers[89070]: DEBUG cotyledon.oslo_config_glue [-] ovn.ovn_sb_certificate = /opt/stack/data/CA/int-ca/devstack-cert.crt {{(pid=89070) log_opt_values /opt/stack/data/venv/lib/python3.12/site-packages/oslo_config/cfg.py:3256}}
May 20 15:48:52.517589 np0000001082 neutron-periodic-workers[89070]: DEBUG cotyledon.oslo_config_glue [-] ovn.ovn_sb_connection = ['ssl:10.4.3.125:6642'] {{(pid=89070) log_opt_values /opt/stack/data/venv/lib/python3.12/site-packages/oslo_config/cfg.py:3256}}
May 20 15:48:52.517589 np0000001082 neutron-periodic-workers[89070]: DEBUG cotyledon.oslo_config_glue [-] ovn.ovn_sb_private_key = /opt/stack/data/CA/int-ca/private/devstack-cert.key {{(pid=89070) log_opt_values /opt/stack/data/venv/lib/python3.12/site-packages/oslo_config/cfg.py:3256}}
May 20 15:48:52.517589 np0000001082 neutron-periodic-workers[89070]: DEBUG cotyledon.oslo_config_glue [-] ovn.ovs_create_tap = False {{(pid=89070) log_opt_values /opt/stack/data/venv/lib/python3.12/site-packages/oslo_config/cfg.py:3256}}
May 20 15:48:52.517589 np0000001082 neutron-periodic-workers[89070]: DEBUG cotyledon.oslo_config_glue [-] ovn.ovsdb_connection_timeout = 180 {{(pid=89070) log_opt_values /opt/stack/data/venv/lib/python3.12/site-packages/oslo_config/cfg.py:3256}}
May 20 15:48:52.517589 np0000001082 neutron-periodic-workers[89070]: DEBUG cotyledon.oslo_config_glue [-] ovn.ovsdb_log_level = INFO {{(pid=89070) log_opt_values /opt/stack/data/venv/lib/python3.12/site-packages/oslo_config/cfg.py:3256}}
May 20 15:48:52.517589 np0000001082 neutron-periodic-workers[89070]: DEBUG cotyledon.oslo_config_glue [-] ovn.ovsdb_probe_interval = 60000 {{(pid=89070) log_opt_values /opt/stack/data/venv/lib/python3.12/site-packages/oslo_config/cfg.py:3256}}
May 20 15:48:52.517589 np0000001082 neutron-periodic-workers[89070]: DEBUG cotyledon.oslo_config_glue [-] ovn.ovsdb_retry_max_interval = 180 {{(pid=89070) log_opt_values /opt/stack/data/venv/lib/python3.12/site-packages/oslo_config/cfg.py:3256}}
May 20 15:48:52.517589 np0000001082 neutron-periodic-workers[89070]: DEBUG cotyledon.oslo_config_glue [-] ovn.stateless_nat_enabled = False {{(pid=89070) log_opt_values /opt/stack/data/venv/lib/python3.12/site-packages/oslo_config/cfg.py:3256}}
May 20 15:48:52.517845 np0000001082 neutron-periodic-workers[89070]: DEBUG cotyledon.oslo_config_glue [-] ovn.vhost_sock_dir = /var/run/openvswitch {{(pid=89070) log_opt_values /opt/stack/data/venv/lib/python3.12/site-packages/oslo_config/cfg.py:3256}}
May 20 15:48:52.517845 np0000001082 neutron-periodic-workers[89070]: DEBUG cotyledon.oslo_config_glue [-] OVS.bridge_mac_table_size = 50000 {{(pid=89070) log_opt_values /opt/stack/data/venv/lib/python3.12/site-packages/oslo_config/cfg.py:3256}}
May 20 15:48:52.517845 np0000001082 neutron-periodic-workers[89070]: DEBUG cotyledon.oslo_config_glue [-] OVS.igmp_flood = False {{(pid=89070) log_opt_values /opt/stack/data/venv/lib/python3.12/site-packages/oslo_config/cfg.py:3256}}
May 20 15:48:52.517845 np0000001082 neutron-periodic-workers[89070]: DEBUG cotyledon.oslo_config_glue [-] OVS.igmp_flood_reports = True {{(pid=89070) log_opt_values /opt/stack/data/venv/lib/python3.12/site-packages/oslo_config/cfg.py:3256}}
May 20 15:48:52.517845 np0000001082 neutron-periodic-workers[89070]: DEBUG cotyledon.oslo_config_glue [-] OVS.igmp_flood_unregistered = False {{(pid=89070) log_opt_values /opt/stack/data/venv/lib/python3.12/site-packages/oslo_config/cfg.py:3256}}
May 20 15:48:52.517845 np0000001082 neutron-periodic-workers[89070]: DEBUG cotyledon.oslo_config_glue [-] OVS.igmp_snooping_enable = False {{(pid=89070) log_opt_values /opt/stack/data/venv/lib/python3.12/site-packages/oslo_config/cfg.py:3256}}
May 20 15:48:52.517845 np0000001082 neutron-periodic-workers[89070]: DEBUG cotyledon.oslo_config_glue [-] OVS.ovsdb_timeout = 10 {{(pid=89070) log_opt_values /opt/stack/data/venv/lib/python3.12/site-packages/oslo_config/cfg.py:3256}}
May 20 15:48:52.518035 np0000001082 neutron-periodic-workers[89070]: DEBUG cotyledon.oslo_config_glue [-] ovn_nb_global.fdb_removal_limit = 0 {{(pid=89070) log_opt_values /opt/stack/data/venv/lib/python3.12/site-packages/oslo_config/cfg.py:3256}}
May 20 15:48:52.518035 np0000001082 neutron-periodic-workers[89070]: DEBUG cotyledon.oslo_config_glue [-] ovn_nb_global.ignore_lsp_down = False {{(pid=89070) log_opt_values /opt/stack/data/venv/lib/python3.12/site-packages/oslo_config/cfg.py:3256}}
May 20 15:48:52.518035 np0000001082 neutron-periodic-workers[89070]: DEBUG cotyledon.oslo_config_glue [-] ovn_nb_global.mac_binding_removal_limit = 0 {{(pid=89070) log_opt_values /opt/stack/data/venv/lib/python3.12/site-packages/oslo_config/cfg.py:3256}}
May 20 15:48:52.518035 np0000001082 neutron-periodic-workers[89070]: DEBUG cotyledon.oslo_config_glue [-] ******************************************************************************** {{(pid=89070) log_opt_values /opt/stack/data/venv/lib/python3.12/site-packages/oslo_config/cfg.py:3263}}
May 20 15:48:52.518186 np0000001082 neutron-periodic-workers[89070]: DEBUG cotyledon._service_worker [-] Run service ServiceWrapper(0) [89070] {{(pid=89070) wait_forever /opt/stack/data/venv/lib/python3.12/site-packages/cotyledon/_service_worker.py:218}}
May 20 15:49:02.186416 np0000001082 neutron-periodic-workers[88114]: DEBUG dbcounter [-] [88114] Writing DB stats neutron:SELECT=4 {{(pid=88114) stat_writer /opt/stack/data/venv/lib/python3.12/site-packages/dbcounter.py:115}}
May 20 15:49:37.484558 np0000001082 neutron-periodic-workers[89042]: DEBUG oslo_db.sqlalchemy.engines [None req-573283ac-9b70-4d2e-bf66-9fcb755e9527 None None] Parent process 88114 forked (89042) with an open database connection, which is being discarded and recreated. {{(pid=89042) checkout /opt/stack/data/venv/lib/python3.12/site-packages/oslo_db/sqlalchemy/engines.py:402}}
May 20 15:49:37.489851 np0000001082 neutron-periodic-workers[89042]: DEBUG dbcounter [-] [89042] Writer thread running {{(pid=89042) stat_writer /opt/stack/data/venv/lib/python3.12/site-packages/dbcounter.py:102}}
May 20 15:49:37.497217 np0000001082 neutron-periodic-workers[89042]: DEBUG oslo.service.backend._threading.loopingcall [None req-573283ac-9b70-4d2e-bf66-9fcb755e9527 None None] Fixed interval looping call 'neutron.plugins.ml2.plugin.DhcpAgentSchedulerDbMixin.remove_networks_from_down_agents' sleeping for 36.98 seconds {{(pid=89042) _run_loop /opt/stack/data/venv/lib/python3.12/site-packages/oslo_service/backend/_threading/loopingcall.py:125}}
May 20 15:49:47.496846 np0000001082 neutron-periodic-workers[89042]: DEBUG dbcounter [-] [89042] Writing DB stats neutron:SELECT=3 {{(pid=89042) stat_writer /opt/stack/data/venv/lib/python3.12/site-packages/dbcounter.py:115}}
May 20 15:50:03.513874 np0000001082 neutron-periodic-workers[89061]: DEBUG dbcounter [-] [89061] Writer thread running {{(pid=89061) stat_writer /opt/stack/data/venv/lib/python3.12/site-packages/dbcounter.py:102}}
May 20 15:50:03.517366 np0000001082 neutron-periodic-workers[89061]: DEBUG neutron.db.agents_db [None req-f8407758-d6bb-43e2-b3b1-8257e29a1de1 None None] Agent healthcheck: found 0 active agents {{(pid=89061) agent_health_check /opt/stack/neutron/neutron/db/agents_db.py:322}}
May 20 15:50:03.517591 np0000001082 neutron-periodic-workers[89061]: DEBUG oslo.service.backend._threading.loopingcall [None req-f8407758-d6bb-43e2-b3b1-8257e29a1de1 None None] Fixed interval looping call 'neutron.plugins.ml2.plugin.AgentDbMixin.agent_health_check' sleeping for 36.99 seconds {{(pid=89061) _run_loop /opt/stack/data/venv/lib/python3.12/site-packages/oslo_service/backend/_threading/loopingcall.py:125}}
May 20 15:50:13.514244 np0000001082 neutron-periodic-workers[89061]: DEBUG dbcounter [-] [89061] Writing DB stats neutron:SELECT=1 {{(pid=89061) stat_writer /opt/stack/data/venv/lib/python3.12/site-packages/dbcounter.py:115}}
May 20 15:50:14.482572 np0000001082 neutron-periodic-workers[89042]: DEBUG oslo.service.backend._threading.loopingcall [None req-573283ac-9b70-4d2e-bf66-9fcb755e9527 None None] Fixed interval looping call 'neutron.plugins.ml2.plugin.DhcpAgentSchedulerDbMixin.remove_networks_from_down_agents' sleeping for 37.00 seconds {{(pid=89042) _run_loop /opt/stack/data/venv/lib/python3.12/site-packages/oslo_service/backend/_threading/loopingcall.py:125}}
May 20 15:50:24.481884 np0000001082 neutron-periodic-workers[89042]: DEBUG dbcounter [-] [89042] Writing DB stats neutron:SELECT=3 {{(pid=89042) stat_writer /opt/stack/data/venv/lib/python3.12/site-packages/dbcounter.py:115}}
May 20 15:50:40.511141 np0000001082 neutron-periodic-workers[89061]: DEBUG neutron.db.agents_db [None req-f8407758-d6bb-43e2-b3b1-8257e29a1de1 None None] Agent healthcheck: found 0 active agents {{(pid=89061) agent_health_check /opt/stack/neutron/neutron/db/agents_db.py:322}}
May 20 15:50:40.511601 np0000001082 neutron-periodic-workers[89061]: DEBUG oslo.service.backend._threading.loopingcall [None req-f8407758-d6bb-43e2-b3b1-8257e29a1de1 None None] Fixed interval looping call 'neutron.plugins.ml2.plugin.AgentDbMixin.agent_health_check' sleeping for 37.00 seconds {{(pid=89061) _run_loop /opt/stack/data/venv/lib/python3.12/site-packages/oslo_service/backend/_threading/loopingcall.py:125}}
May 20 15:50:50.510086 np0000001082 neutron-periodic-workers[89061]: DEBUG dbcounter [-] [89061] Writing DB stats neutron:SELECT=1 {{(pid=89061) stat_writer /opt/stack/data/venv/lib/python3.12/site-packages/dbcounter.py:115}}
May 20 15:50:51.488146 np0000001082 neutron-periodic-workers[89042]: DEBUG oslo.service.backend._threading.loopingcall [None req-573283ac-9b70-4d2e-bf66-9fcb755e9527 None None] Fixed interval looping call 'neutron.plugins.ml2.plugin.DhcpAgentSchedulerDbMixin.remove_networks_from_down_agents' sleeping for 36.99 seconds {{(pid=89042) _run_loop /opt/stack/data/venv/lib/python3.12/site-packages/oslo_service/backend/_threading/loopingcall.py:125}}
May 20 15:50:52.529457 np0000001082 neutron-periodic-workers[89070]: DEBUG dbcounter [-] [89070] Writer thread running {{(pid=89070) stat_writer /opt/stack/data/venv/lib/python3.12/site-packages/dbcounter.py:102}}
May 20 15:50:52.531187 np0000001082 neutron-periodic-workers[89070]: DEBUG oslo.service.backend._threading.loopingcall [None req-94951bad-33f9-4d85-b87e-85fbb4d5fc9b None None] Fixed interval looping call 'neutron.db.quota.driver_nolock.DbQuotaNoLockDriver._remove_expired_reservations' sleeping for 119.99 seconds {{(pid=89070) _run_loop /opt/stack/data/venv/lib/python3.12/site-packages/oslo_service/backend/_threading/loopingcall.py:125}}
May 20 15:51:01.488604 np0000001082 neutron-periodic-workers[89042]: DEBUG dbcounter [-] [89042] Writing DB stats neutron:SELECT=3 {{(pid=89042) stat_writer /opt/stack/data/venv/lib/python3.12/site-packages/dbcounter.py:115}}
May 20 15:51:12.530706 np0000001082 neutron-periodic-workers[89070]: DEBUG dbcounter [-] [89070] Writing DB stats neutron:DELETE=1 {{(pid=89070) stat_writer /opt/stack/data/venv/lib/python3.12/site-packages/dbcounter.py:115}}
May 20 15:51:17.517473 np0000001082 neutron-periodic-workers[89061]: DEBUG neutron.db.agents_db [None req-f8407758-d6bb-43e2-b3b1-8257e29a1de1 None None] Agent healthcheck: found 0 active agents {{(pid=89061) agent_health_check /opt/stack/neutron/neutron/db/agents_db.py:322}}
May 20 15:51:17.517971 np0000001082 neutron-periodic-workers[89061]: DEBUG oslo.service.backend._threading.loopingcall [None req-f8407758-d6bb-43e2-b3b1-8257e29a1de1 None None] Fixed interval looping call 'neutron.plugins.ml2.plugin.AgentDbMixin.agent_health_check' sleeping for 36.99 seconds {{(pid=89061) _run_loop /opt/stack/data/venv/lib/python3.12/site-packages/oslo_service/backend/_threading/loopingcall.py:125}}
May 20 15:51:27.516570 np0000001082 neutron-periodic-workers[89061]: DEBUG dbcounter [-] [89061] Writing DB stats neutron:SELECT=1 {{(pid=89061) stat_writer /opt/stack/data/venv/lib/python3.12/site-packages/dbcounter.py:115}}
May 20 15:51:28.484739 np0000001082 neutron-periodic-workers[89042]: DEBUG oslo.service.backend._threading.loopingcall [None req-573283ac-9b70-4d2e-bf66-9fcb755e9527 None None] Fixed interval looping call 'neutron.plugins.ml2.plugin.DhcpAgentSchedulerDbMixin.remove_networks_from_down_agents' sleeping for 36.99 seconds {{(pid=89042) _run_loop /opt/stack/data/venv/lib/python3.12/site-packages/oslo_service/backend/_threading/loopingcall.py:125}}
May 20 15:51:38.483839 np0000001082 neutron-periodic-workers[89042]: DEBUG dbcounter [-] [89042] Writing DB stats neutron:SELECT=3 {{(pid=89042) stat_writer /opt/stack/data/venv/lib/python3.12/site-packages/dbcounter.py:115}}
May 20 15:51:54.512765 np0000001082 neutron-periodic-workers[89061]: DEBUG neutron.db.agents_db [None req-f8407758-d6bb-43e2-b3b1-8257e29a1de1 None None] Agent healthcheck: found 0 active agents {{(pid=89061) agent_health_check /opt/stack/neutron/neutron/db/agents_db.py:322}}
May 20 15:51:54.513142 np0000001082 neutron-periodic-workers[89061]: DEBUG oslo.service.backend._threading.loopingcall [None req-f8407758-d6bb-43e2-b3b1-8257e29a1de1 None None] Fixed interval looping call 'neutron.plugins.ml2.plugin.AgentDbMixin.agent_health_check' sleeping for 36.99 seconds {{(pid=89061) _run_loop /opt/stack/data/venv/lib/python3.12/site-packages/oslo_service/backend/_threading/loopingcall.py:125}}
May 20 15:52:04.510285 np0000001082 neutron-periodic-workers[89061]: DEBUG dbcounter [-] [89061] Writing DB stats neutron:SELECT=1 {{(pid=89061) stat_writer /opt/stack/data/venv/lib/python3.12/site-packages/dbcounter.py:115}}
May 20 15:52:05.482938 np0000001082 neutron-periodic-workers[89042]: DEBUG oslo.service.backend._threading.loopingcall [None req-573283ac-9b70-4d2e-bf66-9fcb755e9527 None None] Fixed interval looping call 'neutron.plugins.ml2.plugin.DhcpAgentSchedulerDbMixin.remove_networks_from_down_agents' sleeping for 36.99 seconds {{(pid=89042) _run_loop /opt/stack/data/venv/lib/python3.12/site-packages/oslo_service/backend/_threading/loopingcall.py:125}}
May 20 15:52:15.481945 np0000001082 neutron-periodic-workers[89042]: DEBUG dbcounter [-] [89042] Writing DB stats neutron:SELECT=3 {{(pid=89042) stat_writer /opt/stack/data/venv/lib/python3.12/site-packages/dbcounter.py:115}}
May 20 15:52:31.506342 np0000001082 neutron-periodic-workers[89061]: DEBUG neutron.db.agents_db [None req-f8407758-d6bb-43e2-b3b1-8257e29a1de1 None None] Agent healthcheck: found 0 active agents {{(pid=89061) agent_health_check /opt/stack/neutron/neutron/db/agents_db.py:322}}
May 20 15:52:31.506725 np0000001082 neutron-periodic-workers[89061]: DEBUG oslo.service.backend._threading.loopingcall [None req-f8407758-d6bb-43e2-b3b1-8257e29a1de1 None None] Fixed interval looping call 'neutron.plugins.ml2.plugin.AgentDbMixin.agent_health_check' sleeping for 37.00 seconds {{(pid=89061) _run_loop /opt/stack/data/venv/lib/python3.12/site-packages/oslo_service/backend/_threading/loopingcall.py:125}}
May 20 15:52:41.505330 np0000001082 neutron-periodic-workers[89061]: DEBUG dbcounter [-] [89061] Writing DB stats neutron:SELECT=1 {{(pid=89061) stat_writer /opt/stack/data/venv/lib/python3.12/site-packages/dbcounter.py:115}}
May 20 15:52:42.481072 np0000001082 neutron-periodic-workers[89042]: DEBUG oslo.service.backend._threading.loopingcall [None req-573283ac-9b70-4d2e-bf66-9fcb755e9527 None None] Fixed interval looping call 'neutron.plugins.ml2.plugin.DhcpAgentSchedulerDbMixin.remove_networks_from_down_agents' sleeping for 36.99 seconds {{(pid=89042) _run_loop /opt/stack/data/venv/lib/python3.12/site-packages/oslo_service/backend/_threading/loopingcall.py:125}}
May 20 15:52:52.479265 np0000001082 neutron-periodic-workers[89042]: DEBUG dbcounter [-] [89042] Writing DB stats neutron:SELECT=3 {{(pid=89042) stat_writer /opt/stack/data/venv/lib/python3.12/site-packages/dbcounter.py:115}}
May 20 15:52:52.530083 np0000001082 neutron-periodic-workers[89070]: DEBUG oslo.service.backend._threading.loopingcall [None req-94951bad-33f9-4d85-b87e-85fbb4d5fc9b None None] Fixed interval looping call 'neutron.db.quota.driver_nolock.DbQuotaNoLockDriver._remove_expired_reservations' sleeping for 119.99 seconds {{(pid=89070) _run_loop /opt/stack/data/venv/lib/python3.12/site-packages/oslo_service/backend/_threading/loopingcall.py:125}}
May 20 15:53:02.526307 np0000001082 neutron-periodic-workers[89070]: DEBUG dbcounter [-] [89070] Writing DB stats neutron:DELETE=1 {{(pid=89070) stat_writer /opt/stack/data/venv/lib/python3.12/site-packages/dbcounter.py:115}}
May 20 15:53:08.511659 np0000001082 neutron-periodic-workers[89061]: DEBUG neutron.db.agents_db [None req-f8407758-d6bb-43e2-b3b1-8257e29a1de1 None None] Agent healthcheck: found 0 active agents {{(pid=89061) agent_health_check /opt/stack/neutron/neutron/db/agents_db.py:322}}
May 20 15:53:08.512270 np0000001082 neutron-periodic-workers[89061]: DEBUG oslo.service.backend._threading.loopingcall [None req-f8407758-d6bb-43e2-b3b1-8257e29a1de1 None None] Fixed interval looping call 'neutron.plugins.ml2.plugin.AgentDbMixin.agent_health_check' sleeping for 36.99 seconds {{(pid=89061) _run_loop /opt/stack/data/venv/lib/python3.12/site-packages/oslo_service/backend/_threading/loopingcall.py:125}}
May 20 15:53:18.510317 np0000001082 neutron-periodic-workers[89061]: DEBUG dbcounter [-] [89061] Writing DB stats neutron:SELECT=1 {{(pid=89061) stat_writer /opt/stack/data/venv/lib/python3.12/site-packages/dbcounter.py:115}}
May 20 15:53:19.585343 np0000001082 neutron-periodic-workers[89042]: DEBUG oslo.service.backend._threading.loopingcall [None req-573283ac-9b70-4d2e-bf66-9fcb755e9527 None None] Fixed interval looping call 'neutron.plugins.ml2.plugin.DhcpAgentSchedulerDbMixin.remove_networks_from_down_agents' sleeping for 36.89 seconds {{(pid=89042) _run_loop /opt/stack/data/venv/lib/python3.12/site-packages/oslo_service/backend/_threading/loopingcall.py:125}}
May 20 15:53:20.491769 np0000001082 neutron-periodic-workers[89038]: DEBUG dbcounter [-] [89038] Writer thread running {{(pid=89038) stat_writer /opt/stack/data/venv/lib/python3.12/site-packages/dbcounter.py:102}}
May 20 15:53:20.504290 np0000001082 neutron-periodic-workers[89038]: DEBUG oslo.service.backend._threading.loopingcall [None req-e5d03ed4-23d5-4794-ab6a-4f549273bf95 None None] Fixed interval looping call 'neutron.services.ovn_l3.plugin.L3_NAT_dbonly_mixin._clean_garbage' sleeping for 299.96 seconds {{(pid=89038) _run_loop /opt/stack/data/venv/lib/python3.12/site-packages/oslo_service/backend/_threading/loopingcall.py:125}}
May 20 15:53:29.537920 np0000001082 neutron-periodic-workers[89042]: DEBUG dbcounter [-] [89042] Writing DB stats neutron:SELECT=3 {{(pid=89042) stat_writer /opt/stack/data/venv/lib/python3.12/site-packages/dbcounter.py:115}}
May 20 15:53:30.496082 np0000001082 neutron-periodic-workers[89038]: DEBUG dbcounter [-] [89038] Writing DB stats neutron:SELECT=1 {{(pid=89038) stat_writer /opt/stack/data/venv/lib/python3.12/site-packages/dbcounter.py:115}}
May 20 15:53:45.506022 np0000001082 neutron-periodic-workers[89061]: DEBUG neutron.db.agents_db [None req-f8407758-d6bb-43e2-b3b1-8257e29a1de1 None None] Agent healthcheck: found 0 active agents {{(pid=89061) agent_health_check /opt/stack/neutron/neutron/db/agents_db.py:322}}
May 20 15:53:45.506486 np0000001082 neutron-periodic-workers[89061]: DEBUG oslo.service.backend._threading.loopingcall [None req-f8407758-d6bb-43e2-b3b1-8257e29a1de1 None None] Fixed interval looping call 'neutron.plugins.ml2.plugin.AgentDbMixin.agent_health_check' sleeping for 37.00 seconds {{(pid=89061) _run_loop /opt/stack/data/venv/lib/python3.12/site-packages/oslo_service/backend/_threading/loopingcall.py:125}}
May 20 15:53:55.503942 np0000001082 neutron-periodic-workers[89061]: DEBUG dbcounter [-] [89061] Writing DB stats neutron:SELECT=1 {{(pid=89061) stat_writer /opt/stack/data/venv/lib/python3.12/site-packages/dbcounter.py:115}}
May 20 15:53:56.482837 np0000001082 neutron-periodic-workers[89042]: DEBUG oslo.service.backend._threading.loopingcall [None req-573283ac-9b70-4d2e-bf66-9fcb755e9527 None None] Fixed interval looping call 'neutron.plugins.ml2.plugin.DhcpAgentSchedulerDbMixin.remove_networks_from_down_agents' sleeping for 36.99 seconds {{(pid=89042) _run_loop /opt/stack/data/venv/lib/python3.12/site-packages/oslo_service/backend/_threading/loopingcall.py:125}}
May 20 15:54:06.482009 np0000001082 neutron-periodic-workers[89042]: DEBUG dbcounter [-] [89042] Writing DB stats neutron:SELECT=3 {{(pid=89042) stat_writer /opt/stack/data/venv/lib/python3.12/site-packages/dbcounter.py:115}}
May 20 15:54:22.509335 np0000001082 neutron-periodic-workers[89061]: DEBUG neutron.db.agents_db [None req-f8407758-d6bb-43e2-b3b1-8257e29a1de1 None None] Agent healthcheck: found 0 active agents {{(pid=89061) agent_health_check /opt/stack/neutron/neutron/db/agents_db.py:322}}
May 20 15:54:22.509969 np0000001082 neutron-periodic-workers[89061]: DEBUG oslo.service.backend._threading.loopingcall [None req-f8407758-d6bb-43e2-b3b1-8257e29a1de1 None None] Fixed interval looping call 'neutron.plugins.ml2.plugin.AgentDbMixin.agent_health_check' sleeping for 37.00 seconds {{(pid=89061) _run_loop /opt/stack/data/venv/lib/python3.12/site-packages/oslo_service/backend/_threading/loopingcall.py:125}}
May 20 15:54:32.508547 np0000001082 neutron-periodic-workers[89061]: DEBUG dbcounter [-] [89061] Writing DB stats neutron:SELECT=1 {{(pid=89061) stat_writer /opt/stack/data/venv/lib/python3.12/site-packages/dbcounter.py:115}}
May 20 15:54:33.484285 np0000001082 neutron-periodic-workers[89042]: DEBUG oslo.service.backend._threading.loopingcall [None req-573283ac-9b70-4d2e-bf66-9fcb755e9527 None None] Fixed interval looping call 'neutron.plugins.ml2.plugin.DhcpAgentSchedulerDbMixin.remove_networks_from_down_agents' sleeping for 36.99 seconds {{(pid=89042) _run_loop /opt/stack/data/venv/lib/python3.12/site-packages/oslo_service/backend/_threading/loopingcall.py:125}}
May 20 15:54:43.483688 np0000001082 neutron-periodic-workers[89042]: DEBUG dbcounter [-] [89042] Writing DB stats neutron:SELECT=3 {{(pid=89042) stat_writer /opt/stack/data/venv/lib/python3.12/site-packages/dbcounter.py:115}}
May 20 15:54:52.523869 np0000001082 neutron-periodic-workers[89070]: DEBUG oslo.service.backend._threading.loopingcall [None req-94951bad-33f9-4d85-b87e-85fbb4d5fc9b None None] Fixed interval looping call 'neutron.db.quota.driver_nolock.DbQuotaNoLockDriver._remove_expired_reservations' sleeping for 120.00 seconds {{(pid=89070) _run_loop /opt/stack/data/venv/lib/python3.12/site-packages/oslo_service/backend/_threading/loopingcall.py:125}}
May 20 15:54:59.513607 np0000001082 neutron-periodic-workers[89061]: DEBUG neutron.db.agents_db [None req-f8407758-d6bb-43e2-b3b1-8257e29a1de1 None None] Agent healthcheck: found 0 active agents {{(pid=89061) agent_health_check /opt/stack/neutron/neutron/db/agents_db.py:322}}
May 20 15:54:59.514047 np0000001082 neutron-periodic-workers[89061]: DEBUG oslo.service.backend._threading.loopingcall [None req-f8407758-d6bb-43e2-b3b1-8257e29a1de1 None None] Fixed interval looping call 'neutron.plugins.ml2.plugin.AgentDbMixin.agent_health_check' sleeping for 37.00 seconds {{(pid=89061) _run_loop /opt/stack/data/venv/lib/python3.12/site-packages/oslo_service/backend/_threading/loopingcall.py:125}}
May 20 15:55:02.523348 np0000001082 neutron-periodic-workers[89070]: DEBUG dbcounter [-] [89070] Writing DB stats neutron:DELETE=1 {{(pid=89070) stat_writer /opt/stack/data/venv/lib/python3.12/site-packages/dbcounter.py:115}}
May 20 15:55:09.511943 np0000001082 neutron-periodic-workers[89061]: DEBUG dbcounter [-] [89061] Writing DB stats neutron:SELECT=1 {{(pid=89061) stat_writer /opt/stack/data/venv/lib/python3.12/site-packages/dbcounter.py:115}}
May 20 15:55:10.482391 np0000001082 neutron-periodic-workers[89042]: DEBUG oslo.service.backend._threading.loopingcall [None req-573283ac-9b70-4d2e-bf66-9fcb755e9527 None None] Fixed interval looping call 'neutron.plugins.ml2.plugin.DhcpAgentSchedulerDbMixin.remove_networks_from_down_agents' sleeping for 36.99 seconds {{(pid=89042) _run_loop /opt/stack/data/venv/lib/python3.12/site-packages/oslo_service/backend/_threading/loopingcall.py:125}}
May 20 15:55:20.480351 np0000001082 neutron-periodic-workers[89042]: DEBUG dbcounter [-] [89042] Writing DB stats neutron:SELECT=3 {{(pid=89042) stat_writer /opt/stack/data/venv/lib/python3.12/site-packages/dbcounter.py:115}}
May 20 15:55:36.517524 np0000001082 neutron-periodic-workers[89061]: DEBUG neutron.db.agents_db [None req-f8407758-d6bb-43e2-b3b1-8257e29a1de1 None None] Agent healthcheck: found 0 active agents {{(pid=89061) agent_health_check /opt/stack/neutron/neutron/db/agents_db.py:322}}
May 20 15:55:36.518016 np0000001082 neutron-periodic-workers[89061]: DEBUG oslo.service.backend._threading.loopingcall [None req-f8407758-d6bb-43e2-b3b1-8257e29a1de1 None None] Fixed interval looping call 'neutron.plugins.ml2.plugin.AgentDbMixin.agent_health_check' sleeping for 37.00 seconds {{(pid=89061) _run_loop /opt/stack/data/venv/lib/python3.12/site-packages/oslo_service/backend/_threading/loopingcall.py:125}}
May 20 15:55:46.516697 np0000001082 neutron-periodic-workers[89061]: DEBUG dbcounter [-] [89061] Writing DB stats neutron:SELECT=1 {{(pid=89061) stat_writer /opt/stack/data/venv/lib/python3.12/site-packages/dbcounter.py:115}}
May 20 15:55:47.489895 np0000001082 neutron-periodic-workers[89042]: DEBUG oslo.service.backend._threading.loopingcall [None req-573283ac-9b70-4d2e-bf66-9fcb755e9527 None None] Fixed interval looping call 'neutron.plugins.ml2.plugin.DhcpAgentSchedulerDbMixin.remove_networks_from_down_agents' sleeping for 36.98 seconds {{(pid=89042) _run_loop /opt/stack/data/venv/lib/python3.12/site-packages/oslo_service/backend/_threading/loopingcall.py:125}}
May 20 15:55:57.487169 np0000001082 neutron-periodic-workers[89042]: DEBUG dbcounter [-] [89042] Writing DB stats neutron:SELECT=3 {{(pid=89042) stat_writer /opt/stack/data/venv/lib/python3.12/site-packages/dbcounter.py:115}}
May 20 15:56:13.524237 np0000001082 neutron-periodic-workers[89061]: DEBUG neutron.db.agents_db [None req-f8407758-d6bb-43e2-b3b1-8257e29a1de1 None None] Agent healthcheck: found 0 active agents {{(pid=89061) agent_health_check /opt/stack/neutron/neutron/db/agents_db.py:322}}
May 20 15:56:13.524698 np0000001082 neutron-periodic-workers[89061]: DEBUG oslo.service.backend._threading.loopingcall [None req-f8407758-d6bb-43e2-b3b1-8257e29a1de1 None None] Fixed interval looping call 'neutron.plugins.ml2.plugin.AgentDbMixin.agent_health_check' sleeping for 36.99 seconds {{(pid=89061) _run_loop /opt/stack/data/venv/lib/python3.12/site-packages/oslo_service/backend/_threading/loopingcall.py:125}}
May 20 15:56:23.520793 np0000001082 neutron-periodic-workers[89061]: DEBUG dbcounter [-] [89061] Writing DB stats neutron:SELECT=1 {{(pid=89061) stat_writer /opt/stack/data/venv/lib/python3.12/site-packages/dbcounter.py:115}}
May 20 15:56:24.475358 np0000001082 neutron-periodic-workers[89042]: DEBUG oslo.service.backend._threading.loopingcall [None req-573283ac-9b70-4d2e-bf66-9fcb755e9527 None None] Fixed interval looping call 'neutron.plugins.ml2.plugin.DhcpAgentSchedulerDbMixin.remove_networks_from_down_agents' sleeping for 36.99 seconds {{(pid=89042) _run_loop /opt/stack/data/venv/lib/python3.12/site-packages/oslo_service/backend/_threading/loopingcall.py:125}}
May 20 15:56:34.475285 np0000001082 neutron-periodic-workers[89042]: DEBUG dbcounter [-] [89042] Writing DB stats neutron:SELECT=3 {{(pid=89042) stat_writer /opt/stack/data/venv/lib/python3.12/site-packages/dbcounter.py:115}}
May 20 15:56:50.517113 np0000001082 neutron-periodic-workers[89061]: DEBUG neutron.db.agents_db [None req-f8407758-d6bb-43e2-b3b1-8257e29a1de1 None None] Agent healthcheck: found 0 active agents {{(pid=89061) agent_health_check /opt/stack/neutron/neutron/db/agents_db.py:322}}
May 20 15:56:50.517589 np0000001082 neutron-periodic-workers[89061]: DEBUG oslo.service.backend._threading.loopingcall [None req-f8407758-d6bb-43e2-b3b1-8257e29a1de1 None None] Fixed interval looping call 'neutron.plugins.ml2.plugin.AgentDbMixin.agent_health_check' sleeping for 37.00 seconds {{(pid=89061) _run_loop /opt/stack/data/venv/lib/python3.12/site-packages/oslo_service/backend/_threading/loopingcall.py:125}}
May 20 15:56:52.530910 np0000001082 neutron-periodic-workers[89070]: DEBUG oslo.service.backend._threading.loopingcall [None req-94951bad-33f9-4d85-b87e-85fbb4d5fc9b None None] Fixed interval looping call 'neutron.db.quota.driver_nolock.DbQuotaNoLockDriver._remove_expired_reservations' sleeping for 119.99 seconds {{(pid=89070) _run_loop /opt/stack/data/venv/lib/python3.12/site-packages/oslo_service/backend/_threading/loopingcall.py:125}}
May 20 15:57:00.517650 np0000001082 neutron-periodic-workers[89061]: DEBUG dbcounter [-] [89061] Writing DB stats neutron:SELECT=1 {{(pid=89061) stat_writer /opt/stack/data/venv/lib/python3.12/site-packages/dbcounter.py:115}}
May 20 15:57:01.476118 np0000001082 neutron-periodic-workers[89042]: DEBUG oslo.service.backend._threading.loopingcall [None req-573283ac-9b70-4d2e-bf66-9fcb755e9527 None None] Fixed interval looping call 'neutron.plugins.ml2.plugin.DhcpAgentSchedulerDbMixin.remove_networks_from_down_agents' sleeping for 36.99 seconds {{(pid=89042) _run_loop /opt/stack/data/venv/lib/python3.12/site-packages/oslo_service/backend/_threading/loopingcall.py:125}}
May 20 15:57:02.527140 np0000001082 neutron-periodic-workers[89070]: DEBUG dbcounter [-] [89070] Writing DB stats neutron:DELETE=1 {{(pid=89070) stat_writer /opt/stack/data/venv/lib/python3.12/site-packages/dbcounter.py:115}}
May 20 15:57:11.475028 np0000001082 neutron-periodic-workers[89042]: DEBUG dbcounter [-] [89042] Writing DB stats neutron:SELECT=3 {{(pid=89042) stat_writer /opt/stack/data/venv/lib/python3.12/site-packages/dbcounter.py:115}}
May 20 15:57:27.526024 np0000001082 neutron-periodic-workers[89061]: DEBUG neutron.db.agents_db [None req-f8407758-d6bb-43e2-b3b1-8257e29a1de1 None None] Agent healthcheck: found 0 active agents {{(pid=89061) agent_health_check /opt/stack/neutron/neutron/db/agents_db.py:322}}
May 20 15:57:27.526455 np0000001082 neutron-periodic-workers[89061]: DEBUG oslo.service.backend._threading.loopingcall [None req-f8407758-d6bb-43e2-b3b1-8257e29a1de1 None None] Fixed interval looping call 'neutron.plugins.ml2.plugin.AgentDbMixin.agent_health_check' sleeping for 36.99 seconds {{(pid=89061) _run_loop /opt/stack/data/venv/lib/python3.12/site-packages/oslo_service/backend/_threading/loopingcall.py:125}}
May 20 15:57:37.523049 np0000001082 neutron-periodic-workers[89061]: DEBUG dbcounter [-] [89061] Writing DB stats neutron:SELECT=1 {{(pid=89061) stat_writer /opt/stack/data/venv/lib/python3.12/site-packages/dbcounter.py:115}}
May 20 15:57:38.474646 np0000001082 neutron-periodic-workers[89042]: DEBUG oslo.service.backend._threading.loopingcall [None req-573283ac-9b70-4d2e-bf66-9fcb755e9527 None None] Fixed interval looping call 'neutron.plugins.ml2.plugin.DhcpAgentSchedulerDbMixin.remove_networks_from_down_agents' sleeping for 36.99 seconds {{(pid=89042) _run_loop /opt/stack/data/venv/lib/python3.12/site-packages/oslo_service/backend/_threading/loopingcall.py:125}}
May 20 15:57:48.475734 np0000001082 neutron-periodic-workers[89042]: DEBUG dbcounter [-] [89042] Writing DB stats neutron:SELECT=3 {{(pid=89042) stat_writer /opt/stack/data/venv/lib/python3.12/site-packages/dbcounter.py:115}}
May 20 15:58:04.521169 np0000001082 neutron-periodic-workers[89061]: DEBUG neutron.db.agents_db [None req-f8407758-d6bb-43e2-b3b1-8257e29a1de1 None None] Agent healthcheck: found 0 active agents {{(pid=89061) agent_health_check /opt/stack/neutron/neutron/db/agents_db.py:322}}
May 20 15:58:04.521872 np0000001082 neutron-periodic-workers[89061]: DEBUG oslo.service.backend._threading.loopingcall [None req-f8407758-d6bb-43e2-b3b1-8257e29a1de1 None None] Fixed interval looping call 'neutron.plugins.ml2.plugin.AgentDbMixin.agent_health_check' sleeping for 37.00 seconds {{(pid=89061) _run_loop /opt/stack/data/venv/lib/python3.12/site-packages/oslo_service/backend/_threading/loopingcall.py:125}}
May 20 15:58:14.518728 np0000001082 neutron-periodic-workers[89061]: DEBUG dbcounter [-] [89061] Writing DB stats neutron:SELECT=1 {{(pid=89061) stat_writer /opt/stack/data/venv/lib/python3.12/site-packages/dbcounter.py:115}}
May 20 15:58:15.471535 np0000001082 neutron-periodic-workers[89042]: DEBUG oslo.service.backend._threading.loopingcall [None req-573283ac-9b70-4d2e-bf66-9fcb755e9527 None None] Fixed interval looping call 'neutron.plugins.ml2.plugin.DhcpAgentSchedulerDbMixin.remove_networks_from_down_agents' sleeping for 36.99 seconds {{(pid=89042) _run_loop /opt/stack/data/venv/lib/python3.12/site-packages/oslo_service/backend/_threading/loopingcall.py:125}}
May 20 15:58:20.482402 np0000001082 neutron-periodic-workers[89038]: DEBUG oslo.service.backend._threading.loopingcall [None req-e5d03ed4-23d5-4794-ab6a-4f549273bf95 None None] Fixed interval looping call 'neutron.services.ovn_l3.plugin.L3_NAT_dbonly_mixin._clean_garbage' sleeping for 299.98 seconds {{(pid=89038) _run_loop /opt/stack/data/venv/lib/python3.12/site-packages/oslo_service/backend/_threading/loopingcall.py:125}}
May 20 15:58:25.470960 np0000001082 neutron-periodic-workers[89042]: DEBUG dbcounter [-] [89042] Writing DB stats neutron:SELECT=3 {{(pid=89042) stat_writer /opt/stack/data/venv/lib/python3.12/site-packages/dbcounter.py:115}}
May 20 15:58:30.473272 np0000001082 neutron-periodic-workers[89038]: DEBUG dbcounter [-] [89038] Writing DB stats neutron:SELECT=1 {{(pid=89038) stat_writer /opt/stack/data/venv/lib/python3.12/site-packages/dbcounter.py:115}}
May 20 15:58:41.525364 np0000001082 neutron-periodic-workers[89061]: DEBUG neutron.db.agents_db [None req-f8407758-d6bb-43e2-b3b1-8257e29a1de1 None None] Agent healthcheck: found 0 active agents {{(pid=89061) agent_health_check /opt/stack/neutron/neutron/db/agents_db.py:322}}
May 20 15:58:41.525364 np0000001082 neutron-periodic-workers[89061]: DEBUG oslo.service.backend._threading.loopingcall [None req-f8407758-d6bb-43e2-b3b1-8257e29a1de1 None None] Fixed interval looping call 'neutron.plugins.ml2.plugin.AgentDbMixin.agent_health_check' sleeping for 37.00 seconds {{(pid=89061) _run_loop /opt/stack/data/venv/lib/python3.12/site-packages/oslo_service/backend/_threading/loopingcall.py:125}}
May 20 15:58:51.523778 np0000001082 neutron-periodic-workers[89061]: DEBUG dbcounter [-] [89061] Writing DB stats neutron:SELECT=1 {{(pid=89061) stat_writer /opt/stack/data/venv/lib/python3.12/site-packages/dbcounter.py:115}}
May 20 15:58:52.468609 np0000001082 neutron-periodic-workers[89042]: DEBUG oslo.service.backend._threading.loopingcall [None req-573283ac-9b70-4d2e-bf66-9fcb755e9527 None None] Fixed interval looping call 'neutron.plugins.ml2.plugin.DhcpAgentSchedulerDbMixin.remove_networks_from_down_agents' sleeping for 36.99 seconds {{(pid=89042) _run_loop /opt/stack/data/venv/lib/python3.12/site-packages/oslo_service/backend/_threading/loopingcall.py:125}}
May 20 15:58:52.524494 np0000001082 neutron-periodic-workers[89070]: DEBUG oslo.service.backend._threading.loopingcall [None req-94951bad-33f9-4d85-b87e-85fbb4d5fc9b None None] Fixed interval looping call 'neutron.db.quota.driver_nolock.DbQuotaNoLockDriver._remove_expired_reservations' sleeping for 120.00 seconds {{(pid=89070) _run_loop /opt/stack/data/venv/lib/python3.12/site-packages/oslo_service/backend/_threading/loopingcall.py:125}}
May 20 15:59:02.467302 np0000001082 neutron-periodic-workers[89042]: DEBUG dbcounter [-] [89042] Writing DB stats neutron:SELECT=3 {{(pid=89042) stat_writer /opt/stack/data/venv/lib/python3.12/site-packages/dbcounter.py:115}}
May 20 15:59:02.524455 np0000001082 neutron-periodic-workers[89070]: DEBUG dbcounter [-] [89070] Writing DB stats neutron:DELETE=1 {{(pid=89070) stat_writer /opt/stack/data/venv/lib/python3.12/site-packages/dbcounter.py:115}}
May 20 15:59:18.531957 np0000001082 neutron-periodic-workers[89061]: DEBUG neutron.db.agents_db [None req-f8407758-d6bb-43e2-b3b1-8257e29a1de1 None None] Agent healthcheck: found 0 active agents {{(pid=89061) agent_health_check /opt/stack/neutron/neutron/db/agents_db.py:322}}
May 20 15:59:18.531957 np0000001082 neutron-periodic-workers[89061]: DEBUG oslo.service.backend._threading.loopingcall [None req-f8407758-d6bb-43e2-b3b1-8257e29a1de1 None None] Fixed interval looping call 'neutron.plugins.ml2.plugin.AgentDbMixin.agent_health_check' sleeping for 37.00 seconds {{(pid=89061) _run_loop /opt/stack/data/venv/lib/python3.12/site-packages/oslo_service/backend/_threading/loopingcall.py:125}}
May 20 15:59:28.529596 np0000001082 neutron-periodic-workers[89061]: DEBUG dbcounter [-] [89061] Writing DB stats neutron:SELECT=1 {{(pid=89061) stat_writer /opt/stack/data/venv/lib/python3.12/site-packages/dbcounter.py:115}}
May 20 15:59:29.471291 np0000001082 neutron-periodic-workers[89042]: DEBUG oslo.service.backend._threading.loopingcall [None req-573283ac-9b70-4d2e-bf66-9fcb755e9527 None None] Fixed interval looping call 'neutron.plugins.ml2.plugin.DhcpAgentSchedulerDbMixin.remove_networks_from_down_agents' sleeping for 36.99 seconds {{(pid=89042) _run_loop /opt/stack/data/venv/lib/python3.12/site-packages/oslo_service/backend/_threading/loopingcall.py:125}}
May 20 15:59:39.469303 np0000001082 neutron-periodic-workers[89042]: DEBUG dbcounter [-] [89042] Writing DB stats neutron:SELECT=3 {{(pid=89042) stat_writer /opt/stack/data/venv/lib/python3.12/site-packages/dbcounter.py:115}}
May 20 15:59:55.533554 np0000001082 neutron-periodic-workers[89061]: DEBUG neutron.db.agents_db [None req-f8407758-d6bb-43e2-b3b1-8257e29a1de1 None None] Agent healthcheck: found 0 active agents {{(pid=89061) agent_health_check /opt/stack/neutron/neutron/db/agents_db.py:322}}
May 20 15:59:55.534024 np0000001082 neutron-periodic-workers[89061]: DEBUG oslo.service.backend._threading.loopingcall [None req-f8407758-d6bb-43e2-b3b1-8257e29a1de1 None None] Fixed interval looping call 'neutron.plugins.ml2.plugin.AgentDbMixin.agent_health_check' sleeping for 37.00 seconds {{(pid=89061) _run_loop /opt/stack/data/venv/lib/python3.12/site-packages/oslo_service/backend/_threading/loopingcall.py:125}}
May 20 16:00:05.532505 np0000001082 neutron-periodic-workers[89061]: DEBUG dbcounter [-] [89061] Writing DB stats neutron:SELECT=1 {{(pid=89061) stat_writer /opt/stack/data/venv/lib/python3.12/site-packages/dbcounter.py:115}}
May 20 16:00:06.467821 np0000001082 neutron-periodic-workers[89042]: DEBUG oslo.service.backend._threading.loopingcall [None req-573283ac-9b70-4d2e-bf66-9fcb755e9527 None None] Fixed interval looping call 'neutron.plugins.ml2.plugin.DhcpAgentSchedulerDbMixin.remove_networks_from_down_agents' sleeping for 36.99 seconds {{(pid=89042) _run_loop /opt/stack/data/venv/lib/python3.12/site-packages/oslo_service/backend/_threading/loopingcall.py:125}}
May 20 16:00:16.467055 np0000001082 neutron-periodic-workers[89042]: DEBUG dbcounter [-] [89042] Writing DB stats neutron:SELECT=3 {{(pid=89042) stat_writer /opt/stack/data/venv/lib/python3.12/site-packages/dbcounter.py:115}}
May 20 16:00:32.546934 np0000001082 neutron-periodic-workers[89061]: DEBUG neutron.db.agents_db [None req-f8407758-d6bb-43e2-b3b1-8257e29a1de1 None None] Agent healthcheck: found 0 active agents {{(pid=89061) agent_health_check /opt/stack/neutron/neutron/db/agents_db.py:322}}
May 20 16:00:32.547351 np0000001082 neutron-periodic-workers[89061]: DEBUG oslo.service.backend._threading.loopingcall [None req-f8407758-d6bb-43e2-b3b1-8257e29a1de1 None None] Fixed interval looping call 'neutron.plugins.ml2.plugin.AgentDbMixin.agent_health_check' sleeping for 36.99 seconds {{(pid=89061) _run_loop /opt/stack/data/venv/lib/python3.12/site-packages/oslo_service/backend/_threading/loopingcall.py:125}}
May 20 16:00:42.538321 np0000001082 neutron-periodic-workers[89061]: DEBUG dbcounter [-] [89061] Writing DB stats neutron:SELECT=1 {{(pid=89061) stat_writer /opt/stack/data/venv/lib/python3.12/site-packages/dbcounter.py:115}}
May 20 16:00:43.464849 np0000001082 neutron-periodic-workers[89042]: DEBUG oslo.service.backend._threading.loopingcall [None req-573283ac-9b70-4d2e-bf66-9fcb755e9527 None None] Fixed interval looping call 'neutron.plugins.ml2.plugin.DhcpAgentSchedulerDbMixin.remove_networks_from_down_agents' sleeping for 36.99 seconds {{(pid=89042) _run_loop /opt/stack/data/venv/lib/python3.12/site-packages/oslo_service/backend/_threading/loopingcall.py:125}}
May 20 16:00:52.528801 np0000001082 neutron-periodic-workers[89070]: DEBUG oslo.service.backend._threading.loopingcall [None req-94951bad-33f9-4d85-b87e-85fbb4d5fc9b None None] Fixed interval looping call 'neutron.db.quota.driver_nolock.DbQuotaNoLockDriver._remove_expired_reservations' sleeping for 120.00 seconds {{(pid=89070) _run_loop /opt/stack/data/venv/lib/python3.12/site-packages/oslo_service/backend/_threading/loopingcall.py:125}}
May 20 16:00:53.464130 np0000001082 neutron-periodic-workers[89042]: DEBUG dbcounter [-] [89042] Writing DB stats neutron:SELECT=3 {{(pid=89042) stat_writer /opt/stack/data/venv/lib/python3.12/site-packages/dbcounter.py:115}}
May 20 16:01:02.528539 np0000001082 neutron-periodic-workers[89070]: DEBUG dbcounter [-] [89070] Writing DB stats neutron:DELETE=1 {{(pid=89070) stat_writer /opt/stack/data/venv/lib/python3.12/site-packages/dbcounter.py:115}}
May 20 16:01:09.540698 np0000001082 neutron-periodic-workers[89061]: DEBUG neutron.db.agents_db [None req-f8407758-d6bb-43e2-b3b1-8257e29a1de1 None None] Agent healthcheck: found 0 active agents {{(pid=89061) agent_health_check /opt/stack/neutron/neutron/db/agents_db.py:322}}
May 20 16:01:09.541054 np0000001082 neutron-periodic-workers[89061]: DEBUG oslo.service.backend._threading.loopingcall [None req-f8407758-d6bb-43e2-b3b1-8257e29a1de1 None None] Fixed interval looping call 'neutron.plugins.ml2.plugin.AgentDbMixin.agent_health_check' sleeping for 37.00 seconds {{(pid=89061) _run_loop /opt/stack/data/venv/lib/python3.12/site-packages/oslo_service/backend/_threading/loopingcall.py:125}}
May 20 16:01:19.539745 np0000001082 neutron-periodic-workers[89061]: DEBUG dbcounter [-] [89061] Writing DB stats neutron:SELECT=1 {{(pid=89061) stat_writer /opt/stack/data/venv/lib/python3.12/site-packages/dbcounter.py:115}}
May 20 16:01:20.462059 np0000001082 neutron-periodic-workers[89042]: DEBUG oslo.service.backend._threading.loopingcall [None req-573283ac-9b70-4d2e-bf66-9fcb755e9527 None None] Fixed interval looping call 'neutron.plugins.ml2.plugin.DhcpAgentSchedulerDbMixin.remove_networks_from_down_agents' sleeping for 36.99 seconds {{(pid=89042) _run_loop /opt/stack/data/venv/lib/python3.12/site-packages/oslo_service/backend/_threading/loopingcall.py:125}}
May 20 16:01:30.461992 np0000001082 neutron-periodic-workers[89042]: DEBUG dbcounter [-] [89042] Writing DB stats neutron:SELECT=3 {{(pid=89042) stat_writer /opt/stack/data/venv/lib/python3.12/site-packages/dbcounter.py:115}}
May 20 16:01:46.545161 np0000001082 neutron-periodic-workers[89061]: DEBUG neutron.db.agents_db [None req-f8407758-d6bb-43e2-b3b1-8257e29a1de1 None None] Agent healthcheck: found 0 active agents {{(pid=89061) agent_health_check /opt/stack/neutron/neutron/db/agents_db.py:322}}
May 20 16:01:46.545817 np0000001082 neutron-periodic-workers[89061]: DEBUG oslo.service.backend._threading.loopingcall [None req-f8407758-d6bb-43e2-b3b1-8257e29a1de1 None None] Fixed interval looping call 'neutron.plugins.ml2.plugin.AgentDbMixin.agent_health_check' sleeping for 37.00 seconds {{(pid=89061) _run_loop /opt/stack/data/venv/lib/python3.12/site-packages/oslo_service/backend/_threading/loopingcall.py:125}}
May 20 16:01:56.544162 np0000001082 neutron-periodic-workers[89061]: DEBUG dbcounter [-] [89061] Writing DB stats neutron:SELECT=1 {{(pid=89061) stat_writer /opt/stack/data/venv/lib/python3.12/site-packages/dbcounter.py:115}}
May 20 16:01:57.465366 np0000001082 neutron-periodic-workers[89042]: DEBUG oslo.service.backend._threading.loopingcall [None req-573283ac-9b70-4d2e-bf66-9fcb755e9527 None None] Fixed interval looping call 'neutron.plugins.ml2.plugin.DhcpAgentSchedulerDbMixin.remove_networks_from_down_agents' sleeping for 36.99 seconds {{(pid=89042) _run_loop /opt/stack/data/venv/lib/python3.12/site-packages/oslo_service/backend/_threading/loopingcall.py:125}}
May 20 16:02:07.461654 np0000001082 neutron-periodic-workers[89042]: DEBUG dbcounter [-] [89042] Writing DB stats neutron:SELECT=3 {{(pid=89042) stat_writer /opt/stack/data/venv/lib/python3.12/site-packages/dbcounter.py:115}}
May 20 16:02:23.556499 np0000001082 neutron-periodic-workers[89061]: DEBUG neutron.db.agents_db [None req-f8407758-d6bb-43e2-b3b1-8257e29a1de1 None None] Agent healthcheck: found 0 active agents {{(pid=89061) agent_health_check /opt/stack/neutron/neutron/db/agents_db.py:322}}
May 20 16:02:23.557115 np0000001082 neutron-periodic-workers[89061]: DEBUG oslo.service.backend._threading.loopingcall [None req-f8407758-d6bb-43e2-b3b1-8257e29a1de1 None None] Fixed interval looping call 'neutron.plugins.ml2.plugin.AgentDbMixin.agent_health_check' sleeping for 36.99 seconds {{(pid=89061) _run_loop /opt/stack/data/venv/lib/python3.12/site-packages/oslo_service/backend/_threading/loopingcall.py:125}}
