Aug 01 13:46:13.145637 np0000006308 systemd[1]: Starting devstack@n-api.service - Devstack devstack@n-api.service...
Aug 01 13:46:13.151256 np0000006308 devstack@n-api.service[87462]: [uWSGI] getting INI configuration from /etc/nova/nova-api-uwsgi.ini
Aug 01 13:46:13.153744 np0000006308 devstack@n-api.service[87462]: *** Starting uWSGI 2.0.24-debian (64bit) on [Sat Aug 1 13:46:13 2026] ***
Aug 01 13:46:13.153744 np0000006308 devstack@n-api.service[87462]: compiled with version: 13.2.0 on 17 April 2024 16:23:48
Aug 01 13:46:13.153744 np0000006308 devstack@n-api.service[87462]: os: Linux-6.8.0-100-generic #100-Ubuntu SMP PREEMPT_DYNAMIC Tue Jan 13 16:40:06 UTC 2026
Aug 01 13:46:13.153744 np0000006308 devstack@n-api.service[87462]: nodename: np0000006308
Aug 01 13:46:13.153744 np0000006308 devstack@n-api.service[87462]: machine: x86_64
Aug 01 13:46:13.153744 np0000006308 devstack@n-api.service[87462]: clock source: unix
Aug 01 13:46:13.153744 np0000006308 devstack@n-api.service[87462]: pcre jit disabled
Aug 01 13:46:13.153744 np0000006308 devstack@n-api.service[87462]: detected number of CPU cores: 16
Aug 01 13:46:13.153744 np0000006308 devstack@n-api.service[87462]: current working directory: /
Aug 01 13:46:13.153744 np0000006308 devstack@n-api.service[87462]: detected binary path: /usr/bin/uwsgi-core
Aug 01 13:46:13.153744 np0000006308 devstack@n-api.service[87462]: your processes number limit is 257052
Aug 01 13:46:13.153744 np0000006308 devstack@n-api.service[87462]: your memory page size is 4096 bytes
Aug 01 13:46:13.153744 np0000006308 devstack@n-api.service[87462]: detected max file descriptor number: 2048
Aug 01 13:46:13.153744 np0000006308 devstack@n-api.service[87462]: lock engine: pthread robust mutexes
Aug 01 13:46:13.154681 np0000006308 devstack@n-api.service[87462]: thunder lock: enabled
Aug 01 13:46:13.154681 np0000006308 devstack@n-api.service[87462]: uwsgi socket 0 bound to UNIX address /var/run/uwsgi/nova-api.socket fd 4
Aug 01 13:46:13.154681 np0000006308 devstack@n-api.service[87462]: Python version: 3.12.3 (main, Jun 19 2026, 12:46:00) [GCC 13.3.0]
Aug 01 13:46:13.154681 np0000006308 devstack@n-api.service[87462]: PEP 405 virtualenv detected: /opt/stack/data/venv
Aug 01 13:46:13.154681 np0000006308 devstack@n-api.service[87462]: Set PythonHome to /opt/stack/data/venv
Aug 01 13:46:13.191120 np0000006308 devstack@n-api.service[87462]: Python main interpreter initialized at 0x7e389a2a4668
Aug 01 13:46:13.191120 np0000006308 devstack@n-api.service[87462]: python threads support enabled
Aug 01 13:46:13.191120 np0000006308 devstack@n-api.service[87462]: your server socket listen backlog is limited to 100 connections
Aug 01 13:46:13.191120 np0000006308 devstack@n-api.service[87462]: your mercy for graceful operations on workers is 80 seconds
Aug 01 13:46:13.191637 np0000006308 devstack@n-api.service[87462]: mapped 671795 bytes (656 KB) for 4 cores
Aug 01 13:46:13.191801 np0000006308 devstack@n-api.service[87462]: *** Operational MODE: preforking ***
Aug 01 13:46:13.191991 np0000006308 devstack@n-api.service[87462]: *** uWSGI is running in multiple interpreter mode ***
Aug 01 13:46:13.191991 np0000006308 devstack@n-api.service[87462]: spawned uWSGI master process (pid: 87462)
Aug 01 13:46:13.192165 np0000006308 systemd[1]: Started devstack@n-api.service - Devstack devstack@n-api.service.
Aug 01 13:46:13.192677 np0000006308 devstack@n-api.service[87462]: spawned uWSGI worker 1 (pid: 87463, cores: 1)
Aug 01 13:46:13.193499 np0000006308 devstack@n-api.service[87462]: spawned uWSGI worker 2 (pid: 87464, cores: 1)
Aug 01 13:46:13.193741 np0000006308 devstack@n-api.service[87462]: spawned uWSGI worker 3 (pid: 87465, cores: 1)
Aug 01 13:46:13.194124 np0000006308 devstack@n-api.service[87462]: spawned uWSGI worker 4 (pid: 87466, cores: 1)
Aug 01 13:46:13.194190 np0000006308 devstack@n-api.service[87462]: running "unix_signal:15 gracefully_kill_them_all" (master-start)...
Aug 01 13:46:15.237936 np0000006308 devstack@n-api.service[87464]: INFO dbcounter [None req-b236b10b-56e9-49db-a7b2-3467a0f9e6aa None None] Registered counter for database nova_api
Aug 01 13:46:15.261972 np0000006308 devstack@n-api.service[87466]: INFO dbcounter [None req-477381a7-3c8f-4adf-b9ef-9edaf980dd9e None None] Registered counter for database nova_api
Aug 01 13:46:15.285386 np0000006308 devstack@n-api.service[87464]: DEBUG oslo_db.sqlalchemy.engines [None req-b236b10b-56e9-49db-a7b2-3467a0f9e6aa None None] MySQL server mode set to STRICT_TRANS_TABLES,STRICT_ALL_TABLES,NO_ZERO_IN_DATE,NO_ZERO_DATE,ERROR_FOR_DIVISION_BY_ZERO,TRADITIONAL,NO_ENGINE_SUBSTITUTION {{(pid=87464) _check_effective_sql_mode /opt/stack/data/venv/lib/python3.12/site-packages/oslo_db/sqlalchemy/engines.py:325}}
Aug 01 13:46:15.288192 np0000006308 devstack@n-api.service[87463]: INFO dbcounter [None req-e7587543-7a06-4417-905c-e04248e667e2 None None] Registered counter for database nova_api
Aug 01 13:46:15.298856 np0000006308 devstack@n-api.service[87465]: INFO dbcounter [None req-e41d477c-64ad-4b79-8bc2-6140afb197d7 None None] Registered counter for database nova_api
Aug 01 13:46:15.319010 np0000006308 devstack@n-api.service[87464]: DEBUG dbcounter [-] [87464] Writer thread running {{(pid=87464) stat_writer /opt/stack/data/venv/lib/python3.12/site-packages/dbcounter.py:102}}
Aug 01 13:46:15.321843 np0000006308 devstack@n-api.service[87464]: DEBUG nova.context [None req-b236b10b-56e9-49db-a7b2-3467a0f9e6aa None None] Found 2 cells: 00000000-0000-0000-0000-000000000000(cell0),931110e8-7476-46d9-b668-da264ee0bc62(cell1) {{(pid=87464) load_cells /opt/stack/nova/nova/context.py:509}}
Aug 01 13:46:15.322074 np0000006308 devstack@n-api.service[87464]: INFO nova.utils [None req-b236b10b-56e9-49db-a7b2-3467a0f9e6aa None None] The cell worker thread pool MainProcess.cell_worker is initialized
Aug 01 13:46:15.323967 np0000006308 devstack@n-api.service[87464]: DEBUG oslo_concurrency.lockutils [None req-b236b10b-56e9-49db-a7b2-3467a0f9e6aa None None] Acquiring lock "00000000-0000-0000-0000-000000000000" by "nova.context.set_target_cell..get_or_set_cached_cell_and_set_connections" {{(pid=87464) inner /opt/stack/data/venv/lib/python3.12/site-packages/oslo_concurrency/lockutils.py:512}}
Aug 01 13:46:15.324131 np0000006308 devstack@n-api.service[87464]: DEBUG oslo_concurrency.lockutils [None req-b236b10b-56e9-49db-a7b2-3467a0f9e6aa None None] Lock "00000000-0000-0000-0000-000000000000" acquired by "nova.context.set_target_cell..get_or_set_cached_cell_and_set_connections" :: waited 0.000s {{(pid=87464) inner /opt/stack/data/venv/lib/python3.12/site-packages/oslo_concurrency/lockutils.py:525}}
Aug 01 13:46:15.324568 np0000006308 devstack@n-api.service[87464]: DEBUG oslo_concurrency.lockutils [None req-b236b10b-56e9-49db-a7b2-3467a0f9e6aa None None] Lock "00000000-0000-0000-0000-000000000000" "released" by "nova.context.set_target_cell..get_or_set_cached_cell_and_set_connections" :: held 0.000s {{(pid=87464) inner /opt/stack/data/venv/lib/python3.12/site-packages/oslo_concurrency/lockutils.py:544}}
Aug 01 13:46:15.325348 np0000006308 devstack@n-api.service[87464]: DEBUG oslo_concurrency.lockutils [None req-b236b10b-56e9-49db-a7b2-3467a0f9e6aa None None] Acquiring lock "931110e8-7476-46d9-b668-da264ee0bc62" by "nova.context.set_target_cell..get_or_set_cached_cell_and_set_connections" {{(pid=87464) inner /opt/stack/data/venv/lib/python3.12/site-packages/oslo_concurrency/lockutils.py:512}}
Aug 01 13:46:15.325497 np0000006308 devstack@n-api.service[87464]: DEBUG oslo_concurrency.lockutils [None req-b236b10b-56e9-49db-a7b2-3467a0f9e6aa None None] Lock "931110e8-7476-46d9-b668-da264ee0bc62" acquired by "nova.context.set_target_cell..get_or_set_cached_cell_and_set_connections" :: waited 0.000s {{(pid=87464) inner /opt/stack/data/venv/lib/python3.12/site-packages/oslo_concurrency/lockutils.py:525}}
Aug 01 13:46:15.326485 np0000006308 devstack@n-api.service[87464]: DEBUG oslo_concurrency.lockutils [None req-b236b10b-56e9-49db-a7b2-3467a0f9e6aa None None] Lock "931110e8-7476-46d9-b668-da264ee0bc62" "released" by "nova.context.set_target_cell..get_or_set_cached_cell_and_set_connections" :: held 0.001s {{(pid=87464) inner /opt/stack/data/venv/lib/python3.12/site-packages/oslo_concurrency/lockutils.py:544}}
Aug 01 13:46:15.327028 np0000006308 devstack@n-api.service[87466]: DEBUG oslo_db.sqlalchemy.engines [None req-477381a7-3c8f-4adf-b9ef-9edaf980dd9e None None] MySQL server mode set to STRICT_TRANS_TABLES,STRICT_ALL_TABLES,NO_ZERO_IN_DATE,NO_ZERO_DATE,ERROR_FOR_DIVISION_BY_ZERO,TRADITIONAL,NO_ENGINE_SUBSTITUTION {{(pid=87466) _check_effective_sql_mode /opt/stack/data/venv/lib/python3.12/site-packages/oslo_db/sqlalchemy/engines.py:325}}
Aug 01 13:46:15.328522 np0000006308 devstack@n-api.service[87464]: INFO dbcounter [None req-b236b10b-56e9-49db-a7b2-3467a0f9e6aa None None] Registered counter for database nova_cell0
Aug 01 13:46:15.331986 np0000006308 devstack@n-api.service[87464]: INFO dbcounter [None req-b236b10b-56e9-49db-a7b2-3467a0f9e6aa None None] Registered counter for database nova_cell1
Aug 01 13:46:15.354907 np0000006308 devstack@n-api.service[87463]: DEBUG oslo_db.sqlalchemy.engines [None req-e7587543-7a06-4417-905c-e04248e667e2 None None] MySQL server mode set to STRICT_TRANS_TABLES,STRICT_ALL_TABLES,NO_ZERO_IN_DATE,NO_ZERO_DATE,ERROR_FOR_DIVISION_BY_ZERO,TRADITIONAL,NO_ENGINE_SUBSTITUTION {{(pid=87463) _check_effective_sql_mode /opt/stack/data/venv/lib/python3.12/site-packages/oslo_db/sqlalchemy/engines.py:325}}
Aug 01 13:46:15.362016 np0000006308 devstack@n-api.service[87465]: DEBUG oslo_db.sqlalchemy.engines [None req-e41d477c-64ad-4b79-8bc2-6140afb197d7 None None] MySQL server mode set to STRICT_TRANS_TABLES,STRICT_ALL_TABLES,NO_ZERO_IN_DATE,NO_ZERO_DATE,ERROR_FOR_DIVISION_BY_ZERO,TRADITIONAL,NO_ENGINE_SUBSTITUTION {{(pid=87465) _check_effective_sql_mode /opt/stack/data/venv/lib/python3.12/site-packages/oslo_db/sqlalchemy/engines.py:325}}
Aug 01 13:46:15.376335 np0000006308 devstack@n-api.service[87466]: DEBUG dbcounter [-] [87466] Writer thread running {{(pid=87466) stat_writer /opt/stack/data/venv/lib/python3.12/site-packages/dbcounter.py:102}}
Aug 01 13:46:15.379735 np0000006308 devstack@n-api.service[87466]: DEBUG nova.context [None req-477381a7-3c8f-4adf-b9ef-9edaf980dd9e None None] Found 2 cells: 00000000-0000-0000-0000-000000000000(cell0),931110e8-7476-46d9-b668-da264ee0bc62(cell1) {{(pid=87466) load_cells /opt/stack/nova/nova/context.py:509}}
Aug 01 13:46:15.380078 np0000006308 devstack@n-api.service[87466]: INFO nova.utils [None req-477381a7-3c8f-4adf-b9ef-9edaf980dd9e None None] The cell worker thread pool MainProcess.cell_worker is initialized
Aug 01 13:46:15.382587 np0000006308 devstack@n-api.service[87466]: DEBUG oslo_concurrency.lockutils [None req-477381a7-3c8f-4adf-b9ef-9edaf980dd9e None None] Acquiring lock "00000000-0000-0000-0000-000000000000" by "nova.context.set_target_cell..get_or_set_cached_cell_and_set_connections" {{(pid=87466) inner /opt/stack/data/venv/lib/python3.12/site-packages/oslo_concurrency/lockutils.py:512}}
Aug 01 13:46:15.382855 np0000006308 devstack@n-api.service[87466]: DEBUG oslo_concurrency.lockutils [None req-477381a7-3c8f-4adf-b9ef-9edaf980dd9e None None] Lock "00000000-0000-0000-0000-000000000000" acquired by "nova.context.set_target_cell..get_or_set_cached_cell_and_set_connections" :: waited 0.000s {{(pid=87466) inner /opt/stack/data/venv/lib/python3.12/site-packages/oslo_concurrency/lockutils.py:525}}
Aug 01 13:46:15.383424 np0000006308 devstack@n-api.service[87466]: DEBUG oslo_concurrency.lockutils [None req-477381a7-3c8f-4adf-b9ef-9edaf980dd9e None None] Lock "00000000-0000-0000-0000-000000000000" "released" by "nova.context.set_target_cell..get_or_set_cached_cell_and_set_connections" :: held 0.001s {{(pid=87466) inner /opt/stack/data/venv/lib/python3.12/site-packages/oslo_concurrency/lockutils.py:544}}
Aug 01 13:46:15.384347 np0000006308 devstack@n-api.service[87466]: DEBUG oslo_concurrency.lockutils [None req-477381a7-3c8f-4adf-b9ef-9edaf980dd9e None None] Acquiring lock "931110e8-7476-46d9-b668-da264ee0bc62" by "nova.context.set_target_cell..get_or_set_cached_cell_and_set_connections" {{(pid=87466) inner /opt/stack/data/venv/lib/python3.12/site-packages/oslo_concurrency/lockutils.py:512}}
Aug 01 13:46:15.384557 np0000006308 devstack@n-api.service[87466]: DEBUG oslo_concurrency.lockutils [None req-477381a7-3c8f-4adf-b9ef-9edaf980dd9e None None] Lock "931110e8-7476-46d9-b668-da264ee0bc62" acquired by "nova.context.set_target_cell..get_or_set_cached_cell_and_set_connections" :: waited 0.000s {{(pid=87466) inner /opt/stack/data/venv/lib/python3.12/site-packages/oslo_concurrency/lockutils.py:525}}
Aug 01 13:46:15.385829 np0000006308 devstack@n-api.service[87466]: DEBUG oslo_concurrency.lockutils [None req-477381a7-3c8f-4adf-b9ef-9edaf980dd9e None None] Lock "931110e8-7476-46d9-b668-da264ee0bc62" "released" by "nova.context.set_target_cell..get_or_set_cached_cell_and_set_connections" :: held 0.001s {{(pid=87466) inner /opt/stack/data/venv/lib/python3.12/site-packages/oslo_concurrency/lockutils.py:544}}
Aug 01 13:46:15.389027 np0000006308 devstack@n-api.service[87466]: INFO dbcounter [None req-477381a7-3c8f-4adf-b9ef-9edaf980dd9e None None] Registered counter for database nova_cell0
Aug 01 13:46:15.390887 np0000006308 devstack@n-api.service[87463]: DEBUG dbcounter [-] [87463] Writer thread running {{(pid=87463) stat_writer /opt/stack/data/venv/lib/python3.12/site-packages/dbcounter.py:102}}
Aug 01 13:46:15.392981 np0000006308 devstack@n-api.service[87466]: INFO dbcounter [None req-477381a7-3c8f-4adf-b9ef-9edaf980dd9e None None] Registered counter for database nova_cell1
Aug 01 13:46:15.394084 np0000006308 devstack@n-api.service[87463]: DEBUG nova.context [None req-e7587543-7a06-4417-905c-e04248e667e2 None None] Found 2 cells: 00000000-0000-0000-0000-000000000000(cell0),931110e8-7476-46d9-b668-da264ee0bc62(cell1) {{(pid=87463) load_cells /opt/stack/nova/nova/context.py:509}}
Aug 01 13:46:15.394429 np0000006308 devstack@n-api.service[87463]: INFO nova.utils [None req-e7587543-7a06-4417-905c-e04248e667e2 None None] The cell worker thread pool MainProcess.cell_worker is initialized
Aug 01 13:46:15.396488 np0000006308 devstack@n-api.service[87464]: DEBUG oslo_db.sqlalchemy.engines [None req-b236b10b-56e9-49db-a7b2-3467a0f9e6aa None None] MySQL server mode set to STRICT_TRANS_TABLES,STRICT_ALL_TABLES,NO_ZERO_IN_DATE,NO_ZERO_DATE,ERROR_FOR_DIVISION_BY_ZERO,TRADITIONAL,NO_ENGINE_SUBSTITUTION {{(pid=87464) _check_effective_sql_mode /opt/stack/data/venv/lib/python3.12/site-packages/oslo_db/sqlalchemy/engines.py:325}}
Aug 01 13:46:15.396619 np0000006308 devstack@n-api.service[87463]: DEBUG oslo_concurrency.lockutils [None req-e7587543-7a06-4417-905c-e04248e667e2 None None] Acquiring lock "00000000-0000-0000-0000-000000000000" by "nova.context.set_target_cell..get_or_set_cached_cell_and_set_connections" {{(pid=87463) inner /opt/stack/data/venv/lib/python3.12/site-packages/oslo_concurrency/lockutils.py:512}}
Aug 01 13:46:15.396913 np0000006308 devstack@n-api.service[87463]: DEBUG oslo_concurrency.lockutils [None req-e7587543-7a06-4417-905c-e04248e667e2 None None] Lock "00000000-0000-0000-0000-000000000000" acquired by "nova.context.set_target_cell..get_or_set_cached_cell_and_set_connections" :: waited 0.000s {{(pid=87463) inner /opt/stack/data/venv/lib/python3.12/site-packages/oslo_concurrency/lockutils.py:525}}
Aug 01 13:46:15.397366 np0000006308 devstack@n-api.service[87463]: DEBUG oslo_concurrency.lockutils [None req-e7587543-7a06-4417-905c-e04248e667e2 None None] Lock "00000000-0000-0000-0000-000000000000" "released" by "nova.context.set_target_cell..get_or_set_cached_cell_and_set_connections" :: held 0.000s {{(pid=87463) inner /opt/stack/data/venv/lib/python3.12/site-packages/oslo_concurrency/lockutils.py:544}}
Aug 01 13:46:15.398477 np0000006308 devstack@n-api.service[87463]: DEBUG oslo_concurrency.lockutils [None req-e7587543-7a06-4417-905c-e04248e667e2 None None] Acquiring lock "931110e8-7476-46d9-b668-da264ee0bc62" by "nova.context.set_target_cell..get_or_set_cached_cell_and_set_connections" {{(pid=87463) inner /opt/stack/data/venv/lib/python3.12/site-packages/oslo_concurrency/lockutils.py:512}}
Aug 01 13:46:15.398617 np0000006308 devstack@n-api.service[87463]: DEBUG oslo_concurrency.lockutils [None req-e7587543-7a06-4417-905c-e04248e667e2 None None] Lock "931110e8-7476-46d9-b668-da264ee0bc62" acquired by "nova.context.set_target_cell..get_or_set_cached_cell_and_set_connections" :: waited 0.000s {{(pid=87463) inner /opt/stack/data/venv/lib/python3.12/site-packages/oslo_concurrency/lockutils.py:525}}
Aug 01 13:46:15.399857 np0000006308 devstack@n-api.service[87463]: DEBUG oslo_concurrency.lockutils [None req-e7587543-7a06-4417-905c-e04248e667e2 None None] Lock "931110e8-7476-46d9-b668-da264ee0bc62" "released" by "nova.context.set_target_cell..get_or_set_cached_cell_and_set_connections" :: held 0.001s {{(pid=87463) inner /opt/stack/data/venv/lib/python3.12/site-packages/oslo_concurrency/lockutils.py:544}}
Aug 01 13:46:15.401746 np0000006308 devstack@n-api.service[87463]: INFO dbcounter [None req-e7587543-7a06-4417-905c-e04248e667e2 None None] Registered counter for database nova_cell0
Aug 01 13:46:15.402862 np0000006308 devstack@n-api.service[87464]: DEBUG oslo_db.sqlalchemy.engines [None req-b236b10b-56e9-49db-a7b2-3467a0f9e6aa None None] MySQL server mode set to STRICT_TRANS_TABLES,STRICT_ALL_TABLES,NO_ZERO_IN_DATE,NO_ZERO_DATE,ERROR_FOR_DIVISION_BY_ZERO,TRADITIONAL,NO_ENGINE_SUBSTITUTION {{(pid=87464) _check_effective_sql_mode /opt/stack/data/venv/lib/python3.12/site-packages/oslo_db/sqlalchemy/engines.py:325}}
Aug 01 13:46:15.406056 np0000006308 devstack@n-api.service[87465]: DEBUG dbcounter [-] [87465] Writer thread running {{(pid=87465) stat_writer /opt/stack/data/venv/lib/python3.12/site-packages/dbcounter.py:102}}
Aug 01 13:46:15.406185 np0000006308 devstack@n-api.service[87463]: INFO dbcounter [None req-e7587543-7a06-4417-905c-e04248e667e2 None None] Registered counter for database nova_cell1
Aug 01 13:46:15.409254 np0000006308 devstack@n-api.service[87465]: DEBUG nova.context [None req-e41d477c-64ad-4b79-8bc2-6140afb197d7 None None] Found 2 cells: 00000000-0000-0000-0000-000000000000(cell0),931110e8-7476-46d9-b668-da264ee0bc62(cell1) {{(pid=87465) load_cells /opt/stack/nova/nova/context.py:509}}
Aug 01 13:46:15.409254 np0000006308 devstack@n-api.service[87465]: INFO nova.utils [None req-e41d477c-64ad-4b79-8bc2-6140afb197d7 None None] The cell worker thread pool MainProcess.cell_worker is initialized
Aug 01 13:46:15.410129 np0000006308 devstack@n-api.service[87465]: DEBUG oslo_concurrency.lockutils [None req-e41d477c-64ad-4b79-8bc2-6140afb197d7 None None] Acquiring lock "00000000-0000-0000-0000-000000000000" by "nova.context.set_target_cell..get_or_set_cached_cell_and_set_connections" {{(pid=87465) inner /opt/stack/data/venv/lib/python3.12/site-packages/oslo_concurrency/lockutils.py:512}}
Aug 01 13:46:15.410377 np0000006308 devstack@n-api.service[87465]: DEBUG oslo_concurrency.lockutils [None req-e41d477c-64ad-4b79-8bc2-6140afb197d7 None None] Lock "00000000-0000-0000-0000-000000000000" acquired by "nova.context.set_target_cell..get_or_set_cached_cell_and_set_connections" :: waited 0.000s {{(pid=87465) inner /opt/stack/data/venv/lib/python3.12/site-packages/oslo_concurrency/lockutils.py:525}}
Aug 01 13:46:15.410881 np0000006308 devstack@n-api.service[87465]: DEBUG oslo_concurrency.lockutils [None req-e41d477c-64ad-4b79-8bc2-6140afb197d7 None None] Lock "00000000-0000-0000-0000-000000000000" "released" by "nova.context.set_target_cell..get_or_set_cached_cell_and_set_connections" :: held 0.001s {{(pid=87465) inner /opt/stack/data/venv/lib/python3.12/site-packages/oslo_concurrency/lockutils.py:544}}
Aug 01 13:46:15.411783 np0000006308 devstack@n-api.service[87465]: DEBUG oslo_concurrency.lockutils [None req-e41d477c-64ad-4b79-8bc2-6140afb197d7 None None] Acquiring lock "931110e8-7476-46d9-b668-da264ee0bc62" by "nova.context.set_target_cell..get_or_set_cached_cell_and_set_connections" {{(pid=87465) inner /opt/stack/data/venv/lib/python3.12/site-packages/oslo_concurrency/lockutils.py:512}}
Aug 01 13:46:15.411985 np0000006308 devstack@n-api.service[87465]: DEBUG oslo_concurrency.lockutils [None req-e41d477c-64ad-4b79-8bc2-6140afb197d7 None None] Lock "931110e8-7476-46d9-b668-da264ee0bc62" acquired by "nova.context.set_target_cell..get_or_set_cached_cell_and_set_connections" :: waited 0.000s {{(pid=87465) inner /opt/stack/data/venv/lib/python3.12/site-packages/oslo_concurrency/lockutils.py:525}}
Aug 01 13:46:15.413133 np0000006308 devstack@n-api.service[87465]: DEBUG oslo_concurrency.lockutils [None req-e41d477c-64ad-4b79-8bc2-6140afb197d7 None None] Lock "931110e8-7476-46d9-b668-da264ee0bc62" "released" by "nova.context.set_target_cell..get_or_set_cached_cell_and_set_connections" :: held 0.001s {{(pid=87465) inner /opt/stack/data/venv/lib/python3.12/site-packages/oslo_concurrency/lockutils.py:544}}
Aug 01 13:46:15.414929 np0000006308 devstack@n-api.service[87465]: INFO dbcounter [None req-e41d477c-64ad-4b79-8bc2-6140afb197d7 None None] Registered counter for database nova_cell0
Aug 01 13:46:15.417988 np0000006308 devstack@n-api.service[87465]: INFO dbcounter [None req-e41d477c-64ad-4b79-8bc2-6140afb197d7 None None] Registered counter for database nova_cell1
Aug 01 13:46:15.459203 np0000006308 devstack@n-api.service[87463]: DEBUG oslo_db.sqlalchemy.engines [None req-e7587543-7a06-4417-905c-e04248e667e2 None None] MySQL server mode set to STRICT_TRANS_TABLES,STRICT_ALL_TABLES,NO_ZERO_IN_DATE,NO_ZERO_DATE,ERROR_FOR_DIVISION_BY_ZERO,TRADITIONAL,NO_ENGINE_SUBSTITUTION {{(pid=87463) _check_effective_sql_mode /opt/stack/data/venv/lib/python3.12/site-packages/oslo_db/sqlalchemy/engines.py:325}}
Aug 01 13:46:15.462504 np0000006308 devstack@n-api.service[87466]: DEBUG oslo_db.sqlalchemy.engines [None req-477381a7-3c8f-4adf-b9ef-9edaf980dd9e None None] MySQL server mode set to STRICT_TRANS_TABLES,STRICT_ALL_TABLES,NO_ZERO_IN_DATE,NO_ZERO_DATE,ERROR_FOR_DIVISION_BY_ZERO,TRADITIONAL,NO_ENGINE_SUBSTITUTION {{(pid=87466) _check_effective_sql_mode /opt/stack/data/venv/lib/python3.12/site-packages/oslo_db/sqlalchemy/engines.py:325}}
Aug 01 13:46:15.466084 np0000006308 devstack@n-api.service[87466]: DEBUG oslo_db.sqlalchemy.engines [None req-477381a7-3c8f-4adf-b9ef-9edaf980dd9e None None] MySQL server mode set to STRICT_TRANS_TABLES,STRICT_ALL_TABLES,NO_ZERO_IN_DATE,NO_ZERO_DATE,ERROR_FOR_DIVISION_BY_ZERO,TRADITIONAL,NO_ENGINE_SUBSTITUTION {{(pid=87466) _check_effective_sql_mode /opt/stack/data/venv/lib/python3.12/site-packages/oslo_db/sqlalchemy/engines.py:325}}
Aug 01 13:46:15.472779 np0000006308 devstack@n-api.service[87465]: DEBUG oslo_db.sqlalchemy.engines [None req-e41d477c-64ad-4b79-8bc2-6140afb197d7 None None] MySQL server mode set to STRICT_TRANS_TABLES,STRICT_ALL_TABLES,NO_ZERO_IN_DATE,NO_ZERO_DATE,ERROR_FOR_DIVISION_BY_ZERO,TRADITIONAL,NO_ENGINE_SUBSTITUTION {{(pid=87465) _check_effective_sql_mode /opt/stack/data/venv/lib/python3.12/site-packages/oslo_db/sqlalchemy/engines.py:325}}
Aug 01 13:46:15.480227 np0000006308 devstack@n-api.service[87463]: DEBUG oslo_db.sqlalchemy.engines [None req-e7587543-7a06-4417-905c-e04248e667e2 None None] MySQL server mode set to STRICT_TRANS_TABLES,STRICT_ALL_TABLES,NO_ZERO_IN_DATE,NO_ZERO_DATE,ERROR_FOR_DIVISION_BY_ZERO,TRADITIONAL,NO_ENGINE_SUBSTITUTION {{(pid=87463) _check_effective_sql_mode /opt/stack/data/venv/lib/python3.12/site-packages/oslo_db/sqlalchemy/engines.py:325}}
Aug 01 13:46:15.492370 np0000006308 devstack@n-api.service[87465]: DEBUG oslo_db.sqlalchemy.engines [None req-e41d477c-64ad-4b79-8bc2-6140afb197d7 None None] MySQL server mode set to STRICT_TRANS_TABLES,STRICT_ALL_TABLES,NO_ZERO_IN_DATE,NO_ZERO_DATE,ERROR_FOR_DIVISION_BY_ZERO,TRADITIONAL,NO_ENGINE_SUBSTITUTION {{(pid=87465) _check_effective_sql_mode /opt/stack/data/venv/lib/python3.12/site-packages/oslo_db/sqlalchemy/engines.py:325}}
Aug 01 13:46:15.508940 np0000006308 devstack@n-api.service[87464]: DEBUG dbcounter [-] [87464] Writer thread running {{(pid=87464) stat_writer /opt/stack/data/venv/lib/python3.12/site-packages/dbcounter.py:102}}
Aug 01 13:46:15.511741 np0000006308 devstack@n-api.service[87464]: DEBUG dbcounter [-] [87464] Writer thread running {{(pid=87464) stat_writer /opt/stack/data/venv/lib/python3.12/site-packages/dbcounter.py:102}}
Aug 01 13:46:15.517823 np0000006308 devstack@n-api.service[87464]: INFO dbcounter [None req-b236b10b-56e9-49db-a7b2-3467a0f9e6aa None None] Registered counter for database nova_cell0
Aug 01 13:46:15.557548 np0000006308 devstack@n-api.service[87466]: DEBUG dbcounter [-] [87466] Writer thread running {{(pid=87466) stat_writer /opt/stack/data/venv/lib/python3.12/site-packages/dbcounter.py:102}}
Aug 01 13:46:15.558838 np0000006308 devstack@n-api.service[87463]: DEBUG dbcounter [-] [87463] Writer thread running {{(pid=87463) stat_writer /opt/stack/data/venv/lib/python3.12/site-packages/dbcounter.py:102}}
Aug 01 13:46:15.563956 np0000006308 devstack@n-api.service[87466]: DEBUG dbcounter [-] [87466] Writer thread running {{(pid=87466) stat_writer /opt/stack/data/venv/lib/python3.12/site-packages/dbcounter.py:102}}
Aug 01 13:46:15.564245 np0000006308 devstack@n-api.service[87463]: DEBUG dbcounter [-] [87463] Writer thread running {{(pid=87463) stat_writer /opt/stack/data/venv/lib/python3.12/site-packages/dbcounter.py:102}}
Aug 01 13:46:15.570832 np0000006308 devstack@n-api.service[87464]: DEBUG oslo_db.sqlalchemy.engines [None req-b236b10b-56e9-49db-a7b2-3467a0f9e6aa None None] MySQL server mode set to STRICT_TRANS_TABLES,STRICT_ALL_TABLES,NO_ZERO_IN_DATE,NO_ZERO_DATE,ERROR_FOR_DIVISION_BY_ZERO,TRADITIONAL,NO_ENGINE_SUBSTITUTION {{(pid=87464) _check_effective_sql_mode /opt/stack/data/venv/lib/python3.12/site-packages/oslo_db/sqlalchemy/engines.py:325}}
Aug 01 13:46:15.571659 np0000006308 devstack@n-api.service[87465]: DEBUG dbcounter [-] [87465] Writer thread running {{(pid=87465) stat_writer /opt/stack/data/venv/lib/python3.12/site-packages/dbcounter.py:102}}
Aug 01 13:46:15.575285 np0000006308 devstack@n-api.service[87465]: DEBUG dbcounter [-] [87465] Writer thread running {{(pid=87465) stat_writer /opt/stack/data/venv/lib/python3.12/site-packages/dbcounter.py:102}}
Aug 01 13:46:15.578893 np0000006308 devstack@n-api.service[87464]: DEBUG dbcounter [-] [87464] Writer thread running {{(pid=87464) stat_writer /opt/stack/data/venv/lib/python3.12/site-packages/dbcounter.py:102}}
Aug 01 13:46:15.626904 np0000006308 devstack@n-api.service[87463]: INFO dbcounter [None req-e7587543-7a06-4417-905c-e04248e667e2 None None] Registered counter for database nova_cell0
Aug 01 13:46:15.627023 np0000006308 devstack@n-api.service[87466]: INFO dbcounter [None req-477381a7-3c8f-4adf-b9ef-9edaf980dd9e None None] Registered counter for database nova_cell0
Aug 01 13:46:15.628290 np0000006308 devstack@n-api.service[87465]: INFO dbcounter [None req-e41d477c-64ad-4b79-8bc2-6140afb197d7 None None] Registered counter for database nova_cell0
Aug 01 13:46:15.667232 np0000006308 devstack@n-api.service[87466]: DEBUG oslo_db.sqlalchemy.engines [None req-477381a7-3c8f-4adf-b9ef-9edaf980dd9e None None] MySQL server mode set to STRICT_TRANS_TABLES,STRICT_ALL_TABLES,NO_ZERO_IN_DATE,NO_ZERO_DATE,ERROR_FOR_DIVISION_BY_ZERO,TRADITIONAL,NO_ENGINE_SUBSTITUTION {{(pid=87466) _check_effective_sql_mode /opt/stack/data/venv/lib/python3.12/site-packages/oslo_db/sqlalchemy/engines.py:325}}
Aug 01 13:46:15.670536 np0000006308 devstack@n-api.service[87463]: DEBUG oslo_db.sqlalchemy.engines [None req-e7587543-7a06-4417-905c-e04248e667e2 None None] MySQL server mode set to STRICT_TRANS_TABLES,STRICT_ALL_TABLES,NO_ZERO_IN_DATE,NO_ZERO_DATE,ERROR_FOR_DIVISION_BY_ZERO,TRADITIONAL,NO_ENGINE_SUBSTITUTION {{(pid=87463) _check_effective_sql_mode /opt/stack/data/venv/lib/python3.12/site-packages/oslo_db/sqlalchemy/engines.py:325}}
Aug 01 13:46:15.674006 np0000006308 devstack@n-api.service[87466]: DEBUG dbcounter [-] [87466] Writer thread running {{(pid=87466) stat_writer /opt/stack/data/venv/lib/python3.12/site-packages/dbcounter.py:102}}
Aug 01 13:46:15.676718 np0000006308 devstack@n-api.service[87465]: DEBUG oslo_db.sqlalchemy.engines [None req-e41d477c-64ad-4b79-8bc2-6140afb197d7 None None] MySQL server mode set to STRICT_TRANS_TABLES,STRICT_ALL_TABLES,NO_ZERO_IN_DATE,NO_ZERO_DATE,ERROR_FOR_DIVISION_BY_ZERO,TRADITIONAL,NO_ENGINE_SUBSTITUTION {{(pid=87465) _check_effective_sql_mode /opt/stack/data/venv/lib/python3.12/site-packages/oslo_db/sqlalchemy/engines.py:325}}
Aug 01 13:46:15.677326 np0000006308 devstack@n-api.service[87463]: DEBUG dbcounter [-] [87463] Writer thread running {{(pid=87463) stat_writer /opt/stack/data/venv/lib/python3.12/site-packages/dbcounter.py:102}}
Aug 01 13:46:15.685079 np0000006308 devstack@n-api.service[87465]: DEBUG dbcounter [-] [87465] Writer thread running {{(pid=87465) stat_writer /opt/stack/data/venv/lib/python3.12/site-packages/dbcounter.py:102}}
Aug 01 13:46:16.008963 np0000006308 devstack@n-api.service[87466]: DEBUG oslo_concurrency.processutils [None req-477381a7-3c8f-4adf-b9ef-9edaf980dd9e None None] Running cmd (subprocess): grep -F node.session.scan /sbin/iscsiadm {{(pid=87466) execute /opt/stack/data/venv/lib/python3.12/site-packages/oslo_concurrency/processutils.py:440}}
Aug 01 13:46:16.011160 np0000006308 devstack@n-api.service[87463]: DEBUG oslo_concurrency.processutils [None req-e7587543-7a06-4417-905c-e04248e667e2 None None] Running cmd (subprocess): grep -F node.session.scan /sbin/iscsiadm {{(pid=87463) execute /opt/stack/data/venv/lib/python3.12/site-packages/oslo_concurrency/processutils.py:440}}
Aug 01 13:46:16.023011 np0000006308 devstack@n-api.service[87466]: DEBUG oslo_concurrency.processutils [None req-477381a7-3c8f-4adf-b9ef-9edaf980dd9e None None] CMD "grep -F node.session.scan /sbin/iscsiadm" returned: 0 in 0.014s {{(pid=87466) execute /opt/stack/data/venv/lib/python3.12/site-packages/oslo_concurrency/processutils.py:468}}
Aug 01 13:46:16.025519 np0000006308 devstack@n-api.service[87463]: DEBUG oslo_concurrency.processutils [None req-e7587543-7a06-4417-905c-e04248e667e2 None None] CMD "grep -F node.session.scan /sbin/iscsiadm" returned: 0 in 0.015s {{(pid=87463) execute /opt/stack/data/venv/lib/python3.12/site-packages/oslo_concurrency/processutils.py:468}}
Aug 01 13:46:16.037047 np0000006308 devstack@n-api.service[87465]: DEBUG oslo_concurrency.processutils [None req-e41d477c-64ad-4b79-8bc2-6140afb197d7 None None] Running cmd (subprocess): grep -F node.session.scan /sbin/iscsiadm {{(pid=87465) execute /opt/stack/data/venv/lib/python3.12/site-packages/oslo_concurrency/processutils.py:440}}
Aug 01 13:46:16.052099 np0000006308 devstack@n-api.service[87465]: DEBUG oslo_concurrency.processutils [None req-e41d477c-64ad-4b79-8bc2-6140afb197d7 None None] CMD "grep -F node.session.scan /sbin/iscsiadm" returned: 0 in 0.015s {{(pid=87465) execute /opt/stack/data/venv/lib/python3.12/site-packages/oslo_concurrency/processutils.py:468}}
Aug 01 13:46:16.151745 np0000006308 devstack@n-api.service[87464]: DEBUG oslo_concurrency.processutils [None req-b236b10b-56e9-49db-a7b2-3467a0f9e6aa None None] Running cmd (subprocess): grep -F node.session.scan /sbin/iscsiadm {{(pid=87464) execute /opt/stack/data/venv/lib/python3.12/site-packages/oslo_concurrency/processutils.py:440}}
Aug 01 13:46:16.167247 np0000006308 devstack@n-api.service[87464]: DEBUG oslo_concurrency.processutils [None req-b236b10b-56e9-49db-a7b2-3467a0f9e6aa None None] CMD "grep -F node.session.scan /sbin/iscsiadm" returned: 0 in 0.016s {{(pid=87464) execute /opt/stack/data/venv/lib/python3.12/site-packages/oslo_concurrency/processutils.py:468}}
Aug 01 13:46:16.646450 np0000006308 devstack@n-api.service[87466]: DEBUG nova.api.openstack.wsgi_app [None req-477381a7-3c8f-4adf-b9ef-9edaf980dd9e None None] ******************************************************************************** {{(pid=87466) log_opt_values /opt/stack/data/venv/lib/python3.12/site-packages/oslo_config/cfg.py:3226}}
Aug 01 13:46:16.646984 np0000006308 devstack@n-api.service[87466]: DEBUG nova.api.openstack.wsgi_app [None req-477381a7-3c8f-4adf-b9ef-9edaf980dd9e None None] Configuration options gathered from: {{(pid=87466) log_opt_values /opt/stack/data/venv/lib/python3.12/site-packages/oslo_config/cfg.py:3227}}
Aug 01 13:46:16.646984 np0000006308 devstack@n-api.service[87466]: DEBUG nova.api.openstack.wsgi_app [None req-477381a7-3c8f-4adf-b9ef-9edaf980dd9e None None] command line args: [] {{(pid=87466) log_opt_values /opt/stack/data/venv/lib/python3.12/site-packages/oslo_config/cfg.py:3228}}
Aug 01 13:46:16.647163 np0000006308 devstack@n-api.service[87466]: DEBUG nova.api.openstack.wsgi_app [None req-477381a7-3c8f-4adf-b9ef-9edaf980dd9e None None] config files: ['/etc/nova/api-paste.ini', '/etc/nova/nova.conf'] {{(pid=87466) log_opt_values /opt/stack/data/venv/lib/python3.12/site-packages/oslo_config/cfg.py:3229}}
Aug 01 13:46:16.647350 np0000006308 devstack@n-api.service[87466]: DEBUG nova.api.openstack.wsgi_app [None req-477381a7-3c8f-4adf-b9ef-9edaf980dd9e None None] ================================================================================ {{(pid=87466) log_opt_values /opt/stack/data/venv/lib/python3.12/site-packages/oslo_config/cfg.py:3234}}
Aug 01 13:46:16.647585 np0000006308 devstack@n-api.service[87466]: DEBUG nova.api.openstack.wsgi_app [None req-477381a7-3c8f-4adf-b9ef-9edaf980dd9e None None] allow_resize_to_same_host = True {{(pid=87466) log_opt_values /opt/stack/data/venv/lib/python3.12/site-packages/oslo_config/cfg.py:3242}}
Aug 01 13:46:16.647730 np0000006308 devstack@n-api.service[87466]: DEBUG nova.api.openstack.wsgi_app [None req-477381a7-3c8f-4adf-b9ef-9edaf980dd9e None None] arq_binding_timeout = 300 {{(pid=87466) log_opt_values /opt/stack/data/venv/lib/python3.12/site-packages/oslo_config/cfg.py:3242}}
Aug 01 13:46:16.647897 np0000006308 devstack@n-api.service[87466]: DEBUG nova.api.openstack.wsgi_app [None req-477381a7-3c8f-4adf-b9ef-9edaf980dd9e None None] block_device_allocate_retries = 60 {{(pid=87466) log_opt_values /opt/stack/data/venv/lib/python3.12/site-packages/oslo_config/cfg.py:3242}}
Aug 01 13:46:16.648083 np0000006308 devstack@n-api.service[87466]: DEBUG nova.api.openstack.wsgi_app [None req-477381a7-3c8f-4adf-b9ef-9edaf980dd9e None None] block_device_allocate_retries_interval = 3 {{(pid=87466) log_opt_values /opt/stack/data/venv/lib/python3.12/site-packages/oslo_config/cfg.py:3242}}
Aug 01 13:46:16.648279 np0000006308 devstack@n-api.service[87466]: DEBUG nova.api.openstack.wsgi_app [None req-477381a7-3c8f-4adf-b9ef-9edaf980dd9e None None] cell_worker_thread_pool_size = 5 {{(pid=87466) log_opt_values /opt/stack/data/venv/lib/python3.12/site-packages/oslo_config/cfg.py:3242}}
Aug 01 13:46:16.648491 np0000006308 devstack@n-api.service[87466]: DEBUG nova.api.openstack.wsgi_app [None req-477381a7-3c8f-4adf-b9ef-9edaf980dd9e None None] cert = self.pem {{(pid=87466) log_opt_values /opt/stack/data/venv/lib/python3.12/site-packages/oslo_config/cfg.py:3242}}
Aug 01 13:46:16.648636 np0000006308 devstack@n-api.service[87466]: DEBUG nova.api.openstack.wsgi_app [None req-477381a7-3c8f-4adf-b9ef-9edaf980dd9e None None] compute_driver = libvirt.LibvirtDriver {{(pid=87466) log_opt_values /opt/stack/data/venv/lib/python3.12/site-packages/oslo_config/cfg.py:3242}}
Aug 01 13:46:16.648880 np0000006308 devstack@n-api.service[87466]: DEBUG nova.api.openstack.wsgi_app [None req-477381a7-3c8f-4adf-b9ef-9edaf980dd9e None None] compute_monitors = [] {{(pid=87466) log_opt_values /opt/stack/data/venv/lib/python3.12/site-packages/oslo_config/cfg.py:3242}}
Aug 01 13:46:16.649058 np0000006308 devstack@n-api.service[87466]: DEBUG nova.api.openstack.wsgi_app [None req-477381a7-3c8f-4adf-b9ef-9edaf980dd9e None None] concurrency_backend = auto {{(pid=87466) log_opt_values /opt/stack/data/venv/lib/python3.12/site-packages/oslo_config/cfg.py:3242}}
Aug 01 13:46:16.649226 np0000006308 devstack@n-api.service[87466]: DEBUG nova.api.openstack.wsgi_app [None req-477381a7-3c8f-4adf-b9ef-9edaf980dd9e None None] config_dir = [] {{(pid=87466) log_opt_values /opt/stack/data/venv/lib/python3.12/site-packages/oslo_config/cfg.py:3242}}
Aug 01 13:46:16.649423 np0000006308 devstack@n-api.service[87466]: DEBUG nova.api.openstack.wsgi_app [None req-477381a7-3c8f-4adf-b9ef-9edaf980dd9e None None] config_drive_format = iso9660 {{(pid=87466) log_opt_values /opt/stack/data/venv/lib/python3.12/site-packages/oslo_config/cfg.py:3242}}
Aug 01 13:46:16.649544 np0000006308 devstack@n-api.service[87466]: DEBUG nova.api.openstack.wsgi_app [None req-477381a7-3c8f-4adf-b9ef-9edaf980dd9e None None] config_file = ['/etc/nova/api-paste.ini', '/etc/nova/nova.conf'] {{(pid=87466) log_opt_values /opt/stack/data/venv/lib/python3.12/site-packages/oslo_config/cfg.py:3242}}
Aug 01 13:46:16.649718 np0000006308 devstack@n-api.service[87466]: DEBUG nova.api.openstack.wsgi_app [None req-477381a7-3c8f-4adf-b9ef-9edaf980dd9e None None] config_source = [] {{(pid=87466) log_opt_values /opt/stack/data/venv/lib/python3.12/site-packages/oslo_config/cfg.py:3242}}
Aug 01 13:46:16.649920 np0000006308 devstack@n-api.service[87466]: DEBUG nova.api.openstack.wsgi_app [None req-477381a7-3c8f-4adf-b9ef-9edaf980dd9e None None] console_host = np0000006308 {{(pid=87466) log_opt_values /opt/stack/data/venv/lib/python3.12/site-packages/oslo_config/cfg.py:3242}}
Aug 01 13:46:16.650100 np0000006308 devstack@n-api.service[87466]: DEBUG nova.api.openstack.wsgi_app [None req-477381a7-3c8f-4adf-b9ef-9edaf980dd9e None None] control_exchange = nova {{(pid=87466) log_opt_values /opt/stack/data/venv/lib/python3.12/site-packages/oslo_config/cfg.py:3242}}
Aug 01 13:46:16.650284 np0000006308 devstack@n-api.service[87466]: DEBUG nova.api.openstack.wsgi_app [None req-477381a7-3c8f-4adf-b9ef-9edaf980dd9e None None] cpu_allocation_ratio = None {{(pid=87466) log_opt_values /opt/stack/data/venv/lib/python3.12/site-packages/oslo_config/cfg.py:3242}}
Aug 01 13:46:16.650461 np0000006308 devstack@n-api.service[87466]: DEBUG nova.api.openstack.wsgi_app [None req-477381a7-3c8f-4adf-b9ef-9edaf980dd9e None None] daemon = False {{(pid=87466) log_opt_values /opt/stack/data/venv/lib/python3.12/site-packages/oslo_config/cfg.py:3242}}
Aug 01 13:46:16.650638 np0000006308 devstack@n-api.service[87466]: DEBUG nova.api.openstack.wsgi_app [None req-477381a7-3c8f-4adf-b9ef-9edaf980dd9e None None] debug = True {{(pid=87466) log_opt_values /opt/stack/data/venv/lib/python3.12/site-packages/oslo_config/cfg.py:3242}}
Aug 01 13:46:16.650813 np0000006308 devstack@n-api.service[87466]: DEBUG nova.api.openstack.wsgi_app [None req-477381a7-3c8f-4adf-b9ef-9edaf980dd9e None None] default_access_ip_network_name = None {{(pid=87466) log_opt_values /opt/stack/data/venv/lib/python3.12/site-packages/oslo_config/cfg.py:3242}}
Aug 01 13:46:16.650984 np0000006308 devstack@n-api.service[87466]: DEBUG nova.api.openstack.wsgi_app [None req-477381a7-3c8f-4adf-b9ef-9edaf980dd9e None None] default_availability_zone = nova {{(pid=87466) log_opt_values /opt/stack/data/venv/lib/python3.12/site-packages/oslo_config/cfg.py:3242}}
Aug 01 13:46:16.651151 np0000006308 devstack@n-api.service[87466]: DEBUG nova.api.openstack.wsgi_app [None req-477381a7-3c8f-4adf-b9ef-9edaf980dd9e None None] default_ephemeral_format = ext4 {{(pid=87466) log_opt_values /opt/stack/data/venv/lib/python3.12/site-packages/oslo_config/cfg.py:3242}}
Aug 01 13:46:16.651343 np0000006308 devstack@n-api.service[87466]: DEBUG nova.api.openstack.wsgi_app [None req-477381a7-3c8f-4adf-b9ef-9edaf980dd9e None None] default_green_pool_size = 1000 {{(pid=87466) log_opt_values /opt/stack/data/venv/lib/python3.12/site-packages/oslo_config/cfg.py:3242}}
Aug 01 13:46:16.651618 np0000006308 devstack@n-api.service[87466]: DEBUG nova.api.openstack.wsgi_app [None req-477381a7-3c8f-4adf-b9ef-9edaf980dd9e None None] default_log_levels = ['amqp=WARN', 'boto=WARN', 'sqlalchemy=WARN', 'suds=INFO', 'oslo.messaging=INFO', 'oslo_messaging=INFO', 'iso8601=WARN', 'requests.packages.urllib3.connectionpool=WARN', 'urllib3.connectionpool=WARN', 'websocket=WARN', 'requests.packages.urllib3.util.retry=WARN', 'urllib3.util.retry=WARN', 'keystonemiddleware=WARN', 'routes.middleware=WARN', 'stevedore=WARN', 'taskflow=WARN', 'keystoneauth=WARN', 'oslo.cache=INFO', 'oslo_policy=INFO', 'dogpile.core.dogpile=INFO', 'glanceclient=WARN', 'oslo.privsep.daemon=INFO'] {{(pid=87466) log_opt_values /opt/stack/data/venv/lib/python3.12/site-packages/oslo_config/cfg.py:3242}}
Aug 01 13:46:16.651815 np0000006308 devstack@n-api.service[87466]: DEBUG nova.api.openstack.wsgi_app [None req-477381a7-3c8f-4adf-b9ef-9edaf980dd9e None None] default_schedule_zone = None {{(pid=87466) log_opt_values /opt/stack/data/venv/lib/python3.12/site-packages/oslo_config/cfg.py:3242}}
Aug 01 13:46:16.651964 np0000006308 devstack@n-api.service[87466]: DEBUG nova.api.openstack.wsgi_app [None req-477381a7-3c8f-4adf-b9ef-9edaf980dd9e None None] default_thread_pool_size = 10 {{(pid=87466) log_opt_values /opt/stack/data/venv/lib/python3.12/site-packages/oslo_config/cfg.py:3242}}
Aug 01 13:46:16.652122 np0000006308 devstack@n-api.service[87466]: DEBUG nova.api.openstack.wsgi_app [None req-477381a7-3c8f-4adf-b9ef-9edaf980dd9e None None] disk_allocation_ratio = None {{(pid=87466) log_opt_values /opt/stack/data/venv/lib/python3.12/site-packages/oslo_config/cfg.py:3242}}
Aug 01 13:46:16.652312 np0000006308 devstack@n-api.service[87466]: DEBUG nova.api.openstack.wsgi_app [None req-477381a7-3c8f-4adf-b9ef-9edaf980dd9e None None] enable_new_services = True {{(pid=87466) log_opt_values /opt/stack/data/venv/lib/python3.12/site-packages/oslo_config/cfg.py:3242}}
Aug 01 13:46:16.652482 np0000006308 devstack@n-api.service[87466]: DEBUG nova.api.openstack.wsgi_app [None req-477381a7-3c8f-4adf-b9ef-9edaf980dd9e None None] flat_injected = False {{(pid=87466) log_opt_values /opt/stack/data/venv/lib/python3.12/site-packages/oslo_config/cfg.py:3242}}
Aug 01 13:46:16.652656 np0000006308 devstack@n-api.service[87466]: DEBUG nova.api.openstack.wsgi_app [None req-477381a7-3c8f-4adf-b9ef-9edaf980dd9e None None] force_config_drive = True {{(pid=87466) log_opt_values /opt/stack/data/venv/lib/python3.12/site-packages/oslo_config/cfg.py:3242}}
Aug 01 13:46:16.652836 np0000006308 devstack@n-api.service[87466]: DEBUG nova.api.openstack.wsgi_app [None req-477381a7-3c8f-4adf-b9ef-9edaf980dd9e None None] force_raw_images = True {{(pid=87466) log_opt_values /opt/stack/data/venv/lib/python3.12/site-packages/oslo_config/cfg.py:3242}}
Aug 01 13:46:16.653019 np0000006308 devstack@n-api.service[87466]: DEBUG nova.api.openstack.wsgi_app [None req-477381a7-3c8f-4adf-b9ef-9edaf980dd9e None None] graceful_shutdown_timeout = 5 {{(pid=87466) log_opt_values /opt/stack/data/venv/lib/python3.12/site-packages/oslo_config/cfg.py:3242}}
Aug 01 13:46:16.653184 np0000006308 devstack@n-api.service[87466]: DEBUG nova.api.openstack.wsgi_app [None req-477381a7-3c8f-4adf-b9ef-9edaf980dd9e None None] heal_instance_info_cache_interval = -1 {{(pid=87466) log_opt_values /opt/stack/data/venv/lib/python3.12/site-packages/oslo_config/cfg.py:3242}}
Aug 01 13:46:16.653427 np0000006308 devstack@n-api.service[87466]: DEBUG nova.api.openstack.wsgi_app [None req-477381a7-3c8f-4adf-b9ef-9edaf980dd9e None None] host = np0000006308 {{(pid=87466) log_opt_values /opt/stack/data/venv/lib/python3.12/site-packages/oslo_config/cfg.py:3242}}
Aug 01 13:46:16.653616 np0000006308 devstack@n-api.service[87466]: DEBUG nova.api.openstack.wsgi_app [None req-477381a7-3c8f-4adf-b9ef-9edaf980dd9e None None] initial_cpu_allocation_ratio = 4.0 {{(pid=87466) log_opt_values /opt/stack/data/venv/lib/python3.12/site-packages/oslo_config/cfg.py:3242}}
Aug 01 13:46:16.653793 np0000006308 devstack@n-api.service[87466]: DEBUG nova.api.openstack.wsgi_app [None req-477381a7-3c8f-4adf-b9ef-9edaf980dd9e None None] initial_disk_allocation_ratio = 1.0 {{(pid=87466) log_opt_values /opt/stack/data/venv/lib/python3.12/site-packages/oslo_config/cfg.py:3242}}
Aug 01 13:46:16.653958 np0000006308 devstack@n-api.service[87466]: DEBUG nova.api.openstack.wsgi_app [None req-477381a7-3c8f-4adf-b9ef-9edaf980dd9e None None] initial_ram_allocation_ratio = 1.0 {{(pid=87466) log_opt_values /opt/stack/data/venv/lib/python3.12/site-packages/oslo_config/cfg.py:3242}}
Aug 01 13:46:16.654180 np0000006308 devstack@n-api.service[87466]: DEBUG nova.api.openstack.wsgi_app [None req-477381a7-3c8f-4adf-b9ef-9edaf980dd9e None None] injected_network_template = /opt/stack/nova/nova/virt/interfaces.template {{(pid=87466) log_opt_values /opt/stack/data/venv/lib/python3.12/site-packages/oslo_config/cfg.py:3242}}
Aug 01 13:46:16.654361 np0000006308 devstack@n-api.service[87466]: DEBUG nova.api.openstack.wsgi_app [None req-477381a7-3c8f-4adf-b9ef-9edaf980dd9e None None] instance_build_timeout = 0 {{(pid=87466) log_opt_values /opt/stack/data/venv/lib/python3.12/site-packages/oslo_config/cfg.py:3242}}
Aug 01 13:46:16.654524 np0000006308 devstack@n-api.service[87466]: DEBUG nova.api.openstack.wsgi_app [None req-477381a7-3c8f-4adf-b9ef-9edaf980dd9e None None] instance_delete_interval = 300 {{(pid=87466) log_opt_values /opt/stack/data/venv/lib/python3.12/site-packages/oslo_config/cfg.py:3242}}
Aug 01 13:46:16.654691 np0000006308 devstack@n-api.service[87466]: DEBUG nova.api.openstack.wsgi_app [None req-477381a7-3c8f-4adf-b9ef-9edaf980dd9e None None] instance_format = [instance: %(uuid)s] {{(pid=87466) log_opt_values /opt/stack/data/venv/lib/python3.12/site-packages/oslo_config/cfg.py:3242}}
Aug 01 13:46:16.654873 np0000006308 devstack@n-api.service[87466]: DEBUG nova.api.openstack.wsgi_app [None req-477381a7-3c8f-4adf-b9ef-9edaf980dd9e None None] instance_name_template = instance-%08x {{(pid=87466) log_opt_values /opt/stack/data/venv/lib/python3.12/site-packages/oslo_config/cfg.py:3242}}
Aug 01 13:46:16.655035 np0000006308 devstack@n-api.service[87466]: DEBUG nova.api.openstack.wsgi_app [None req-477381a7-3c8f-4adf-b9ef-9edaf980dd9e None None] instance_usage_audit = False {{(pid=87466) log_opt_values /opt/stack/data/venv/lib/python3.12/site-packages/oslo_config/cfg.py:3242}}
Aug 01 13:46:16.655207 np0000006308 devstack@n-api.service[87466]: DEBUG nova.api.openstack.wsgi_app [None req-477381a7-3c8f-4adf-b9ef-9edaf980dd9e None None] instance_usage_audit_period = month {{(pid=87466) log_opt_values /opt/stack/data/venv/lib/python3.12/site-packages/oslo_config/cfg.py:3242}}
Aug 01 13:46:16.655393 np0000006308 devstack@n-api.service[87466]: DEBUG nova.api.openstack.wsgi_app [None req-477381a7-3c8f-4adf-b9ef-9edaf980dd9e None None] instance_uuid_format = [instance: %(uuid)s] {{(pid=87466) log_opt_values /opt/stack/data/venv/lib/python3.12/site-packages/oslo_config/cfg.py:3242}}
Aug 01 13:46:16.655562 np0000006308 devstack@n-api.service[87466]: DEBUG nova.api.openstack.wsgi_app [None req-477381a7-3c8f-4adf-b9ef-9edaf980dd9e None None] instances_path = /opt/stack/data/nova/instances {{(pid=87466) log_opt_values /opt/stack/data/venv/lib/python3.12/site-packages/oslo_config/cfg.py:3242}}
Aug 01 13:46:16.655730 np0000006308 devstack@n-api.service[87466]: DEBUG nova.api.openstack.wsgi_app [None req-477381a7-3c8f-4adf-b9ef-9edaf980dd9e None None] internal_service_availability_zone = internal {{(pid=87466) log_opt_values /opt/stack/data/venv/lib/python3.12/site-packages/oslo_config/cfg.py:3242}}
Aug 01 13:46:16.655900 np0000006308 devstack@n-api.service[87466]: DEBUG nova.api.openstack.wsgi_app [None req-477381a7-3c8f-4adf-b9ef-9edaf980dd9e None None] key = None {{(pid=87466) log_opt_values /opt/stack/data/venv/lib/python3.12/site-packages/oslo_config/cfg.py:3242}}
Aug 01 13:46:16.656059 np0000006308 devstack@n-api.service[87466]: DEBUG nova.api.openstack.wsgi_app [None req-477381a7-3c8f-4adf-b9ef-9edaf980dd9e None None] live_migration_retry_count = 30 {{(pid=87466) log_opt_values /opt/stack/data/venv/lib/python3.12/site-packages/oslo_config/cfg.py:3242}}
Aug 01 13:46:16.656248 np0000006308 devstack@n-api.service[87466]: DEBUG nova.api.openstack.wsgi_app [None req-477381a7-3c8f-4adf-b9ef-9edaf980dd9e None None] log_color = False {{(pid=87466) log_opt_values /opt/stack/data/venv/lib/python3.12/site-packages/oslo_config/cfg.py:3242}}
Aug 01 13:46:16.656423 np0000006308 devstack@n-api.service[87466]: DEBUG nova.api.openstack.wsgi_app [None req-477381a7-3c8f-4adf-b9ef-9edaf980dd9e None None] log_config_append = None {{(pid=87466) log_opt_values /opt/stack/data/venv/lib/python3.12/site-packages/oslo_config/cfg.py:3242}}
Aug 01 13:46:16.656589 np0000006308 devstack@n-api.service[87466]: DEBUG nova.api.openstack.wsgi_app [None req-477381a7-3c8f-4adf-b9ef-9edaf980dd9e None None] log_date_format = %Y-%m-%d %H:%M:%S {{(pid=87466) log_opt_values /opt/stack/data/venv/lib/python3.12/site-packages/oslo_config/cfg.py:3242}}
Aug 01 13:46:16.656750 np0000006308 devstack@n-api.service[87466]: DEBUG nova.api.openstack.wsgi_app [None req-477381a7-3c8f-4adf-b9ef-9edaf980dd9e None None] log_dir = None {{(pid=87466) log_opt_values /opt/stack/data/venv/lib/python3.12/site-packages/oslo_config/cfg.py:3242}}
Aug 01 13:46:16.656922 np0000006308 devstack@n-api.service[87466]: DEBUG nova.api.openstack.wsgi_app [None req-477381a7-3c8f-4adf-b9ef-9edaf980dd9e None None] log_file = None {{(pid=87466) log_opt_values /opt/stack/data/venv/lib/python3.12/site-packages/oslo_config/cfg.py:3242}}
Aug 01 13:46:16.657054 np0000006308 devstack@n-api.service[87466]: DEBUG nova.api.openstack.wsgi_app [None req-477381a7-3c8f-4adf-b9ef-9edaf980dd9e None None] log_options = True {{(pid=87466) log_opt_values /opt/stack/data/venv/lib/python3.12/site-packages/oslo_config/cfg.py:3242}}
