Aug 01 13:47:07.014595 np0000006308 nova-scheduler[96666]: DEBUG cotyledon.oslo_config_glue [-] workarounds.ensure_libvirt_rbd_instance_dir_cleanup = False {{(pid=96666) log_opt_values /opt/stack/data/venv/lib/python3.12/site-packages/oslo_config/cfg.py:3253}}
Aug 01 13:47:07.014595 np0000006308 nova-scheduler[96666]: DEBUG cotyledon.oslo_config_glue [-] workarounds.handle_virt_lifecycle_events = True {{(pid=96666) log_opt_values /opt/stack/data/venv/lib/python3.12/site-packages/oslo_config/cfg.py:3253}}
Aug 01 13:47:07.014595 np0000006308 nova-scheduler[96666]: DEBUG cotyledon.oslo_config_glue [-] workarounds.libvirt_disable_apic = False {{(pid=96666) log_opt_values /opt/stack/data/venv/lib/python3.12/site-packages/oslo_config/cfg.py:3253}}
Aug 01 13:47:07.014595 np0000006308 nova-scheduler[96666]: DEBUG cotyledon.oslo_config_glue [-] workarounds.never_download_image_if_on_rbd = False {{(pid=96666) log_opt_values /opt/stack/data/venv/lib/python3.12/site-packages/oslo_config/cfg.py:3253}}
Aug 01 13:47:07.014595 np0000006308 nova-scheduler[96666]: DEBUG cotyledon.oslo_config_glue [-] workarounds.qemu_monitor_announce_self_count = 3 {{(pid=96666) log_opt_values /opt/stack/data/venv/lib/python3.12/site-packages/oslo_config/cfg.py:3253}}
Aug 01 13:47:07.014595 np0000006308 nova-scheduler[96666]: DEBUG cotyledon.oslo_config_glue [-] workarounds.qemu_monitor_announce_self_interval = 1 {{(pid=96666) log_opt_values /opt/stack/data/venv/lib/python3.12/site-packages/oslo_config/cfg.py:3253}}
Aug 01 13:47:07.014595 np0000006308 nova-scheduler[96666]: DEBUG cotyledon.oslo_config_glue [-] workarounds.reserve_disk_resource_for_image_cache = False {{(pid=96666) log_opt_values /opt/stack/data/venv/lib/python3.12/site-packages/oslo_config/cfg.py:3253}}
Aug 01 13:47:07.014865 np0000006308 nova-scheduler[96666]: DEBUG cotyledon.oslo_config_glue [-] workarounds.skip_cpu_compare_at_startup = False {{(pid=96666) log_opt_values /opt/stack/data/venv/lib/python3.12/site-packages/oslo_config/cfg.py:3253}}
Aug 01 13:47:07.014865 np0000006308 nova-scheduler[96666]: DEBUG cotyledon.oslo_config_glue [-] workarounds.skip_cpu_compare_on_dest = False {{(pid=96666) log_opt_values /opt/stack/data/venv/lib/python3.12/site-packages/oslo_config/cfg.py:3253}}
Aug 01 13:47:07.014865 np0000006308 nova-scheduler[96666]: DEBUG cotyledon.oslo_config_glue [-] workarounds.skip_hypervisor_version_check_on_lm = False {{(pid=96666) log_opt_values /opt/stack/data/venv/lib/python3.12/site-packages/oslo_config/cfg.py:3253}}
Aug 01 13:47:07.014865 np0000006308 nova-scheduler[96666]: DEBUG cotyledon.oslo_config_glue [-] workarounds.skip_reserve_in_use_ironic_nodes = False {{(pid=96666) log_opt_values /opt/stack/data/venv/lib/python3.12/site-packages/oslo_config/cfg.py:3253}}
Aug 01 13:47:07.014865 np0000006308 nova-scheduler[96666]: DEBUG cotyledon.oslo_config_glue [-] workarounds.unified_limits_count_pcpu_as_vcpu = False {{(pid=96666) log_opt_values /opt/stack/data/venv/lib/python3.12/site-packages/oslo_config/cfg.py:3253}}
Aug 01 13:47:07.014865 np0000006308 nova-scheduler[96666]: DEBUG cotyledon.oslo_config_glue [-] workarounds.wait_for_vif_plugged_event_during_hard_reboot = [] {{(pid=96666) log_opt_values /opt/stack/data/venv/lib/python3.12/site-packages/oslo_config/cfg.py:3253}}
Aug 01 13:47:07.014865 np0000006308 nova-scheduler[96666]: DEBUG cotyledon.oslo_config_glue [-] wsgi.api_paste_config = /etc/nova/api-paste.ini {{(pid=96666) log_opt_values /opt/stack/data/venv/lib/python3.12/site-packages/oslo_config/cfg.py:3253}}
Aug 01 13:47:07.014865 np0000006308 nova-scheduler[96666]: DEBUG cotyledon.oslo_config_glue [-] wsgi.secure_proxy_ssl_header = None {{(pid=96666) log_opt_values /opt/stack/data/venv/lib/python3.12/site-packages/oslo_config/cfg.py:3253}}
Aug 01 13:47:07.014865 np0000006308 nova-scheduler[96666]: DEBUG cotyledon.oslo_config_glue [-] zvm.ca_file = None {{(pid=96666) log_opt_values /opt/stack/data/venv/lib/python3.12/site-packages/oslo_config/cfg.py:3253}}
Aug 01 13:47:07.015161 np0000006308 nova-scheduler[96666]: DEBUG cotyledon.oslo_config_glue [-] zvm.cloud_connector_url = None {{(pid=96666) log_opt_values /opt/stack/data/venv/lib/python3.12/site-packages/oslo_config/cfg.py:3253}}
Aug 01 13:47:07.015161 np0000006308 nova-scheduler[96666]: DEBUG cotyledon.oslo_config_glue [-] zvm.image_tmp_path = /opt/stack/data/nova/images {{(pid=96666) log_opt_values /opt/stack/data/venv/lib/python3.12/site-packages/oslo_config/cfg.py:3253}}
Aug 01 13:47:07.015161 np0000006308 nova-scheduler[96666]: DEBUG cotyledon.oslo_config_glue [-] zvm.reachable_timeout = 300 {{(pid=96666) log_opt_values /opt/stack/data/venv/lib/python3.12/site-packages/oslo_config/cfg.py:3253}}
Aug 01 13:47:07.015161 np0000006308 nova-scheduler[96666]: DEBUG cotyledon.oslo_config_glue [-] oslo_versionedobjects.fatal_exception_format_errors = False {{(pid=96666) log_opt_values /opt/stack/data/venv/lib/python3.12/site-packages/oslo_config/cfg.py:3253}}
Aug 01 13:47:07.015161 np0000006308 nova-scheduler[96666]: DEBUG cotyledon.oslo_config_glue [-] oslo_middleware.http_basic_auth_user_file = /etc/htpasswd {{(pid=96666) log_opt_values /opt/stack/data/venv/lib/python3.12/site-packages/oslo_config/cfg.py:3253}}
Aug 01 13:47:07.015161 np0000006308 nova-scheduler[96666]: DEBUG cotyledon.oslo_config_glue [-] oslo_messaging_metrics.metrics_buffer_size = 1000 {{(pid=96666) log_opt_values /opt/stack/data/venv/lib/python3.12/site-packages/oslo_config/cfg.py:3253}}
Aug 01 13:47:07.015161 np0000006308 nova-scheduler[96666]: DEBUG cotyledon.oslo_config_glue [-] oslo_messaging_metrics.metrics_enabled = False {{(pid=96666) log_opt_values /opt/stack/data/venv/lib/python3.12/site-packages/oslo_config/cfg.py:3253}}
Aug 01 13:47:07.015161 np0000006308 nova-scheduler[96666]: DEBUG cotyledon.oslo_config_glue [-] oslo_messaging_metrics.metrics_process_name = {{(pid=96666) log_opt_values /opt/stack/data/venv/lib/python3.12/site-packages/oslo_config/cfg.py:3253}}
Aug 01 13:47:07.015431 np0000006308 nova-scheduler[96666]: DEBUG cotyledon.oslo_config_glue [-] oslo_messaging_metrics.metrics_socket_file = /var/tmp/metrics_collector.sock {{(pid=96666) log_opt_values /opt/stack/data/venv/lib/python3.12/site-packages/oslo_config/cfg.py:3253}}
Aug 01 13:47:07.015431 np0000006308 nova-scheduler[96666]: DEBUG cotyledon.oslo_config_glue [-] oslo_messaging_metrics.metrics_thread_stop_timeout = 10 {{(pid=96666) log_opt_values /opt/stack/data/venv/lib/python3.12/site-packages/oslo_config/cfg.py:3253}}
Aug 01 13:47:07.015431 np0000006308 nova-scheduler[96666]: DEBUG cotyledon.oslo_config_glue [-] profiler.connection_string = messaging:// {{(pid=96666) log_opt_values /opt/stack/data/venv/lib/python3.12/site-packages/oslo_config/cfg.py:3253}}
Aug 01 13:47:07.015431 np0000006308 nova-scheduler[96666]: DEBUG cotyledon.oslo_config_glue [-] profiler.enabled = False {{(pid=96666) log_opt_values /opt/stack/data/venv/lib/python3.12/site-packages/oslo_config/cfg.py:3253}}
Aug 01 13:47:07.015431 np0000006308 nova-scheduler[96666]: DEBUG cotyledon.oslo_config_glue [-] profiler.es_doc_type = notification {{(pid=96666) log_opt_values /opt/stack/data/venv/lib/python3.12/site-packages/oslo_config/cfg.py:3253}}
Aug 01 13:47:07.015431 np0000006308 nova-scheduler[96666]: DEBUG cotyledon.oslo_config_glue [-] profiler.es_scroll_size = 10000 {{(pid=96666) log_opt_values /opt/stack/data/venv/lib/python3.12/site-packages/oslo_config/cfg.py:3253}}
Aug 01 13:47:07.015431 np0000006308 nova-scheduler[96666]: DEBUG cotyledon.oslo_config_glue [-] profiler.es_scroll_time = 2m {{(pid=96666) log_opt_values /opt/stack/data/venv/lib/python3.12/site-packages/oslo_config/cfg.py:3253}}
Aug 01 13:47:07.015431 np0000006308 nova-scheduler[96666]: DEBUG cotyledon.oslo_config_glue [-] profiler.filter_error_trace = False {{(pid=96666) log_opt_values /opt/stack/data/venv/lib/python3.12/site-packages/oslo_config/cfg.py:3253}}
Aug 01 13:47:07.015431 np0000006308 nova-scheduler[96666]: DEBUG cotyledon.oslo_config_glue [-] profiler.hmac_keys = **** {{(pid=96666) log_opt_values /opt/stack/data/venv/lib/python3.12/site-packages/oslo_config/cfg.py:3253}}
Aug 01 13:47:07.015842 np0000006308 nova-scheduler[96666]: DEBUG cotyledon.oslo_config_glue [-] profiler.sentinel_service_name = mymaster {{(pid=96666) log_opt_values /opt/stack/data/venv/lib/python3.12/site-packages/oslo_config/cfg.py:3253}}
Aug 01 13:47:07.015842 np0000006308 nova-scheduler[96666]: DEBUG cotyledon.oslo_config_glue [-] profiler.socket_timeout = 0.1 {{(pid=96666) log_opt_values /opt/stack/data/venv/lib/python3.12/site-packages/oslo_config/cfg.py:3253}}
Aug 01 13:47:07.015842 np0000006308 nova-scheduler[96666]: DEBUG cotyledon.oslo_config_glue [-] profiler.trace_requests = False {{(pid=96666) log_opt_values /opt/stack/data/venv/lib/python3.12/site-packages/oslo_config/cfg.py:3253}}
Aug 01 13:47:07.015842 np0000006308 nova-scheduler[96666]: DEBUG cotyledon.oslo_config_glue [-] profiler.trace_sqlalchemy = False {{(pid=96666) log_opt_values /opt/stack/data/venv/lib/python3.12/site-packages/oslo_config/cfg.py:3253}}
Aug 01 13:47:07.015842 np0000006308 nova-scheduler[96666]: DEBUG cotyledon.oslo_config_glue [-] profiler_jaeger.process_tags = {} {{(pid=96666) log_opt_values /opt/stack/data/venv/lib/python3.12/site-packages/oslo_config/cfg.py:3253}}
Aug 01 13:47:07.015842 np0000006308 nova-scheduler[96666]: DEBUG cotyledon.oslo_config_glue [-] profiler_jaeger.service_name_prefix = None {{(pid=96666) log_opt_values /opt/stack/data/venv/lib/python3.12/site-packages/oslo_config/cfg.py:3253}}
Aug 01 13:47:07.015842 np0000006308 nova-scheduler[96666]: DEBUG cotyledon.oslo_config_glue [-] profiler_otlp.service_name_prefix = None {{(pid=96666) log_opt_values /opt/stack/data/venv/lib/python3.12/site-packages/oslo_config/cfg.py:3253}}
Aug 01 13:47:07.015842 np0000006308 nova-scheduler[96666]: DEBUG cotyledon.oslo_config_glue [-] oslo_messaging_rabbit.amqp_auto_delete = False {{(pid=96666) log_opt_values /opt/stack/data/venv/lib/python3.12/site-packages/oslo_config/cfg.py:3253}}
Aug 01 13:47:07.015842 np0000006308 nova-scheduler[96666]: DEBUG cotyledon.oslo_config_glue [-] oslo_messaging_rabbit.amqp_durable_queues = False {{(pid=96666) log_opt_values /opt/stack/data/venv/lib/python3.12/site-packages/oslo_config/cfg.py:3253}}
Aug 01 13:47:07.016109 np0000006308 nova-scheduler[96666]: DEBUG cotyledon.oslo_config_glue [-] oslo_messaging_rabbit.conn_pool_min_size = 2 {{(pid=96666) log_opt_values /opt/stack/data/venv/lib/python3.12/site-packages/oslo_config/cfg.py:3253}}
Aug 01 13:47:07.016109 np0000006308 nova-scheduler[96666]: DEBUG cotyledon.oslo_config_glue [-] oslo_messaging_rabbit.conn_pool_ttl = 1200 {{(pid=96666) log_opt_values /opt/stack/data/venv/lib/python3.12/site-packages/oslo_config/cfg.py:3253}}
Aug 01 13:47:07.016109 np0000006308 nova-scheduler[96666]: DEBUG cotyledon.oslo_config_glue [-] oslo_messaging_rabbit.direct_mandatory_flag = True {{(pid=96666) log_opt_values /opt/stack/data/venv/lib/python3.12/site-packages/oslo_config/cfg.py:3253}}
Aug 01 13:47:07.016109 np0000006308 nova-scheduler[96666]: DEBUG cotyledon.oslo_config_glue [-] oslo_messaging_rabbit.enable_cancel_on_failover = False {{(pid=96666) log_opt_values /opt/stack/data/venv/lib/python3.12/site-packages/oslo_config/cfg.py:3253}}
Aug 01 13:47:07.016109 np0000006308 nova-scheduler[96666]: DEBUG cotyledon.oslo_config_glue [-] oslo_messaging_rabbit.heartbeat_rate = 3 {{(pid=96666) log_opt_values /opt/stack/data/venv/lib/python3.12/site-packages/oslo_config/cfg.py:3253}}
Aug 01 13:47:07.016109 np0000006308 nova-scheduler[96666]: DEBUG cotyledon.oslo_config_glue [-] oslo_messaging_rabbit.heartbeat_timeout_threshold = 60 {{(pid=96666) log_opt_values /opt/stack/data/venv/lib/python3.12/site-packages/oslo_config/cfg.py:3253}}
Aug 01 13:47:07.016109 np0000006308 nova-scheduler[96666]: DEBUG cotyledon.oslo_config_glue [-] oslo_messaging_rabbit.hostname = np0000006308 {{(pid=96666) log_opt_values /opt/stack/data/venv/lib/python3.12/site-packages/oslo_config/cfg.py:3253}}
Aug 01 13:47:07.016109 np0000006308 nova-scheduler[96666]: DEBUG cotyledon.oslo_config_glue [-] oslo_messaging_rabbit.kombu_compression = None {{(pid=96666) log_opt_values /opt/stack/data/venv/lib/python3.12/site-packages/oslo_config/cfg.py:3253}}
Aug 01 13:47:07.016109 np0000006308 nova-scheduler[96666]: DEBUG cotyledon.oslo_config_glue [-] oslo_messaging_rabbit.kombu_failover_strategy = round-robin {{(pid=96666) log_opt_values /opt/stack/data/venv/lib/python3.12/site-packages/oslo_config/cfg.py:3253}}
Aug 01 13:47:07.016379 np0000006308 nova-scheduler[96666]: DEBUG cotyledon.oslo_config_glue [-] oslo_messaging_rabbit.kombu_missing_consumer_retry_timeout = 60 {{(pid=96666) log_opt_values /opt/stack/data/venv/lib/python3.12/site-packages/oslo_config/cfg.py:3253}}
Aug 01 13:47:07.016379 np0000006308 nova-scheduler[96666]: DEBUG cotyledon.oslo_config_glue [-] oslo_messaging_rabbit.kombu_reconnect_delay = 1.0 {{(pid=96666) log_opt_values /opt/stack/data/venv/lib/python3.12/site-packages/oslo_config/cfg.py:3253}}
Aug 01 13:47:07.016379 np0000006308 nova-scheduler[96666]: DEBUG cotyledon.oslo_config_glue [-] oslo_messaging_rabbit.kombu_reconnect_splay = 0.0 {{(pid=96666) log_opt_values /opt/stack/data/venv/lib/python3.12/site-packages/oslo_config/cfg.py:3253}}
Aug 01 13:47:07.016379 np0000006308 nova-scheduler[96666]: DEBUG cotyledon.oslo_config_glue [-] oslo_messaging_rabbit.processname = nova-scheduler {{(pid=96666) log_opt_values /opt/stack/data/venv/lib/python3.12/site-packages/oslo_config/cfg.py:3253}}
Aug 01 13:47:07.016379 np0000006308 nova-scheduler[96666]: DEBUG cotyledon.oslo_config_glue [-] oslo_messaging_rabbit.rabbit_ha_queues = False {{(pid=96666) log_opt_values /opt/stack/data/venv/lib/python3.12/site-packages/oslo_config/cfg.py:3253}}
Aug 01 13:47:07.016379 np0000006308 nova-scheduler[96666]: DEBUG cotyledon.oslo_config_glue [-] oslo_messaging_rabbit.rabbit_interval_max = 30 {{(pid=96666) log_opt_values /opt/stack/data/venv/lib/python3.12/site-packages/oslo_config/cfg.py:3253}}
Aug 01 13:47:07.016379 np0000006308 nova-scheduler[96666]: DEBUG cotyledon.oslo_config_glue [-] oslo_messaging_rabbit.rabbit_login_method = AMQPLAIN {{(pid=96666) log_opt_values /opt/stack/data/venv/lib/python3.12/site-packages/oslo_config/cfg.py:3253}}
Aug 01 13:47:07.016379 np0000006308 nova-scheduler[96666]: DEBUG cotyledon.oslo_config_glue [-] oslo_messaging_rabbit.rabbit_qos_prefetch_count = 0 {{(pid=96666) log_opt_values /opt/stack/data/venv/lib/python3.12/site-packages/oslo_config/cfg.py:3253}}
Aug 01 13:47:07.016379 np0000006308 nova-scheduler[96666]: DEBUG cotyledon.oslo_config_glue [-] oslo_messaging_rabbit.rabbit_quorum_delivery_limit = 0 {{(pid=96666) log_opt_values /opt/stack/data/venv/lib/python3.12/site-packages/oslo_config/cfg.py:3253}}
Aug 01 13:47:07.016643 np0000006308 nova-scheduler[96666]: DEBUG cotyledon.oslo_config_glue [-] oslo_messaging_rabbit.rabbit_quorum_max_memory_bytes = 0 {{(pid=96666) log_opt_values /opt/stack/data/venv/lib/python3.12/site-packages/oslo_config/cfg.py:3253}}
Aug 01 13:47:07.016643 np0000006308 nova-scheduler[96666]: DEBUG cotyledon.oslo_config_glue [-] oslo_messaging_rabbit.rabbit_quorum_max_memory_length = 0 {{(pid=96666) log_opt_values /opt/stack/data/venv/lib/python3.12/site-packages/oslo_config/cfg.py:3253}}
Aug 01 13:47:07.016643 np0000006308 nova-scheduler[96666]: DEBUG cotyledon.oslo_config_glue [-] oslo_messaging_rabbit.rabbit_quorum_queue = False {{(pid=96666) log_opt_values /opt/stack/data/venv/lib/python3.12/site-packages/oslo_config/cfg.py:3253}}
Aug 01 13:47:07.016643 np0000006308 nova-scheduler[96666]: DEBUG cotyledon.oslo_config_glue [-] oslo_messaging_rabbit.rabbit_retry_backoff = 2 {{(pid=96666) log_opt_values /opt/stack/data/venv/lib/python3.12/site-packages/oslo_config/cfg.py:3253}}
Aug 01 13:47:07.016643 np0000006308 nova-scheduler[96666]: DEBUG cotyledon.oslo_config_glue [-] oslo_messaging_rabbit.rabbit_retry_interval = 1 {{(pid=96666) log_opt_values /opt/stack/data/venv/lib/python3.12/site-packages/oslo_config/cfg.py:3253}}
Aug 01 13:47:07.016643 np0000006308 nova-scheduler[96666]: DEBUG cotyledon.oslo_config_glue [-] oslo_messaging_rabbit.rabbit_stream_fanout = False {{(pid=96666) log_opt_values /opt/stack/data/venv/lib/python3.12/site-packages/oslo_config/cfg.py:3253}}
Aug 01 13:47:07.016643 np0000006308 nova-scheduler[96666]: DEBUG cotyledon.oslo_config_glue [-] oslo_messaging_rabbit.rabbit_transient_queues_ttl = 1800 {{(pid=96666) log_opt_values /opt/stack/data/venv/lib/python3.12/site-packages/oslo_config/cfg.py:3253}}
Aug 01 13:47:07.016643 np0000006308 nova-scheduler[96666]: DEBUG cotyledon.oslo_config_glue [-] oslo_messaging_rabbit.rabbit_transient_quorum_queue = False {{(pid=96666) log_opt_values /opt/stack/data/venv/lib/python3.12/site-packages/oslo_config/cfg.py:3253}}
Aug 01 13:47:07.016865 np0000006308 nova-scheduler[96666]: DEBUG cotyledon.oslo_config_glue [-] oslo_messaging_rabbit.rpc_conn_pool_size = 30 {{(pid=96666) log_opt_values /opt/stack/data/venv/lib/python3.12/site-packages/oslo_config/cfg.py:3253}}
Aug 01 13:47:07.016865 np0000006308 nova-scheduler[96666]: DEBUG cotyledon.oslo_config_glue [-] oslo_messaging_rabbit.ssl = False {{(pid=96666) log_opt_values /opt/stack/data/venv/lib/python3.12/site-packages/oslo_config/cfg.py:3253}}
Aug 01 13:47:07.016865 np0000006308 nova-scheduler[96666]: DEBUG cotyledon.oslo_config_glue [-] oslo_messaging_rabbit.ssl_ca_file = {{(pid=96666) log_opt_values /opt/stack/data/venv/lib/python3.12/site-packages/oslo_config/cfg.py:3253}}
Aug 01 13:47:07.016865 np0000006308 nova-scheduler[96666]: DEBUG cotyledon.oslo_config_glue [-] oslo_messaging_rabbit.ssl_cert_file = {{(pid=96666) log_opt_values /opt/stack/data/venv/lib/python3.12/site-packages/oslo_config/cfg.py:3253}}
Aug 01 13:47:07.016865 np0000006308 nova-scheduler[96666]: DEBUG cotyledon.oslo_config_glue [-] oslo_messaging_rabbit.ssl_enforce_fips_mode = False {{(pid=96666) log_opt_values /opt/stack/data/venv/lib/python3.12/site-packages/oslo_config/cfg.py:3253}}
Aug 01 13:47:07.016865 np0000006308 nova-scheduler[96666]: DEBUG cotyledon.oslo_config_glue [-] oslo_messaging_rabbit.ssl_enforce_hostname_verification = True {{(pid=96666) log_opt_values /opt/stack/data/venv/lib/python3.12/site-packages/oslo_config/cfg.py:3253}}
Aug 01 13:47:07.016865 np0000006308 nova-scheduler[96666]: DEBUG cotyledon.oslo_config_glue [-] oslo_messaging_rabbit.ssl_key_file = {{(pid=96666) log_opt_values /opt/stack/data/venv/lib/python3.12/site-packages/oslo_config/cfg.py:3253}}
Aug 01 13:47:07.016865 np0000006308 nova-scheduler[96666]: DEBUG cotyledon.oslo_config_glue [-] oslo_messaging_rabbit.ssl_version = {{(pid=96666) log_opt_values /opt/stack/data/venv/lib/python3.12/site-packages/oslo_config/cfg.py:3253}}
Aug 01 13:47:07.016865 np0000006308 nova-scheduler[96666]: DEBUG cotyledon.oslo_config_glue [-] oslo_messaging_rabbit.use_queue_manager = False {{(pid=96666) log_opt_values /opt/stack/data/venv/lib/python3.12/site-packages/oslo_config/cfg.py:3253}}
Aug 01 13:47:07.017133 np0000006308 nova-scheduler[96666]: DEBUG cotyledon.oslo_config_glue [-] oslo_messaging_notifications.driver = ['messagingv2'] {{(pid=96666) log_opt_values /opt/stack/data/venv/lib/python3.12/site-packages/oslo_config/cfg.py:3253}}
Aug 01 13:47:07.017133 np0000006308 nova-scheduler[96666]: DEBUG cotyledon.oslo_config_glue [-] oslo_messaging_notifications.retry = -1 {{(pid=96666) log_opt_values /opt/stack/data/venv/lib/python3.12/site-packages/oslo_config/cfg.py:3253}}
Aug 01 13:47:07.017133 np0000006308 nova-scheduler[96666]: DEBUG cotyledon.oslo_config_glue [-] oslo_messaging_notifications.topics = ['notifications'] {{(pid=96666) log_opt_values /opt/stack/data/venv/lib/python3.12/site-packages/oslo_config/cfg.py:3253}}
Aug 01 13:47:07.017133 np0000006308 nova-scheduler[96666]: DEBUG cotyledon.oslo_config_glue [-] oslo_messaging_notifications.transport_url = **** {{(pid=96666) log_opt_values /opt/stack/data/venv/lib/python3.12/site-packages/oslo_config/cfg.py:3253}}
Aug 01 13:47:07.017133 np0000006308 nova-scheduler[96666]: DEBUG cotyledon.oslo_config_glue [-] oslo_limit.auth_section = None {{(pid=96666) log_opt_values /opt/stack/data/venv/lib/python3.12/site-packages/oslo_config/cfg.py:3253}}
Aug 01 13:47:07.017133 np0000006308 nova-scheduler[96666]: DEBUG cotyledon.oslo_config_glue [-] oslo_limit.auth_type = None {{(pid=96666) log_opt_values /opt/stack/data/venv/lib/python3.12/site-packages/oslo_config/cfg.py:3253}}
Aug 01 13:47:07.017133 np0000006308 nova-scheduler[96666]: DEBUG cotyledon.oslo_config_glue [-] oslo_limit.cafile = None {{(pid=96666) log_opt_values /opt/stack/data/venv/lib/python3.12/site-packages/oslo_config/cfg.py:3253}}
Aug 01 13:47:07.017133 np0000006308 nova-scheduler[96666]: DEBUG cotyledon.oslo_config_glue [-] oslo_limit.certfile = None {{(pid=96666) log_opt_values /opt/stack/data/venv/lib/python3.12/site-packages/oslo_config/cfg.py:3253}}
Aug 01 13:47:07.017133 np0000006308 nova-scheduler[96666]: DEBUG cotyledon.oslo_config_glue [-] oslo_limit.collect_timing = False {{(pid=96666) log_opt_values /opt/stack/data/venv/lib/python3.12/site-packages/oslo_config/cfg.py:3253}}
Aug 01 13:47:07.017435 np0000006308 nova-scheduler[96666]: DEBUG cotyledon.oslo_config_glue [-] oslo_limit.connect_retries = None {{(pid=96666) log_opt_values /opt/stack/data/venv/lib/python3.12/site-packages/oslo_config/cfg.py:3253}}
Aug 01 13:47:07.017435 np0000006308 nova-scheduler[96666]: DEBUG cotyledon.oslo_config_glue [-] oslo_limit.connect_retry_delay = None {{(pid=96666) log_opt_values /opt/stack/data/venv/lib/python3.12/site-packages/oslo_config/cfg.py:3253}}
Aug 01 13:47:07.017435 np0000006308 nova-scheduler[96666]: DEBUG cotyledon.oslo_config_glue [-] oslo_limit.endpoint_id = None {{(pid=96666) log_opt_values /opt/stack/data/venv/lib/python3.12/site-packages/oslo_config/cfg.py:3253}}
Aug 01 13:47:07.017435 np0000006308 nova-scheduler[96666]: DEBUG cotyledon.oslo_config_glue [-] oslo_limit.endpoint_interface = public {{(pid=96666) log_opt_values /opt/stack/data/venv/lib/python3.12/site-packages/oslo_config/cfg.py:3253}}
Aug 01 13:47:07.017435 np0000006308 nova-scheduler[96666]: DEBUG cotyledon.oslo_config_glue [-] oslo_limit.endpoint_override = None {{(pid=96666) log_opt_values /opt/stack/data/venv/lib/python3.12/site-packages/oslo_config/cfg.py:3253}}
Aug 01 13:47:07.017435 np0000006308 nova-scheduler[96666]: DEBUG cotyledon.oslo_config_glue [-] oslo_limit.endpoint_region_name = None {{(pid=96666) log_opt_values /opt/stack/data/venv/lib/python3.12/site-packages/oslo_config/cfg.py:3253}}
Aug 01 13:47:07.017435 np0000006308 nova-scheduler[96666]: DEBUG cotyledon.oslo_config_glue [-] oslo_limit.endpoint_service_name = None {{(pid=96666) log_opt_values /opt/stack/data/venv/lib/python3.12/site-packages/oslo_config/cfg.py:3253}}
Aug 01 13:47:07.017435 np0000006308 nova-scheduler[96666]: DEBUG cotyledon.oslo_config_glue [-] oslo_limit.endpoint_service_type = None {{(pid=96666) log_opt_values /opt/stack/data/venv/lib/python3.12/site-packages/oslo_config/cfg.py:3253}}
Aug 01 13:47:07.017435 np0000006308 nova-scheduler[96666]: DEBUG cotyledon.oslo_config_glue [-] oslo_limit.insecure = False {{(pid=96666) log_opt_values /opt/stack/data/venv/lib/python3.12/site-packages/oslo_config/cfg.py:3253}}
Aug 01 13:47:07.017682 np0000006308 nova-scheduler[96666]: DEBUG cotyledon.oslo_config_glue [-] oslo_limit.keyfile = None {{(pid=96666) log_opt_values /opt/stack/data/venv/lib/python3.12/site-packages/oslo_config/cfg.py:3253}}
Aug 01 13:47:07.017682 np0000006308 nova-scheduler[96666]: DEBUG cotyledon.oslo_config_glue [-] oslo_limit.max_version = None {{(pid=96666) log_opt_values /opt/stack/data/venv/lib/python3.12/site-packages/oslo_config/cfg.py:3253}}
Aug 01 13:47:07.017682 np0000006308 nova-scheduler[96666]: DEBUG cotyledon.oslo_config_glue [-] oslo_limit.min_version = None {{(pid=96666) log_opt_values /opt/stack/data/venv/lib/python3.12/site-packages/oslo_config/cfg.py:3253}}
Aug 01 13:47:07.017682 np0000006308 nova-scheduler[96666]: DEBUG cotyledon.oslo_config_glue [-] oslo_limit.region_name = None {{(pid=96666) log_opt_values /opt/stack/data/venv/lib/python3.12/site-packages/oslo_config/cfg.py:3253}}
Aug 01 13:47:07.017682 np0000006308 nova-scheduler[96666]: DEBUG cotyledon.oslo_config_glue [-] oslo_limit.retriable_status_codes = None {{(pid=96666) log_opt_values /opt/stack/data/venv/lib/python3.12/site-packages/oslo_config/cfg.py:3253}}
Aug 01 13:47:07.017682 np0000006308 nova-scheduler[96666]: DEBUG cotyledon.oslo_config_glue [-] oslo_limit.service_name = None {{(pid=96666) log_opt_values /opt/stack/data/venv/lib/python3.12/site-packages/oslo_config/cfg.py:3253}}
Aug 01 13:47:07.017682 np0000006308 nova-scheduler[96666]: DEBUG cotyledon.oslo_config_glue [-] oslo_limit.service_type = None {{(pid=96666) log_opt_values /opt/stack/data/venv/lib/python3.12/site-packages/oslo_config/cfg.py:3253}}
Aug 01 13:47:07.017682 np0000006308 nova-scheduler[96666]: DEBUG cotyledon.oslo_config_glue [-] oslo_limit.split_loggers = False {{(pid=96666) log_opt_values /opt/stack/data/venv/lib/python3.12/site-packages/oslo_config/cfg.py:3253}}
Aug 01 13:47:07.017682 np0000006308 nova-scheduler[96666]: DEBUG cotyledon.oslo_config_glue [-] oslo_limit.status_code_retries = None {{(pid=96666) log_opt_values /opt/stack/data/venv/lib/python3.12/site-packages/oslo_config/cfg.py:3253}}
Aug 01 13:47:07.017936 np0000006308 nova-scheduler[96666]: DEBUG cotyledon.oslo_config_glue [-] oslo_limit.status_code_retry_delay = None {{(pid=96666) log_opt_values /opt/stack/data/venv/lib/python3.12/site-packages/oslo_config/cfg.py:3253}}
Aug 01 13:47:07.017936 np0000006308 nova-scheduler[96666]: DEBUG cotyledon.oslo_config_glue [-] oslo_limit.timeout = None {{(pid=96666) log_opt_values /opt/stack/data/venv/lib/python3.12/site-packages/oslo_config/cfg.py:3253}}
Aug 01 13:47:07.017936 np0000006308 nova-scheduler[96666]: DEBUG cotyledon.oslo_config_glue [-] oslo_limit.valid_interfaces = None {{(pid=96666) log_opt_values /opt/stack/data/venv/lib/python3.12/site-packages/oslo_config/cfg.py:3253}}
Aug 01 13:47:07.017936 np0000006308 nova-scheduler[96666]: DEBUG cotyledon.oslo_config_glue [-] oslo_limit.version = None {{(pid=96666) log_opt_values /opt/stack/data/venv/lib/python3.12/site-packages/oslo_config/cfg.py:3253}}
Aug 01 13:47:07.017936 np0000006308 nova-scheduler[96666]: DEBUG cotyledon.oslo_config_glue [-] oslo_reports.file_event_handler = None {{(pid=96666) log_opt_values /opt/stack/data/venv/lib/python3.12/site-packages/oslo_config/cfg.py:3253}}
Aug 01 13:47:07.017936 np0000006308 nova-scheduler[96666]: DEBUG cotyledon.oslo_config_glue [-] oslo_reports.file_event_handler_interval = 1 {{(pid=96666) log_opt_values /opt/stack/data/venv/lib/python3.12/site-packages/oslo_config/cfg.py:3253}}
Aug 01 13:47:07.017936 np0000006308 nova-scheduler[96666]: DEBUG cotyledon.oslo_config_glue [-] oslo_reports.log_dir = None {{(pid=96666) log_opt_values /opt/stack/data/venv/lib/python3.12/site-packages/oslo_config/cfg.py:3253}}
Aug 01 13:47:07.017936 np0000006308 nova-scheduler[96666]: DEBUG cotyledon.oslo_config_glue [-] ******************************************************************************** {{(pid=96666) log_opt_values /opt/stack/data/venv/lib/python3.12/site-packages/oslo_config/cfg.py:3260}}
Aug 01 13:47:07.017936 np0000006308 nova-scheduler[96666]: DEBUG cotyledon._service_worker [-] Run service ServiceWrapper(3) [96666] {{(pid=96666) wait_forever /opt/stack/data/venv/lib/python3.12/site-packages/cotyledon/_service_worker.py:218}}
Aug 01 13:47:07.018203 np0000006308 nova-scheduler[96666]: INFO nova.service [-] Starting scheduler node (version 33.1.0)
Aug 01 13:47:07.018266 np0000006308 nova-scheduler[96660]: DEBUG oslo_db.sqlalchemy.engines [None req-af4253a9-b8fa-4f0a-9def-d60e84a0e0e4 None None] MySQL server mode set to STRICT_TRANS_TABLES,STRICT_ALL_TABLES,NO_ZERO_IN_DATE,NO_ZERO_DATE,ERROR_FOR_DIVISION_BY_ZERO,TRADITIONAL,NO_ENGINE_SUBSTITUTION {{(pid=96660) _check_effective_sql_mode /opt/stack/data/venv/lib/python3.12/site-packages/oslo_db/sqlalchemy/engines.py:325}}
Aug 01 13:47:07.018310 np0000006308 nova-scheduler[96666]: INFO dbcounter [None req-763336f7-aa1f-47ef-aa5c-ca5b16e60908 None None] Registered counter for database nova_cell0
Aug 01 13:47:07.018360 np0000006308 nova-scheduler[96660]: DEBUG dbcounter [-] [96660] Writer thread running {{(pid=96660) stat_writer /opt/stack/data/venv/lib/python3.12/site-packages/dbcounter.py:102}}
Aug 01 13:47:07.018403 np0000006308 nova-scheduler[96662]: DEBUG oslo_db.sqlalchemy.engines [None req-fba7f5e2-0160-43b9-9c99-bf76088f19b7 None None] MySQL server mode set to STRICT_TRANS_TABLES,STRICT_ALL_TABLES,NO_ZERO_IN_DATE,NO_ZERO_DATE,ERROR_FOR_DIVISION_BY_ZERO,TRADITIONAL,NO_ENGINE_SUBSTITUTION {{(pid=96662) _check_effective_sql_mode /opt/stack/data/venv/lib/python3.12/site-packages/oslo_db/sqlalchemy/engines.py:325}}
Aug 01 13:47:07.018403 np0000006308 nova-scheduler[96662]: DEBUG dbcounter [-] [96662] Writer thread running {{(pid=96662) stat_writer /opt/stack/data/venv/lib/python3.12/site-packages/dbcounter.py:102}}
Aug 01 13:47:07.018470 np0000006308 nova-scheduler[96660]: DEBUG nova.service [None req-af4253a9-b8fa-4f0a-9def-d60e84a0e0e4 None None] Creating RPC server for service: nova-scheduler on topic: scheduler {{(pid=96660) start /opt/stack/nova/nova/service.py:196}}
Aug 01 13:47:07.018503 np0000006308 nova-scheduler[96662]: DEBUG nova.service [None req-fba7f5e2-0160-43b9-9c99-bf76088f19b7 None None] Creating RPC server for service: nova-scheduler on topic: scheduler {{(pid=96662) start /opt/stack/nova/nova/service.py:196}}
Aug 01 13:47:07.018539 np0000006308 nova-scheduler[96664]: DEBUG oslo_db.sqlalchemy.engines [None req-a5574bb4-e974-42e5-9db3-3dcb157bbac6 None None] MySQL server mode set to STRICT_TRANS_TABLES,STRICT_ALL_TABLES,NO_ZERO_IN_DATE,NO_ZERO_DATE,ERROR_FOR_DIVISION_BY_ZERO,TRADITIONAL,NO_ENGINE_SUBSTITUTION {{(pid=96664) _check_effective_sql_mode /opt/stack/data/venv/lib/python3.12/site-packages/oslo_db/sqlalchemy/engines.py:325}}
Aug 01 13:47:07.020496 np0000006308 nova-scheduler[96664]: DEBUG dbcounter [-] [96664] Writer thread running {{(pid=96664) stat_writer /opt/stack/data/venv/lib/python3.12/site-packages/dbcounter.py:102}}
Aug 01 13:47:07.024708 np0000006308 nova-scheduler[96664]: DEBUG nova.service [None req-a5574bb4-e974-42e5-9db3-3dcb157bbac6 None None] Creating RPC server for service: nova-scheduler on topic: scheduler {{(pid=96664) start /opt/stack/nova/nova/service.py:196}}
Aug 01 13:47:07.033807 np0000006308 nova-scheduler[96666]: DEBUG oslo_db.sqlalchemy.engines [None req-763336f7-aa1f-47ef-aa5c-ca5b16e60908 None None] MySQL server mode set to STRICT_TRANS_TABLES,STRICT_ALL_TABLES,NO_ZERO_IN_DATE,NO_ZERO_DATE,ERROR_FOR_DIVISION_BY_ZERO,TRADITIONAL,NO_ENGINE_SUBSTITUTION {{(pid=96666) _check_effective_sql_mode /opt/stack/data/venv/lib/python3.12/site-packages/oslo_db/sqlalchemy/engines.py:325}}
Aug 01 13:47:07.042323 np0000006308 nova-scheduler[96660]: DEBUG nova.service [None req-af4253a9-b8fa-4f0a-9def-d60e84a0e0e4 None None] Join ServiceGroup membership for this service scheduler {{(pid=96660) start /opt/stack/nova/nova/service.py:222}}
Aug 01 13:47:07.042439 np0000006308 nova-scheduler[96660]: DEBUG nova.servicegroup.drivers.db [None req-af4253a9-b8fa-4f0a-9def-d60e84a0e0e4 None None] DB_Driver: join new ServiceGroup member np0000006308 to the scheduler group, service = {{(pid=96660) join /opt/stack/nova/nova/servicegroup/drivers/db.py:44}}
Aug 01 13:47:07.043124 np0000006308 nova-scheduler[96662]: DEBUG nova.service [None req-fba7f5e2-0160-43b9-9c99-bf76088f19b7 None None] Join ServiceGroup membership for this service scheduler {{(pid=96662) start /opt/stack/nova/nova/service.py:222}}
Aug 01 13:47:07.043383 np0000006308 nova-scheduler[96662]: DEBUG nova.servicegroup.drivers.db [None req-fba7f5e2-0160-43b9-9c99-bf76088f19b7 None None] DB_Driver: join new ServiceGroup member np0000006308 to the scheduler group, service = {{(pid=96662) join /opt/stack/nova/nova/servicegroup/drivers/db.py:44}}
Aug 01 13:47:07.045942 np0000006308 nova-scheduler[96664]: DEBUG nova.service [None req-a5574bb4-e974-42e5-9db3-3dcb157bbac6 None None] Join ServiceGroup membership for this service scheduler {{(pid=96664) start /opt/stack/nova/nova/service.py:222}}
Aug 01 13:47:07.046238 np0000006308 nova-scheduler[96664]: DEBUG nova.servicegroup.drivers.db [None req-a5574bb4-e974-42e5-9db3-3dcb157bbac6 None None] DB_Driver: join new ServiceGroup member np0000006308 to the scheduler group, service = {{(pid=96664) join /opt/stack/nova/nova/servicegroup/drivers/db.py:44}}
Aug 01 13:47:07.047810 np0000006308 nova-scheduler[96666]: DEBUG dbcounter [-] [96666] Writer thread running {{(pid=96666) stat_writer /opt/stack/data/venv/lib/python3.12/site-packages/dbcounter.py:102}}
Aug 01 13:47:07.051722 np0000006308 nova-scheduler[96666]: DEBUG nova.service [None req-763336f7-aa1f-47ef-aa5c-ca5b16e60908 None None] Creating RPC server for service: nova-scheduler on topic: scheduler {{(pid=96666) start /opt/stack/nova/nova/service.py:196}}
Aug 01 13:47:07.073309 np0000006308 nova-scheduler[96666]: DEBUG nova.service [None req-763336f7-aa1f-47ef-aa5c-ca5b16e60908 None None] Join ServiceGroup membership for this service scheduler {{(pid=96666) start /opt/stack/nova/nova/service.py:222}}
Aug 01 13:47:07.073532 np0000006308 nova-scheduler[96666]: DEBUG nova.servicegroup.drivers.db [None req-763336f7-aa1f-47ef-aa5c-ca5b16e60908 None None] DB_Driver: join new ServiceGroup member np0000006308 to the scheduler group, service = {{(pid=96666) join /opt/stack/nova/nova/servicegroup/drivers/db.py:44}}
Aug 01 13:47:12.062346 np0000006308 nova-scheduler[96660]: DEBUG oslo.service.backend._threading.loopingcall [-] Fixed interval looping call 'nova.servicegroup.drivers.db.DbDriver._report_state' sleeping for 119.98 seconds {{(pid=96660) _run_loop /opt/stack/data/venv/lib/python3.12/site-packages/oslo_service/backend/_threading/loopingcall.py:125}}
Aug 01 13:47:12.063332 np0000006308 nova-scheduler[96664]: DEBUG oslo.service.backend._threading.loopingcall [-] Fixed interval looping call 'nova.servicegroup.drivers.db.DbDriver._report_state' sleeping for 119.98 seconds {{(pid=96664) _run_loop /opt/stack/data/venv/lib/python3.12/site-packages/oslo_service/backend/_threading/loopingcall.py:125}}
Aug 01 13:47:12.064112 np0000006308 nova-scheduler[96662]: DEBUG oslo.service.backend._threading.loopingcall [-] Fixed interval looping call 'nova.servicegroup.drivers.db.DbDriver._report_state' sleeping for 119.98 seconds {{(pid=96662) _run_loop /opt/stack/data/venv/lib/python3.12/site-packages/oslo_service/backend/_threading/loopingcall.py:125}}
Aug 01 13:47:12.085395 np0000006308 nova-scheduler[96666]: DEBUG oslo.service.backend._threading.loopingcall [-] Fixed interval looping call 'nova.servicegroup.drivers.db.DbDriver._report_state' sleeping for 119.99 seconds {{(pid=96666) _run_loop /opt/stack/data/venv/lib/python3.12/site-packages/oslo_service/backend/_threading/loopingcall.py:125}}
Aug 01 13:47:15.556476 np0000006308 nova-scheduler[95394]: DEBUG dbcounter [-] [95394] Writing DB stats nova_api:SELECT=3 {{(pid=95394) stat_writer /opt/stack/data/venv/lib/python3.12/site-packages/dbcounter.py:115}}
Aug 01 13:47:15.703701 np0000006308 nova-scheduler[95394]: DEBUG dbcounter [-] [95394] Writing DB stats nova_cell0:SELECT=1 {{(pid=95394) stat_writer /opt/stack/data/venv/lib/python3.12/site-packages/dbcounter.py:115}}
Aug 01 13:47:15.711243 np0000006308 nova-scheduler[95394]: DEBUG dbcounter [-] [95394] Writing DB stats nova_cell1:SELECT=1 {{(pid=95394) stat_writer /opt/stack/data/venv/lib/python3.12/site-packages/dbcounter.py:115}}
Aug 01 13:47:22.056813 np0000006308 nova-scheduler[96660]: DEBUG dbcounter [-] [96660] Writing DB stats nova_cell0:SELECT=4,nova_cell0:INSERT=1,nova_cell0:UPDATE=1 {{(pid=96660) stat_writer /opt/stack/data/venv/lib/python3.12/site-packages/dbcounter.py:115}}
Aug 01 13:47:22.058732 np0000006308 nova-scheduler[96664]: DEBUG dbcounter [-] [96664] Writing DB stats nova_cell0:SELECT=3,nova_cell0:UPDATE=1 {{(pid=96664) stat_writer /opt/stack/data/venv/lib/python3.12/site-packages/dbcounter.py:115}}
Aug 01 13:47:22.059764 np0000006308 nova-scheduler[96662]: DEBUG dbcounter [-] [96662] Writing DB stats nova_cell0:SELECT=3,nova_cell0:UPDATE=1 {{(pid=96662) stat_writer /opt/stack/data/venv/lib/python3.12/site-packages/dbcounter.py:115}}
Aug 01 13:47:22.082229 np0000006308 nova-scheduler[96666]: DEBUG dbcounter [-] [96666] Writing DB stats nova_cell0:SELECT=3 {{(pid=96666) stat_writer /opt/stack/data/venv/lib/python3.12/site-packages/dbcounter.py:115}}
Aug 01 13:47:27.047191 np0000006308 nova-scheduler[96660]: DEBUG oslo.service.backend._threading.loopingcall [None req-b33882bc-4548-4ff8-a382-51c928ffc7f7 None None] Dynamic interval looping call 'nova.service.Service.periodic_tasks' sleeping for 60.00 seconds {{(pid=96660) _run_loop /opt/stack/data/venv/lib/python3.12/site-packages/oslo_service/backend/_threading/loopingcall.py:125}}
Aug 01 13:47:28.045724 np0000006308 nova-scheduler[96662]: DEBUG oslo.service.backend._threading.loopingcall [None req-a869464d-cd9c-43c2-9b5e-b972e2c413f8 None None] Dynamic interval looping call 'nova.service.Service.periodic_tasks' sleeping for 60.00 seconds {{(pid=96662) _run_loop /opt/stack/data/venv/lib/python3.12/site-packages/oslo_service/backend/_threading/loopingcall.py:125}}
Aug 01 13:47:35.076184 np0000006308 nova-scheduler[96666]: DEBUG oslo.service.backend._threading.loopingcall [None req-d182f611-9e81-424b-9b4d-5c5c3ba3810b None None] Dynamic interval looping call 'nova.service.Service.periodic_tasks' sleeping for 60.00 seconds {{(pid=96666) _run_loop /opt/stack/data/venv/lib/python3.12/site-packages/oslo_service/backend/_threading/loopingcall.py:125}}
Aug 01 13:47:38.048997 np0000006308 nova-scheduler[96664]: DEBUG oslo.service.backend._threading.loopingcall [None req-cc558e74-310e-442d-8cca-0b4f5ceee2c7 None None] Dynamic interval looping call 'nova.service.Service.periodic_tasks' sleeping for 60.00 seconds {{(pid=96664) _run_loop /opt/stack/data/venv/lib/python3.12/site-packages/oslo_service/backend/_threading/loopingcall.py:125}}
Aug 01 13:48:27.047654 np0000006308 nova-scheduler[96660]: DEBUG oslo.service.backend._threading.loopingcall [None req-b33882bc-4548-4ff8-a382-51c928ffc7f7 None None] Dynamic interval looping call 'nova.service.Service.periodic_tasks' sleeping for 60.00 seconds {{(pid=96660) _run_loop /opt/stack/data/venv/lib/python3.12/site-packages/oslo_service/backend/_threading/loopingcall.py:125}}
Aug 01 13:48:28.046211 np0000006308 nova-scheduler[96662]: DEBUG oslo.service.backend._threading.loopingcall [None req-a869464d-cd9c-43c2-9b5e-b972e2c413f8 None None] Dynamic interval looping call 'nova.service.Service.periodic_tasks' sleeping for 60.00 seconds {{(pid=96662) _run_loop /opt/stack/data/venv/lib/python3.12/site-packages/oslo_service/backend/_threading/loopingcall.py:125}}
Aug 01 13:48:35.076854 np0000006308 nova-scheduler[96666]: DEBUG oslo.service.backend._threading.loopingcall [None req-d182f611-9e81-424b-9b4d-5c5c3ba3810b None None] Dynamic interval looping call 'nova.service.Service.periodic_tasks' sleeping for 60.00 seconds {{(pid=96666) _run_loop /opt/stack/data/venv/lib/python3.12/site-packages/oslo_service/backend/_threading/loopingcall.py:125}}
Aug 01 13:48:38.049651 np0000006308 nova-scheduler[96664]: DEBUG oslo.service.backend._threading.loopingcall [None req-cc558e74-310e-442d-8cca-0b4f5ceee2c7 None None] Dynamic interval looping call 'nova.service.Service.periodic_tasks' sleeping for 60.00 seconds {{(pid=96664) _run_loop /opt/stack/data/venv/lib/python3.12/site-packages/oslo_service/backend/_threading/loopingcall.py:125}}
Aug 01 13:49:12.051797 np0000006308 nova-scheduler[96662]: DEBUG oslo.service.backend._threading.loopingcall [-] Fixed interval looping call 'nova.servicegroup.drivers.db.DbDriver._report_state' sleeping for 119.99 seconds {{(pid=96662) _run_loop /opt/stack/data/venv/lib/python3.12/site-packages/oslo_service/backend/_threading/loopingcall.py:125}}
Aug 01 13:49:12.053096 np0000006308 nova-scheduler[96660]: DEBUG oslo.service.backend._threading.loopingcall [-] Fixed interval looping call 'nova.servicegroup.drivers.db.DbDriver._report_state' sleeping for 119.99 seconds {{(pid=96660) _run_loop /opt/stack/data/venv/lib/python3.12/site-packages/oslo_service/backend/_threading/loopingcall.py:125}}
Aug 01 13:49:12.053652 np0000006308 nova-scheduler[96664]: DEBUG oslo.service.backend._threading.loopingcall [-] Fixed interval looping call 'nova.servicegroup.drivers.db.DbDriver._report_state' sleeping for 119.99 seconds {{(pid=96664) _run_loop /opt/stack/data/venv/lib/python3.12/site-packages/oslo_service/backend/_threading/loopingcall.py:125}}
Aug 01 13:49:12.079688 np0000006308 nova-scheduler[96666]: DEBUG oslo.service.backend._threading.loopingcall [-] Fixed interval looping call 'nova.servicegroup.drivers.db.DbDriver._report_state' sleeping for 120.00 seconds {{(pid=96666) _run_loop /opt/stack/data/venv/lib/python3.12/site-packages/oslo_service/backend/_threading/loopingcall.py:125}}
Aug 01 13:49:22.047170 np0000006308 nova-scheduler[96660]: DEBUG dbcounter [-] [96660] Writing DB stats nova_cell0:SELECT=1,nova_cell0:UPDATE=1 {{(pid=96660) stat_writer /opt/stack/data/venv/lib/python3.12/site-packages/dbcounter.py:115}}
Aug 01 13:49:22.048293 np0000006308 nova-scheduler[96662]: DEBUG dbcounter [-] [96662] Writing DB stats nova_cell0:SELECT=1,nova_cell0:UPDATE=1 {{(pid=96662) stat_writer /opt/stack/data/venv/lib/python3.12/site-packages/dbcounter.py:115}}
Aug 01 13:49:22.050774 np0000006308 nova-scheduler[96664]: DEBUG dbcounter [-] [96664] Writing DB stats nova_cell0:SELECT=1,nova_cell0:UPDATE=1 {{(pid=96664) stat_writer /opt/stack/data/venv/lib/python3.12/site-packages/dbcounter.py:115}}
Aug 01 13:49:22.077556 np0000006308 nova-scheduler[96666]: DEBUG dbcounter [-] [96666] Writing DB stats nova_cell0:SELECT=1 {{(pid=96666) stat_writer /opt/stack/data/venv/lib/python3.12/site-packages/dbcounter.py:115}}
Aug 01 13:49:27.049497 np0000006308 nova-scheduler[96660]: DEBUG oslo.service.backend._threading.loopingcall [None req-b33882bc-4548-4ff8-a382-51c928ffc7f7 None None] Dynamic interval looping call 'nova.service.Service.periodic_tasks' sleeping for 60.00 seconds {{(pid=96660) _run_loop /opt/stack/data/venv/lib/python3.12/site-packages/oslo_service/backend/_threading/loopingcall.py:125}}
Aug 01 13:49:28.046705 np0000006308 nova-scheduler[96662]: DEBUG oslo.service.backend._threading.loopingcall [None req-a869464d-cd9c-43c2-9b5e-b972e2c413f8 None None] Dynamic interval looping call 'nova.service.Service.periodic_tasks' sleeping for 60.00 seconds {{(pid=96662) _run_loop /opt/stack/data/venv/lib/python3.12/site-packages/oslo_service/backend/_threading/loopingcall.py:125}}
Aug 01 13:49:35.077453 np0000006308 nova-scheduler[96666]: DEBUG oslo.service.backend._threading.loopingcall [None req-d182f611-9e81-424b-9b4d-5c5c3ba3810b None None] Dynamic interval looping call 'nova.service.Service.periodic_tasks' sleeping for 60.00 seconds {{(pid=96666) _run_loop /opt/stack/data/venv/lib/python3.12/site-packages/oslo_service/backend/_threading/loopingcall.py:125}}
Aug 01 13:49:38.050226 np0000006308 nova-scheduler[96664]: DEBUG oslo.service.backend._threading.loopingcall [None req-cc558e74-310e-442d-8cca-0b4f5ceee2c7 None None] Dynamic interval looping call 'nova.service.Service.periodic_tasks' sleeping for 60.00 seconds {{(pid=96664) _run_loop /opt/stack/data/venv/lib/python3.12/site-packages/oslo_service/backend/_threading/loopingcall.py:125}}
Aug 01 13:49:48.253669 np0000006308 nova-scheduler[96662]: DEBUG nova.scheduler.manager [None req-262a809c-19c0-450e-9fef-5b6cee4b3c77 tempest-ServersNegativeTestJSON-969441015 tempest-ServersNegativeTestJSON-969441015-project-member] Starting to schedule for instances: ['351a196c-ccad-4a4f-8ddd-d41948824689'] {{(pid=96662) select_destinations /opt/stack/nova/nova/scheduler/manager.py:209}}
Aug 01 13:49:48.254227 np0000006308 nova-scheduler[96662]: DEBUG nova.scheduler.request_filter [None req-262a809c-19c0-450e-9fef-5b6cee4b3c77 tempest-ServersNegativeTestJSON-969441015 tempest-ServersNegativeTestJSON-969441015-project-member] compute_status_filter request filter added forbidden trait COMPUTE_STATUS_DISABLED {{(pid=96662) compute_status_filter /opt/stack/nova/nova/scheduler/request_filter.py:253}}
Aug 01 13:49:48.255824 np0000006308 nova-scheduler[96662]: DEBUG nova.scheduler.request_filter [None req-262a809c-19c0-450e-9fef-5b6cee4b3c77 tempest-ServersNegativeTestJSON-969441015 tempest-ServersNegativeTestJSON-969441015-project-member] Request filter 'compute_status_filter' took 0.0 seconds {{(pid=96662) wrapper /opt/stack/nova/nova/scheduler/request_filter.py:46}}
Aug 01 13:49:48.256428 np0000006308 nova-scheduler[96662]: DEBUG nova.scheduler.request_filter [None req-262a809c-19c0-450e-9fef-5b6cee4b3c77 tempest-ServersNegativeTestJSON-969441015 tempest-ServersNegativeTestJSON-969441015-project-member] Request filter 'accelerators_filter' took 0.0 seconds {{(pid=96662) wrapper /opt/stack/nova/nova/scheduler/request_filter.py:46}}
Aug 01 13:49:48.256685 np0000006308 nova-scheduler[96662]: DEBUG nova.scheduler.request_filter [None req-262a809c-19c0-450e-9fef-5b6cee4b3c77 tempest-ServersNegativeTestJSON-969441015 tempest-ServersNegativeTestJSON-969441015-project-member] Request filter 'packed_virtqueue_filter' took 0.0 seconds {{(pid=96662) wrapper /opt/stack/nova/nova/scheduler/request_filter.py:46}}
Aug 01 13:49:48.257144 np0000006308 nova-scheduler[96662]: DEBUG nova.scheduler.request_filter [None req-262a809c-19c0-450e-9fef-5b6cee4b3c77 tempest-ServersNegativeTestJSON-969441015 tempest-ServersNegativeTestJSON-969441015-project-member] Request filter 'remote_managed_ports_filter' took 0.0 seconds {{(pid=96662) wrapper /opt/stack/nova/nova/scheduler/request_filter.py:46}}
Aug 01 13:49:48.257427 np0000006308 nova-scheduler[96662]: DEBUG nova.scheduler.request_filter [None req-262a809c-19c0-450e-9fef-5b6cee4b3c77 tempest-ServersNegativeTestJSON-969441015 tempest-ServersNegativeTestJSON-969441015-project-member] ephemeral_encryption_filter skipped {{(pid=96662) ephemeral_encryption_filter /opt/stack/nova/nova/scheduler/request_filter.py:426}}
Aug 01 13:49:48.257650 np0000006308 nova-scheduler[96662]: DEBUG nova.scheduler.request_filter [None req-262a809c-19c0-450e-9fef-5b6cee4b3c77 tempest-ServersNegativeTestJSON-969441015 tempest-ServersNegativeTestJSON-969441015-project-member] virtio_sound_filter skipped {{(pid=96662) virtio_sound_filter /opt/stack/nova/nova/scheduler/request_filter.py:460}}
Aug 01 13:49:48.257840 np0000006308 nova-scheduler[96662]: DEBUG nova.scheduler.request_filter [None req-262a809c-19c0-450e-9fef-5b6cee4b3c77 tempest-ServersNegativeTestJSON-969441015 tempest-ServersNegativeTestJSON-969441015-project-member] tpm_secret_security_filter skipped {{(pid=96662) tpm_secret_security_filter /opt/stack/nova/nova/scheduler/request_filter.py:477}}
Aug 01 13:49:48.957587 np0000006308 nova-scheduler[96662]: INFO nova.utils [None req-262a809c-19c0-450e-9fef-5b6cee4b3c77 tempest-ServersNegativeTestJSON-969441015 tempest-ServersNegativeTestJSON-969441015-project-member] The cell worker thread pool ForkProcess-2.cell_worker is initialized
Aug 01 13:49:48.957830 np0000006308 nova-scheduler[96662]: DEBUG oslo_concurrency.lockutils [None req-262a809c-19c0-450e-9fef-5b6cee4b3c77 tempest-ServersNegativeTestJSON-969441015 tempest-ServersNegativeTestJSON-969441015-project-member] Acquiring lock "931110e8-7476-46d9-b668-da264ee0bc62" by "nova.context.set_target_cell..get_or_set_cached_cell_and_set_connections" {{(pid=96662) inner /opt/stack/data/venv/lib/python3.12/site-packages/oslo_concurrency/lockutils.py:512}}
Aug 01 13:49:48.957830 np0000006308 nova-scheduler[96662]: DEBUG oslo_concurrency.lockutils [None req-262a809c-19c0-450e-9fef-5b6cee4b3c77 tempest-ServersNegativeTestJSON-969441015 tempest-ServersNegativeTestJSON-969441015-project-member] Lock "931110e8-7476-46d9-b668-da264ee0bc62" acquired by "nova.context.set_target_cell..get_or_set_cached_cell_and_set_connections" :: waited 0.000s {{(pid=96662) inner /opt/stack/data/venv/lib/python3.12/site-packages/oslo_concurrency/lockutils.py:525}}
Aug 01 13:49:48.959481 np0000006308 nova-scheduler[96662]: DEBUG oslo_concurrency.lockutils [None req-262a809c-19c0-450e-9fef-5b6cee4b3c77 tempest-ServersNegativeTestJSON-969441015 tempest-ServersNegativeTestJSON-969441015-project-member] Lock "931110e8-7476-46d9-b668-da264ee0bc62" "released" by "nova.context.set_target_cell..get_or_set_cached_cell_and_set_connections" :: held 0.001s {{(pid=96662) inner /opt/stack/data/venv/lib/python3.12/site-packages/oslo_concurrency/lockutils.py:544}}
Aug 01 13:49:48.963040 np0000006308 nova-scheduler[96662]: INFO dbcounter [None req-262a809c-19c0-450e-9fef-5b6cee4b3c77 tempest-ServersNegativeTestJSON-969441015 tempest-ServersNegativeTestJSON-969441015-project-member] Registered counter for database nova_cell1
Aug 01 13:49:49.013858 np0000006308 nova-scheduler[96662]: DEBUG oslo_db.sqlalchemy.engines [None req-262a809c-19c0-450e-9fef-5b6cee4b3c77 tempest-ServersNegativeTestJSON-969441015 tempest-ServersNegativeTestJSON-969441015-project-member] MySQL server mode set to STRICT_TRANS_TABLES,STRICT_ALL_TABLES,NO_ZERO_IN_DATE,NO_ZERO_DATE,ERROR_FOR_DIVISION_BY_ZERO,TRADITIONAL,NO_ENGINE_SUBSTITUTION {{(pid=96662) _check_effective_sql_mode /opt/stack/data/venv/lib/python3.12/site-packages/oslo_db/sqlalchemy/engines.py:325}}
Aug 01 13:49:49.024143 np0000006308 nova-scheduler[96662]: DEBUG dbcounter [-] [96662] Writer thread running {{(pid=96662) stat_writer /opt/stack/data/venv/lib/python3.12/site-packages/dbcounter.py:102}}
