May 28 02:44:10.891818 np0000001586 neutron-periodic-workers[88885]: DEBUG cotyledon.oslo_config_glue [-] database.connection_recycle_time = 3600 {{(pid=88885) log_opt_values /opt/stack/data/venv/lib/python3.12/site-packages/oslo_config/cfg.py:3256}}
May 28 02:44:10.891818 np0000001586 neutron-periodic-workers[88885]: DEBUG cotyledon.oslo_config_glue [-] database.connection_trace = False {{(pid=88885) log_opt_values /opt/stack/data/venv/lib/python3.12/site-packages/oslo_config/cfg.py:3256}}
May 28 02:44:10.892181 np0000001586 neutron-periodic-workers[88885]: DEBUG cotyledon.oslo_config_glue [-] database.db_inc_retry_interval = True {{(pid=88885) log_opt_values /opt/stack/data/venv/lib/python3.12/site-packages/oslo_config/cfg.py:3256}}
May 28 02:44:10.892181 np0000001586 neutron-periodic-workers[88885]: DEBUG cotyledon.oslo_config_glue [-] database.db_max_retries = 20 {{(pid=88885) log_opt_values /opt/stack/data/venv/lib/python3.12/site-packages/oslo_config/cfg.py:3256}}
May 28 02:44:10.892181 np0000001586 neutron-periodic-workers[88885]: DEBUG cotyledon.oslo_config_glue [-] database.db_max_retry_interval = 10 {{(pid=88885) log_opt_values /opt/stack/data/venv/lib/python3.12/site-packages/oslo_config/cfg.py:3256}}
May 28 02:44:10.892181 np0000001586 neutron-periodic-workers[88885]: DEBUG cotyledon.oslo_config_glue [-] database.db_retry_interval = 1 {{(pid=88885) log_opt_values /opt/stack/data/venv/lib/python3.12/site-packages/oslo_config/cfg.py:3256}}
May 28 02:44:10.892181 np0000001586 neutron-periodic-workers[88885]: DEBUG cotyledon.oslo_config_glue [-] database.max_overflow = 50 {{(pid=88885) log_opt_values /opt/stack/data/venv/lib/python3.12/site-packages/oslo_config/cfg.py:3256}}
May 28 02:44:10.892181 np0000001586 neutron-periodic-workers[88885]: DEBUG cotyledon.oslo_config_glue [-] database.max_pool_size = 5 {{(pid=88885) log_opt_values /opt/stack/data/venv/lib/python3.12/site-packages/oslo_config/cfg.py:3256}}
May 28 02:44:10.892181 np0000001586 neutron-periodic-workers[88885]: DEBUG cotyledon.oslo_config_glue [-] database.max_retries = 10 {{(pid=88885) log_opt_values /opt/stack/data/venv/lib/python3.12/site-packages/oslo_config/cfg.py:3256}}
May 28 02:44:10.892181 np0000001586 neutron-periodic-workers[88885]: DEBUG cotyledon.oslo_config_glue [-] database.mysql_sql_mode = TRADITIONAL {{(pid=88885) log_opt_values /opt/stack/data/venv/lib/python3.12/site-packages/oslo_config/cfg.py:3256}}
May 28 02:44:10.892181 np0000001586 neutron-periodic-workers[88885]: DEBUG cotyledon.oslo_config_glue [-] database.mysql_wsrep_sync_wait = None {{(pid=88885) log_opt_values /opt/stack/data/venv/lib/python3.12/site-packages/oslo_config/cfg.py:3256}}
May 28 02:44:10.892469 np0000001586 neutron-periodic-workers[88885]: DEBUG cotyledon.oslo_config_glue [-] database.pool_timeout = None {{(pid=88885) log_opt_values /opt/stack/data/venv/lib/python3.12/site-packages/oslo_config/cfg.py:3256}}
May 28 02:44:10.892469 np0000001586 neutron-periodic-workers[88885]: DEBUG cotyledon.oslo_config_glue [-] database.retry_interval = 10 {{(pid=88885) log_opt_values /opt/stack/data/venv/lib/python3.12/site-packages/oslo_config/cfg.py:3256}}
May 28 02:44:10.892469 np0000001586 neutron-periodic-workers[88885]: DEBUG cotyledon.oslo_config_glue [-] database.slave_connection = **** {{(pid=88885) log_opt_values /opt/stack/data/venv/lib/python3.12/site-packages/oslo_config/cfg.py:3256}}
May 28 02:44:10.892469 np0000001586 neutron-periodic-workers[88885]: DEBUG cotyledon.oslo_config_glue [-] database.sqlite_synchronous = True {{(pid=88885) log_opt_values /opt/stack/data/venv/lib/python3.12/site-packages/oslo_config/cfg.py:3256}}
May 28 02:44:10.892469 np0000001586 neutron-periodic-workers[88885]: DEBUG cotyledon.oslo_config_glue [-] database.synchronous_reader = True {{(pid=88885) log_opt_values /opt/stack/data/venv/lib/python3.12/site-packages/oslo_config/cfg.py:3256}}
May 28 02:44:10.892469 np0000001586 neutron-periodic-workers[88885]: DEBUG cotyledon.oslo_config_glue [-] database.use_db_reconnect = False {{(pid=88885) log_opt_values /opt/stack/data/venv/lib/python3.12/site-packages/oslo_config/cfg.py:3256}}
May 28 02:44:10.892469 np0000001586 neutron-periodic-workers[88885]: DEBUG cotyledon.oslo_config_glue [-] ovn.bfd_min_rx = 1000 {{(pid=88885) log_opt_values /opt/stack/data/venv/lib/python3.12/site-packages/oslo_config/cfg.py:3256}}
May 28 02:44:10.892469 np0000001586 neutron-periodic-workers[88885]: DEBUG cotyledon.oslo_config_glue [-] ovn.bfd_min_tx = 100 {{(pid=88885) log_opt_values /opt/stack/data/venv/lib/python3.12/site-packages/oslo_config/cfg.py:3256}}
May 28 02:44:10.892469 np0000001586 neutron-periodic-workers[88885]: DEBUG cotyledon.oslo_config_glue [-] ovn.bfd_mult = 3 {{(pid=88885) log_opt_values /opt/stack/data/venv/lib/python3.12/site-packages/oslo_config/cfg.py:3256}}
May 28 02:44:10.892779 np0000001586 neutron-periodic-workers[88885]: DEBUG cotyledon.oslo_config_glue [-] ovn.broadcast_arps_to_all_routers = True {{(pid=88885) log_opt_values /opt/stack/data/venv/lib/python3.12/site-packages/oslo_config/cfg.py:3256}}
May 28 02:44:10.892779 np0000001586 neutron-periodic-workers[88885]: DEBUG cotyledon.oslo_config_glue [-] ovn.dhcp_default_lease_time = 43200 {{(pid=88885) log_opt_values /opt/stack/data/venv/lib/python3.12/site-packages/oslo_config/cfg.py:3256}}
May 28 02:44:10.892779 np0000001586 neutron-periodic-workers[88885]: DEBUG cotyledon.oslo_config_glue [-] ovn.disable_ovn_dhcp_for_baremetal_ports = False {{(pid=88885) log_opt_values /opt/stack/data/venv/lib/python3.12/site-packages/oslo_config/cfg.py:3256}}
May 28 02:44:10.892779 np0000001586 neutron-periodic-workers[88885]: DEBUG cotyledon.oslo_config_glue [-] ovn.dns_records_ovn_owned = False {{(pid=88885) log_opt_values /opt/stack/data/venv/lib/python3.12/site-packages/oslo_config/cfg.py:3256}}
May 28 02:44:10.892779 np0000001586 neutron-periodic-workers[88885]: DEBUG cotyledon.oslo_config_glue [-] ovn.dns_servers = [] {{(pid=88885) log_opt_values /opt/stack/data/venv/lib/python3.12/site-packages/oslo_config/cfg.py:3256}}
May 28 02:44:10.892779 np0000001586 neutron-periodic-workers[88885]: DEBUG cotyledon.oslo_config_glue [-] ovn.enable_distributed_floating_ip = False {{(pid=88885) log_opt_values /opt/stack/data/venv/lib/python3.12/site-packages/oslo_config/cfg.py:3256}}
May 28 02:44:10.892779 np0000001586 neutron-periodic-workers[88885]: DEBUG cotyledon.oslo_config_glue [-] ovn.fdb_age_threshold = 300 {{(pid=88885) log_opt_values /opt/stack/data/venv/lib/python3.12/site-packages/oslo_config/cfg.py:3256}}
May 28 02:44:10.892779 np0000001586 neutron-periodic-workers[88885]: DEBUG cotyledon.oslo_config_glue [-] ovn.ha_failover_strategy = normal {{(pid=88885) log_opt_values /opt/stack/data/venv/lib/python3.12/site-packages/oslo_config/cfg.py:3256}}
May 28 02:44:10.892779 np0000001586 neutron-periodic-workers[88885]: DEBUG cotyledon.oslo_config_glue [-] ovn.live_migration_activation_strategy = rarp {{(pid=88885) log_opt_values /opt/stack/data/venv/lib/python3.12/site-packages/oslo_config/cfg.py:3256}}
May 28 02:44:10.893066 np0000001586 neutron-periodic-workers[88885]: DEBUG cotyledon.oslo_config_glue [-] ovn.localnet_learn_fdb = False {{(pid=88885) log_opt_values /opt/stack/data/venv/lib/python3.12/site-packages/oslo_config/cfg.py:3256}}
May 28 02:44:10.893066 np0000001586 neutron-periodic-workers[88885]: DEBUG cotyledon.oslo_config_glue [-] ovn.mac_binding_age_threshold = 300 {{(pid=88885) log_opt_values /opt/stack/data/venv/lib/python3.12/site-packages/oslo_config/cfg.py:3256}}
May 28 02:44:10.893066 np0000001586 neutron-periodic-workers[88885]: DEBUG cotyledon.oslo_config_glue [-] ovn.neutron_sync_mode = log {{(pid=88885) log_opt_values /opt/stack/data/venv/lib/python3.12/site-packages/oslo_config/cfg.py:3256}}
May 28 02:44:10.893066 np0000001586 neutron-periodic-workers[88885]: DEBUG cotyledon.oslo_config_glue [-] ovn.ovn_dhcp4_global_options = {} {{(pid=88885) log_opt_values /opt/stack/data/venv/lib/python3.12/site-packages/oslo_config/cfg.py:3256}}
May 28 02:44:10.893066 np0000001586 neutron-periodic-workers[88885]: DEBUG cotyledon.oslo_config_glue [-] ovn.ovn_dhcp6_global_options = {} {{(pid=88885) log_opt_values /opt/stack/data/venv/lib/python3.12/site-packages/oslo_config/cfg.py:3256}}
May 28 02:44:10.893066 np0000001586 neutron-periodic-workers[88885]: DEBUG cotyledon.oslo_config_glue [-] ovn.ovn_l3_scheduler = leastloaded {{(pid=88885) log_opt_values /opt/stack/data/venv/lib/python3.12/site-packages/oslo_config/cfg.py:3256}}
May 28 02:44:10.893066 np0000001586 neutron-periodic-workers[88885]: DEBUG cotyledon.oslo_config_glue [-] ovn.ovn_metadata_enabled = True {{(pid=88885) log_opt_values /opt/stack/data/venv/lib/python3.12/site-packages/oslo_config/cfg.py:3256}}
May 28 02:44:10.893066 np0000001586 neutron-periodic-workers[88885]: DEBUG cotyledon.oslo_config_glue [-] ovn.ovn_nb_ca_cert = /opt/stack/data/CA/int-ca/ca-chain.pem {{(pid=88885) log_opt_values /opt/stack/data/venv/lib/python3.12/site-packages/oslo_config/cfg.py:3256}}
May 28 02:44:10.893066 np0000001586 neutron-periodic-workers[88885]: DEBUG cotyledon.oslo_config_glue [-] ovn.ovn_nb_certificate = /opt/stack/data/CA/int-ca/devstack-cert.crt {{(pid=88885) log_opt_values /opt/stack/data/venv/lib/python3.12/site-packages/oslo_config/cfg.py:3256}}
May 28 02:44:10.893521 np0000001586 neutron-periodic-workers[88885]: DEBUG cotyledon.oslo_config_glue [-] ovn.ovn_nb_connection = ['ssl:10.4.3.36:6641'] {{(pid=88885) log_opt_values /opt/stack/data/venv/lib/python3.12/site-packages/oslo_config/cfg.py:3256}}
May 28 02:44:10.893521 np0000001586 neutron-periodic-workers[88885]: DEBUG cotyledon.oslo_config_glue [-] ovn.ovn_nb_private_key = /opt/stack/data/CA/int-ca/private/devstack-cert.key {{(pid=88885) log_opt_values /opt/stack/data/venv/lib/python3.12/site-packages/oslo_config/cfg.py:3256}}
May 28 02:44:10.893521 np0000001586 neutron-periodic-workers[88885]: DEBUG cotyledon.oslo_config_glue [-] ovn.ovn_router_indirect_snat = False {{(pid=88885) log_opt_values /opt/stack/data/venv/lib/python3.12/site-packages/oslo_config/cfg.py:3256}}
May 28 02:44:10.893521 np0000001586 neutron-periodic-workers[88885]: DEBUG cotyledon.oslo_config_glue [-] ovn.ovn_sb_ca_cert = /opt/stack/data/CA/int-ca/ca-chain.pem {{(pid=88885) log_opt_values /opt/stack/data/venv/lib/python3.12/site-packages/oslo_config/cfg.py:3256}}
May 28 02:44:10.893521 np0000001586 neutron-periodic-workers[88885]: DEBUG cotyledon.oslo_config_glue [-] ovn.ovn_sb_certificate = /opt/stack/data/CA/int-ca/devstack-cert.crt {{(pid=88885) log_opt_values /opt/stack/data/venv/lib/python3.12/site-packages/oslo_config/cfg.py:3256}}
May 28 02:44:10.893521 np0000001586 neutron-periodic-workers[88885]: DEBUG cotyledon.oslo_config_glue [-] ovn.ovn_sb_connection = ['ssl:10.4.3.36:6642'] {{(pid=88885) log_opt_values /opt/stack/data/venv/lib/python3.12/site-packages/oslo_config/cfg.py:3256}}
May 28 02:44:10.893521 np0000001586 neutron-periodic-workers[88885]: DEBUG cotyledon.oslo_config_glue [-] ovn.ovn_sb_private_key = /opt/stack/data/CA/int-ca/private/devstack-cert.key {{(pid=88885) log_opt_values /opt/stack/data/venv/lib/python3.12/site-packages/oslo_config/cfg.py:3256}}
May 28 02:44:10.893521 np0000001586 neutron-periodic-workers[88885]: DEBUG cotyledon.oslo_config_glue [-] ovn.ovs_create_tap = False {{(pid=88885) log_opt_values /opt/stack/data/venv/lib/python3.12/site-packages/oslo_config/cfg.py:3256}}
May 28 02:44:10.894199 np0000001586 neutron-periodic-workers[88885]: DEBUG cotyledon.oslo_config_glue [-] ovn.ovsdb_connection_timeout = 180 {{(pid=88885) log_opt_values /opt/stack/data/venv/lib/python3.12/site-packages/oslo_config/cfg.py:3256}}
May 28 02:44:10.894199 np0000001586 neutron-periodic-workers[88885]: DEBUG cotyledon.oslo_config_glue [-] ovn.ovsdb_log_level = INFO {{(pid=88885) log_opt_values /opt/stack/data/venv/lib/python3.12/site-packages/oslo_config/cfg.py:3256}}
May 28 02:44:10.894199 np0000001586 neutron-periodic-workers[88885]: DEBUG cotyledon.oslo_config_glue [-] ovn.ovsdb_probe_interval = 60000 {{(pid=88885) log_opt_values /opt/stack/data/venv/lib/python3.12/site-packages/oslo_config/cfg.py:3256}}
May 28 02:44:10.894199 np0000001586 neutron-periodic-workers[88885]: DEBUG cotyledon.oslo_config_glue [-] ovn.ovsdb_retry_max_interval = 180 {{(pid=88885) log_opt_values /opt/stack/data/venv/lib/python3.12/site-packages/oslo_config/cfg.py:3256}}
May 28 02:44:10.894199 np0000001586 neutron-periodic-workers[88885]: DEBUG cotyledon.oslo_config_glue [-] ovn.stateless_nat_enabled = False {{(pid=88885) log_opt_values /opt/stack/data/venv/lib/python3.12/site-packages/oslo_config/cfg.py:3256}}
May 28 02:44:10.894199 np0000001586 neutron-periodic-workers[88885]: DEBUG cotyledon.oslo_config_glue [-] ovn.vhost_sock_dir = /var/run/openvswitch {{(pid=88885) log_opt_values /opt/stack/data/venv/lib/python3.12/site-packages/oslo_config/cfg.py:3256}}
May 28 02:44:10.894199 np0000001586 neutron-periodic-workers[88885]: DEBUG cotyledon.oslo_config_glue [-] OVS.bridge_mac_table_size = 50000 {{(pid=88885) log_opt_values /opt/stack/data/venv/lib/python3.12/site-packages/oslo_config/cfg.py:3256}}
May 28 02:44:10.894199 np0000001586 neutron-periodic-workers[88885]: DEBUG cotyledon.oslo_config_glue [-] OVS.igmp_flood = False {{(pid=88885) log_opt_values /opt/stack/data/venv/lib/python3.12/site-packages/oslo_config/cfg.py:3256}}
May 28 02:44:10.894199 np0000001586 neutron-periodic-workers[88885]: DEBUG cotyledon.oslo_config_glue [-] OVS.igmp_flood_reports = True {{(pid=88885) log_opt_values /opt/stack/data/venv/lib/python3.12/site-packages/oslo_config/cfg.py:3256}}
May 28 02:44:10.894563 np0000001586 neutron-periodic-workers[88885]: DEBUG cotyledon.oslo_config_glue [-] OVS.igmp_flood_unregistered = False {{(pid=88885) log_opt_values /opt/stack/data/venv/lib/python3.12/site-packages/oslo_config/cfg.py:3256}}
May 28 02:44:10.894563 np0000001586 neutron-periodic-workers[88885]: DEBUG cotyledon.oslo_config_glue [-] OVS.igmp_snooping_enable = False {{(pid=88885) log_opt_values /opt/stack/data/venv/lib/python3.12/site-packages/oslo_config/cfg.py:3256}}
May 28 02:44:10.894563 np0000001586 neutron-periodic-workers[88885]: DEBUG cotyledon.oslo_config_glue [-] OVS.ovsdb_timeout = 10 {{(pid=88885) log_opt_values /opt/stack/data/venv/lib/python3.12/site-packages/oslo_config/cfg.py:3256}}
May 28 02:44:10.894563 np0000001586 neutron-periodic-workers[88885]: DEBUG cotyledon.oslo_config_glue [-] ovn_nb_global.fdb_removal_limit = 0 {{(pid=88885) log_opt_values /opt/stack/data/venv/lib/python3.12/site-packages/oslo_config/cfg.py:3256}}
May 28 02:44:10.894563 np0000001586 neutron-periodic-workers[88885]: DEBUG cotyledon.oslo_config_glue [-] ovn_nb_global.ignore_lsp_down = False {{(pid=88885) log_opt_values /opt/stack/data/venv/lib/python3.12/site-packages/oslo_config/cfg.py:3256}}
May 28 02:44:10.894563 np0000001586 neutron-periodic-workers[88885]: DEBUG cotyledon.oslo_config_glue [-] ovn_nb_global.mac_binding_removal_limit = 0 {{(pid=88885) log_opt_values /opt/stack/data/venv/lib/python3.12/site-packages/oslo_config/cfg.py:3256}}
May 28 02:44:10.894563 np0000001586 neutron-periodic-workers[88885]: DEBUG cotyledon.oslo_config_glue [-] ******************************************************************************** {{(pid=88885) log_opt_values /opt/stack/data/venv/lib/python3.12/site-packages/oslo_config/cfg.py:3263}}
May 28 02:44:10.894563 np0000001586 neutron-periodic-workers[88885]: DEBUG cotyledon._service_worker [-] Run service ServiceWrapper(0) [88885] {{(pid=88885) wait_forever /opt/stack/data/venv/lib/python3.12/site-packages/cotyledon/_service_worker.py:218}}
May 28 02:44:10.894563 np0000001586 neutron-periodic-workers[88885]: DEBUG neutron.worker [-] PeriodicWorker start called, description: Periodic worker for "AgentSchedulerDbMixin" {{(pid=88885) wrapper /opt/stack/neutron/neutron/common/utils.py:197}}
May 28 02:44:10.894983 np0000001586 neutron-periodic-workers[88885]: DEBUG neutron.worker [-] PeriodicWorker start finished, description: Periodic worker for "AgentSchedulerDbMixin" {{(pid=88885) wrapper /opt/stack/neutron/neutron/common/utils.py:200}}
May 28 02:44:10.894983 np0000001586 neutron-periodic-workers[88885]: DEBUG neutron.worker [-] PeriodicWorker wait called, description: Periodic worker for "AgentSchedulerDbMixin" {{(pid=88885) wrapper /opt/stack/neutron/neutron/common/utils.py:197}}
May 28 02:44:20.518155 np0000001586 neutron-periodic-workers[87991]: DEBUG dbcounter [-] [87991] Writing DB stats neutron:SELECT=4 {{(pid=87991) stat_writer /opt/stack/data/venv/lib/python3.12/site-packages/dbcounter.py:115}}
May 28 02:45:01.894414 np0000001586 neutron-periodic-workers[88885]: DEBUG oslo_db.sqlalchemy.engines [None req-3f172a07-ed8b-4fc2-9fdc-ac60c0609057 None None] Parent process 87991 forked (88885) with an open database connection, which is being discarded and recreated. {{(pid=88885) checkout /opt/stack/data/venv/lib/python3.12/site-packages/oslo_db/sqlalchemy/engines.py:402}}
May 28 02:45:01.955586 np0000001586 neutron-periodic-workers[88885]: DEBUG dbcounter [-] [88885] Writer thread running {{(pid=88885) stat_writer /opt/stack/data/venv/lib/python3.12/site-packages/dbcounter.py:102}}
May 28 02:45:01.970251 np0000001586 neutron-periodic-workers[88885]: DEBUG oslo.service.backend._threading.loopingcall [None req-3f172a07-ed8b-4fc2-9fdc-ac60c0609057 None None] Fixed interval looping call 'neutron.plugins.ml2.plugin.DhcpAgentSchedulerDbMixin.remove_networks_from_down_agents' sleeping for 36.92 seconds {{(pid=88885) _run_loop /opt/stack/data/venv/lib/python3.12/site-packages/oslo_service/backend/_threading/loopingcall.py:125}}
May 28 02:45:05.902924 np0000001586 neutron-periodic-workers[88894]: DEBUG dbcounter [-] [88894] Writer thread running {{(pid=88894) stat_writer /opt/stack/data/venv/lib/python3.12/site-packages/dbcounter.py:102}}
May 28 02:45:05.905489 np0000001586 neutron-periodic-workers[88894]: DEBUG neutron.db.agents_db [None req-1a33f604-647d-46ff-89cb-1b7869a33fc6 None None] Agent healthcheck: found 0 active agents {{(pid=88894) agent_health_check /opt/stack/neutron/neutron/db/agents_db.py:322}}
May 28 02:45:05.905810 np0000001586 neutron-periodic-workers[88894]: DEBUG oslo.service.backend._threading.loopingcall [None req-1a33f604-647d-46ff-89cb-1b7869a33fc6 None None] Fixed interval looping call 'neutron.plugins.ml2.plugin.AgentDbMixin.agent_health_check' sleeping for 36.95 seconds {{(pid=88894) _run_loop /opt/stack/data/venv/lib/python3.12/site-packages/oslo_service/backend/_threading/loopingcall.py:125}}
May 28 02:45:11.968634 np0000001586 neutron-periodic-workers[88885]: DEBUG dbcounter [-] [88885] Writing DB stats neutron:SELECT=3 {{(pid=88885) stat_writer /opt/stack/data/venv/lib/python3.12/site-packages/dbcounter.py:115}}
May 28 02:45:15.903367 np0000001586 neutron-periodic-workers[88894]: DEBUG dbcounter [-] [88894] Writing DB stats neutron:SELECT=1 {{(pid=88894) stat_writer /opt/stack/data/venv/lib/python3.12/site-packages/dbcounter.py:115}}
May 28 02:45:38.896357 np0000001586 neutron-periodic-workers[88885]: DEBUG oslo.service.backend._threading.loopingcall [None req-3f172a07-ed8b-4fc2-9fdc-ac60c0609057 None None] Fixed interval looping call 'neutron.plugins.ml2.plugin.DhcpAgentSchedulerDbMixin.remove_networks_from_down_agents' sleeping for 36.99 seconds {{(pid=88885) _run_loop /opt/stack/data/venv/lib/python3.12/site-packages/oslo_service/backend/_threading/loopingcall.py:125}}
May 28 02:45:42.859630 np0000001586 neutron-periodic-workers[88894]: DEBUG neutron.db.agents_db [None req-1a33f604-647d-46ff-89cb-1b7869a33fc6 None None] Agent healthcheck: found 0 active agents {{(pid=88894) agent_health_check /opt/stack/neutron/neutron/db/agents_db.py:322}}
May 28 02:45:42.860116 np0000001586 neutron-periodic-workers[88894]: DEBUG oslo.service.backend._threading.loopingcall [None req-1a33f604-647d-46ff-89cb-1b7869a33fc6 None None] Fixed interval looping call 'neutron.plugins.ml2.plugin.AgentDbMixin.agent_health_check' sleeping for 37.00 seconds {{(pid=88894) _run_loop /opt/stack/data/venv/lib/python3.12/site-packages/oslo_service/backend/_threading/loopingcall.py:125}}
May 28 02:45:48.895471 np0000001586 neutron-periodic-workers[88885]: DEBUG dbcounter [-] [88885] Writing DB stats neutron:SELECT=3 {{(pid=88885) stat_writer /opt/stack/data/venv/lib/python3.12/site-packages/dbcounter.py:115}}
May 28 02:45:52.859103 np0000001586 neutron-periodic-workers[88894]: DEBUG dbcounter [-] [88894] Writing DB stats neutron:SELECT=1 {{(pid=88894) stat_writer /opt/stack/data/venv/lib/python3.12/site-packages/dbcounter.py:115}}
May 28 02:46:10.919102 np0000001586 neutron-periodic-workers[88900]: DEBUG dbcounter [-] [88900] Writer thread running {{(pid=88900) stat_writer /opt/stack/data/venv/lib/python3.12/site-packages/dbcounter.py:102}}
May 28 02:46:10.920681 np0000001586 neutron-periodic-workers[88900]: DEBUG oslo.service.backend._threading.loopingcall [None req-f6da92a6-f076-4636-850c-a8dc9057acd2 None None] Fixed interval looping call 'neutron.db.quota.driver_nolock.DbQuotaNoLockDriver._remove_expired_reservations' sleeping for 119.96 seconds {{(pid=88900) _run_loop /opt/stack/data/venv/lib/python3.12/site-packages/oslo_service/backend/_threading/loopingcall.py:125}}
May 28 02:46:15.892034 np0000001586 neutron-periodic-workers[88885]: DEBUG oslo.service.backend._threading.loopingcall [None req-3f172a07-ed8b-4fc2-9fdc-ac60c0609057 None None] Fixed interval looping call 'neutron.plugins.ml2.plugin.DhcpAgentSchedulerDbMixin.remove_networks_from_down_agents' sleeping for 36.99 seconds {{(pid=88885) _run_loop /opt/stack/data/venv/lib/python3.12/site-packages/oslo_service/backend/_threading/loopingcall.py:125}}
May 28 02:46:19.862947 np0000001586 neutron-periodic-workers[88894]: DEBUG neutron.db.agents_db [None req-1a33f604-647d-46ff-89cb-1b7869a33fc6 None None] Agent healthcheck: found 0 active agents {{(pid=88894) agent_health_check /opt/stack/neutron/neutron/db/agents_db.py:322}}
May 28 02:46:19.863404 np0000001586 neutron-periodic-workers[88894]: DEBUG oslo.service.backend._threading.loopingcall [None req-1a33f604-647d-46ff-89cb-1b7869a33fc6 None None] Fixed interval looping call 'neutron.plugins.ml2.plugin.AgentDbMixin.agent_health_check' sleeping for 37.00 seconds {{(pid=88894) _run_loop /opt/stack/data/venv/lib/python3.12/site-packages/oslo_service/backend/_threading/loopingcall.py:125}}
May 28 02:46:20.919551 np0000001586 neutron-periodic-workers[88900]: DEBUG dbcounter [-] [88900] Writing DB stats neutron:DELETE=1 {{(pid=88900) stat_writer /opt/stack/data/venv/lib/python3.12/site-packages/dbcounter.py:115}}
May 28 02:46:25.891637 np0000001586 neutron-periodic-workers[88885]: DEBUG dbcounter [-] [88885] Writing DB stats neutron:SELECT=3 {{(pid=88885) stat_writer /opt/stack/data/venv/lib/python3.12/site-packages/dbcounter.py:115}}
May 28 02:46:29.861926 np0000001586 neutron-periodic-workers[88894]: DEBUG dbcounter [-] [88894] Writing DB stats neutron:SELECT=1 {{(pid=88894) stat_writer /opt/stack/data/venv/lib/python3.12/site-packages/dbcounter.py:115}}
May 28 02:46:52.891239 np0000001586 neutron-periodic-workers[88885]: DEBUG oslo.service.backend._threading.loopingcall [None req-3f172a07-ed8b-4fc2-9fdc-ac60c0609057 None None] Fixed interval looping call 'neutron.plugins.ml2.plugin.DhcpAgentSchedulerDbMixin.remove_networks_from_down_agents' sleeping for 36.99 seconds {{(pid=88885) _run_loop /opt/stack/data/venv/lib/python3.12/site-packages/oslo_service/backend/_threading/loopingcall.py:125}}
May 28 02:46:56.866073 np0000001586 neutron-periodic-workers[88894]: DEBUG neutron.db.agents_db [None req-1a33f604-647d-46ff-89cb-1b7869a33fc6 None None] Agent healthcheck: found 0 active agents {{(pid=88894) agent_health_check /opt/stack/neutron/neutron/db/agents_db.py:322}}
May 28 02:46:56.866519 np0000001586 neutron-periodic-workers[88894]: DEBUG oslo.service.backend._threading.loopingcall [None req-1a33f604-647d-46ff-89cb-1b7869a33fc6 None None] Fixed interval looping call 'neutron.plugins.ml2.plugin.AgentDbMixin.agent_health_check' sleeping for 37.00 seconds {{(pid=88894) _run_loop /opt/stack/data/venv/lib/python3.12/site-packages/oslo_service/backend/_threading/loopingcall.py:125}}
May 28 02:47:02.890948 np0000001586 neutron-periodic-workers[88885]: DEBUG dbcounter [-] [88885] Writing DB stats neutron:SELECT=3 {{(pid=88885) stat_writer /opt/stack/data/venv/lib/python3.12/site-packages/dbcounter.py:115}}
May 28 02:47:06.865128 np0000001586 neutron-periodic-workers[88894]: DEBUG dbcounter [-] [88894] Writing DB stats neutron:SELECT=1 {{(pid=88894) stat_writer /opt/stack/data/venv/lib/python3.12/site-packages/dbcounter.py:115}}
May 28 02:47:29.892069 np0000001586 neutron-periodic-workers[88885]: DEBUG oslo.service.backend._threading.loopingcall [None req-3f172a07-ed8b-4fc2-9fdc-ac60c0609057 None None] Fixed interval looping call 'neutron.plugins.ml2.plugin.DhcpAgentSchedulerDbMixin.remove_networks_from_down_agents' sleeping for 36.99 seconds {{(pid=88885) _run_loop /opt/stack/data/venv/lib/python3.12/site-packages/oslo_service/backend/_threading/loopingcall.py:125}}
May 28 02:47:33.869461 np0000001586 neutron-periodic-workers[88894]: DEBUG neutron.db.agents_db [None req-1a33f604-647d-46ff-89cb-1b7869a33fc6 None None] Agent healthcheck: found 0 active agents {{(pid=88894) agent_health_check /opt/stack/neutron/neutron/db/agents_db.py:322}}
May 28 02:47:33.869461 np0000001586 neutron-periodic-workers[88894]: DEBUG oslo.service.backend._threading.loopingcall [None req-1a33f604-647d-46ff-89cb-1b7869a33fc6 None None] Fixed interval looping call 'neutron.plugins.ml2.plugin.AgentDbMixin.agent_health_check' sleeping for 37.00 seconds {{(pid=88894) _run_loop /opt/stack/data/venv/lib/python3.12/site-packages/oslo_service/backend/_threading/loopingcall.py:125}}
May 28 02:47:33.906007 np0000001586 neutron-periodic-workers[88869]: DEBUG dbcounter [-] [88869] Writer thread running {{(pid=88869) stat_writer /opt/stack/data/venv/lib/python3.12/site-packages/dbcounter.py:102}}
May 28 02:47:33.917471 np0000001586 neutron-periodic-workers[88869]: DEBUG oslo.service.backend._threading.loopingcall [None req-ee5acff6-7cf0-4c9e-a2f5-601f1643c93a None None] Fixed interval looping call 'neutron.services.ovn_l3.plugin.L3_NAT_dbonly_mixin._clean_garbage' sleeping for 299.91 seconds {{(pid=88869) _run_loop /opt/stack/data/venv/lib/python3.12/site-packages/oslo_service/backend/_threading/loopingcall.py:125}}
May 28 02:47:39.888656 np0000001586 neutron-periodic-workers[88885]: DEBUG dbcounter [-] [88885] Writing DB stats neutron:SELECT=3 {{(pid=88885) stat_writer /opt/stack/data/venv/lib/python3.12/site-packages/dbcounter.py:115}}
May 28 02:47:43.868330 np0000001586 neutron-periodic-workers[88894]: DEBUG dbcounter [-] [88894] Writing DB stats neutron:SELECT=1 {{(pid=88894) stat_writer /opt/stack/data/venv/lib/python3.12/site-packages/dbcounter.py:115}}
May 28 02:47:43.906417 np0000001586 neutron-periodic-workers[88869]: DEBUG dbcounter [-] [88869] Writing DB stats neutron:SELECT=1 {{(pid=88869) stat_writer /opt/stack/data/venv/lib/python3.12/site-packages/dbcounter.py:115}}
May 28 02:48:06.896855 np0000001586 neutron-periodic-workers[88885]: DEBUG oslo.service.backend._threading.loopingcall [None req-3f172a07-ed8b-4fc2-9fdc-ac60c0609057 None None] Fixed interval looping call 'neutron.plugins.ml2.plugin.DhcpAgentSchedulerDbMixin.remove_networks_from_down_agents' sleeping for 36.99 seconds {{(pid=88885) _run_loop /opt/stack/data/venv/lib/python3.12/site-packages/oslo_service/backend/_threading/loopingcall.py:125}}
May 28 02:48:10.875201 np0000001586 neutron-periodic-workers[88894]: DEBUG neutron.db.agents_db [None req-1a33f604-647d-46ff-89cb-1b7869a33fc6 None None] Agent healthcheck: found 0 active agents {{(pid=88894) agent_health_check /opt/stack/neutron/neutron/db/agents_db.py:322}}
May 28 02:48:10.875459 np0000001586 neutron-periodic-workers[88894]: DEBUG oslo.service.backend._threading.loopingcall [None req-1a33f604-647d-46ff-89cb-1b7869a33fc6 None None] Fixed interval looping call 'neutron.plugins.ml2.plugin.AgentDbMixin.agent_health_check' sleeping for 37.00 seconds {{(pid=88894) _run_loop /opt/stack/data/venv/lib/python3.12/site-packages/oslo_service/backend/_threading/loopingcall.py:125}}
May 28 02:48:10.893606 np0000001586 neutron-periodic-workers[88900]: DEBUG oslo.service.backend._threading.loopingcall [None req-f6da92a6-f076-4636-850c-a8dc9057acd2 None None] Fixed interval looping call 'neutron.db.quota.driver_nolock.DbQuotaNoLockDriver._remove_expired_reservations' sleeping for 119.99 seconds {{(pid=88900) _run_loop /opt/stack/data/venv/lib/python3.12/site-packages/oslo_service/backend/_threading/loopingcall.py:125}}
May 28 02:48:16.891457 np0000001586 neutron-periodic-workers[88885]: DEBUG dbcounter [-] [88885] Writing DB stats neutron:SELECT=3 {{(pid=88885) stat_writer /opt/stack/data/venv/lib/python3.12/site-packages/dbcounter.py:115}}
May 28 02:48:20.875192 np0000001586 neutron-periodic-workers[88894]: DEBUG dbcounter [-] [88894] Writing DB stats neutron:SELECT=1 {{(pid=88894) stat_writer /opt/stack/data/venv/lib/python3.12/site-packages/dbcounter.py:115}}
May 28 02:48:20.892488 np0000001586 neutron-periodic-workers[88900]: DEBUG dbcounter [-] [88900] Writing DB stats neutron:DELETE=1 {{(pid=88900) stat_writer /opt/stack/data/venv/lib/python3.12/site-packages/dbcounter.py:115}}
May 28 02:48:43.896815 np0000001586 neutron-periodic-workers[88885]: DEBUG oslo.service.backend._threading.loopingcall [None req-3f172a07-ed8b-4fc2-9fdc-ac60c0609057 None None] Fixed interval looping call 'neutron.plugins.ml2.plugin.DhcpAgentSchedulerDbMixin.remove_networks_from_down_agents' sleeping for 36.99 seconds {{(pid=88885) _run_loop /opt/stack/data/venv/lib/python3.12/site-packages/oslo_service/backend/_threading/loopingcall.py:125}}
May 28 02:48:47.878608 np0000001586 neutron-periodic-workers[88894]: DEBUG neutron.db.agents_db [None req-1a33f604-647d-46ff-89cb-1b7869a33fc6 None None] Agent healthcheck: found 0 active agents {{(pid=88894) agent_health_check /opt/stack/neutron/neutron/db/agents_db.py:322}}
May 28 02:48:47.879005 np0000001586 neutron-periodic-workers[88894]: DEBUG oslo.service.backend._threading.loopingcall [None req-1a33f604-647d-46ff-89cb-1b7869a33fc6 None None] Fixed interval looping call 'neutron.plugins.ml2.plugin.AgentDbMixin.agent_health_check' sleeping for 37.00 seconds {{(pid=88894) _run_loop /opt/stack/data/venv/lib/python3.12/site-packages/oslo_service/backend/_threading/loopingcall.py:125}}
May 28 02:48:53.895947 np0000001586 neutron-periodic-workers[88885]: DEBUG dbcounter [-] [88885] Writing DB stats neutron:SELECT=3 {{(pid=88885) stat_writer /opt/stack/data/venv/lib/python3.12/site-packages/dbcounter.py:115}}
May 28 02:48:57.877783 np0000001586 neutron-periodic-workers[88894]: DEBUG dbcounter [-] [88894] Writing DB stats neutron:SELECT=1 {{(pid=88894) stat_writer /opt/stack/data/venv/lib/python3.12/site-packages/dbcounter.py:115}}
May 28 02:49:20.893419 np0000001586 neutron-periodic-workers[88885]: DEBUG oslo.service.backend._threading.loopingcall [None req-3f172a07-ed8b-4fc2-9fdc-ac60c0609057 None None] Fixed interval looping call 'neutron.plugins.ml2.plugin.DhcpAgentSchedulerDbMixin.remove_networks_from_down_agents' sleeping for 36.99 seconds {{(pid=88885) _run_loop /opt/stack/data/venv/lib/python3.12/site-packages/oslo_service/backend/_threading/loopingcall.py:125}}
May 28 02:49:24.887332 np0000001586 neutron-periodic-workers[88894]: DEBUG neutron.db.agents_db [None req-1a33f604-647d-46ff-89cb-1b7869a33fc6 None None] Agent healthcheck: found 0 active agents {{(pid=88894) agent_health_check /opt/stack/neutron/neutron/db/agents_db.py:322}}
May 28 02:49:24.887807 np0000001586 neutron-periodic-workers[88894]: DEBUG oslo.service.backend._threading.loopingcall [None req-1a33f604-647d-46ff-89cb-1b7869a33fc6 None None] Fixed interval looping call 'neutron.plugins.ml2.plugin.AgentDbMixin.agent_health_check' sleeping for 36.99 seconds {{(pid=88894) _run_loop /opt/stack/data/venv/lib/python3.12/site-packages/oslo_service/backend/_threading/loopingcall.py:125}}
May 28 02:49:30.892591 np0000001586 neutron-periodic-workers[88885]: DEBUG dbcounter [-] [88885] Writing DB stats neutron:SELECT=3 {{(pid=88885) stat_writer /opt/stack/data/venv/lib/python3.12/site-packages/dbcounter.py:115}}
May 28 02:49:34.882920 np0000001586 neutron-periodic-workers[88894]: DEBUG dbcounter [-] [88894] Writing DB stats neutron:SELECT=1 {{(pid=88894) stat_writer /opt/stack/data/venv/lib/python3.12/site-packages/dbcounter.py:115}}
May 28 02:49:57.896547 np0000001586 neutron-periodic-workers[88885]: DEBUG oslo.service.backend._threading.loopingcall [None req-3f172a07-ed8b-4fc2-9fdc-ac60c0609057 None None] Fixed interval looping call 'neutron.plugins.ml2.plugin.DhcpAgentSchedulerDbMixin.remove_networks_from_down_agents' sleeping for 36.99 seconds {{(pid=88885) _run_loop /opt/stack/data/venv/lib/python3.12/site-packages/oslo_service/backend/_threading/loopingcall.py:125}}
May 28 02:50:01.881703 np0000001586 neutron-periodic-workers[88894]: DEBUG neutron.db.agents_db [None req-1a33f604-647d-46ff-89cb-1b7869a33fc6 None None] Agent healthcheck: found 0 active agents {{(pid=88894) agent_health_check /opt/stack/neutron/neutron/db/agents_db.py:322}}
May 28 02:50:01.882198 np0000001586 neutron-periodic-workers[88894]: DEBUG oslo.service.backend._threading.loopingcall [None req-1a33f604-647d-46ff-89cb-1b7869a33fc6 None None] Fixed interval looping call 'neutron.plugins.ml2.plugin.AgentDbMixin.agent_health_check' sleeping for 37.00 seconds {{(pid=88894) _run_loop /opt/stack/data/venv/lib/python3.12/site-packages/oslo_service/backend/_threading/loopingcall.py:125}}
May 28 02:50:07.895422 np0000001586 neutron-periodic-workers[88885]: DEBUG dbcounter [-] [88885] Writing DB stats neutron:SELECT=3 {{(pid=88885) stat_writer /opt/stack/data/venv/lib/python3.12/site-packages/dbcounter.py:115}}
May 28 02:50:10.888899 np0000001586 neutron-periodic-workers[88900]: DEBUG oslo.service.backend._threading.loopingcall [None req-f6da92a6-f076-4636-850c-a8dc9057acd2 None None] Fixed interval looping call 'neutron.db.quota.driver_nolock.DbQuotaNoLockDriver._remove_expired_reservations' sleeping for 120.00 seconds {{(pid=88900) _run_loop /opt/stack/data/venv/lib/python3.12/site-packages/oslo_service/backend/_threading/loopingcall.py:125}}
May 28 02:50:11.880238 np0000001586 neutron-periodic-workers[88894]: DEBUG dbcounter [-] [88894] Writing DB stats neutron:SELECT=1 {{(pid=88894) stat_writer /opt/stack/data/venv/lib/python3.12/site-packages/dbcounter.py:115}}
May 28 02:50:20.887882 np0000001586 neutron-periodic-workers[88900]: DEBUG dbcounter [-] [88900] Writing DB stats neutron:DELETE=1 {{(pid=88900) stat_writer /opt/stack/data/venv/lib/python3.12/site-packages/dbcounter.py:115}}
May 28 02:50:34.899954 np0000001586 neutron-periodic-workers[88885]: DEBUG oslo.service.backend._threading.loopingcall [None req-3f172a07-ed8b-4fc2-9fdc-ac60c0609057 None None] Fixed interval looping call 'neutron.plugins.ml2.plugin.DhcpAgentSchedulerDbMixin.remove_networks_from_down_agents' sleeping for 36.99 seconds {{(pid=88885) _run_loop /opt/stack/data/venv/lib/python3.12/site-packages/oslo_service/backend/_threading/loopingcall.py:125}}
May 28 02:50:38.885575 np0000001586 neutron-periodic-workers[88894]: DEBUG neutron.db.agents_db [None req-1a33f604-647d-46ff-89cb-1b7869a33fc6 None None] Agent healthcheck: found 0 active agents {{(pid=88894) agent_health_check /opt/stack/neutron/neutron/db/agents_db.py:322}}
May 28 02:50:38.885979 np0000001586 neutron-periodic-workers[88894]: DEBUG oslo.service.backend._threading.loopingcall [None req-1a33f604-647d-46ff-89cb-1b7869a33fc6 None None] Fixed interval looping call 'neutron.plugins.ml2.plugin.AgentDbMixin.agent_health_check' sleeping for 37.00 seconds {{(pid=88894) _run_loop /opt/stack/data/venv/lib/python3.12/site-packages/oslo_service/backend/_threading/loopingcall.py:125}}
May 28 02:50:44.899125 np0000001586 neutron-periodic-workers[88885]: DEBUG dbcounter [-] [88885] Writing DB stats neutron:SELECT=3 {{(pid=88885) stat_writer /opt/stack/data/venv/lib/python3.12/site-packages/dbcounter.py:115}}
May 28 02:50:48.885027 np0000001586 neutron-periodic-workers[88894]: DEBUG dbcounter [-] [88894] Writing DB stats neutron:SELECT=1 {{(pid=88894) stat_writer /opt/stack/data/venv/lib/python3.12/site-packages/dbcounter.py:115}}
May 28 02:51:11.898994 np0000001586 neutron-periodic-workers[88885]: DEBUG oslo.service.backend._threading.loopingcall [None req-3f172a07-ed8b-4fc2-9fdc-ac60c0609057 None None] Fixed interval looping call 'neutron.plugins.ml2.plugin.DhcpAgentSchedulerDbMixin.remove_networks_from_down_agents' sleeping for 36.99 seconds {{(pid=88885) _run_loop /opt/stack/data/venv/lib/python3.12/site-packages/oslo_service/backend/_threading/loopingcall.py:125}}
May 28 02:51:15.892347 np0000001586 neutron-periodic-workers[88894]: DEBUG neutron.db.agents_db [None req-1a33f604-647d-46ff-89cb-1b7869a33fc6 None None] Agent healthcheck: found 0 active agents {{(pid=88894) agent_health_check /opt/stack/neutron/neutron/db/agents_db.py:322}}
May 28 02:51:15.892793 np0000001586 neutron-periodic-workers[88894]: DEBUG oslo.service.backend._threading.loopingcall [None req-1a33f604-647d-46ff-89cb-1b7869a33fc6 None None] Fixed interval looping call 'neutron.plugins.ml2.plugin.AgentDbMixin.agent_health_check' sleeping for 36.99 seconds {{(pid=88894) _run_loop /opt/stack/data/venv/lib/python3.12/site-packages/oslo_service/backend/_threading/loopingcall.py:125}}
May 28 02:51:21.897057 np0000001586 neutron-periodic-workers[88885]: DEBUG dbcounter [-] [88885] Writing DB stats neutron:SELECT=3 {{(pid=88885) stat_writer /opt/stack/data/venv/lib/python3.12/site-packages/dbcounter.py:115}}
May 28 02:51:25.888630 np0000001586 neutron-periodic-workers[88894]: DEBUG dbcounter [-] [88894] Writing DB stats neutron:SELECT=1 {{(pid=88894) stat_writer /opt/stack/data/venv/lib/python3.12/site-packages/dbcounter.py:115}}
May 28 02:51:48.896033 np0000001586 neutron-periodic-workers[88885]: DEBUG oslo.service.backend._threading.loopingcall [None req-3f172a07-ed8b-4fc2-9fdc-ac60c0609057 None None] Fixed interval looping call 'neutron.plugins.ml2.plugin.DhcpAgentSchedulerDbMixin.remove_networks_from_down_agents' sleeping for 36.99 seconds {{(pid=88885) _run_loop /opt/stack/data/venv/lib/python3.12/site-packages/oslo_service/backend/_threading/loopingcall.py:125}}
May 28 02:51:52.889527 np0000001586 neutron-periodic-workers[88894]: DEBUG neutron.db.agents_db [None req-1a33f604-647d-46ff-89cb-1b7869a33fc6 None None] Agent healthcheck: found 0 active agents {{(pid=88894) agent_health_check /opt/stack/neutron/neutron/db/agents_db.py:322}}
May 28 02:51:52.889527 np0000001586 neutron-periodic-workers[88894]: DEBUG oslo.service.backend._threading.loopingcall [None req-1a33f604-647d-46ff-89cb-1b7869a33fc6 None None] Fixed interval looping call 'neutron.plugins.ml2.plugin.AgentDbMixin.agent_health_check' sleeping for 37.00 seconds {{(pid=88894) _run_loop /opt/stack/data/venv/lib/python3.12/site-packages/oslo_service/backend/_threading/loopingcall.py:125}}
May 28 02:51:58.895108 np0000001586 neutron-periodic-workers[88885]: DEBUG dbcounter [-] [88885] Writing DB stats neutron:SELECT=3 {{(pid=88885) stat_writer /opt/stack/data/venv/lib/python3.12/site-packages/dbcounter.py:115}}
May 28 02:52:02.888029 np0000001586 neutron-periodic-workers[88894]: DEBUG dbcounter [-] [88894] Writing DB stats neutron:SELECT=1 {{(pid=88894) stat_writer /opt/stack/data/venv/lib/python3.12/site-packages/dbcounter.py:115}}
May 28 02:52:10.895870 np0000001586 neutron-periodic-workers[88900]: DEBUG oslo.service.backend._threading.loopingcall [None req-f6da92a6-f076-4636-850c-a8dc9057acd2 None None] Fixed interval looping call 'neutron.db.quota.driver_nolock.DbQuotaNoLockDriver._remove_expired_reservations' sleeping for 119.99 seconds {{(pid=88900) _run_loop /opt/stack/data/venv/lib/python3.12/site-packages/oslo_service/backend/_threading/loopingcall.py:125}}
May 28 02:52:20.893626 np0000001586 neutron-periodic-workers[88900]: DEBUG dbcounter [-] [88900] Writing DB stats neutron:DELETE=1 {{(pid=88900) stat_writer /opt/stack/data/venv/lib/python3.12/site-packages/dbcounter.py:115}}
May 28 02:52:25.893689 np0000001586 neutron-periodic-workers[88885]: DEBUG oslo.service.backend._threading.loopingcall [None req-3f172a07-ed8b-4fc2-9fdc-ac60c0609057 None None] Fixed interval looping call 'neutron.plugins.ml2.plugin.DhcpAgentSchedulerDbMixin.remove_networks_from_down_agents' sleeping for 36.99 seconds {{(pid=88885) _run_loop /opt/stack/data/venv/lib/python3.12/site-packages/oslo_service/backend/_threading/loopingcall.py:125}}
May 28 02:52:29.893880 np0000001586 neutron-periodic-workers[88894]: DEBUG neutron.db.agents_db [None req-1a33f604-647d-46ff-89cb-1b7869a33fc6 None None] Agent healthcheck: found 0 active agents {{(pid=88894) agent_health_check /opt/stack/neutron/neutron/db/agents_db.py:322}}
May 28 02:52:29.894325 np0000001586 neutron-periodic-workers[88894]: DEBUG oslo.service.backend._threading.loopingcall [None req-1a33f604-647d-46ff-89cb-1b7869a33fc6 None None] Fixed interval looping call 'neutron.plugins.ml2.plugin.AgentDbMixin.agent_health_check' sleeping for 37.00 seconds {{(pid=88894) _run_loop /opt/stack/data/venv/lib/python3.12/site-packages/oslo_service/backend/_threading/loopingcall.py:125}}
May 28 02:52:33.837450 np0000001586 neutron-periodic-workers[88869]: DEBUG oslo.service.backend._threading.loopingcall [None req-ee5acff6-7cf0-4c9e-a2f5-601f1643c93a None None] Fixed interval looping call 'neutron.services.ovn_l3.plugin.L3_NAT_dbonly_mixin._clean_garbage' sleeping for 299.99 seconds {{(pid=88869) _run_loop /opt/stack/data/venv/lib/python3.12/site-packages/oslo_service/backend/_threading/loopingcall.py:125}}
May 28 02:52:35.892499 np0000001586 neutron-periodic-workers[88885]: DEBUG dbcounter [-] [88885] Writing DB stats neutron:SELECT=3 {{(pid=88885) stat_writer /opt/stack/data/venv/lib/python3.12/site-packages/dbcounter.py:115}}
May 28 02:52:39.892820 np0000001586 neutron-periodic-workers[88894]: DEBUG dbcounter [-] [88894] Writing DB stats neutron:SELECT=1 {{(pid=88894) stat_writer /opt/stack/data/venv/lib/python3.12/site-packages/dbcounter.py:115}}
May 28 02:52:43.829631 np0000001586 neutron-periodic-workers[88869]: DEBUG dbcounter [-] [88869] Writing DB stats neutron:SELECT=1 {{(pid=88869) stat_writer /opt/stack/data/venv/lib/python3.12/site-packages/dbcounter.py:115}}
May 28 02:53:02.901093 np0000001586 neutron-periodic-workers[88885]: DEBUG oslo.service.backend._threading.loopingcall [None req-3f172a07-ed8b-4fc2-9fdc-ac60c0609057 None None] Fixed interval looping call 'neutron.plugins.ml2.plugin.DhcpAgentSchedulerDbMixin.remove_networks_from_down_agents' sleeping for 36.98 seconds {{(pid=88885) _run_loop /opt/stack/data/venv/lib/python3.12/site-packages/oslo_service/backend/_threading/loopingcall.py:125}}
May 28 02:53:06.897078 np0000001586 neutron-periodic-workers[88894]: DEBUG neutron.db.agents_db [None req-1a33f604-647d-46ff-89cb-1b7869a33fc6 None None] Agent healthcheck: found 0 active agents {{(pid=88894) agent_health_check /opt/stack/neutron/neutron/db/agents_db.py:322}}
May 28 02:53:06.897852 np0000001586 neutron-periodic-workers[88894]: DEBUG oslo.service.backend._threading.loopingcall [None req-1a33f604-647d-46ff-89cb-1b7869a33fc6 None None] Fixed interval looping call 'neutron.plugins.ml2.plugin.AgentDbMixin.agent_health_check' sleeping for 37.00 seconds {{(pid=88894) _run_loop /opt/stack/data/venv/lib/python3.12/site-packages/oslo_service/backend/_threading/loopingcall.py:125}}
May 28 02:53:12.895338 np0000001586 neutron-periodic-workers[88885]: DEBUG dbcounter [-] [88885] Writing DB stats neutron:SELECT=3 {{(pid=88885) stat_writer /opt/stack/data/venv/lib/python3.12/site-packages/dbcounter.py:115}}
May 28 02:53:16.897093 np0000001586 neutron-periodic-workers[88894]: DEBUG dbcounter [-] [88894] Writing DB stats neutron:SELECT=1 {{(pid=88894) stat_writer /opt/stack/data/venv/lib/python3.12/site-packages/dbcounter.py:115}}
May 28 02:53:39.888121 np0000001586 neutron-periodic-workers[88885]: DEBUG oslo.service.backend._threading.loopingcall [None req-3f172a07-ed8b-4fc2-9fdc-ac60c0609057 None None] Fixed interval looping call 'neutron.plugins.ml2.plugin.DhcpAgentSchedulerDbMixin.remove_networks_from_down_agents' sleeping for 36.99 seconds {{(pid=88885) _run_loop /opt/stack/data/venv/lib/python3.12/site-packages/oslo_service/backend/_threading/loopingcall.py:125}}
May 28 02:53:43.903626 np0000001586 neutron-periodic-workers[88894]: DEBUG neutron.db.agents_db [None req-1a33f604-647d-46ff-89cb-1b7869a33fc6 None None] Agent healthcheck: found 0 active agents {{(pid=88894) agent_health_check /opt/stack/neutron/neutron/db/agents_db.py:322}}
May 28 02:53:43.904126 np0000001586 neutron-periodic-workers[88894]: DEBUG oslo.service.backend._threading.loopingcall [None req-1a33f604-647d-46ff-89cb-1b7869a33fc6 None None] Fixed interval looping call 'neutron.plugins.ml2.plugin.AgentDbMixin.agent_health_check' sleeping for 36.99 seconds {{(pid=88894) _run_loop /opt/stack/data/venv/lib/python3.12/site-packages/oslo_service/backend/_threading/loopingcall.py:125}}
May 28 02:53:49.887528 np0000001586 neutron-periodic-workers[88885]: DEBUG dbcounter [-] [88885] Writing DB stats neutron:SELECT=3 {{(pid=88885) stat_writer /opt/stack/data/venv/lib/python3.12/site-packages/dbcounter.py:115}}
May 28 02:53:53.901271 np0000001586 neutron-periodic-workers[88894]: DEBUG dbcounter [-] [88894] Writing DB stats neutron:SELECT=1 {{(pid=88894) stat_writer /opt/stack/data/venv/lib/python3.12/site-packages/dbcounter.py:115}}
May 28 02:54:10.897066 np0000001586 neutron-periodic-workers[88900]: DEBUG oslo.service.backend._threading.loopingcall [None req-f6da92a6-f076-4636-850c-a8dc9057acd2 None None] Fixed interval looping call 'neutron.db.quota.driver_nolock.DbQuotaNoLockDriver._remove_expired_reservations' sleeping for 119.99 seconds {{(pid=88900) _run_loop /opt/stack/data/venv/lib/python3.12/site-packages/oslo_service/backend/_threading/loopingcall.py:125}}
May 28 02:54:16.887827 np0000001586 neutron-periodic-workers[88885]: DEBUG oslo.service.backend._threading.loopingcall [None req-3f172a07-ed8b-4fc2-9fdc-ac60c0609057 None None] Fixed interval looping call 'neutron.plugins.ml2.plugin.DhcpAgentSchedulerDbMixin.remove_networks_from_down_agents' sleeping for 36.99 seconds {{(pid=88885) _run_loop /opt/stack/data/venv/lib/python3.12/site-packages/oslo_service/backend/_threading/loopingcall.py:125}}
May 28 02:54:20.891650 np0000001586 neutron-periodic-workers[88900]: DEBUG dbcounter [-] [88900] Writing DB stats neutron:DELETE=1 {{(pid=88900) stat_writer /opt/stack/data/venv/lib/python3.12/site-packages/dbcounter.py:115}}
May 28 02:54:20.903025 np0000001586 neutron-periodic-workers[88894]: DEBUG neutron.db.agents_db [None req-1a33f604-647d-46ff-89cb-1b7869a33fc6 None None] Agent healthcheck: found 0 active agents {{(pid=88894) agent_health_check /opt/stack/neutron/neutron/db/agents_db.py:322}}
May 28 02:54:20.903025 np0000001586 neutron-periodic-workers[88894]: DEBUG oslo.service.backend._threading.loopingcall [None req-1a33f604-647d-46ff-89cb-1b7869a33fc6 None None] Fixed interval looping call 'neutron.plugins.ml2.plugin.AgentDbMixin.agent_health_check' sleeping for 36.99 seconds {{(pid=88894) _run_loop /opt/stack/data/venv/lib/python3.12/site-packages/oslo_service/backend/_threading/loopingcall.py:125}}
May 28 02:54:26.886747 np0000001586 neutron-periodic-workers[88885]: DEBUG dbcounter [-] [88885] Writing DB stats neutron:SELECT=3 {{(pid=88885) stat_writer /opt/stack/data/venv/lib/python3.12/site-packages/dbcounter.py:115}}
May 28 02:54:30.899752 np0000001586 neutron-periodic-workers[88894]: DEBUG dbcounter [-] [88894] Writing DB stats neutron:SELECT=1 {{(pid=88894) stat_writer /opt/stack/data/venv/lib/python3.12/site-packages/dbcounter.py:115}}
May 28 02:54:53.884046 np0000001586 neutron-periodic-workers[88885]: DEBUG oslo.service.backend._threading.loopingcall [None req-3f172a07-ed8b-4fc2-9fdc-ac60c0609057 None None] Fixed interval looping call 'neutron.plugins.ml2.plugin.DhcpAgentSchedulerDbMixin.remove_networks_from_down_agents' sleeping for 36.99 seconds {{(pid=88885) _run_loop /opt/stack/data/venv/lib/python3.12/site-packages/oslo_service/backend/_threading/loopingcall.py:125}}
May 28 02:54:57.898492 np0000001586 neutron-periodic-workers[88894]: DEBUG neutron.db.agents_db [None req-1a33f604-647d-46ff-89cb-1b7869a33fc6 None None] Agent healthcheck: found 0 active agents {{(pid=88894) agent_health_check /opt/stack/neutron/neutron/db/agents_db.py:322}}
May 28 02:54:57.898492 np0000001586 neutron-periodic-workers[88894]: DEBUG oslo.service.backend._threading.loopingcall [None req-1a33f604-647d-46ff-89cb-1b7869a33fc6 None None] Fixed interval looping call 'neutron.plugins.ml2.plugin.AgentDbMixin.agent_health_check' sleeping for 37.00 seconds {{(pid=88894) _run_loop /opt/stack/data/venv/lib/python3.12/site-packages/oslo_service/backend/_threading/loopingcall.py:125}}
May 28 02:55:03.885081 np0000001586 neutron-periodic-workers[88885]: DEBUG dbcounter [-] [88885] Writing DB stats neutron:SELECT=3 {{(pid=88885) stat_writer /opt/stack/data/venv/lib/python3.12/site-packages/dbcounter.py:115}}
May 28 02:55:07.897528 np0000001586 neutron-periodic-workers[88894]: DEBUG dbcounter [-] [88894] Writing DB stats neutron:SELECT=1 {{(pid=88894) stat_writer /opt/stack/data/venv/lib/python3.12/site-packages/dbcounter.py:115}}
