Jul 03 21:39:51.619782 np0000004475 nova-scheduler[96335]: DEBUG oslo_db.sqlalchemy.engines [None req-229af5a4-f87a-43f0-bf4e-c84876116d0f None None] MySQL server mode set to STRICT_TRANS_TABLES,STRICT_ALL_TABLES,NO_ZERO_IN_DATE,NO_ZERO_DATE,ERROR_FOR_DIVISION_BY_ZERO,TRADITIONAL,NO_ENGINE_SUBSTITUTION {{(pid=96335) _check_effective_sql_mode /opt/stack/data/venv/lib/python3.12/site-packages/oslo_db/sqlalchemy/engines.py:325}}
Jul 03 21:39:51.619819 np0000004475 nova-scheduler[96341]: DEBUG cotyledon.oslo_config_glue [-] profiler.es_doc_type = notification {{(pid=96341) log_opt_values /opt/stack/data/venv/lib/python3.12/site-packages/oslo_config/cfg.py:3253}}
Jul 03 21:39:51.619819 np0000004475 nova-scheduler[96341]: DEBUG cotyledon.oslo_config_glue [-] profiler.es_scroll_size = 10000 {{(pid=96341) log_opt_values /opt/stack/data/venv/lib/python3.12/site-packages/oslo_config/cfg.py:3253}}
Jul 03 21:39:51.619819 np0000004475 nova-scheduler[96341]: DEBUG cotyledon.oslo_config_glue [-] profiler.es_scroll_time = 2m {{(pid=96341) log_opt_values /opt/stack/data/venv/lib/python3.12/site-packages/oslo_config/cfg.py:3253}}
Jul 03 21:39:51.619819 np0000004475 nova-scheduler[96341]: DEBUG cotyledon.oslo_config_glue [-] profiler.filter_error_trace = False {{(pid=96341) log_opt_values /opt/stack/data/venv/lib/python3.12/site-packages/oslo_config/cfg.py:3253}}
Jul 03 21:39:51.619819 np0000004475 nova-scheduler[96341]: DEBUG cotyledon.oslo_config_glue [-] profiler.hmac_keys = **** {{(pid=96341) log_opt_values /opt/stack/data/venv/lib/python3.12/site-packages/oslo_config/cfg.py:3253}}
Jul 03 21:39:51.619819 np0000004475 nova-scheduler[96341]: DEBUG cotyledon.oslo_config_glue [-] profiler.sentinel_service_name = mymaster {{(pid=96341) log_opt_values /opt/stack/data/venv/lib/python3.12/site-packages/oslo_config/cfg.py:3253}}
Jul 03 21:39:51.619819 np0000004475 nova-scheduler[96341]: DEBUG cotyledon.oslo_config_glue [-] profiler.socket_timeout = 0.1 {{(pid=96341) log_opt_values /opt/stack/data/venv/lib/python3.12/site-packages/oslo_config/cfg.py:3253}}
Jul 03 21:39:51.619819 np0000004475 nova-scheduler[96341]: DEBUG cotyledon.oslo_config_glue [-] profiler.trace_requests = False {{(pid=96341) log_opt_values /opt/stack/data/venv/lib/python3.12/site-packages/oslo_config/cfg.py:3253}}
Jul 03 21:39:51.619819 np0000004475 nova-scheduler[96341]: DEBUG cotyledon.oslo_config_glue [-] profiler.trace_sqlalchemy = False {{(pid=96341) log_opt_values /opt/stack/data/venv/lib/python3.12/site-packages/oslo_config/cfg.py:3253}}
Jul 03 21:39:51.620063 np0000004475 nova-scheduler[96341]: DEBUG cotyledon.oslo_config_glue [-] profiler_jaeger.process_tags = {} {{(pid=96341) log_opt_values /opt/stack/data/venv/lib/python3.12/site-packages/oslo_config/cfg.py:3253}}
Jul 03 21:39:51.620063 np0000004475 nova-scheduler[96341]: DEBUG cotyledon.oslo_config_glue [-] profiler_jaeger.service_name_prefix = None {{(pid=96341) log_opt_values /opt/stack/data/venv/lib/python3.12/site-packages/oslo_config/cfg.py:3253}}
Jul 03 21:39:51.620063 np0000004475 nova-scheduler[96341]: DEBUG cotyledon.oslo_config_glue [-] profiler_otlp.service_name_prefix = None {{(pid=96341) log_opt_values /opt/stack/data/venv/lib/python3.12/site-packages/oslo_config/cfg.py:3253}}
Jul 03 21:39:51.620063 np0000004475 nova-scheduler[96341]: DEBUG cotyledon.oslo_config_glue [-] oslo_messaging_rabbit.amqp_auto_delete = False {{(pid=96341) log_opt_values /opt/stack/data/venv/lib/python3.12/site-packages/oslo_config/cfg.py:3253}}
Jul 03 21:39:51.620063 np0000004475 nova-scheduler[96341]: DEBUG cotyledon.oslo_config_glue [-] oslo_messaging_rabbit.amqp_durable_queues = False {{(pid=96341) log_opt_values /opt/stack/data/venv/lib/python3.12/site-packages/oslo_config/cfg.py:3253}}
Jul 03 21:39:51.620063 np0000004475 nova-scheduler[96341]: DEBUG cotyledon.oslo_config_glue [-] oslo_messaging_rabbit.conn_pool_min_size = 2 {{(pid=96341) log_opt_values /opt/stack/data/venv/lib/python3.12/site-packages/oslo_config/cfg.py:3253}}
Jul 03 21:39:51.620063 np0000004475 nova-scheduler[96341]: DEBUG cotyledon.oslo_config_glue [-] oslo_messaging_rabbit.conn_pool_ttl = 1200 {{(pid=96341) log_opt_values /opt/stack/data/venv/lib/python3.12/site-packages/oslo_config/cfg.py:3253}}
Jul 03 21:39:51.620063 np0000004475 nova-scheduler[96341]: DEBUG cotyledon.oslo_config_glue [-] oslo_messaging_rabbit.direct_mandatory_flag = True {{(pid=96341) log_opt_values /opt/stack/data/venv/lib/python3.12/site-packages/oslo_config/cfg.py:3253}}
Jul 03 21:39:51.620063 np0000004475 nova-scheduler[96341]: DEBUG cotyledon.oslo_config_glue [-] oslo_messaging_rabbit.enable_cancel_on_failover = False {{(pid=96341) log_opt_values /opt/stack/data/venv/lib/python3.12/site-packages/oslo_config/cfg.py:3253}}
Jul 03 21:39:51.620301 np0000004475 nova-scheduler[96341]: DEBUG cotyledon.oslo_config_glue [-] oslo_messaging_rabbit.heartbeat_rate = 3 {{(pid=96341) log_opt_values /opt/stack/data/venv/lib/python3.12/site-packages/oslo_config/cfg.py:3253}}
Jul 03 21:39:51.620301 np0000004475 nova-scheduler[96341]: DEBUG cotyledon.oslo_config_glue [-] oslo_messaging_rabbit.heartbeat_timeout_threshold = 60 {{(pid=96341) log_opt_values /opt/stack/data/venv/lib/python3.12/site-packages/oslo_config/cfg.py:3253}}
Jul 03 21:39:51.620301 np0000004475 nova-scheduler[96341]: DEBUG cotyledon.oslo_config_glue [-] oslo_messaging_rabbit.hostname = np0000004475 {{(pid=96341) log_opt_values /opt/stack/data/venv/lib/python3.12/site-packages/oslo_config/cfg.py:3253}}
Jul 03 21:39:51.620301 np0000004475 nova-scheduler[96341]: DEBUG cotyledon.oslo_config_glue [-] oslo_messaging_rabbit.kombu_compression = None {{(pid=96341) log_opt_values /opt/stack/data/venv/lib/python3.12/site-packages/oslo_config/cfg.py:3253}}
Jul 03 21:39:51.620301 np0000004475 nova-scheduler[96341]: DEBUG cotyledon.oslo_config_glue [-] oslo_messaging_rabbit.kombu_failover_strategy = round-robin {{(pid=96341) log_opt_values /opt/stack/data/venv/lib/python3.12/site-packages/oslo_config/cfg.py:3253}}
Jul 03 21:39:51.620301 np0000004475 nova-scheduler[96341]: DEBUG cotyledon.oslo_config_glue [-] oslo_messaging_rabbit.kombu_missing_consumer_retry_timeout = 60 {{(pid=96341) log_opt_values /opt/stack/data/venv/lib/python3.12/site-packages/oslo_config/cfg.py:3253}}
Jul 03 21:39:51.620301 np0000004475 nova-scheduler[96341]: DEBUG cotyledon.oslo_config_glue [-] oslo_messaging_rabbit.kombu_reconnect_delay = 1.0 {{(pid=96341) log_opt_values /opt/stack/data/venv/lib/python3.12/site-packages/oslo_config/cfg.py:3253}}
Jul 03 21:39:51.620301 np0000004475 nova-scheduler[96341]: DEBUG cotyledon.oslo_config_glue [-] oslo_messaging_rabbit.kombu_reconnect_splay = 0.0 {{(pid=96341) log_opt_values /opt/stack/data/venv/lib/python3.12/site-packages/oslo_config/cfg.py:3253}}
Jul 03 21:39:51.620301 np0000004475 nova-scheduler[96341]: DEBUG cotyledon.oslo_config_glue [-] oslo_messaging_rabbit.processname = nova-scheduler {{(pid=96341) log_opt_values /opt/stack/data/venv/lib/python3.12/site-packages/oslo_config/cfg.py:3253}}
Jul 03 21:39:51.620558 np0000004475 nova-scheduler[96341]: DEBUG cotyledon.oslo_config_glue [-] oslo_messaging_rabbit.rabbit_ha_queues = False {{(pid=96341) log_opt_values /opt/stack/data/venv/lib/python3.12/site-packages/oslo_config/cfg.py:3253}}
Jul 03 21:39:51.620558 np0000004475 nova-scheduler[96341]: DEBUG cotyledon.oslo_config_glue [-] oslo_messaging_rabbit.rabbit_interval_max = 30 {{(pid=96341) log_opt_values /opt/stack/data/venv/lib/python3.12/site-packages/oslo_config/cfg.py:3253}}
Jul 03 21:39:51.620558 np0000004475 nova-scheduler[96341]: DEBUG cotyledon.oslo_config_glue [-] oslo_messaging_rabbit.rabbit_login_method = AMQPLAIN {{(pid=96341) log_opt_values /opt/stack/data/venv/lib/python3.12/site-packages/oslo_config/cfg.py:3253}}
Jul 03 21:39:51.620558 np0000004475 nova-scheduler[96341]: DEBUG cotyledon.oslo_config_glue [-] oslo_messaging_rabbit.rabbit_qos_prefetch_count = 0 {{(pid=96341) log_opt_values /opt/stack/data/venv/lib/python3.12/site-packages/oslo_config/cfg.py:3253}}
Jul 03 21:39:51.620558 np0000004475 nova-scheduler[96341]: DEBUG cotyledon.oslo_config_glue [-] oslo_messaging_rabbit.rabbit_quorum_delivery_limit = 0 {{(pid=96341) log_opt_values /opt/stack/data/venv/lib/python3.12/site-packages/oslo_config/cfg.py:3253}}
Jul 03 21:39:51.620558 np0000004475 nova-scheduler[96341]: DEBUG cotyledon.oslo_config_glue [-] oslo_messaging_rabbit.rabbit_quorum_max_memory_bytes = 0 {{(pid=96341) log_opt_values /opt/stack/data/venv/lib/python3.12/site-packages/oslo_config/cfg.py:3253}}
Jul 03 21:39:51.620558 np0000004475 nova-scheduler[96341]: DEBUG cotyledon.oslo_config_glue [-] oslo_messaging_rabbit.rabbit_quorum_max_memory_length = 0 {{(pid=96341) log_opt_values /opt/stack/data/venv/lib/python3.12/site-packages/oslo_config/cfg.py:3253}}
Jul 03 21:39:51.620558 np0000004475 nova-scheduler[96341]: DEBUG cotyledon.oslo_config_glue [-] oslo_messaging_rabbit.rabbit_quorum_queue = False {{(pid=96341) log_opt_values /opt/stack/data/venv/lib/python3.12/site-packages/oslo_config/cfg.py:3253}}
Jul 03 21:39:51.620558 np0000004475 nova-scheduler[96341]: DEBUG cotyledon.oslo_config_glue [-] oslo_messaging_rabbit.rabbit_retry_backoff = 2 {{(pid=96341) log_opt_values /opt/stack/data/venv/lib/python3.12/site-packages/oslo_config/cfg.py:3253}}
Jul 03 21:39:51.621890 np0000004475 nova-scheduler[96341]: DEBUG cotyledon.oslo_config_glue [-] oslo_messaging_rabbit.rabbit_retry_interval = 1 {{(pid=96341) log_opt_values /opt/stack/data/venv/lib/python3.12/site-packages/oslo_config/cfg.py:3253}}
Jul 03 21:39:51.621890 np0000004475 nova-scheduler[96341]: DEBUG cotyledon.oslo_config_glue [-] oslo_messaging_rabbit.rabbit_stream_fanout = False {{(pid=96341) log_opt_values /opt/stack/data/venv/lib/python3.12/site-packages/oslo_config/cfg.py:3253}}
Jul 03 21:39:51.621890 np0000004475 nova-scheduler[96341]: DEBUG cotyledon.oslo_config_glue [-] oslo_messaging_rabbit.rabbit_transient_queues_ttl = 1800 {{(pid=96341) log_opt_values /opt/stack/data/venv/lib/python3.12/site-packages/oslo_config/cfg.py:3253}}
Jul 03 21:39:51.621890 np0000004475 nova-scheduler[96341]: DEBUG cotyledon.oslo_config_glue [-] oslo_messaging_rabbit.rabbit_transient_quorum_queue = False {{(pid=96341) log_opt_values /opt/stack/data/venv/lib/python3.12/site-packages/oslo_config/cfg.py:3253}}
Jul 03 21:39:51.621890 np0000004475 nova-scheduler[96341]: DEBUG cotyledon.oslo_config_glue [-] oslo_messaging_rabbit.rpc_conn_pool_size = 30 {{(pid=96341) log_opt_values /opt/stack/data/venv/lib/python3.12/site-packages/oslo_config/cfg.py:3253}}
Jul 03 21:39:51.621890 np0000004475 nova-scheduler[96341]: DEBUG cotyledon.oslo_config_glue [-] oslo_messaging_rabbit.ssl = False {{(pid=96341) log_opt_values /opt/stack/data/venv/lib/python3.12/site-packages/oslo_config/cfg.py:3253}}
Jul 03 21:39:51.621890 np0000004475 nova-scheduler[96341]: DEBUG cotyledon.oslo_config_glue [-] oslo_messaging_rabbit.ssl_ca_file = {{(pid=96341) log_opt_values /opt/stack/data/venv/lib/python3.12/site-packages/oslo_config/cfg.py:3253}}
Jul 03 21:39:51.621890 np0000004475 nova-scheduler[96341]: DEBUG cotyledon.oslo_config_glue [-] oslo_messaging_rabbit.ssl_cert_file = {{(pid=96341) log_opt_values /opt/stack/data/venv/lib/python3.12/site-packages/oslo_config/cfg.py:3253}}
Jul 03 21:39:51.621890 np0000004475 nova-scheduler[96341]: DEBUG cotyledon.oslo_config_glue [-] oslo_messaging_rabbit.ssl_enforce_fips_mode = False {{(pid=96341) log_opt_values /opt/stack/data/venv/lib/python3.12/site-packages/oslo_config/cfg.py:3253}}
Jul 03 21:39:51.622346 np0000004475 nova-scheduler[96341]: DEBUG cotyledon.oslo_config_glue [-] oslo_messaging_rabbit.ssl_enforce_hostname_verification = True {{(pid=96341) log_opt_values /opt/stack/data/venv/lib/python3.12/site-packages/oslo_config/cfg.py:3253}}
Jul 03 21:39:51.622346 np0000004475 nova-scheduler[96341]: DEBUG cotyledon.oslo_config_glue [-] oslo_messaging_rabbit.ssl_key_file = {{(pid=96341) log_opt_values /opt/stack/data/venv/lib/python3.12/site-packages/oslo_config/cfg.py:3253}}
Jul 03 21:39:51.622346 np0000004475 nova-scheduler[96341]: DEBUG cotyledon.oslo_config_glue [-] oslo_messaging_rabbit.ssl_version = {{(pid=96341) log_opt_values /opt/stack/data/venv/lib/python3.12/site-packages/oslo_config/cfg.py:3253}}
Jul 03 21:39:51.622346 np0000004475 nova-scheduler[96341]: DEBUG cotyledon.oslo_config_glue [-] oslo_messaging_rabbit.use_queue_manager = False {{(pid=96341) log_opt_values /opt/stack/data/venv/lib/python3.12/site-packages/oslo_config/cfg.py:3253}}
Jul 03 21:39:51.622346 np0000004475 nova-scheduler[96341]: DEBUG cotyledon.oslo_config_glue [-] oslo_messaging_notifications.driver = ['messagingv2'] {{(pid=96341) log_opt_values /opt/stack/data/venv/lib/python3.12/site-packages/oslo_config/cfg.py:3253}}
Jul 03 21:39:51.622346 np0000004475 nova-scheduler[96341]: DEBUG cotyledon.oslo_config_glue [-] oslo_messaging_notifications.retry = -1 {{(pid=96341) log_opt_values /opt/stack/data/venv/lib/python3.12/site-packages/oslo_config/cfg.py:3253}}
Jul 03 21:39:51.622346 np0000004475 nova-scheduler[96341]: DEBUG cotyledon.oslo_config_glue [-] oslo_messaging_notifications.topics = ['notifications'] {{(pid=96341) log_opt_values /opt/stack/data/venv/lib/python3.12/site-packages/oslo_config/cfg.py:3253}}
Jul 03 21:39:51.622346 np0000004475 nova-scheduler[96341]: DEBUG cotyledon.oslo_config_glue [-] oslo_messaging_notifications.transport_url = **** {{(pid=96341) log_opt_values /opt/stack/data/venv/lib/python3.12/site-packages/oslo_config/cfg.py:3253}}
Jul 03 21:39:51.622346 np0000004475 nova-scheduler[96341]: DEBUG cotyledon.oslo_config_glue [-] oslo_limit.auth_section = None {{(pid=96341) log_opt_values /opt/stack/data/venv/lib/python3.12/site-packages/oslo_config/cfg.py:3253}}
Jul 03 21:39:51.623258 np0000004475 nova-scheduler[96341]: DEBUG cotyledon.oslo_config_glue [-] oslo_limit.auth_type = None {{(pid=96341) log_opt_values /opt/stack/data/venv/lib/python3.12/site-packages/oslo_config/cfg.py:3253}}
Jul 03 21:39:51.623258 np0000004475 nova-scheduler[96341]: DEBUG cotyledon.oslo_config_glue [-] oslo_limit.cafile = None {{(pid=96341) log_opt_values /opt/stack/data/venv/lib/python3.12/site-packages/oslo_config/cfg.py:3253}}
Jul 03 21:39:51.623258 np0000004475 nova-scheduler[96341]: DEBUG cotyledon.oslo_config_glue [-] oslo_limit.certfile = None {{(pid=96341) log_opt_values /opt/stack/data/venv/lib/python3.12/site-packages/oslo_config/cfg.py:3253}}
Jul 03 21:39:51.623258 np0000004475 nova-scheduler[96341]: DEBUG cotyledon.oslo_config_glue [-] oslo_limit.collect_timing = False {{(pid=96341) log_opt_values /opt/stack/data/venv/lib/python3.12/site-packages/oslo_config/cfg.py:3253}}
Jul 03 21:39:51.623258 np0000004475 nova-scheduler[96341]: DEBUG cotyledon.oslo_config_glue [-] oslo_limit.connect_retries = None {{(pid=96341) log_opt_values /opt/stack/data/venv/lib/python3.12/site-packages/oslo_config/cfg.py:3253}}
Jul 03 21:39:51.623258 np0000004475 nova-scheduler[96341]: DEBUG cotyledon.oslo_config_glue [-] oslo_limit.connect_retry_delay = None {{(pid=96341) log_opt_values /opt/stack/data/venv/lib/python3.12/site-packages/oslo_config/cfg.py:3253}}
Jul 03 21:39:51.623258 np0000004475 nova-scheduler[96341]: DEBUG cotyledon.oslo_config_glue [-] oslo_limit.endpoint_id = None {{(pid=96341) log_opt_values /opt/stack/data/venv/lib/python3.12/site-packages/oslo_config/cfg.py:3253}}
Jul 03 21:39:51.623258 np0000004475 nova-scheduler[96341]: DEBUG cotyledon.oslo_config_glue [-] oslo_limit.endpoint_interface = public {{(pid=96341) log_opt_values /opt/stack/data/venv/lib/python3.12/site-packages/oslo_config/cfg.py:3253}}
Jul 03 21:39:51.623258 np0000004475 nova-scheduler[96341]: DEBUG cotyledon.oslo_config_glue [-] oslo_limit.endpoint_override = None {{(pid=96341) log_opt_values /opt/stack/data/venv/lib/python3.12/site-packages/oslo_config/cfg.py:3253}}
Jul 03 21:39:51.623861 np0000004475 nova-scheduler[96341]: DEBUG cotyledon.oslo_config_glue [-] oslo_limit.endpoint_region_name = None {{(pid=96341) log_opt_values /opt/stack/data/venv/lib/python3.12/site-packages/oslo_config/cfg.py:3253}}
Jul 03 21:39:51.623861 np0000004475 nova-scheduler[96341]: DEBUG cotyledon.oslo_config_glue [-] oslo_limit.endpoint_service_name = None {{(pid=96341) log_opt_values /opt/stack/data/venv/lib/python3.12/site-packages/oslo_config/cfg.py:3253}}
Jul 03 21:39:51.623861 np0000004475 nova-scheduler[96341]: DEBUG cotyledon.oslo_config_glue [-] oslo_limit.endpoint_service_type = None {{(pid=96341) log_opt_values /opt/stack/data/venv/lib/python3.12/site-packages/oslo_config/cfg.py:3253}}
Jul 03 21:39:51.623861 np0000004475 nova-scheduler[96341]: DEBUG cotyledon.oslo_config_glue [-] oslo_limit.insecure = False {{(pid=96341) log_opt_values /opt/stack/data/venv/lib/python3.12/site-packages/oslo_config/cfg.py:3253}}
Jul 03 21:39:51.623861 np0000004475 nova-scheduler[96341]: DEBUG cotyledon.oslo_config_glue [-] oslo_limit.keyfile = None {{(pid=96341) log_opt_values /opt/stack/data/venv/lib/python3.12/site-packages/oslo_config/cfg.py:3253}}
Jul 03 21:39:51.623861 np0000004475 nova-scheduler[96341]: DEBUG cotyledon.oslo_config_glue [-] oslo_limit.max_version = None {{(pid=96341) log_opt_values /opt/stack/data/venv/lib/python3.12/site-packages/oslo_config/cfg.py:3253}}
Jul 03 21:39:51.623861 np0000004475 nova-scheduler[96341]: DEBUG cotyledon.oslo_config_glue [-] oslo_limit.min_version = None {{(pid=96341) log_opt_values /opt/stack/data/venv/lib/python3.12/site-packages/oslo_config/cfg.py:3253}}
Jul 03 21:39:51.623861 np0000004475 nova-scheduler[96341]: DEBUG cotyledon.oslo_config_glue [-] oslo_limit.region_name = None {{(pid=96341) log_opt_values /opt/stack/data/venv/lib/python3.12/site-packages/oslo_config/cfg.py:3253}}
Jul 03 21:39:51.623861 np0000004475 nova-scheduler[96341]: DEBUG cotyledon.oslo_config_glue [-] oslo_limit.retriable_status_codes = None {{(pid=96341) log_opt_values /opt/stack/data/venv/lib/python3.12/site-packages/oslo_config/cfg.py:3253}}
Jul 03 21:39:51.624704 np0000004475 nova-scheduler[96341]: DEBUG cotyledon.oslo_config_glue [-] oslo_limit.service_name = None {{(pid=96341) log_opt_values /opt/stack/data/venv/lib/python3.12/site-packages/oslo_config/cfg.py:3253}}
Jul 03 21:39:51.624704 np0000004475 nova-scheduler[96341]: DEBUG cotyledon.oslo_config_glue [-] oslo_limit.service_type = None {{(pid=96341) log_opt_values /opt/stack/data/venv/lib/python3.12/site-packages/oslo_config/cfg.py:3253}}
Jul 03 21:39:51.624704 np0000004475 nova-scheduler[96341]: DEBUG cotyledon.oslo_config_glue [-] oslo_limit.split_loggers = False {{(pid=96341) log_opt_values /opt/stack/data/venv/lib/python3.12/site-packages/oslo_config/cfg.py:3253}}
Jul 03 21:39:51.624704 np0000004475 nova-scheduler[96341]: DEBUG cotyledon.oslo_config_glue [-] oslo_limit.status_code_retries = None {{(pid=96341) log_opt_values /opt/stack/data/venv/lib/python3.12/site-packages/oslo_config/cfg.py:3253}}
Jul 03 21:39:51.624704 np0000004475 nova-scheduler[96341]: DEBUG cotyledon.oslo_config_glue [-] oslo_limit.status_code_retry_delay = None {{(pid=96341) log_opt_values /opt/stack/data/venv/lib/python3.12/site-packages/oslo_config/cfg.py:3253}}
Jul 03 21:39:51.624704 np0000004475 nova-scheduler[96341]: DEBUG cotyledon.oslo_config_glue [-] oslo_limit.timeout = None {{(pid=96341) log_opt_values /opt/stack/data/venv/lib/python3.12/site-packages/oslo_config/cfg.py:3253}}
Jul 03 21:39:51.624704 np0000004475 nova-scheduler[96341]: DEBUG cotyledon.oslo_config_glue [-] oslo_limit.valid_interfaces = None {{(pid=96341) log_opt_values /opt/stack/data/venv/lib/python3.12/site-packages/oslo_config/cfg.py:3253}}
Jul 03 21:39:51.624704 np0000004475 nova-scheduler[96341]: DEBUG cotyledon.oslo_config_glue [-] oslo_limit.version = None {{(pid=96341) log_opt_values /opt/stack/data/venv/lib/python3.12/site-packages/oslo_config/cfg.py:3253}}
Jul 03 21:39:51.624704 np0000004475 nova-scheduler[96341]: DEBUG cotyledon.oslo_config_glue [-] oslo_reports.file_event_handler = None {{(pid=96341) log_opt_values /opt/stack/data/venv/lib/python3.12/site-packages/oslo_config/cfg.py:3253}}
Jul 03 21:39:51.625223 np0000004475 nova-scheduler[96341]: DEBUG cotyledon.oslo_config_glue [-] oslo_reports.file_event_handler_interval = 1 {{(pid=96341) log_opt_values /opt/stack/data/venv/lib/python3.12/site-packages/oslo_config/cfg.py:3253}}
Jul 03 21:39:51.625223 np0000004475 nova-scheduler[96341]: DEBUG cotyledon.oslo_config_glue [-] oslo_reports.log_dir = None {{(pid=96341) log_opt_values /opt/stack/data/venv/lib/python3.12/site-packages/oslo_config/cfg.py:3253}}
Jul 03 21:39:51.625223 np0000004475 nova-scheduler[96341]: DEBUG cotyledon.oslo_config_glue [-] ******************************************************************************** {{(pid=96341) log_opt_values /opt/stack/data/venv/lib/python3.12/site-packages/oslo_config/cfg.py:3260}}
Jul 03 21:39:51.625223 np0000004475 nova-scheduler[96341]: DEBUG cotyledon._service_worker [-] Run service ServiceWrapper(3) [96341] {{(pid=96341) wait_forever /opt/stack/data/venv/lib/python3.12/site-packages/cotyledon/_service_worker.py:218}}
Jul 03 21:39:51.625223 np0000004475 nova-scheduler[96341]: INFO nova.service [-] Starting scheduler node (version 33.1.0)
Jul 03 21:39:51.625775 np0000004475 nova-scheduler[96335]: DEBUG dbcounter [-] [96335] Writer thread running {{(pid=96335) stat_writer /opt/stack/data/venv/lib/python3.12/site-packages/dbcounter.py:102}}
Jul 03 21:39:51.626116 np0000004475 nova-scheduler[96341]: INFO dbcounter [None req-ab0965d3-3d8d-4acd-88dd-c85974524b07 None None] Registered counter for database nova_cell0
Jul 03 21:39:51.626402 np0000004475 nova-scheduler[96339]: DEBUG oslo_db.sqlalchemy.engines [None req-ab0d1bce-3f5d-42a0-80df-c4bde878040d None None] MySQL server mode set to STRICT_TRANS_TABLES,STRICT_ALL_TABLES,NO_ZERO_IN_DATE,NO_ZERO_DATE,ERROR_FOR_DIVISION_BY_ZERO,TRADITIONAL,NO_ENGINE_SUBSTITUTION {{(pid=96339) _check_effective_sql_mode /opt/stack/data/venv/lib/python3.12/site-packages/oslo_db/sqlalchemy/engines.py:325}}
Jul 03 21:39:51.626740 np0000004475 nova-scheduler[96337]: DEBUG oslo_db.sqlalchemy.engines [None req-8767e64c-7f23-4c6d-a4a3-736d097813b1 None None] MySQL server mode set to STRICT_TRANS_TABLES,STRICT_ALL_TABLES,NO_ZERO_IN_DATE,NO_ZERO_DATE,ERROR_FOR_DIVISION_BY_ZERO,TRADITIONAL,NO_ENGINE_SUBSTITUTION {{(pid=96337) _check_effective_sql_mode /opt/stack/data/venv/lib/python3.12/site-packages/oslo_db/sqlalchemy/engines.py:325}}
Jul 03 21:39:51.627082 np0000004475 nova-scheduler[96335]: DEBUG nova.service [None req-229af5a4-f87a-43f0-bf4e-c84876116d0f None None] Creating RPC server for service: nova-scheduler on topic: scheduler {{(pid=96335) start /opt/stack/nova/nova/service.py:196}}
Jul 03 21:39:51.631611 np0000004475 nova-scheduler[96339]: DEBUG dbcounter [-] [96339] Writer thread running {{(pid=96339) stat_writer /opt/stack/data/venv/lib/python3.12/site-packages/dbcounter.py:102}}
Jul 03 21:39:51.631977 np0000004475 nova-scheduler[96337]: DEBUG dbcounter [-] [96337] Writer thread running {{(pid=96337) stat_writer /opt/stack/data/venv/lib/python3.12/site-packages/dbcounter.py:102}}
Jul 03 21:39:51.635977 np0000004475 nova-scheduler[96339]: DEBUG nova.service [None req-ab0d1bce-3f5d-42a0-80df-c4bde878040d None None] Creating RPC server for service: nova-scheduler on topic: scheduler {{(pid=96339) start /opt/stack/nova/nova/service.py:196}}
Jul 03 21:39:51.637296 np0000004475 nova-scheduler[96337]: DEBUG nova.service [None req-8767e64c-7f23-4c6d-a4a3-736d097813b1 None None] Creating RPC server for service: nova-scheduler on topic: scheduler {{(pid=96337) start /opt/stack/nova/nova/service.py:196}}
Jul 03 21:39:51.655026 np0000004475 nova-scheduler[96341]: DEBUG oslo_db.sqlalchemy.engines [None req-ab0965d3-3d8d-4acd-88dd-c85974524b07 None None] MySQL server mode set to STRICT_TRANS_TABLES,STRICT_ALL_TABLES,NO_ZERO_IN_DATE,NO_ZERO_DATE,ERROR_FOR_DIVISION_BY_ZERO,TRADITIONAL,NO_ENGINE_SUBSTITUTION {{(pid=96341) _check_effective_sql_mode /opt/stack/data/venv/lib/python3.12/site-packages/oslo_db/sqlalchemy/engines.py:325}}
Jul 03 21:39:51.669299 np0000004475 nova-scheduler[96341]: DEBUG dbcounter [-] [96341] Writer thread running {{(pid=96341) stat_writer /opt/stack/data/venv/lib/python3.12/site-packages/dbcounter.py:102}}
Jul 03 21:39:51.673114 np0000004475 nova-scheduler[96341]: DEBUG nova.service [None req-ab0965d3-3d8d-4acd-88dd-c85974524b07 None None] Creating RPC server for service: nova-scheduler on topic: scheduler {{(pid=96341) start /opt/stack/nova/nova/service.py:196}}
Jul 03 21:39:51.674897 np0000004475 nova-scheduler[96337]: DEBUG nova.service [None req-8767e64c-7f23-4c6d-a4a3-736d097813b1 None None] Join ServiceGroup membership for this service scheduler {{(pid=96337) start /opt/stack/nova/nova/service.py:222}}
Jul 03 21:39:51.675178 np0000004475 nova-scheduler[96337]: DEBUG nova.servicegroup.drivers.db [None req-8767e64c-7f23-4c6d-a4a3-736d097813b1 None None] DB_Driver: join new ServiceGroup member np0000004475 to the scheduler group, service = {{(pid=96337) join /opt/stack/nova/nova/servicegroup/drivers/db.py:44}}
Jul 03 21:39:51.676082 np0000004475 nova-scheduler[96335]: DEBUG nova.service [None req-229af5a4-f87a-43f0-bf4e-c84876116d0f None None] Join ServiceGroup membership for this service scheduler {{(pid=96335) start /opt/stack/nova/nova/service.py:222}}
Jul 03 21:39:51.676740 np0000004475 nova-scheduler[96335]: DEBUG nova.servicegroup.drivers.db [None req-229af5a4-f87a-43f0-bf4e-c84876116d0f None None] DB_Driver: join new ServiceGroup member np0000004475 to the scheduler group, service = {{(pid=96335) join /opt/stack/nova/nova/servicegroup/drivers/db.py:44}}
Jul 03 21:39:51.680782 np0000004475 nova-scheduler[96339]: DEBUG nova.service [None req-ab0d1bce-3f5d-42a0-80df-c4bde878040d None None] Join ServiceGroup membership for this service scheduler {{(pid=96339) start /opt/stack/nova/nova/service.py:222}}
Jul 03 21:39:51.681691 np0000004475 nova-scheduler[96339]: DEBUG nova.servicegroup.drivers.db [None req-ab0d1bce-3f5d-42a0-80df-c4bde878040d None None] DB_Driver: join new ServiceGroup member np0000004475 to the scheduler group, service = {{(pid=96339) join /opt/stack/nova/nova/servicegroup/drivers/db.py:44}}
Jul 03 21:39:51.696568 np0000004475 nova-scheduler[96341]: DEBUG nova.service [None req-ab0965d3-3d8d-4acd-88dd-c85974524b07 None None] Join ServiceGroup membership for this service scheduler {{(pid=96341) start /opt/stack/nova/nova/service.py:222}}
Jul 03 21:39:51.696814 np0000004475 nova-scheduler[96341]: DEBUG nova.servicegroup.drivers.db [None req-ab0965d3-3d8d-4acd-88dd-c85974524b07 None None] DB_Driver: join new ServiceGroup member np0000004475 to the scheduler group, service = {{(pid=96341) join /opt/stack/nova/nova/servicegroup/drivers/db.py:44}}
Jul 03 21:39:56.693560 np0000004475 nova-scheduler[96335]: DEBUG oslo.service.backend._threading.loopingcall [-] Fixed interval looping call 'nova.servicegroup.drivers.db.DbDriver._report_state' sleeping for 119.99 seconds {{(pid=96335) _run_loop /opt/stack/data/venv/lib/python3.12/site-packages/oslo_service/backend/_threading/loopingcall.py:125}}
Jul 03 21:39:56.694597 np0000004475 nova-scheduler[96337]: DEBUG oslo.service.backend._threading.loopingcall [-] Fixed interval looping call 'nova.servicegroup.drivers.db.DbDriver._report_state' sleeping for 119.98 seconds {{(pid=96337) _run_loop /opt/stack/data/venv/lib/python3.12/site-packages/oslo_service/backend/_threading/loopingcall.py:125}}
Jul 03 21:39:56.697619 np0000004475 nova-scheduler[96339]: DEBUG oslo.service.backend._threading.loopingcall [-] Fixed interval looping call 'nova.servicegroup.drivers.db.DbDriver._report_state' sleeping for 119.99 seconds {{(pid=96339) _run_loop /opt/stack/data/venv/lib/python3.12/site-packages/oslo_service/backend/_threading/loopingcall.py:125}}
Jul 03 21:39:56.707111 np0000004475 nova-scheduler[96341]: DEBUG oslo.service.backend._threading.loopingcall [-] Fixed interval looping call 'nova.servicegroup.drivers.db.DbDriver._report_state' sleeping for 119.99 seconds {{(pid=96341) _run_loop /opt/stack/data/venv/lib/python3.12/site-packages/oslo_service/backend/_threading/loopingcall.py:125}}
Jul 03 21:40:00.127863 np0000004475 nova-scheduler[95140]: DEBUG dbcounter [-] [95140] Writing DB stats nova_api:SELECT=3 {{(pid=95140) stat_writer /opt/stack/data/venv/lib/python3.12/site-packages/dbcounter.py:115}}
Jul 03 21:40:00.316903 np0000004475 nova-scheduler[95140]: DEBUG dbcounter [-] [95140] Writing DB stats nova_cell1:SELECT=1 {{(pid=95140) stat_writer /opt/stack/data/venv/lib/python3.12/site-packages/dbcounter.py:115}}
Jul 03 21:40:00.321659 np0000004475 nova-scheduler[95140]: DEBUG dbcounter [-] [95140] Writing DB stats nova_cell0:SELECT=1 {{(pid=95140) stat_writer /opt/stack/data/venv/lib/python3.12/site-packages/dbcounter.py:115}}
Jul 03 21:40:02.698851 np0000004475 nova-scheduler[96341]: DEBUG oslo.service.backend._threading.loopingcall [None req-fddb71b1-1b64-4236-b3b7-09e31cd388bb None None] Dynamic interval looping call 'nova.service.Service.periodic_tasks' sleeping for 60.00 seconds {{(pid=96341) _run_loop /opt/stack/data/venv/lib/python3.12/site-packages/oslo_service/backend/_threading/loopingcall.py:125}}
Jul 03 21:40:06.688132 np0000004475 nova-scheduler[96335]: DEBUG dbcounter [-] [96335] Writing DB stats nova_cell0:SELECT=4,nova_cell0:INSERT=1,nova_cell0:UPDATE=1 {{(pid=96335) stat_writer /opt/stack/data/venv/lib/python3.12/site-packages/dbcounter.py:115}}
Jul 03 21:40:06.688865 np0000004475 nova-scheduler[96337]: DEBUG dbcounter [-] [96337] Writing DB stats nova_cell0:SELECT=3,nova_cell0:UPDATE=1 {{(pid=96337) stat_writer /opt/stack/data/venv/lib/python3.12/site-packages/dbcounter.py:115}}
Jul 03 21:40:06.699095 np0000004475 nova-scheduler[96339]: DEBUG dbcounter [-] [96339] Writing DB stats nova_cell0:SELECT=3,nova_cell0:UPDATE=1 {{(pid=96339) stat_writer /opt/stack/data/venv/lib/python3.12/site-packages/dbcounter.py:115}}
Jul 03 21:40:06.708467 np0000004475 nova-scheduler[96341]: DEBUG dbcounter [-] [96341] Writing DB stats nova_cell0:SELECT=3 {{(pid=96341) stat_writer /opt/stack/data/venv/lib/python3.12/site-packages/dbcounter.py:115}}
Jul 03 21:40:09.684057 np0000004475 nova-scheduler[96339]: DEBUG oslo.service.backend._threading.loopingcall [None req-78b90cc6-ae5d-47db-bf68-cf5af024c5c4 None None] Dynamic interval looping call 'nova.service.Service.periodic_tasks' sleeping for 60.00 seconds {{(pid=96339) _run_loop /opt/stack/data/venv/lib/python3.12/site-packages/oslo_service/backend/_threading/loopingcall.py:125}}
Jul 03 21:40:10.678272 np0000004475 nova-scheduler[96337]: DEBUG oslo.service.backend._threading.loopingcall [None req-58579bf3-3c95-42f6-8a3c-0facfd88efbd None None] Dynamic interval looping call 'nova.service.Service.periodic_tasks' sleeping for 60.00 seconds {{(pid=96337) _run_loop /opt/stack/data/venv/lib/python3.12/site-packages/oslo_service/backend/_threading/loopingcall.py:125}}
Jul 03 21:40:35.679106 np0000004475 nova-scheduler[96335]: DEBUG oslo.service.backend._threading.loopingcall [None req-55ddf65d-4ea8-4b3e-b710-04c5ee7eb87a None None] Dynamic interval looping call 'nova.service.Service.periodic_tasks' sleeping for 60.00 seconds {{(pid=96335) _run_loop /opt/stack/data/venv/lib/python3.12/site-packages/oslo_service/backend/_threading/loopingcall.py:125}}
Jul 03 21:41:02.699518 np0000004475 nova-scheduler[96341]: DEBUG oslo.service.backend._threading.loopingcall [None req-fddb71b1-1b64-4236-b3b7-09e31cd388bb None None] Dynamic interval looping call 'nova.service.Service.periodic_tasks' sleeping for 60.00 seconds {{(pid=96341) _run_loop /opt/stack/data/venv/lib/python3.12/site-packages/oslo_service/backend/_threading/loopingcall.py:125}}
Jul 03 21:41:09.684609 np0000004475 nova-scheduler[96339]: DEBUG oslo.service.backend._threading.loopingcall [None req-78b90cc6-ae5d-47db-bf68-cf5af024c5c4 None None] Dynamic interval looping call 'nova.service.Service.periodic_tasks' sleeping for 60.00 seconds {{(pid=96339) _run_loop /opt/stack/data/venv/lib/python3.12/site-packages/oslo_service/backend/_threading/loopingcall.py:125}}
Jul 03 21:41:10.678686 np0000004475 nova-scheduler[96337]: DEBUG oslo.service.backend._threading.loopingcall [None req-58579bf3-3c95-42f6-8a3c-0facfd88efbd None None] Dynamic interval looping call 'nova.service.Service.periodic_tasks' sleeping for 60.00 seconds {{(pid=96337) _run_loop /opt/stack/data/venv/lib/python3.12/site-packages/oslo_service/backend/_threading/loopingcall.py:125}}
Jul 03 21:41:35.679693 np0000004475 nova-scheduler[96335]: DEBUG oslo.service.backend._threading.loopingcall [None req-55ddf65d-4ea8-4b3e-b710-04c5ee7eb87a None None] Dynamic interval looping call 'nova.service.Service.periodic_tasks' sleeping for 60.00 seconds {{(pid=96335) _run_loop /opt/stack/data/venv/lib/python3.12/site-packages/oslo_service/backend/_threading/loopingcall.py:125}}
Jul 03 21:41:56.690421 np0000004475 nova-scheduler[96337]: DEBUG oslo.service.backend._threading.loopingcall [-] Fixed interval looping call 'nova.servicegroup.drivers.db.DbDriver._report_state' sleeping for 119.98 seconds {{(pid=96337) _run_loop /opt/stack/data/venv/lib/python3.12/site-packages/oslo_service/backend/_threading/loopingcall.py:125}}
Jul 03 21:41:56.690841 np0000004475 nova-scheduler[96335]: DEBUG oslo.service.backend._threading.loopingcall [-] Fixed interval looping call 'nova.servicegroup.drivers.db.DbDriver._report_state' sleeping for 119.99 seconds {{(pid=96335) _run_loop /opt/stack/data/venv/lib/python3.12/site-packages/oslo_service/backend/_threading/loopingcall.py:125}}
Jul 03 21:41:56.691699 np0000004475 nova-scheduler[96339]: DEBUG oslo.service.backend._threading.loopingcall [-] Fixed interval looping call 'nova.servicegroup.drivers.db.DbDriver._report_state' sleeping for 120.00 seconds {{(pid=96339) _run_loop /opt/stack/data/venv/lib/python3.12/site-packages/oslo_service/backend/_threading/loopingcall.py:125}}
Jul 03 21:41:56.700743 np0000004475 nova-scheduler[96341]: DEBUG oslo.service.backend._threading.loopingcall [-] Fixed interval looping call 'nova.servicegroup.drivers.db.DbDriver._report_state' sleeping for 120.00 seconds {{(pid=96341) _run_loop /opt/stack/data/venv/lib/python3.12/site-packages/oslo_service/backend/_threading/loopingcall.py:125}}
Jul 03 21:42:02.700030 np0000004475 nova-scheduler[96341]: DEBUG oslo.service.backend._threading.loopingcall [None req-fddb71b1-1b64-4236-b3b7-09e31cd388bb None None] Dynamic interval looping call 'nova.service.Service.periodic_tasks' sleeping for 60.00 seconds {{(pid=96341) _run_loop /opt/stack/data/venv/lib/python3.12/site-packages/oslo_service/backend/_threading/loopingcall.py:125}}
Jul 03 21:42:06.679624 np0000004475 nova-scheduler[96337]: DEBUG dbcounter [-] [96337] Writing DB stats nova_cell0:SELECT=1,nova_cell0:UPDATE=1 {{(pid=96337) stat_writer /opt/stack/data/venv/lib/python3.12/site-packages/dbcounter.py:115}}
Jul 03 21:42:06.687519 np0000004475 nova-scheduler[96335]: DEBUG dbcounter [-] [96335] Writing DB stats nova_cell0:SELECT=1,nova_cell0:UPDATE=1 {{(pid=96335) stat_writer /opt/stack/data/venv/lib/python3.12/site-packages/dbcounter.py:115}}
Jul 03 21:42:06.690639 np0000004475 nova-scheduler[96339]: DEBUG dbcounter [-] [96339] Writing DB stats nova_cell0:SELECT=1 {{(pid=96339) stat_writer /opt/stack/data/venv/lib/python3.12/site-packages/dbcounter.py:115}}
Jul 03 21:42:06.699209 np0000004475 nova-scheduler[96341]: DEBUG dbcounter [-] [96341] Writing DB stats nova_cell0:SELECT=1 {{(pid=96341) stat_writer /opt/stack/data/venv/lib/python3.12/site-packages/dbcounter.py:115}}
Jul 03 21:42:09.686552 np0000004475 nova-scheduler[96339]: DEBUG oslo.service.backend._threading.loopingcall [None req-78b90cc6-ae5d-47db-bf68-cf5af024c5c4 None None] Dynamic interval looping call 'nova.service.Service.periodic_tasks' sleeping for 60.00 seconds {{(pid=96339) _run_loop /opt/stack/data/venv/lib/python3.12/site-packages/oslo_service/backend/_threading/loopingcall.py:125}}
Jul 03 21:42:10.679414 np0000004475 nova-scheduler[96337]: DEBUG oslo.service.backend._threading.loopingcall [None req-58579bf3-3c95-42f6-8a3c-0facfd88efbd None None] Dynamic interval looping call 'nova.service.Service.periodic_tasks' sleeping for 60.00 seconds {{(pid=96337) _run_loop /opt/stack/data/venv/lib/python3.12/site-packages/oslo_service/backend/_threading/loopingcall.py:125}}
Jul 03 21:42:15.384499 np0000004475 nova-scheduler[96337]: DEBUG nova.scheduler.manager [None req-8dc3684b-4a02-401a-b005-2c87c259eb30 tempest-DeleteServersTestJSON-1808700371 tempest-DeleteServersTestJSON-1808700371-project-member] Starting to schedule for instances: ['b2006398-f098-453b-b189-025de3434cbf'] {{(pid=96337) select_destinations /opt/stack/nova/nova/scheduler/manager.py:209}}
Jul 03 21:42:15.385107 np0000004475 nova-scheduler[96337]: DEBUG nova.scheduler.request_filter [None req-8dc3684b-4a02-401a-b005-2c87c259eb30 tempest-DeleteServersTestJSON-1808700371 tempest-DeleteServersTestJSON-1808700371-project-member] compute_status_filter request filter added forbidden trait COMPUTE_STATUS_DISABLED {{(pid=96337) compute_status_filter /opt/stack/nova/nova/scheduler/request_filter.py:253}}
Jul 03 21:42:15.385629 np0000004475 nova-scheduler[96337]: DEBUG nova.scheduler.request_filter [None req-8dc3684b-4a02-401a-b005-2c87c259eb30 tempest-DeleteServersTestJSON-1808700371 tempest-DeleteServersTestJSON-1808700371-project-member] Request filter 'compute_status_filter' took 0.0 seconds {{(pid=96337) wrapper /opt/stack/nova/nova/scheduler/request_filter.py:46}}
Jul 03 21:42:15.385629 np0000004475 nova-scheduler[96337]: DEBUG nova.scheduler.request_filter [None req-8dc3684b-4a02-401a-b005-2c87c259eb30 tempest-DeleteServersTestJSON-1808700371 tempest-DeleteServersTestJSON-1808700371-project-member] Request filter 'accelerators_filter' took 0.0 seconds {{(pid=96337) wrapper /opt/stack/nova/nova/scheduler/request_filter.py:46}}
Jul 03 21:42:15.386004 np0000004475 nova-scheduler[96337]: DEBUG nova.scheduler.request_filter [None req-8dc3684b-4a02-401a-b005-2c87c259eb30 tempest-DeleteServersTestJSON-1808700371 tempest-DeleteServersTestJSON-1808700371-project-member] Request filter 'packed_virtqueue_filter' took 0.0 seconds {{(pid=96337) wrapper /opt/stack/nova/nova/scheduler/request_filter.py:46}}
Jul 03 21:42:15.387056 np0000004475 nova-scheduler[96337]: DEBUG nova.scheduler.request_filter [None req-8dc3684b-4a02-401a-b005-2c87c259eb30 tempest-DeleteServersTestJSON-1808700371 tempest-DeleteServersTestJSON-1808700371-project-member] Request filter 'remote_managed_ports_filter' took 0.0 seconds {{(pid=96337) wrapper /opt/stack/nova/nova/scheduler/request_filter.py:46}}
Jul 03 21:42:15.387056 np0000004475 nova-scheduler[96337]: DEBUG nova.scheduler.request_filter [None req-8dc3684b-4a02-401a-b005-2c87c259eb30 tempest-DeleteServersTestJSON-1808700371 tempest-DeleteServersTestJSON-1808700371-project-member] ephemeral_encryption_filter skipped {{(pid=96337) ephemeral_encryption_filter /opt/stack/nova/nova/scheduler/request_filter.py:426}}
Jul 03 21:42:15.387664 np0000004475 nova-scheduler[96337]: DEBUG nova.scheduler.request_filter [None req-8dc3684b-4a02-401a-b005-2c87c259eb30 tempest-DeleteServersTestJSON-1808700371 tempest-DeleteServersTestJSON-1808700371-project-member] virtio_sound_filter skipped {{(pid=96337) virtio_sound_filter /opt/stack/nova/nova/scheduler/request_filter.py:460}}
Jul 03 21:42:15.387814 np0000004475 nova-scheduler[96337]: DEBUG nova.scheduler.request_filter [None req-8dc3684b-4a02-401a-b005-2c87c259eb30 tempest-DeleteServersTestJSON-1808700371 tempest-DeleteServersTestJSON-1808700371-project-member] tpm_secret_security_filter skipped {{(pid=96337) tpm_secret_security_filter /opt/stack/nova/nova/scheduler/request_filter.py:477}}
Jul 03 21:42:16.104025 np0000004475 nova-scheduler[96337]: INFO nova.utils [None req-8dc3684b-4a02-401a-b005-2c87c259eb30 tempest-DeleteServersTestJSON-1808700371 tempest-DeleteServersTestJSON-1808700371-project-member] The cell worker thread pool ForkProcess-2.cell_worker is initialized
Jul 03 21:42:16.104538 np0000004475 nova-scheduler[96337]: DEBUG oslo_concurrency.lockutils [None req-8dc3684b-4a02-401a-b005-2c87c259eb30 tempest-DeleteServersTestJSON-1808700371 tempest-DeleteServersTestJSON-1808700371-project-member] Acquiring lock "fd8ebd7e-2b1c-4323-b08a-66bd6085f383" by "nova.context.set_target_cell..get_or_set_cached_cell_and_set_connections" {{(pid=96337) inner /opt/stack/data/venv/lib/python3.12/site-packages/oslo_concurrency/lockutils.py:511}}
Jul 03 21:42:16.104904 np0000004475 nova-scheduler[96337]: DEBUG oslo_concurrency.lockutils [None req-8dc3684b-4a02-401a-b005-2c87c259eb30 tempest-DeleteServersTestJSON-1808700371 tempest-DeleteServersTestJSON-1808700371-project-member] Lock "fd8ebd7e-2b1c-4323-b08a-66bd6085f383" acquired by "nova.context.set_target_cell..get_or_set_cached_cell_and_set_connections" :: waited 0.000s {{(pid=96337) inner /opt/stack/data/venv/lib/python3.12/site-packages/oslo_concurrency/lockutils.py:524}}
Jul 03 21:42:16.106858 np0000004475 nova-scheduler[96337]: DEBUG oslo_concurrency.lockutils [None req-8dc3684b-4a02-401a-b005-2c87c259eb30 tempest-DeleteServersTestJSON-1808700371 tempest-DeleteServersTestJSON-1808700371-project-member] Lock "fd8ebd7e-2b1c-4323-b08a-66bd6085f383" "released" by "nova.context.set_target_cell..get_or_set_cached_cell_and_set_connections" :: held 0.002s {{(pid=96337) inner /opt/stack/data/venv/lib/python3.12/site-packages/oslo_concurrency/lockutils.py:543}}
Jul 03 21:42:16.108745 np0000004475 nova-scheduler[96337]: INFO dbcounter [None req-8dc3684b-4a02-401a-b005-2c87c259eb30 tempest-DeleteServersTestJSON-1808700371 tempest-DeleteServersTestJSON-1808700371-project-member] Registered counter for database nova_cell1
Jul 03 21:42:16.152364 np0000004475 nova-scheduler[96337]: DEBUG oslo_db.sqlalchemy.engines [None req-8dc3684b-4a02-401a-b005-2c87c259eb30 tempest-DeleteServersTestJSON-1808700371 tempest-DeleteServersTestJSON-1808700371-project-member] MySQL server mode set to STRICT_TRANS_TABLES,STRICT_ALL_TABLES,NO_ZERO_IN_DATE,NO_ZERO_DATE,ERROR_FOR_DIVISION_BY_ZERO,TRADITIONAL,NO_ENGINE_SUBSTITUTION {{(pid=96337) _check_effective_sql_mode /opt/stack/data/venv/lib/python3.12/site-packages/oslo_db/sqlalchemy/engines.py:325}}
Jul 03 21:42:16.158696 np0000004475 nova-scheduler[96337]: DEBUG dbcounter [-] [96337] Writer thread running {{(pid=96337) stat_writer /opt/stack/data/venv/lib/python3.12/site-packages/dbcounter.py:102}}
Jul 03 21:42:16.173791 np0000004475 nova-scheduler[96337]: DEBUG oslo_db.sqlalchemy.engines [None req-8dc3684b-4a02-401a-b005-2c87c259eb30 tempest-DeleteServersTestJSON-1808700371 tempest-DeleteServersTestJSON-1808700371-project-member] Parent process 95140 forked (96337) with an open database connection, which is being discarded and recreated. {{(pid=96337) checkout /opt/stack/data/venv/lib/python3.12/site-packages/oslo_db/sqlalchemy/engines.py:402}}
Jul 03 21:42:16.226708 np0000004475 nova-scheduler[96337]: DEBUG dbcounter [-] [96337] Writer thread running {{(pid=96337) stat_writer /opt/stack/data/venv/lib/python3.12/site-packages/dbcounter.py:102}}
Jul 03 21:42:16.230128 np0000004475 nova-scheduler[96337]: DEBUG oslo_concurrency.lockutils [None req-8dc3684b-4a02-401a-b005-2c87c259eb30 tempest-DeleteServersTestJSON-1808700371 tempest-DeleteServersTestJSON-1808700371-project-member] Acquiring lock "fd8ebd7e-2b1c-4323-b08a-66bd6085f383" by "nova.context.set_target_cell..get_or_set_cached_cell_and_set_connections" {{(pid=96337) inner /opt/stack/data/venv/lib/python3.12/site-packages/oslo_concurrency/lockutils.py:511}}
Jul 03 21:42:16.230378 np0000004475 nova-scheduler[96337]: DEBUG oslo_concurrency.lockutils [None req-8dc3684b-4a02-401a-b005-2c87c259eb30 tempest-DeleteServersTestJSON-1808700371 tempest-DeleteServersTestJSON-1808700371-project-member] Lock "fd8ebd7e-2b1c-4323-b08a-66bd6085f383" acquired by "nova.context.set_target_cell..get_or_set_cached_cell_and_set_connections" :: waited 0.000s {{(pid=96337) inner /opt/stack/data/venv/lib/python3.12/site-packages/oslo_concurrency/lockutils.py:524}}
Jul 03 21:42:16.230690 np0000004475 nova-scheduler[96337]: DEBUG oslo_concurrency.lockutils [None req-8dc3684b-4a02-401a-b005-2c87c259eb30 tempest-DeleteServersTestJSON-1808700371 tempest-DeleteServersTestJSON-1808700371-project-member] Lock "fd8ebd7e-2b1c-4323-b08a-66bd6085f383" "released" by "nova.context.set_target_cell..get_or_set_cached_cell_and_set_connections" :: held 0.000s {{(pid=96337) inner /opt/stack/data/venv/lib/python3.12/site-packages/oslo_concurrency/lockutils.py:543}}
Jul 03 21:42:16.239458 np0000004475 nova-scheduler[96337]: DEBUG oslo_concurrency.lockutils [None req-8dc3684b-4a02-401a-b005-2c87c259eb30 tempest-DeleteServersTestJSON-1808700371 tempest-DeleteServersTestJSON-1808700371-project-member] Acquiring lock "np0000004475-np0000004475" by "nova.scheduler.host_manager.HostState.update.._locked_update" {{(pid=96337) inner /opt/stack/data/venv/lib/python3.12/site-packages/oslo_concurrency/lockutils.py:511}}
Jul 03 21:42:16.239458 np0000004475 nova-scheduler[96337]: DEBUG oslo_concurrency.lockutils [None req-8dc3684b-4a02-401a-b005-2c87c259eb30 tempest-DeleteServersTestJSON-1808700371 tempest-DeleteServersTestJSON-1808700371-project-member] Lock "np0000004475-np0000004475" acquired by "nova.scheduler.host_manager.HostState.update.._locked_update" :: waited 0.000s {{(pid=96337) inner /opt/stack/data/venv/lib/python3.12/site-packages/oslo_concurrency/lockutils.py:524}}
Jul 03 21:42:16.240350 np0000004475 nova-scheduler[96337]: DEBUG nova.scheduler.host_manager [None req-8dc3684b-4a02-401a-b005-2c87c259eb30 tempest-DeleteServersTestJSON-1808700371 tempest-DeleteServersTestJSON-1808700371-project-member] Update host state from compute node: ComputeNode(cpu_allocation_ratio=4.0,cpu_info='{"arch": "x86_64", "model": "EPYC-Milan", "vendor": "AMD", "topology": {"cells": 1, "sockets": 16, "cores": 1, "threads": 1}, "maxphysaddr": {"mode": "emulate", "bits": 40}, "features": ["xsaveerptr", "xsaves", "tsc-scale", "svme-addr-chk", "ibpb", "tsc_adjust", "cx8", "clwb", "syscall", "rdseed", "osvw", "vpclmulqdq", "pdpe1gb", "topoext", "skip-l1dfl-vmentry", "avx", "fsgsbase", "clflush", "hypervisor", "stibp", "xsavec", "x2apic", "nx", "umip", "gds-no", "de", "sse", "pat", "f16c", "pse36", "sep", "amd-stibp", "msr", "npt", "fsrm", "misalignsse", "spec-ctrl", "ssse3", "mds-no", "mce", "xsave", "cr8legacy", "lfence-always-serializing", "sse2", "pge", "amd-psfd", "bmi1", "no-nested-data-bp", "vaes", "stibp-always-on", "pse", "fpu", "arat", "avx2", "erms", "pcid", "pku", "lahf_lm", "mca", "mtrr", "mmx", "arch-capabilities", "cmp_legacy", "smap", "perfctr_core", "flushbyasid", "3dnowprefetch", "xsaveopt", "sse4.1", "pfthreshold", "adx", "rdtscp", "sha-ni", "v-vmsave-vmload", "clzero", "xgetbv1", "vgif", "null-sel-clr-base", "ssbd", "bmi2", "movbe", "invpcid", "cmov", "virt-ssbd", "pni", "rdrand", "smep", "tsc", "ibrs", "nrip-save", "amd-ssbd", "pclmuldq", "clflushopt", "pae", "rdpid", "sse4.2", "lbrv", "vmcb-clean", "tsc-deadline", "pschange-mc-no", "svm", "vme", "aes", "abm", "wbnoinvd", "popcnt", "apic", "rdctl-no", "lm", "mmxext", "fma", "pause-filter", "fxsr_opt", "cx16", "sse4a", "fxsr"]}',created_at=2026-07-03T21:40:18Z,current_workload=0,deleted=False,deleted_at=None,disk_allocation_ratio=1.0,disk_available_least=75,free_disk_gb=95,free_ram_mb=63789,host='np0000004475',host_ip=10.4.3.32,hypervisor_hostname='np0000004475',hypervisor_type='QEMU',hypervisor_version=8002002,id=1,local_gb=95,local_gb_used=0,mapped=1,memory_mb=64301,memory_mb_used=512,metrics='[]',numa_topology='{"nova_object.name": "NUMATopology", "nova_object.namespace": "nova", "nova_object.version": "1.2", "nova_object.data": {"cells": [{"nova_object.name": "NUMACell", "nova_object.namespace": "nova", "nova_object.version": "1.5", "nova_object.data": {"id": 0, "cpuset": [0, 1, 2, 3, 4, 5, 6, 7, 8, 9, 10, 11, 12, 13, 14, 15], "pcpuset": [0, 1, 2, 3, 4, 5, 6, 7, 8, 9, 10, 11, 12, 13, 14, 15], "memory": 64301, "cpu_usage": 0, "memory_usage": 0, "pinned_cpus": [], "siblings": [[6], [12], [2], [15], [5], [11], [8], [14], [4], [1], [7], [10], [0], [13], [3], [9]], "mempages": [{"nova_object.name": "NUMAPagesTopology", "nova_object.namespace": "nova", "nova_object.version": "1.1", "nova_object.data": {"size_kb": 4, "total": 16461069, "used": 0, "reserved": 0}, "nova_object.changes": ["used", "reserved", "size_kb", "total"]}, {"nova_object.name": "NUMAPagesTopology", "nova_object.namespace": "nova", "nova_object.version": "1.1", "nova_object.data": {"size_kb": 2048, "total": 0, "used": 0, "reserved": 0}, "nova_object.changes": ["used", "reserved", "size_kb", "total"]}, {"nova_object.name": "NUMAPagesTopology", "nova_object.namespace": "nova", "nova_object.version": "1.1", "nova_object.data": {"size_kb": 1048576, "total": 0, "used": 0, "reserved": 0}, "nova_object.changes": ["used", "reserved", "size_kb", "total"]}], "network_metadata": {"nova_object.name": "NetworkMetadata", "nova_object.namespace": "nova", "nova_object.version": "1.0", "nova_object.data": {"physnets": [], "tunneled": false}, "nova_object.changes": ["physnets", "tunneled"]}, "socket": null}, "nova_object.changes": ["memory_usage", "memory", "network_metadata", "socket", "pinned_cpus", "cpuset", "pcpuset", "mempages", "siblings", "cpu_usage", "id"]}]}, "nova_object.changes": ["cells"]}',pci_device_pools=PciDevicePoolList,ram_allocation_ratio=1.0,running_vms=0,service_id=3,stats={failed_builds='0',uptime=' 21:42:03 up 25 min, 2 users, load average: 1.49, 1.61, 0.96
