Jul 03 21:39:57.200786 np0000004475 nova-conductor[98785]: DEBUG cotyledon.oslo_config_glue [-] profiler.es_scroll_size = 10000 {{(pid=98785) log_opt_values /opt/stack/data/venv/lib/python3.12/site-packages/oslo_config/cfg.py:3253}}
Jul 03 21:39:57.200786 np0000004475 nova-conductor[98785]: DEBUG cotyledon.oslo_config_glue [-] profiler.es_scroll_time = 2m {{(pid=98785) log_opt_values /opt/stack/data/venv/lib/python3.12/site-packages/oslo_config/cfg.py:3253}}
Jul 03 21:39:57.200786 np0000004475 nova-conductor[98785]: DEBUG cotyledon.oslo_config_glue [-] profiler.filter_error_trace = False {{(pid=98785) log_opt_values /opt/stack/data/venv/lib/python3.12/site-packages/oslo_config/cfg.py:3253}}
Jul 03 21:39:57.200786 np0000004475 nova-conductor[98785]: DEBUG cotyledon.oslo_config_glue [-] profiler.hmac_keys = **** {{(pid=98785) log_opt_values /opt/stack/data/venv/lib/python3.12/site-packages/oslo_config/cfg.py:3253}}
Jul 03 21:39:57.200786 np0000004475 nova-conductor[98785]: DEBUG cotyledon.oslo_config_glue [-] profiler.sentinel_service_name = mymaster {{(pid=98785) log_opt_values /opt/stack/data/venv/lib/python3.12/site-packages/oslo_config/cfg.py:3253}}
Jul 03 21:39:57.200786 np0000004475 nova-conductor[98785]: DEBUG cotyledon.oslo_config_glue [-] profiler.socket_timeout = 0.1 {{(pid=98785) log_opt_values /opt/stack/data/venv/lib/python3.12/site-packages/oslo_config/cfg.py:3253}}
Jul 03 21:39:57.201054 np0000004475 nova-conductor[98785]: DEBUG cotyledon.oslo_config_glue [-] profiler.trace_requests = False {{(pid=98785) log_opt_values /opt/stack/data/venv/lib/python3.12/site-packages/oslo_config/cfg.py:3253}}
Jul 03 21:39:57.201054 np0000004475 nova-conductor[98785]: DEBUG cotyledon.oslo_config_glue [-] profiler.trace_sqlalchemy = False {{(pid=98785) log_opt_values /opt/stack/data/venv/lib/python3.12/site-packages/oslo_config/cfg.py:3253}}
Jul 03 21:39:57.201054 np0000004475 nova-conductor[98785]: DEBUG cotyledon.oslo_config_glue [-] profiler_jaeger.process_tags = {} {{(pid=98785) log_opt_values /opt/stack/data/venv/lib/python3.12/site-packages/oslo_config/cfg.py:3253}}
Jul 03 21:39:57.201054 np0000004475 nova-conductor[98785]: DEBUG cotyledon.oslo_config_glue [-] profiler_jaeger.service_name_prefix = None {{(pid=98785) log_opt_values /opt/stack/data/venv/lib/python3.12/site-packages/oslo_config/cfg.py:3253}}
Jul 03 21:39:57.201054 np0000004475 nova-conductor[98785]: DEBUG cotyledon.oslo_config_glue [-] profiler_otlp.service_name_prefix = None {{(pid=98785) log_opt_values /opt/stack/data/venv/lib/python3.12/site-packages/oslo_config/cfg.py:3253}}
Jul 03 21:39:57.201054 np0000004475 nova-conductor[98785]: DEBUG cotyledon.oslo_config_glue [-] oslo_messaging_rabbit.amqp_auto_delete = False {{(pid=98785) log_opt_values /opt/stack/data/venv/lib/python3.12/site-packages/oslo_config/cfg.py:3253}}
Jul 03 21:39:57.201054 np0000004475 nova-conductor[98785]: DEBUG cotyledon.oslo_config_glue [-] oslo_messaging_rabbit.amqp_durable_queues = False {{(pid=98785) log_opt_values /opt/stack/data/venv/lib/python3.12/site-packages/oslo_config/cfg.py:3253}}
Jul 03 21:39:57.201054 np0000004475 nova-conductor[98785]: DEBUG cotyledon.oslo_config_glue [-] oslo_messaging_rabbit.conn_pool_min_size = 2 {{(pid=98785) log_opt_values /opt/stack/data/venv/lib/python3.12/site-packages/oslo_config/cfg.py:3253}}
Jul 03 21:39:57.201054 np0000004475 nova-conductor[98785]: DEBUG cotyledon.oslo_config_glue [-] oslo_messaging_rabbit.conn_pool_ttl = 1200 {{(pid=98785) log_opt_values /opt/stack/data/venv/lib/python3.12/site-packages/oslo_config/cfg.py:3253}}
Jul 03 21:39:57.201358 np0000004475 nova-conductor[98785]: DEBUG cotyledon.oslo_config_glue [-] oslo_messaging_rabbit.direct_mandatory_flag = True {{(pid=98785) log_opt_values /opt/stack/data/venv/lib/python3.12/site-packages/oslo_config/cfg.py:3253}}
Jul 03 21:39:57.201358 np0000004475 nova-conductor[98785]: DEBUG cotyledon.oslo_config_glue [-] oslo_messaging_rabbit.enable_cancel_on_failover = False {{(pid=98785) log_opt_values /opt/stack/data/venv/lib/python3.12/site-packages/oslo_config/cfg.py:3253}}
Jul 03 21:39:57.201358 np0000004475 nova-conductor[98785]: DEBUG cotyledon.oslo_config_glue [-] oslo_messaging_rabbit.heartbeat_rate = 3 {{(pid=98785) log_opt_values /opt/stack/data/venv/lib/python3.12/site-packages/oslo_config/cfg.py:3253}}
Jul 03 21:39:57.201358 np0000004475 nova-conductor[98785]: DEBUG cotyledon.oslo_config_glue [-] oslo_messaging_rabbit.heartbeat_timeout_threshold = 60 {{(pid=98785) log_opt_values /opt/stack/data/venv/lib/python3.12/site-packages/oslo_config/cfg.py:3253}}
Jul 03 21:39:57.201358 np0000004475 nova-conductor[98785]: DEBUG cotyledon.oslo_config_glue [-] oslo_messaging_rabbit.hostname = np0000004475 {{(pid=98785) log_opt_values /opt/stack/data/venv/lib/python3.12/site-packages/oslo_config/cfg.py:3253}}
Jul 03 21:39:57.201358 np0000004475 nova-conductor[98785]: DEBUG cotyledon.oslo_config_glue [-] oslo_messaging_rabbit.kombu_compression = None {{(pid=98785) log_opt_values /opt/stack/data/venv/lib/python3.12/site-packages/oslo_config/cfg.py:3253}}
Jul 03 21:39:57.201358 np0000004475 nova-conductor[98785]: DEBUG cotyledon.oslo_config_glue [-] oslo_messaging_rabbit.kombu_failover_strategy = round-robin {{(pid=98785) log_opt_values /opt/stack/data/venv/lib/python3.12/site-packages/oslo_config/cfg.py:3253}}
Jul 03 21:39:57.201358 np0000004475 nova-conductor[98785]: DEBUG cotyledon.oslo_config_glue [-] oslo_messaging_rabbit.kombu_missing_consumer_retry_timeout = 60 {{(pid=98785) log_opt_values /opt/stack/data/venv/lib/python3.12/site-packages/oslo_config/cfg.py:3253}}
Jul 03 21:39:57.201358 np0000004475 nova-conductor[98785]: DEBUG cotyledon.oslo_config_glue [-] oslo_messaging_rabbit.kombu_reconnect_delay = 1.0 {{(pid=98785) log_opt_values /opt/stack/data/venv/lib/python3.12/site-packages/oslo_config/cfg.py:3253}}
Jul 03 21:39:57.201657 np0000004475 nova-conductor[98785]: DEBUG cotyledon.oslo_config_glue [-] oslo_messaging_rabbit.kombu_reconnect_splay = 0.0 {{(pid=98785) log_opt_values /opt/stack/data/venv/lib/python3.12/site-packages/oslo_config/cfg.py:3253}}
Jul 03 21:39:57.201657 np0000004475 nova-conductor[98785]: DEBUG cotyledon.oslo_config_glue [-] oslo_messaging_rabbit.processname = nova-conductor {{(pid=98785) log_opt_values /opt/stack/data/venv/lib/python3.12/site-packages/oslo_config/cfg.py:3253}}
Jul 03 21:39:57.201657 np0000004475 nova-conductor[98785]: DEBUG cotyledon.oslo_config_glue [-] oslo_messaging_rabbit.rabbit_ha_queues = False {{(pid=98785) log_opt_values /opt/stack/data/venv/lib/python3.12/site-packages/oslo_config/cfg.py:3253}}
Jul 03 21:39:57.201657 np0000004475 nova-conductor[98785]: DEBUG cotyledon.oslo_config_glue [-] oslo_messaging_rabbit.rabbit_interval_max = 30 {{(pid=98785) log_opt_values /opt/stack/data/venv/lib/python3.12/site-packages/oslo_config/cfg.py:3253}}
Jul 03 21:39:57.201657 np0000004475 nova-conductor[98785]: DEBUG cotyledon.oslo_config_glue [-] oslo_messaging_rabbit.rabbit_login_method = AMQPLAIN {{(pid=98785) log_opt_values /opt/stack/data/venv/lib/python3.12/site-packages/oslo_config/cfg.py:3253}}
Jul 03 21:39:57.201657 np0000004475 nova-conductor[98785]: DEBUG cotyledon.oslo_config_glue [-] oslo_messaging_rabbit.rabbit_qos_prefetch_count = 0 {{(pid=98785) log_opt_values /opt/stack/data/venv/lib/python3.12/site-packages/oslo_config/cfg.py:3253}}
Jul 03 21:39:57.201657 np0000004475 nova-conductor[98785]: DEBUG cotyledon.oslo_config_glue [-] oslo_messaging_rabbit.rabbit_quorum_delivery_limit = 0 {{(pid=98785) log_opt_values /opt/stack/data/venv/lib/python3.12/site-packages/oslo_config/cfg.py:3253}}
Jul 03 21:39:57.201657 np0000004475 nova-conductor[98785]: DEBUG cotyledon.oslo_config_glue [-] oslo_messaging_rabbit.rabbit_quorum_max_memory_bytes = 0 {{(pid=98785) log_opt_values /opt/stack/data/venv/lib/python3.12/site-packages/oslo_config/cfg.py:3253}}
Jul 03 21:39:57.201657 np0000004475 nova-conductor[98785]: DEBUG cotyledon.oslo_config_glue [-] oslo_messaging_rabbit.rabbit_quorum_max_memory_length = 0 {{(pid=98785) log_opt_values /opt/stack/data/venv/lib/python3.12/site-packages/oslo_config/cfg.py:3253}}
Jul 03 21:39:57.201933 np0000004475 nova-conductor[98785]: DEBUG cotyledon.oslo_config_glue [-] oslo_messaging_rabbit.rabbit_quorum_queue = False {{(pid=98785) log_opt_values /opt/stack/data/venv/lib/python3.12/site-packages/oslo_config/cfg.py:3253}}
Jul 03 21:39:57.201933 np0000004475 nova-conductor[98785]: DEBUG cotyledon.oslo_config_glue [-] oslo_messaging_rabbit.rabbit_retry_backoff = 2 {{(pid=98785) log_opt_values /opt/stack/data/venv/lib/python3.12/site-packages/oslo_config/cfg.py:3253}}
Jul 03 21:39:57.201933 np0000004475 nova-conductor[98785]: DEBUG cotyledon.oslo_config_glue [-] oslo_messaging_rabbit.rabbit_retry_interval = 1 {{(pid=98785) log_opt_values /opt/stack/data/venv/lib/python3.12/site-packages/oslo_config/cfg.py:3253}}
Jul 03 21:39:57.201933 np0000004475 nova-conductor[98785]: DEBUG cotyledon.oslo_config_glue [-] oslo_messaging_rabbit.rabbit_stream_fanout = False {{(pid=98785) log_opt_values /opt/stack/data/venv/lib/python3.12/site-packages/oslo_config/cfg.py:3253}}
Jul 03 21:39:57.201933 np0000004475 nova-conductor[98785]: DEBUG cotyledon.oslo_config_glue [-] oslo_messaging_rabbit.rabbit_transient_queues_ttl = 1800 {{(pid=98785) log_opt_values /opt/stack/data/venv/lib/python3.12/site-packages/oslo_config/cfg.py:3253}}
Jul 03 21:39:57.201933 np0000004475 nova-conductor[98785]: DEBUG cotyledon.oslo_config_glue [-] oslo_messaging_rabbit.rabbit_transient_quorum_queue = False {{(pid=98785) log_opt_values /opt/stack/data/venv/lib/python3.12/site-packages/oslo_config/cfg.py:3253}}
Jul 03 21:39:57.201933 np0000004475 nova-conductor[98785]: DEBUG cotyledon.oslo_config_glue [-] oslo_messaging_rabbit.rpc_conn_pool_size = 30 {{(pid=98785) log_opt_values /opt/stack/data/venv/lib/python3.12/site-packages/oslo_config/cfg.py:3253}}
Jul 03 21:39:57.201933 np0000004475 nova-conductor[98785]: DEBUG cotyledon.oslo_config_glue [-] oslo_messaging_rabbit.ssl = False {{(pid=98785) log_opt_values /opt/stack/data/venv/lib/python3.12/site-packages/oslo_config/cfg.py:3253}}
Jul 03 21:39:57.201933 np0000004475 nova-conductor[98785]: DEBUG cotyledon.oslo_config_glue [-] oslo_messaging_rabbit.ssl_ca_file = {{(pid=98785) log_opt_values /opt/stack/data/venv/lib/python3.12/site-packages/oslo_config/cfg.py:3253}}
Jul 03 21:39:57.202221 np0000004475 nova-conductor[98785]: DEBUG cotyledon.oslo_config_glue [-] oslo_messaging_rabbit.ssl_cert_file = {{(pid=98785) log_opt_values /opt/stack/data/venv/lib/python3.12/site-packages/oslo_config/cfg.py:3253}}
Jul 03 21:39:57.202221 np0000004475 nova-conductor[98785]: DEBUG cotyledon.oslo_config_glue [-] oslo_messaging_rabbit.ssl_enforce_fips_mode = False {{(pid=98785) log_opt_values /opt/stack/data/venv/lib/python3.12/site-packages/oslo_config/cfg.py:3253}}
Jul 03 21:39:57.202221 np0000004475 nova-conductor[98785]: DEBUG cotyledon.oslo_config_glue [-] oslo_messaging_rabbit.ssl_enforce_hostname_verification = True {{(pid=98785) log_opt_values /opt/stack/data/venv/lib/python3.12/site-packages/oslo_config/cfg.py:3253}}
Jul 03 21:39:57.202221 np0000004475 nova-conductor[98785]: DEBUG cotyledon.oslo_config_glue [-] oslo_messaging_rabbit.ssl_key_file = {{(pid=98785) log_opt_values /opt/stack/data/venv/lib/python3.12/site-packages/oslo_config/cfg.py:3253}}
Jul 03 21:39:57.202221 np0000004475 nova-conductor[98785]: DEBUG cotyledon.oslo_config_glue [-] oslo_messaging_rabbit.ssl_version = {{(pid=98785) log_opt_values /opt/stack/data/venv/lib/python3.12/site-packages/oslo_config/cfg.py:3253}}
Jul 03 21:39:57.202221 np0000004475 nova-conductor[98785]: DEBUG cotyledon.oslo_config_glue [-] oslo_messaging_rabbit.use_queue_manager = False {{(pid=98785) log_opt_values /opt/stack/data/venv/lib/python3.12/site-packages/oslo_config/cfg.py:3253}}
Jul 03 21:39:57.202221 np0000004475 nova-conductor[98785]: DEBUG cotyledon.oslo_config_glue [-] oslo_messaging_notifications.driver = ['messagingv2'] {{(pid=98785) log_opt_values /opt/stack/data/venv/lib/python3.12/site-packages/oslo_config/cfg.py:3253}}
Jul 03 21:39:57.202221 np0000004475 nova-conductor[98785]: DEBUG cotyledon.oslo_config_glue [-] oslo_messaging_notifications.retry = -1 {{(pid=98785) log_opt_values /opt/stack/data/venv/lib/python3.12/site-packages/oslo_config/cfg.py:3253}}
Jul 03 21:39:57.202221 np0000004475 nova-conductor[98785]: DEBUG cotyledon.oslo_config_glue [-] oslo_messaging_notifications.topics = ['notifications'] {{(pid=98785) log_opt_values /opt/stack/data/venv/lib/python3.12/site-packages/oslo_config/cfg.py:3253}}
Jul 03 21:39:57.202516 np0000004475 nova-conductor[98785]: DEBUG cotyledon.oslo_config_glue [-] oslo_messaging_notifications.transport_url = **** {{(pid=98785) log_opt_values /opt/stack/data/venv/lib/python3.12/site-packages/oslo_config/cfg.py:3253}}
Jul 03 21:39:57.202516 np0000004475 nova-conductor[98785]: DEBUG cotyledon.oslo_config_glue [-] oslo_limit.auth_section = None {{(pid=98785) log_opt_values /opt/stack/data/venv/lib/python3.12/site-packages/oslo_config/cfg.py:3253}}
Jul 03 21:39:57.202516 np0000004475 nova-conductor[98785]: DEBUG cotyledon.oslo_config_glue [-] oslo_limit.auth_type = None {{(pid=98785) log_opt_values /opt/stack/data/venv/lib/python3.12/site-packages/oslo_config/cfg.py:3253}}
Jul 03 21:39:57.202516 np0000004475 nova-conductor[98785]: DEBUG cotyledon.oslo_config_glue [-] oslo_limit.cafile = None {{(pid=98785) log_opt_values /opt/stack/data/venv/lib/python3.12/site-packages/oslo_config/cfg.py:3253}}
Jul 03 21:39:57.202516 np0000004475 nova-conductor[98785]: DEBUG cotyledon.oslo_config_glue [-] oslo_limit.certfile = None {{(pid=98785) log_opt_values /opt/stack/data/venv/lib/python3.12/site-packages/oslo_config/cfg.py:3253}}
Jul 03 21:39:57.202516 np0000004475 nova-conductor[98785]: DEBUG cotyledon.oslo_config_glue [-] oslo_limit.collect_timing = False {{(pid=98785) log_opt_values /opt/stack/data/venv/lib/python3.12/site-packages/oslo_config/cfg.py:3253}}
Jul 03 21:39:57.202516 np0000004475 nova-conductor[98785]: DEBUG cotyledon.oslo_config_glue [-] oslo_limit.connect_retries = None {{(pid=98785) log_opt_values /opt/stack/data/venv/lib/python3.12/site-packages/oslo_config/cfg.py:3253}}
Jul 03 21:39:57.202516 np0000004475 nova-conductor[98785]: DEBUG cotyledon.oslo_config_glue [-] oslo_limit.connect_retry_delay = None {{(pid=98785) log_opt_values /opt/stack/data/venv/lib/python3.12/site-packages/oslo_config/cfg.py:3253}}
Jul 03 21:39:57.202516 np0000004475 nova-conductor[98785]: DEBUG cotyledon.oslo_config_glue [-] oslo_limit.endpoint_id = None {{(pid=98785) log_opt_values /opt/stack/data/venv/lib/python3.12/site-packages/oslo_config/cfg.py:3253}}
Jul 03 21:39:57.202775 np0000004475 nova-conductor[98785]: DEBUG cotyledon.oslo_config_glue [-] oslo_limit.endpoint_interface = public {{(pid=98785) log_opt_values /opt/stack/data/venv/lib/python3.12/site-packages/oslo_config/cfg.py:3253}}
Jul 03 21:39:57.202775 np0000004475 nova-conductor[98785]: DEBUG cotyledon.oslo_config_glue [-] oslo_limit.endpoint_override = None {{(pid=98785) log_opt_values /opt/stack/data/venv/lib/python3.12/site-packages/oslo_config/cfg.py:3253}}
Jul 03 21:39:57.202775 np0000004475 nova-conductor[98785]: DEBUG cotyledon.oslo_config_glue [-] oslo_limit.endpoint_region_name = None {{(pid=98785) log_opt_values /opt/stack/data/venv/lib/python3.12/site-packages/oslo_config/cfg.py:3253}}
Jul 03 21:39:57.202775 np0000004475 nova-conductor[98785]: DEBUG cotyledon.oslo_config_glue [-] oslo_limit.endpoint_service_name = None {{(pid=98785) log_opt_values /opt/stack/data/venv/lib/python3.12/site-packages/oslo_config/cfg.py:3253}}
Jul 03 21:39:57.202775 np0000004475 nova-conductor[98785]: DEBUG cotyledon.oslo_config_glue [-] oslo_limit.endpoint_service_type = None {{(pid=98785) log_opt_values /opt/stack/data/venv/lib/python3.12/site-packages/oslo_config/cfg.py:3253}}
Jul 03 21:39:57.202775 np0000004475 nova-conductor[98785]: DEBUG cotyledon.oslo_config_glue [-] oslo_limit.insecure = False {{(pid=98785) log_opt_values /opt/stack/data/venv/lib/python3.12/site-packages/oslo_config/cfg.py:3253}}
Jul 03 21:39:57.202775 np0000004475 nova-conductor[98785]: DEBUG cotyledon.oslo_config_glue [-] oslo_limit.keyfile = None {{(pid=98785) log_opt_values /opt/stack/data/venv/lib/python3.12/site-packages/oslo_config/cfg.py:3253}}
Jul 03 21:39:57.202775 np0000004475 nova-conductor[98785]: DEBUG cotyledon.oslo_config_glue [-] oslo_limit.max_version = None {{(pid=98785) log_opt_values /opt/stack/data/venv/lib/python3.12/site-packages/oslo_config/cfg.py:3253}}
Jul 03 21:39:57.202775 np0000004475 nova-conductor[98785]: DEBUG cotyledon.oslo_config_glue [-] oslo_limit.min_version = None {{(pid=98785) log_opt_values /opt/stack/data/venv/lib/python3.12/site-packages/oslo_config/cfg.py:3253}}
Jul 03 21:39:57.203070 np0000004475 nova-conductor[98785]: DEBUG cotyledon.oslo_config_glue [-] oslo_limit.region_name = None {{(pid=98785) log_opt_values /opt/stack/data/venv/lib/python3.12/site-packages/oslo_config/cfg.py:3253}}
Jul 03 21:39:57.203070 np0000004475 nova-conductor[98785]: DEBUG cotyledon.oslo_config_glue [-] oslo_limit.retriable_status_codes = None {{(pid=98785) log_opt_values /opt/stack/data/venv/lib/python3.12/site-packages/oslo_config/cfg.py:3253}}
Jul 03 21:39:57.203070 np0000004475 nova-conductor[98785]: DEBUG cotyledon.oslo_config_glue [-] oslo_limit.service_name = None {{(pid=98785) log_opt_values /opt/stack/data/venv/lib/python3.12/site-packages/oslo_config/cfg.py:3253}}
Jul 03 21:39:57.203070 np0000004475 nova-conductor[98785]: DEBUG cotyledon.oslo_config_glue [-] oslo_limit.service_type = None {{(pid=98785) log_opt_values /opt/stack/data/venv/lib/python3.12/site-packages/oslo_config/cfg.py:3253}}
Jul 03 21:39:57.203070 np0000004475 nova-conductor[98785]: DEBUG cotyledon.oslo_config_glue [-] oslo_limit.split_loggers = False {{(pid=98785) log_opt_values /opt/stack/data/venv/lib/python3.12/site-packages/oslo_config/cfg.py:3253}}
Jul 03 21:39:57.203070 np0000004475 nova-conductor[98785]: DEBUG cotyledon.oslo_config_glue [-] oslo_limit.status_code_retries = None {{(pid=98785) log_opt_values /opt/stack/data/venv/lib/python3.12/site-packages/oslo_config/cfg.py:3253}}
Jul 03 21:39:57.203070 np0000004475 nova-conductor[98785]: DEBUG cotyledon.oslo_config_glue [-] oslo_limit.status_code_retry_delay = None {{(pid=98785) log_opt_values /opt/stack/data/venv/lib/python3.12/site-packages/oslo_config/cfg.py:3253}}
Jul 03 21:39:57.203070 np0000004475 nova-conductor[98785]: DEBUG cotyledon.oslo_config_glue [-] oslo_limit.timeout = None {{(pid=98785) log_opt_values /opt/stack/data/venv/lib/python3.12/site-packages/oslo_config/cfg.py:3253}}
Jul 03 21:39:57.203070 np0000004475 nova-conductor[98785]: DEBUG cotyledon.oslo_config_glue [-] oslo_limit.valid_interfaces = None {{(pid=98785) log_opt_values /opt/stack/data/venv/lib/python3.12/site-packages/oslo_config/cfg.py:3253}}
Jul 03 21:39:57.203342 np0000004475 nova-conductor[98785]: DEBUG cotyledon.oslo_config_glue [-] oslo_limit.version = None {{(pid=98785) log_opt_values /opt/stack/data/venv/lib/python3.12/site-packages/oslo_config/cfg.py:3253}}
Jul 03 21:39:57.203342 np0000004475 nova-conductor[98785]: DEBUG cotyledon.oslo_config_glue [-] oslo_reports.file_event_handler = None {{(pid=98785) log_opt_values /opt/stack/data/venv/lib/python3.12/site-packages/oslo_config/cfg.py:3253}}
Jul 03 21:39:57.203342 np0000004475 nova-conductor[98785]: DEBUG cotyledon.oslo_config_glue [-] oslo_reports.file_event_handler_interval = 1 {{(pid=98785) log_opt_values /opt/stack/data/venv/lib/python3.12/site-packages/oslo_config/cfg.py:3253}}
Jul 03 21:39:57.203342 np0000004475 nova-conductor[98785]: DEBUG cotyledon.oslo_config_glue [-] oslo_reports.log_dir = None {{(pid=98785) log_opt_values /opt/stack/data/venv/lib/python3.12/site-packages/oslo_config/cfg.py:3253}}
Jul 03 21:39:57.203342 np0000004475 nova-conductor[98785]: DEBUG cotyledon.oslo_config_glue [-] ******************************************************************************** {{(pid=98785) log_opt_values /opt/stack/data/venv/lib/python3.12/site-packages/oslo_config/cfg.py:3260}}
Jul 03 21:39:57.203342 np0000004475 nova-conductor[98785]: DEBUG cotyledon._service_worker [-] Run service ServiceWrapper(3) [98785] {{(pid=98785) wait_forever /opt/stack/data/venv/lib/python3.12/site-packages/cotyledon/_service_worker.py:218}}
Jul 03 21:39:57.203342 np0000004475 nova-conductor[98785]: INFO nova.service [-] Starting conductor node (version 33.1.0)
Jul 03 21:39:57.203565 np0000004475 nova-conductor[98767]: DEBUG oslo_db.sqlalchemy.engines [None req-abfcd7e1-6aa5-4a6d-81e2-1cc6b32dd7fd None None] MySQL server mode set to STRICT_TRANS_TABLES,STRICT_ALL_TABLES,NO_ZERO_IN_DATE,NO_ZERO_DATE,ERROR_FOR_DIVISION_BY_ZERO,TRADITIONAL,NO_ENGINE_SUBSTITUTION {{(pid=98767) _check_effective_sql_mode /opt/stack/data/venv/lib/python3.12/site-packages/oslo_db/sqlalchemy/engines.py:325}}
Jul 03 21:39:57.203686 np0000004475 nova-conductor[98785]: INFO dbcounter [None req-02d72f2f-7a03-4bea-8dbe-007a5f13a5b2 None None] Registered counter for database nova_cell0
Jul 03 21:39:57.203732 np0000004475 nova-conductor[98767]: DEBUG dbcounter [-] [98767] Writer thread running {{(pid=98767) stat_writer /opt/stack/data/venv/lib/python3.12/site-packages/dbcounter.py:102}}
Jul 03 21:39:57.203767 np0000004475 nova-conductor[98774]: DEBUG oslo_db.sqlalchemy.engines [None req-5ca67e31-85d3-4f64-a99d-07aba124483d None None] MySQL server mode set to STRICT_TRANS_TABLES,STRICT_ALL_TABLES,NO_ZERO_IN_DATE,NO_ZERO_DATE,ERROR_FOR_DIVISION_BY_ZERO,TRADITIONAL,NO_ENGINE_SUBSTITUTION {{(pid=98774) _check_effective_sql_mode /opt/stack/data/venv/lib/python3.12/site-packages/oslo_db/sqlalchemy/engines.py:325}}
Jul 03 21:39:57.204133 np0000004475 nova-conductor[98767]: DEBUG nova.service [None req-abfcd7e1-6aa5-4a6d-81e2-1cc6b32dd7fd None None] Creating RPC server for service: nova-conductor on topic: conductor {{(pid=98767) start /opt/stack/nova/nova/service.py:196}}
Jul 03 21:39:57.206704 np0000004475 nova-conductor[98774]: DEBUG dbcounter [-] [98774] Writer thread running {{(pid=98774) stat_writer /opt/stack/data/venv/lib/python3.12/site-packages/dbcounter.py:102}}
Jul 03 21:39:57.209334 np0000004475 nova-conductor[98774]: DEBUG nova.service [None req-5ca67e31-85d3-4f64-a99d-07aba124483d None None] Creating RPC server for service: nova-conductor on topic: conductor {{(pid=98774) start /opt/stack/nova/nova/service.py:196}}
Jul 03 21:39:57.218503 np0000004475 nova-conductor[98778]: DEBUG oslo_db.sqlalchemy.engines [None req-33d461e5-71a3-4111-8b75-ddad8c20f7bd None None] MySQL server mode set to STRICT_TRANS_TABLES,STRICT_ALL_TABLES,NO_ZERO_IN_DATE,NO_ZERO_DATE,ERROR_FOR_DIVISION_BY_ZERO,TRADITIONAL,NO_ENGINE_SUBSTITUTION {{(pid=98778) _check_effective_sql_mode /opt/stack/data/venv/lib/python3.12/site-packages/oslo_db/sqlalchemy/engines.py:325}}
Jul 03 21:39:57.222110 np0000004475 nova-conductor[98785]: DEBUG oslo_db.sqlalchemy.engines [None req-02d72f2f-7a03-4bea-8dbe-007a5f13a5b2 None None] MySQL server mode set to STRICT_TRANS_TABLES,STRICT_ALL_TABLES,NO_ZERO_IN_DATE,NO_ZERO_DATE,ERROR_FOR_DIVISION_BY_ZERO,TRADITIONAL,NO_ENGINE_SUBSTITUTION {{(pid=98785) _check_effective_sql_mode /opt/stack/data/venv/lib/python3.12/site-packages/oslo_db/sqlalchemy/engines.py:325}}
Jul 03 21:39:57.227729 np0000004475 nova-conductor[98778]: DEBUG dbcounter [-] [98778] Writer thread running {{(pid=98778) stat_writer /opt/stack/data/venv/lib/python3.12/site-packages/dbcounter.py:102}}
Jul 03 21:39:57.231087 np0000004475 nova-conductor[98778]: DEBUG nova.service [None req-33d461e5-71a3-4111-8b75-ddad8c20f7bd None None] Creating RPC server for service: nova-conductor on topic: conductor {{(pid=98778) start /opt/stack/nova/nova/service.py:196}}
Jul 03 21:39:57.231390 np0000004475 nova-conductor[98785]: DEBUG dbcounter [-] [98785] Writer thread running {{(pid=98785) stat_writer /opt/stack/data/venv/lib/python3.12/site-packages/dbcounter.py:102}}
Jul 03 21:39:57.232997 np0000004475 nova-conductor[98774]: DEBUG nova.service [None req-5ca67e31-85d3-4f64-a99d-07aba124483d None None] Join ServiceGroup membership for this service conductor {{(pid=98774) start /opt/stack/nova/nova/service.py:222}}
Jul 03 21:39:57.233420 np0000004475 nova-conductor[98774]: DEBUG nova.servicegroup.drivers.db [None req-5ca67e31-85d3-4f64-a99d-07aba124483d None None] DB_Driver: join new ServiceGroup member np0000004475 to the conductor group, service = {{(pid=98774) join /opt/stack/nova/nova/servicegroup/drivers/db.py:44}}
Jul 03 21:39:57.234033 np0000004475 nova-conductor[98785]: DEBUG nova.service [None req-02d72f2f-7a03-4bea-8dbe-007a5f13a5b2 None None] Creating RPC server for service: nova-conductor on topic: conductor {{(pid=98785) start /opt/stack/nova/nova/service.py:196}}
Jul 03 21:39:57.237843 np0000004475 nova-conductor[98767]: DEBUG nova.service [None req-abfcd7e1-6aa5-4a6d-81e2-1cc6b32dd7fd None None] Join ServiceGroup membership for this service conductor {{(pid=98767) start /opt/stack/nova/nova/service.py:222}}
Jul 03 21:39:57.238047 np0000004475 nova-conductor[98767]: DEBUG nova.servicegroup.drivers.db [None req-abfcd7e1-6aa5-4a6d-81e2-1cc6b32dd7fd None None] DB_Driver: join new ServiceGroup member np0000004475 to the conductor group, service = {{(pid=98767) join /opt/stack/nova/nova/servicegroup/drivers/db.py:44}}
Jul 03 21:39:57.249742 np0000004475 nova-conductor[98778]: DEBUG nova.service [None req-33d461e5-71a3-4111-8b75-ddad8c20f7bd None None] Join ServiceGroup membership for this service conductor {{(pid=98778) start /opt/stack/nova/nova/service.py:222}}
Jul 03 21:39:57.249939 np0000004475 nova-conductor[98778]: DEBUG nova.servicegroup.drivers.db [None req-33d461e5-71a3-4111-8b75-ddad8c20f7bd None None] DB_Driver: join new ServiceGroup member np0000004475 to the conductor group, service = {{(pid=98778) join /opt/stack/nova/nova/servicegroup/drivers/db.py:44}}
Jul 03 21:39:57.251363 np0000004475 nova-conductor[98785]: DEBUG nova.service [None req-02d72f2f-7a03-4bea-8dbe-007a5f13a5b2 None None] Join ServiceGroup membership for this service conductor {{(pid=98785) start /opt/stack/nova/nova/service.py:222}}
Jul 03 21:39:57.251707 np0000004475 nova-conductor[98785]: DEBUG nova.servicegroup.drivers.db [None req-02d72f2f-7a03-4bea-8dbe-007a5f13a5b2 None None] DB_Driver: join new ServiceGroup member np0000004475 to the conductor group, service = {{(pid=98785) join /opt/stack/nova/nova/servicegroup/drivers/db.py:44}}
Jul 03 21:40:02.253180 np0000004475 nova-conductor[98767]: DEBUG oslo.service.backend._threading.loopingcall [-] Fixed interval looping call 'nova.servicegroup.drivers.db.DbDriver._report_state' sleeping for 119.99 seconds {{(pid=98767) _run_loop /opt/stack/data/venv/lib/python3.12/site-packages/oslo_service/backend/_threading/loopingcall.py:125}}
Jul 03 21:40:02.259664 np0000004475 nova-conductor[98774]: DEBUG oslo.service.backend._threading.loopingcall [-] Fixed interval looping call 'nova.servicegroup.drivers.db.DbDriver._report_state' sleeping for 119.98 seconds {{(pid=98774) _run_loop /opt/stack/data/venv/lib/python3.12/site-packages/oslo_service/backend/_threading/loopingcall.py:125}}
Jul 03 21:40:02.264116 np0000004475 nova-conductor[98785]: DEBUG oslo.service.backend._threading.loopingcall [-] Fixed interval looping call 'nova.servicegroup.drivers.db.DbDriver._report_state' sleeping for 119.99 seconds {{(pid=98785) _run_loop /opt/stack/data/venv/lib/python3.12/site-packages/oslo_service/backend/_threading/loopingcall.py:125}}
Jul 03 21:40:02.267110 np0000004475 nova-conductor[98778]: DEBUG oslo.service.backend._threading.loopingcall [-] Fixed interval looping call 'nova.servicegroup.drivers.db.DbDriver._report_state' sleeping for 119.99 seconds {{(pid=98778) _run_loop /opt/stack/data/venv/lib/python3.12/site-packages/oslo_service/backend/_threading/loopingcall.py:125}}
Jul 03 21:40:05.784500 np0000004475 nova-conductor[97298]: DEBUG dbcounter [-] [97298] Writing DB stats nova_api:SELECT=1 {{(pid=97298) stat_writer /opt/stack/data/venv/lib/python3.12/site-packages/dbcounter.py:115}}
Jul 03 21:40:05.911751 np0000004475 nova-conductor[97298]: DEBUG dbcounter [-] [97298] Writing DB stats nova_cell0:SELECT=1 {{(pid=97298) stat_writer /opt/stack/data/venv/lib/python3.12/site-packages/dbcounter.py:115}}
Jul 03 21:40:05.923005 np0000004475 nova-conductor[97298]: DEBUG dbcounter [-] [97298] Writing DB stats nova_cell1:SELECT=1 {{(pid=97298) stat_writer /opt/stack/data/venv/lib/python3.12/site-packages/dbcounter.py:115}}
Jul 03 21:40:06.240053 np0000004475 nova-conductor[98767]: DEBUG oslo.service.backend._threading.loopingcall [None req-54a95810-ebe1-4603-b9dd-e56ffb716a02 None None] Dynamic interval looping call 'nova.service.Service.periodic_tasks' sleeping for 60.00 seconds {{(pid=98767) _run_loop /opt/stack/data/venv/lib/python3.12/site-packages/oslo_service/backend/_threading/loopingcall.py:125}}
Jul 03 21:40:12.248964 np0000004475 nova-conductor[98767]: DEBUG dbcounter [-] [98767] Writing DB stats nova_cell0:SELECT=4,nova_cell0:INSERT=1,nova_cell0:UPDATE=1 {{(pid=98767) stat_writer /opt/stack/data/venv/lib/python3.12/site-packages/dbcounter.py:115}}
Jul 03 21:40:12.257295 np0000004475 nova-conductor[98774]: DEBUG dbcounter [-] [98774] Writing DB stats nova_cell0:SELECT=3,nova_cell0:UPDATE=1 {{(pid=98774) stat_writer /opt/stack/data/venv/lib/python3.12/site-packages/dbcounter.py:115}}
Jul 03 21:40:12.261124 np0000004475 nova-conductor[98785]: DEBUG dbcounter [-] [98785] Writing DB stats nova_cell0:SELECT=3 {{(pid=98785) stat_writer /opt/stack/data/venv/lib/python3.12/site-packages/dbcounter.py:115}}
Jul 03 21:40:12.263651 np0000004475 nova-conductor[98778]: DEBUG dbcounter [-] [98778] Writing DB stats nova_cell0:SELECT=3 {{(pid=98778) stat_writer /opt/stack/data/venv/lib/python3.12/site-packages/dbcounter.py:115}}
Jul 03 21:40:17.235312 np0000004475 nova-conductor[98774]: DEBUG oslo.service.backend._threading.loopingcall [None req-cc85cc0e-ff73-48bf-ba61-cf83854243af None None] Dynamic interval looping call 'nova.service.Service.periodic_tasks' sleeping for 60.00 seconds {{(pid=98774) _run_loop /opt/stack/data/venv/lib/python3.12/site-packages/oslo_service/backend/_threading/loopingcall.py:125}}
Jul 03 21:40:25.253120 np0000004475 nova-conductor[98778]: DEBUG oslo.service.backend._threading.loopingcall [None req-2a5b5707-e8a7-4839-8a73-356788be9bbe None None] Dynamic interval looping call 'nova.service.Service.periodic_tasks' sleeping for 60.00 seconds {{(pid=98778) _run_loop /opt/stack/data/venv/lib/python3.12/site-packages/oslo_service/backend/_threading/loopingcall.py:125}}
Jul 03 21:40:27.253726 np0000004475 nova-conductor[98785]: DEBUG oslo.service.backend._threading.loopingcall [None req-a8946cd3-8f48-4e3e-8c20-e1bdafa53912 None None] Dynamic interval looping call 'nova.service.Service.periodic_tasks' sleeping for 60.00 seconds {{(pid=98785) _run_loop /opt/stack/data/venv/lib/python3.12/site-packages/oslo_service/backend/_threading/loopingcall.py:125}}
Jul 03 21:41:06.240591 np0000004475 nova-conductor[98767]: DEBUG oslo.service.backend._threading.loopingcall [None req-54a95810-ebe1-4603-b9dd-e56ffb716a02 None None] Dynamic interval looping call 'nova.service.Service.periodic_tasks' sleeping for 60.00 seconds {{(pid=98767) _run_loop /opt/stack/data/venv/lib/python3.12/site-packages/oslo_service/backend/_threading/loopingcall.py:125}}
Jul 03 21:41:17.235904 np0000004475 nova-conductor[98774]: DEBUG oslo.service.backend._threading.loopingcall [None req-cc85cc0e-ff73-48bf-ba61-cf83854243af None None] Dynamic interval looping call 'nova.service.Service.periodic_tasks' sleeping for 60.00 seconds {{(pid=98774) _run_loop /opt/stack/data/venv/lib/python3.12/site-packages/oslo_service/backend/_threading/loopingcall.py:125}}
Jul 03 21:41:25.253661 np0000004475 nova-conductor[98778]: DEBUG oslo.service.backend._threading.loopingcall [None req-2a5b5707-e8a7-4839-8a73-356788be9bbe None None] Dynamic interval looping call 'nova.service.Service.periodic_tasks' sleeping for 60.00 seconds {{(pid=98778) _run_loop /opt/stack/data/venv/lib/python3.12/site-packages/oslo_service/backend/_threading/loopingcall.py:125}}
Jul 03 21:41:27.254324 np0000004475 nova-conductor[98785]: DEBUG oslo.service.backend._threading.loopingcall [None req-a8946cd3-8f48-4e3e-8c20-e1bdafa53912 None None] Dynamic interval looping call 'nova.service.Service.periodic_tasks' sleeping for 60.00 seconds {{(pid=98785) _run_loop /opt/stack/data/venv/lib/python3.12/site-packages/oslo_service/backend/_threading/loopingcall.py:125}}
Jul 03 21:42:02.248801 np0000004475 nova-conductor[98774]: DEBUG oslo.service.backend._threading.loopingcall [-] Fixed interval looping call 'nova.servicegroup.drivers.db.DbDriver._report_state' sleeping for 119.99 seconds {{(pid=98774) _run_loop /opt/stack/data/venv/lib/python3.12/site-packages/oslo_service/backend/_threading/loopingcall.py:125}}
Jul 03 21:42:02.249525 np0000004475 nova-conductor[98767]: DEBUG oslo.service.backend._threading.loopingcall [-] Fixed interval looping call 'nova.servicegroup.drivers.db.DbDriver._report_state' sleeping for 119.99 seconds {{(pid=98767) _run_loop /opt/stack/data/venv/lib/python3.12/site-packages/oslo_service/backend/_threading/loopingcall.py:125}}
Jul 03 21:42:02.258084 np0000004475 nova-conductor[98785]: DEBUG oslo.service.backend._threading.loopingcall [-] Fixed interval looping call 'nova.servicegroup.drivers.db.DbDriver._report_state' sleeping for 120.00 seconds {{(pid=98785) _run_loop /opt/stack/data/venv/lib/python3.12/site-packages/oslo_service/backend/_threading/loopingcall.py:125}}
Jul 03 21:42:02.261463 np0000004475 nova-conductor[98778]: DEBUG oslo.service.backend._threading.loopingcall [-] Fixed interval looping call 'nova.servicegroup.drivers.db.DbDriver._report_state' sleeping for 120.00 seconds {{(pid=98778) _run_loop /opt/stack/data/venv/lib/python3.12/site-packages/oslo_service/backend/_threading/loopingcall.py:125}}
Jul 03 21:42:06.241175 np0000004475 nova-conductor[98767]: DEBUG oslo.service.backend._threading.loopingcall [None req-54a95810-ebe1-4603-b9dd-e56ffb716a02 None None] Dynamic interval looping call 'nova.service.Service.periodic_tasks' sleeping for 60.00 seconds {{(pid=98767) _run_loop /opt/stack/data/venv/lib/python3.12/site-packages/oslo_service/backend/_threading/loopingcall.py:125}}
Jul 03 21:42:12.245409 np0000004475 nova-conductor[98774]: DEBUG dbcounter [-] [98774] Writing DB stats nova_cell0:SELECT=1,nova_cell0:UPDATE=1 {{(pid=98774) stat_writer /opt/stack/data/venv/lib/python3.12/site-packages/dbcounter.py:115}}
Jul 03 21:42:12.246679 np0000004475 nova-conductor[98767]: DEBUG dbcounter [-] [98767] Writing DB stats nova_cell0:SELECT=1,nova_cell0:UPDATE=1 {{(pid=98767) stat_writer /opt/stack/data/venv/lib/python3.12/site-packages/dbcounter.py:115}}
Jul 03 21:42:12.256706 np0000004475 nova-conductor[98785]: DEBUG dbcounter [-] [98785] Writing DB stats nova_cell0:SELECT=1 {{(pid=98785) stat_writer /opt/stack/data/venv/lib/python3.12/site-packages/dbcounter.py:115}}
Jul 03 21:42:12.261210 np0000004475 nova-conductor[98778]: DEBUG dbcounter [-] [98778] Writing DB stats nova_cell0:SELECT=1 {{(pid=98778) stat_writer /opt/stack/data/venv/lib/python3.12/site-packages/dbcounter.py:115}}
Jul 03 21:42:15.284651 np0000004475 nova-conductor[98774]: DEBUG oslo_db.sqlalchemy.engines [None req-8dc3684b-4a02-401a-b005-2c87c259eb30 tempest-DeleteServersTestJSON-1808700371 tempest-DeleteServersTestJSON-1808700371-project-member] Parent process 97298 forked (98774) with an open database connection, which is being discarded and recreated. {{(pid=98774) checkout /opt/stack/data/venv/lib/python3.12/site-packages/oslo_db/sqlalchemy/engines.py:402}}
Jul 03 21:42:15.324342 np0000004475 nova-conductor[98774]: DEBUG dbcounter [-] [98774] Writer thread running {{(pid=98774) stat_writer /opt/stack/data/venv/lib/python3.12/site-packages/dbcounter.py:102}}
Jul 03 21:42:16.880684 np0000004475 nova-conductor[98774]: DEBUG nova.conductor.manager [None req-8dc3684b-4a02-401a-b005-2c87c259eb30 tempest-DeleteServersTestJSON-1808700371 tempest-DeleteServersTestJSON-1808700371-project-member] Took 1.54 seconds to select destinations for 1 instance(s). {{(pid=98774) _schedule_instances /opt/stack/nova/nova/conductor/manager.py:968}}
Jul 03 21:42:16.914853 np0000004475 nova-conductor[98774]: DEBUG oslo_concurrency.lockutils [None req-8dc3684b-4a02-401a-b005-2c87c259eb30 tempest-DeleteServersTestJSON-1808700371 tempest-DeleteServersTestJSON-1808700371-project-member] Acquiring lock "fd8ebd7e-2b1c-4323-b08a-66bd6085f383" by "nova.context.set_target_cell..get_or_set_cached_cell_and_set_connections" {{(pid=98774) inner /opt/stack/data/venv/lib/python3.12/site-packages/oslo_concurrency/lockutils.py:511}}
Jul 03 21:42:16.915044 np0000004475 nova-conductor[98774]: DEBUG oslo_concurrency.lockutils [None req-8dc3684b-4a02-401a-b005-2c87c259eb30 tempest-DeleteServersTestJSON-1808700371 tempest-DeleteServersTestJSON-1808700371-project-member] Lock "fd8ebd7e-2b1c-4323-b08a-66bd6085f383" acquired by "nova.context.set_target_cell..get_or_set_cached_cell_and_set_connections" :: waited 0.000s {{(pid=98774) inner /opt/stack/data/venv/lib/python3.12/site-packages/oslo_concurrency/lockutils.py:524}}
Jul 03 21:42:16.916388 np0000004475 nova-conductor[98774]: DEBUG oslo_concurrency.lockutils [None req-8dc3684b-4a02-401a-b005-2c87c259eb30 tempest-DeleteServersTestJSON-1808700371 tempest-DeleteServersTestJSON-1808700371-project-member] Lock "fd8ebd7e-2b1c-4323-b08a-66bd6085f383" "released" by "nova.context.set_target_cell..get_or_set_cached_cell_and_set_connections" :: held 0.001s {{(pid=98774) inner /opt/stack/data/venv/lib/python3.12/site-packages/oslo_concurrency/lockutils.py:543}}
Jul 03 21:42:16.917992 np0000004475 nova-conductor[98774]: INFO dbcounter [None req-8dc3684b-4a02-401a-b005-2c87c259eb30 tempest-DeleteServersTestJSON-1808700371 tempest-DeleteServersTestJSON-1808700371-project-member] Registered counter for database nova_cell1
Jul 03 21:42:16.953989 np0000004475 nova-conductor[98774]: DEBUG oslo_db.sqlalchemy.engines [None req-8dc3684b-4a02-401a-b005-2c87c259eb30 tempest-DeleteServersTestJSON-1808700371 tempest-DeleteServersTestJSON-1808700371-project-member] MySQL server mode set to STRICT_TRANS_TABLES,STRICT_ALL_TABLES,NO_ZERO_IN_DATE,NO_ZERO_DATE,ERROR_FOR_DIVISION_BY_ZERO,TRADITIONAL,NO_ENGINE_SUBSTITUTION {{(pid=98774) _check_effective_sql_mode /opt/stack/data/venv/lib/python3.12/site-packages/oslo_db/sqlalchemy/engines.py:325}}
Jul 03 21:42:16.962723 np0000004475 nova-conductor[98774]: DEBUG dbcounter [-] [98774] Writer thread running {{(pid=98774) stat_writer /opt/stack/data/venv/lib/python3.12/site-packages/dbcounter.py:102}}
Jul 03 21:42:17.053072 np0000004475 nova-conductor[98774]: INFO nova.utils [None req-8dc3684b-4a02-401a-b005-2c87c259eb30 tempest-DeleteServersTestJSON-1808700371 tempest-DeleteServersTestJSON-1808700371-project-member] The cell worker thread pool ForkProcess-2.cell_worker is initialized
Jul 03 21:42:17.053691 np0000004475 nova-conductor[98774]: DEBUG oslo_concurrency.lockutils [None req-8dc3684b-4a02-401a-b005-2c87c259eb30 tempest-DeleteServersTestJSON-1808700371 tempest-DeleteServersTestJSON-1808700371-project-member] Acquiring lock "00000000-0000-0000-0000-000000000000" by "nova.context.set_target_cell..get_or_set_cached_cell_and_set_connections" {{(pid=98774) inner /opt/stack/data/venv/lib/python3.12/site-packages/oslo_concurrency/lockutils.py:511}}
Jul 03 21:42:17.053691 np0000004475 nova-conductor[98774]: DEBUG oslo_concurrency.lockutils [None req-8dc3684b-4a02-401a-b005-2c87c259eb30 tempest-DeleteServersTestJSON-1808700371 tempest-DeleteServersTestJSON-1808700371-project-member] Lock "00000000-0000-0000-0000-000000000000" acquired by "nova.context.set_target_cell..get_or_set_cached_cell_and_set_connections" :: waited 0.000s {{(pid=98774) inner /opt/stack/data/venv/lib/python3.12/site-packages/oslo_concurrency/lockutils.py:524}}
Jul 03 21:42:17.053928 np0000004475 nova-conductor[98774]: DEBUG oslo_concurrency.lockutils [None req-8dc3684b-4a02-401a-b005-2c87c259eb30 tempest-DeleteServersTestJSON-1808700371 tempest-DeleteServersTestJSON-1808700371-project-member] Lock "00000000-0000-0000-0000-000000000000" "released" by "nova.context.set_target_cell..get_or_set_cached_cell_and_set_connections" :: held 0.000s {{(pid=98774) inner /opt/stack/data/venv/lib/python3.12/site-packages/oslo_concurrency/lockutils.py:543}}
Jul 03 21:42:17.054598 np0000004475 nova-conductor[98774]: DEBUG oslo_concurrency.lockutils [None req-8dc3684b-4a02-401a-b005-2c87c259eb30 tempest-DeleteServersTestJSON-1808700371 tempest-DeleteServersTestJSON-1808700371-project-member] Acquiring lock "fd8ebd7e-2b1c-4323-b08a-66bd6085f383" by "nova.context.set_target_cell..get_or_set_cached_cell_and_set_connections" {{(pid=98774) inner /opt/stack/data/venv/lib/python3.12/site-packages/oslo_concurrency/lockutils.py:511}}
Jul 03 21:42:17.056070 np0000004475 nova-conductor[98774]: INFO dbcounter [None req-8dc3684b-4a02-401a-b005-2c87c259eb30 tempest-DeleteServersTestJSON-1808700371 tempest-DeleteServersTestJSON-1808700371-project-member] Registered counter for database nova_cell0
Jul 03 21:42:17.057891 np0000004475 nova-conductor[98774]: DEBUG oslo_concurrency.lockutils [None req-8dc3684b-4a02-401a-b005-2c87c259eb30 tempest-DeleteServersTestJSON-1808700371 tempest-DeleteServersTestJSON-1808700371-project-member] Lock "fd8ebd7e-2b1c-4323-b08a-66bd6085f383" acquired by "nova.context.set_target_cell..get_or_set_cached_cell_and_set_connections" :: waited 0.001s {{(pid=98774) inner /opt/stack/data/venv/lib/python3.12/site-packages/oslo_concurrency/lockutils.py:524}}
Jul 03 21:42:17.058119 np0000004475 nova-conductor[98774]: DEBUG oslo_concurrency.lockutils [None req-8dc3684b-4a02-401a-b005-2c87c259eb30 tempest-DeleteServersTestJSON-1808700371 tempest-DeleteServersTestJSON-1808700371-project-member] Lock "fd8ebd7e-2b1c-4323-b08a-66bd6085f383" "released" by "nova.context.set_target_cell..get_or_set_cached_cell_and_set_connections" :: held 0.002s {{(pid=98774) inner /opt/stack/data/venv/lib/python3.12/site-packages/oslo_concurrency/lockutils.py:543}}
Jul 03 21:42:17.107222 np0000004475 nova-conductor[98774]: DEBUG oslo_db.sqlalchemy.engines [None req-8dc3684b-4a02-401a-b005-2c87c259eb30 tempest-DeleteServersTestJSON-1808700371 tempest-DeleteServersTestJSON-1808700371-project-member] MySQL server mode set to STRICT_TRANS_TABLES,STRICT_ALL_TABLES,NO_ZERO_IN_DATE,NO_ZERO_DATE,ERROR_FOR_DIVISION_BY_ZERO,TRADITIONAL,NO_ENGINE_SUBSTITUTION {{(pid=98774) _check_effective_sql_mode /opt/stack/data/venv/lib/python3.12/site-packages/oslo_db/sqlalchemy/engines.py:325}}
Jul 03 21:42:17.113642 np0000004475 nova-conductor[98774]: DEBUG dbcounter [-] [98774] Writer thread running {{(pid=98774) stat_writer /opt/stack/data/venv/lib/python3.12/site-packages/dbcounter.py:102}}
Jul 03 21:42:17.142018 np0000004475 nova-conductor[98774]: DEBUG nova.quota [None req-8dc3684b-4a02-401a-b005-2c87c259eb30 tempest-DeleteServersTestJSON-1808700371 tempest-DeleteServersTestJSON-1808700371-project-member] Getting quotas for project 1e7c42474a564aa19342e40d134fc656. Resources: {'instances', 'ram', 'cores'} {{(pid=98774) _get_quotas /opt/stack/nova/nova/quota.py:389}}
Jul 03 21:42:17.146000 np0000004475 nova-conductor[98774]: DEBUG nova.quota [None req-8dc3684b-4a02-401a-b005-2c87c259eb30 tempest-DeleteServersTestJSON-1808700371 tempest-DeleteServersTestJSON-1808700371-project-member] Getting quotas for user 2a31b5f1af514122aa8f4aa43325f7e4 and project 1e7c42474a564aa19342e40d134fc656. Resources: {'instances', 'ram', 'cores'} {{(pid=98774) _get_quotas /opt/stack/nova/nova/quota.py:379}}
Jul 03 21:42:17.151854 np0000004475 nova-conductor[98774]: DEBUG nova.conductor.manager [None req-8dc3684b-4a02-401a-b005-2c87c259eb30 tempest-DeleteServersTestJSON-1808700371 tempest-DeleteServersTestJSON-1808700371-project-member] [instance: b2006398-f098-453b-b189-025de3434cbf] Selected host: np0000004475; Selected node: np0000004475; Alternates: [] {{(pid=98774) schedule_and_build_instances /opt/stack/nova/nova/conductor/manager.py:1784}}
Jul 03 21:42:17.152323 np0000004475 nova-conductor[98774]: DEBUG oslo_concurrency.lockutils [None req-8dc3684b-4a02-401a-b005-2c87c259eb30 tempest-DeleteServersTestJSON-1808700371 tempest-DeleteServersTestJSON-1808700371-project-member] Acquiring lock "fd8ebd7e-2b1c-4323-b08a-66bd6085f383" by "nova.context.set_target_cell..get_or_set_cached_cell_and_set_connections" {{(pid=98774) inner /opt/stack/data/venv/lib/python3.12/site-packages/oslo_concurrency/lockutils.py:511}}
Jul 03 21:42:17.152493 np0000004475 nova-conductor[98774]: DEBUG oslo_concurrency.lockutils [None req-8dc3684b-4a02-401a-b005-2c87c259eb30 tempest-DeleteServersTestJSON-1808700371 tempest-DeleteServersTestJSON-1808700371-project-member] Lock "fd8ebd7e-2b1c-4323-b08a-66bd6085f383" acquired by "nova.context.set_target_cell..get_or_set_cached_cell_and_set_connections" :: waited 0.000s {{(pid=98774) inner /opt/stack/data/venv/lib/python3.12/site-packages/oslo_concurrency/lockutils.py:524}}
Jul 03 21:42:17.152677 np0000004475 nova-conductor[98774]: DEBUG oslo_concurrency.lockutils [None req-8dc3684b-4a02-401a-b005-2c87c259eb30 tempest-DeleteServersTestJSON-1808700371 tempest-DeleteServersTestJSON-1808700371-project-member] Lock "fd8ebd7e-2b1c-4323-b08a-66bd6085f383" "released" by "nova.context.set_target_cell..get_or_set_cached_cell_and_set_connections" :: held 0.000s {{(pid=98774) inner /opt/stack/data/venv/lib/python3.12/site-packages/oslo_concurrency/lockutils.py:543}}
Jul 03 21:42:17.163681 np0000004475 nova-conductor[98774]: DEBUG nova.conductor.manager [None req-8dc3684b-4a02-401a-b005-2c87c259eb30 tempest-DeleteServersTestJSON-1808700371 tempest-DeleteServersTestJSON-1808700371-project-member] [instance: b2006398-f098-453b-b189-025de3434cbf] block_device_mapping [BlockDeviceMapping(attachment_id=,boot_index=0,connection_info=None,created_at=,delete_on_termination=True,deleted=,deleted_at=,destination_type='local',device_name=None,device_type='disk',disk_bus=None,encrypted=False,encryption_format=None,encryption_options=None,encryption_secret_uuid=None,guest_format=None,id=,image_id='f4ececa3-1558-4774-bffb-35f7b89c60f0',instance=,instance_uuid=,no_device=False,snapshot_id=None,source_type='image',tag=None,updated_at=,uuid=,volume_id=None,volume_size=None,volume_type=None)] {{(pid=98774) _create_block_device_mapping /opt/stack/nova/nova/conductor/manager.py:1529}}
Jul 03 21:42:17.165387 np0000004475 nova-conductor[98774]: DEBUG oslo_concurrency.lockutils [None req-8dc3684b-4a02-401a-b005-2c87c259eb30 tempest-DeleteServersTestJSON-1808700371 tempest-DeleteServersTestJSON-1808700371-project-member] Acquiring lock "fd8ebd7e-2b1c-4323-b08a-66bd6085f383" by "nova.context.set_target_cell..get_or_set_cached_cell_and_set_connections" {{(pid=98774) inner /opt/stack/data/venv/lib/python3.12/site-packages/oslo_concurrency/lockutils.py:511}}
Jul 03 21:42:17.165616 np0000004475 nova-conductor[98774]: DEBUG oslo_concurrency.lockutils [None req-8dc3684b-4a02-401a-b005-2c87c259eb30 tempest-DeleteServersTestJSON-1808700371 tempest-DeleteServersTestJSON-1808700371-project-member] Lock "fd8ebd7e-2b1c-4323-b08a-66bd6085f383" acquired by "nova.context.set_target_cell..get_or_set_cached_cell_and_set_connections" :: waited 0.000s {{(pid=98774) inner /opt/stack/data/venv/lib/python3.12/site-packages/oslo_concurrency/lockutils.py:524}}
Jul 03 21:42:17.165752 np0000004475 nova-conductor[98774]: DEBUG oslo_concurrency.lockutils [None req-8dc3684b-4a02-401a-b005-2c87c259eb30 tempest-DeleteServersTestJSON-1808700371 tempest-DeleteServersTestJSON-1808700371-project-member] Lock "fd8ebd7e-2b1c-4323-b08a-66bd6085f383" "released" by "nova.context.set_target_cell..get_or_set_cached_cell_and_set_connections" :: held 0.000s {{(pid=98774) inner /opt/stack/data/venv/lib/python3.12/site-packages/oslo_concurrency/lockutils.py:543}}
Jul 03 21:42:17.211077 np0000004475 nova-conductor[98774]: DEBUG oslo_concurrency.lockutils [None req-8dc3684b-4a02-401a-b005-2c87c259eb30 tempest-DeleteServersTestJSON-1808700371 tempest-DeleteServersTestJSON-1808700371-project-member] Acquiring lock "fd8ebd7e-2b1c-4323-b08a-66bd6085f383" by "nova.context.set_target_cell..get_or_set_cached_cell_and_set_connections" {{(pid=98774) inner /opt/stack/data/venv/lib/python3.12/site-packages/oslo_concurrency/lockutils.py:511}}
Jul 03 21:42:17.211262 np0000004475 nova-conductor[98774]: DEBUG oslo_concurrency.lockutils [None req-8dc3684b-4a02-401a-b005-2c87c259eb30 tempest-DeleteServersTestJSON-1808700371 tempest-DeleteServersTestJSON-1808700371-project-member] Lock "fd8ebd7e-2b1c-4323-b08a-66bd6085f383" acquired by "nova.context.set_target_cell..get_or_set_cached_cell_and_set_connections" :: waited 0.000s {{(pid=98774) inner /opt/stack/data/venv/lib/python3.12/site-packages/oslo_concurrency/lockutils.py:524}}
Jul 03 21:42:17.211394 np0000004475 nova-conductor[98774]: DEBUG oslo_concurrency.lockutils [None req-8dc3684b-4a02-401a-b005-2c87c259eb30 tempest-DeleteServersTestJSON-1808700371 tempest-DeleteServersTestJSON-1808700371-project-member] Lock "fd8ebd7e-2b1c-4323-b08a-66bd6085f383" "released" by "nova.context.set_target_cell..get_or_set_cached_cell_and_set_connections" :: held 0.000s {{(pid=98774) inner /opt/stack/data/venv/lib/python3.12/site-packages/oslo_concurrency/lockutils.py:543}}
Jul 03 21:42:17.211994 np0000004475 nova-conductor[98774]: DEBUG oslo_concurrency.lockutils [None req-8dc3684b-4a02-401a-b005-2c87c259eb30 tempest-DeleteServersTestJSON-1808700371 tempest-DeleteServersTestJSON-1808700371-project-member] Acquiring lock "compute-rpcapi-router" {{(pid=98774) lock /opt/stack/data/venv/lib/python3.12/site-packages/oslo_concurrency/lockutils.py:395}}
