Jun 09 04:34:49.766581 np0000002402 nova-scheduler[95660]: DEBUG cotyledon.oslo_config_glue [-] oslo_limit.endpoint_id = None {{(pid=95660) log_opt_values /opt/stack/data/venv/lib/python3.12/site-packages/oslo_config/cfg.py:3256}}
Jun 09 04:34:49.766761 np0000002402 nova-scheduler[95660]: DEBUG cotyledon.oslo_config_glue [-] oslo_limit.endpoint_interface = public {{(pid=95660) log_opt_values /opt/stack/data/venv/lib/python3.12/site-packages/oslo_config/cfg.py:3256}}
Jun 09 04:34:49.766761 np0000002402 nova-scheduler[95660]: DEBUG cotyledon.oslo_config_glue [-] oslo_limit.endpoint_override = None {{(pid=95660) log_opt_values /opt/stack/data/venv/lib/python3.12/site-packages/oslo_config/cfg.py:3256}}
Jun 09 04:34:49.766761 np0000002402 nova-scheduler[95660]: DEBUG cotyledon.oslo_config_glue [-] oslo_limit.endpoint_region_name = None {{(pid=95660) log_opt_values /opt/stack/data/venv/lib/python3.12/site-packages/oslo_config/cfg.py:3256}}
Jun 09 04:34:49.766761 np0000002402 nova-scheduler[95660]: DEBUG cotyledon.oslo_config_glue [-] oslo_limit.endpoint_service_name = None {{(pid=95660) log_opt_values /opt/stack/data/venv/lib/python3.12/site-packages/oslo_config/cfg.py:3256}}
Jun 09 04:34:49.766761 np0000002402 nova-scheduler[95660]: DEBUG cotyledon.oslo_config_glue [-] oslo_limit.endpoint_service_type = None {{(pid=95660) log_opt_values /opt/stack/data/venv/lib/python3.12/site-packages/oslo_config/cfg.py:3256}}
Jun 09 04:34:49.766761 np0000002402 nova-scheduler[95660]: DEBUG cotyledon.oslo_config_glue [-] oslo_limit.insecure = False {{(pid=95660) log_opt_values /opt/stack/data/venv/lib/python3.12/site-packages/oslo_config/cfg.py:3256}}
Jun 09 04:34:49.766761 np0000002402 nova-scheduler[95660]: DEBUG cotyledon.oslo_config_glue [-] oslo_limit.keyfile = None {{(pid=95660) log_opt_values /opt/stack/data/venv/lib/python3.12/site-packages/oslo_config/cfg.py:3256}}
Jun 09 04:34:49.766761 np0000002402 nova-scheduler[95660]: DEBUG cotyledon.oslo_config_glue [-] oslo_limit.max_version = None {{(pid=95660) log_opt_values /opt/stack/data/venv/lib/python3.12/site-packages/oslo_config/cfg.py:3256}}
Jun 09 04:34:49.766761 np0000002402 nova-scheduler[95660]: DEBUG cotyledon.oslo_config_glue [-] oslo_limit.min_version = None {{(pid=95660) log_opt_values /opt/stack/data/venv/lib/python3.12/site-packages/oslo_config/cfg.py:3256}}
Jun 09 04:34:49.766921 np0000002402 nova-scheduler[95660]: DEBUG cotyledon.oslo_config_glue [-] oslo_limit.region_name = None {{(pid=95660) log_opt_values /opt/stack/data/venv/lib/python3.12/site-packages/oslo_config/cfg.py:3256}}
Jun 09 04:34:49.766921 np0000002402 nova-scheduler[95660]: DEBUG cotyledon.oslo_config_glue [-] oslo_limit.retriable_status_codes = None {{(pid=95660) log_opt_values /opt/stack/data/venv/lib/python3.12/site-packages/oslo_config/cfg.py:3256}}
Jun 09 04:34:49.766921 np0000002402 nova-scheduler[95660]: DEBUG cotyledon.oslo_config_glue [-] oslo_limit.service_name = None {{(pid=95660) log_opt_values /opt/stack/data/venv/lib/python3.12/site-packages/oslo_config/cfg.py:3256}}
Jun 09 04:34:49.766921 np0000002402 nova-scheduler[95660]: DEBUG cotyledon.oslo_config_glue [-] oslo_limit.service_type = None {{(pid=95660) log_opt_values /opt/stack/data/venv/lib/python3.12/site-packages/oslo_config/cfg.py:3256}}
Jun 09 04:34:49.766921 np0000002402 nova-scheduler[95660]: DEBUG cotyledon.oslo_config_glue [-] oslo_limit.split_loggers = False {{(pid=95660) log_opt_values /opt/stack/data/venv/lib/python3.12/site-packages/oslo_config/cfg.py:3256}}
Jun 09 04:34:49.766921 np0000002402 nova-scheduler[95660]: DEBUG cotyledon.oslo_config_glue [-] oslo_limit.status_code_retries = None {{(pid=95660) log_opt_values /opt/stack/data/venv/lib/python3.12/site-packages/oslo_config/cfg.py:3256}}
Jun 09 04:34:49.766921 np0000002402 nova-scheduler[95660]: DEBUG cotyledon.oslo_config_glue [-] oslo_limit.status_code_retry_delay = None {{(pid=95660) log_opt_values /opt/stack/data/venv/lib/python3.12/site-packages/oslo_config/cfg.py:3256}}
Jun 09 04:34:49.766921 np0000002402 nova-scheduler[95660]: DEBUG cotyledon.oslo_config_glue [-] oslo_limit.timeout = None {{(pid=95660) log_opt_values /opt/stack/data/venv/lib/python3.12/site-packages/oslo_config/cfg.py:3256}}
Jun 09 04:34:49.766921 np0000002402 nova-scheduler[95660]: DEBUG cotyledon.oslo_config_glue [-] oslo_limit.valid_interfaces = None {{(pid=95660) log_opt_values /opt/stack/data/venv/lib/python3.12/site-packages/oslo_config/cfg.py:3256}}
Jun 09 04:34:49.767080 np0000002402 nova-scheduler[95660]: DEBUG cotyledon.oslo_config_glue [-] oslo_limit.version = None {{(pid=95660) log_opt_values /opt/stack/data/venv/lib/python3.12/site-packages/oslo_config/cfg.py:3256}}
Jun 09 04:34:49.767080 np0000002402 nova-scheduler[95660]: DEBUG cotyledon.oslo_config_glue [-] oslo_reports.file_event_handler = None {{(pid=95660) log_opt_values /opt/stack/data/venv/lib/python3.12/site-packages/oslo_config/cfg.py:3256}}
Jun 09 04:34:49.767080 np0000002402 nova-scheduler[95660]: DEBUG cotyledon.oslo_config_glue [-] oslo_reports.file_event_handler_interval = 1 {{(pid=95660) log_opt_values /opt/stack/data/venv/lib/python3.12/site-packages/oslo_config/cfg.py:3256}}
Jun 09 04:34:49.767080 np0000002402 nova-scheduler[95660]: DEBUG cotyledon.oslo_config_glue [-] oslo_reports.log_dir = None {{(pid=95660) log_opt_values /opt/stack/data/venv/lib/python3.12/site-packages/oslo_config/cfg.py:3256}}
Jun 09 04:34:49.767080 np0000002402 nova-scheduler[95660]: DEBUG cotyledon.oslo_config_glue [-] ******************************************************************************** {{(pid=95660) log_opt_values /opt/stack/data/venv/lib/python3.12/site-packages/oslo_config/cfg.py:3263}}
Jun 09 04:34:49.767080 np0000002402 nova-scheduler[95660]: DEBUG cotyledon._service_worker [-] Run service ServiceWrapper(0) [95660] {{(pid=95660) wait_forever /opt/stack/data/venv/lib/python3.12/site-packages/cotyledon/_service_worker.py:218}}
Jun 09 04:34:49.767080 np0000002402 nova-scheduler[95660]: INFO nova.service [-] Starting scheduler node (version 33.1.0)
Jun 09 04:34:49.767080 np0000002402 nova-scheduler[95660]: INFO dbcounter [None req-1c491452-cfbe-48c3-aa4e-ecb70948d827 None None] Registered counter for database nova_cell0
Jun 09 04:34:49.776669 np0000002402 nova-scheduler[95672]: DEBUG oslo_db.sqlalchemy.engines [None req-9cd170de-6b4a-4619-a8c1-9789abe0b141 None None] MySQL server mode set to STRICT_TRANS_TABLES,STRICT_ALL_TABLES,NO_ZERO_IN_DATE,NO_ZERO_DATE,ERROR_FOR_DIVISION_BY_ZERO,TRADITIONAL,NO_ENGINE_SUBSTITUTION {{(pid=95672) _check_effective_sql_mode /opt/stack/data/venv/lib/python3.12/site-packages/oslo_db/sqlalchemy/engines.py:325}}
Jun 09 04:34:49.786028 np0000002402 nova-scheduler[95672]: DEBUG dbcounter [-] [95672] Writer thread running {{(pid=95672) stat_writer /opt/stack/data/venv/lib/python3.12/site-packages/dbcounter.py:102}}
Jun 09 04:34:49.798371 np0000002402 nova-scheduler[95660]: DEBUG oslo_db.sqlalchemy.engines [None req-1c491452-cfbe-48c3-aa4e-ecb70948d827 None None] MySQL server mode set to STRICT_TRANS_TABLES,STRICT_ALL_TABLES,NO_ZERO_IN_DATE,NO_ZERO_DATE,ERROR_FOR_DIVISION_BY_ZERO,TRADITIONAL,NO_ENGINE_SUBSTITUTION {{(pid=95660) _check_effective_sql_mode /opt/stack/data/venv/lib/python3.12/site-packages/oslo_db/sqlalchemy/engines.py:325}}
Jun 09 04:34:49.805258 np0000002402 nova-scheduler[95672]: DEBUG nova.service [None req-9cd170de-6b4a-4619-a8c1-9789abe0b141 None None] Creating RPC server for service: nova-scheduler on topic: scheduler {{(pid=95672) start /opt/stack/nova/nova/service.py:195}}
Jun 09 04:34:49.808653 np0000002402 nova-scheduler[95705]: DEBUG oslo_db.sqlalchemy.engines [None req-61120a8e-f2a2-4e80-a71c-0882e0139087 None None] MySQL server mode set to STRICT_TRANS_TABLES,STRICT_ALL_TABLES,NO_ZERO_IN_DATE,NO_ZERO_DATE,ERROR_FOR_DIVISION_BY_ZERO,TRADITIONAL,NO_ENGINE_SUBSTITUTION {{(pid=95705) _check_effective_sql_mode /opt/stack/data/venv/lib/python3.12/site-packages/oslo_db/sqlalchemy/engines.py:325}}
Jun 09 04:34:49.809156 np0000002402 nova-scheduler[95660]: DEBUG dbcounter [-] [95660] Writer thread running {{(pid=95660) stat_writer /opt/stack/data/venv/lib/python3.12/site-packages/dbcounter.py:102}}
Jun 09 04:34:49.812187 np0000002402 nova-scheduler[95660]: DEBUG nova.service [None req-1c491452-cfbe-48c3-aa4e-ecb70948d827 None None] Creating RPC server for service: nova-scheduler on topic: scheduler {{(pid=95660) start /opt/stack/nova/nova/service.py:195}}
Jun 09 04:34:49.819634 np0000002402 nova-scheduler[95705]: DEBUG dbcounter [-] [95705] Writer thread running {{(pid=95705) stat_writer /opt/stack/data/venv/lib/python3.12/site-packages/dbcounter.py:102}}
Jun 09 04:34:49.822591 np0000002402 nova-scheduler[95705]: DEBUG nova.service [None req-61120a8e-f2a2-4e80-a71c-0882e0139087 None None] Creating RPC server for service: nova-scheduler on topic: scheduler {{(pid=95705) start /opt/stack/nova/nova/service.py:195}}
Jun 09 04:34:49.852184 np0000002402 nova-scheduler[95672]: DEBUG nova.service [None req-9cd170de-6b4a-4619-a8c1-9789abe0b141 None None] Join ServiceGroup membership for this service scheduler {{(pid=95672) start /opt/stack/nova/nova/service.py:221}}
Jun 09 04:34:49.852403 np0000002402 nova-scheduler[95672]: DEBUG nova.servicegroup.drivers.db [None req-9cd170de-6b4a-4619-a8c1-9789abe0b141 None None] DB_Driver: join new ServiceGroup member np0000002402 to the scheduler group, service = {{(pid=95672) join /opt/stack/nova/nova/servicegroup/drivers/db.py:44}}
Jun 09 04:34:49.857005 np0000002402 nova-scheduler[95705]: DEBUG nova.service [None req-61120a8e-f2a2-4e80-a71c-0882e0139087 None None] Join ServiceGroup membership for this service scheduler {{(pid=95705) start /opt/stack/nova/nova/service.py:221}}
Jun 09 04:34:49.857453 np0000002402 nova-scheduler[95705]: DEBUG nova.servicegroup.drivers.db [None req-61120a8e-f2a2-4e80-a71c-0882e0139087 None None] DB_Driver: join new ServiceGroup member np0000002402 to the scheduler group, service = {{(pid=95705) join /opt/stack/nova/nova/servicegroup/drivers/db.py:44}}
Jun 09 04:34:49.860010 np0000002402 nova-scheduler[95660]: DEBUG nova.service [None req-1c491452-cfbe-48c3-aa4e-ecb70948d827 None None] Join ServiceGroup membership for this service scheduler {{(pid=95660) start /opt/stack/nova/nova/service.py:221}}
Jun 09 04:34:49.861418 np0000002402 nova-scheduler[95660]: DEBUG nova.servicegroup.drivers.db [None req-1c491452-cfbe-48c3-aa4e-ecb70948d827 None None] DB_Driver: join new ServiceGroup member np0000002402 to the scheduler group, service = {{(pid=95660) join /opt/stack/nova/nova/servicegroup/drivers/db.py:44}}
Jun 09 04:34:54.867169 np0000002402 nova-scheduler[95672]: DEBUG oslo.service.backend._threading.loopingcall [-] Fixed interval looping call 'nova.servicegroup.drivers.db.DbDriver._report_state' sleeping for 119.99 seconds {{(pid=95672) _run_loop /opt/stack/data/venv/lib/python3.12/site-packages/oslo_service/backend/_threading/loopingcall.py:125}}
Jun 09 04:34:54.869740 np0000002402 nova-scheduler[95705]: DEBUG oslo.service.backend._threading.loopingcall [-] Fixed interval looping call 'nova.servicegroup.drivers.db.DbDriver._report_state' sleeping for 119.99 seconds {{(pid=95705) _run_loop /opt/stack/data/venv/lib/python3.12/site-packages/oslo_service/backend/_threading/loopingcall.py:125}}
Jun 09 04:34:54.874903 np0000002402 nova-scheduler[95660]: DEBUG oslo.service.backend._threading.loopingcall [-] Fixed interval looping call 'nova.servicegroup.drivers.db.DbDriver._report_state' sleeping for 119.99 seconds {{(pid=95660) _run_loop /opt/stack/data/venv/lib/python3.12/site-packages/oslo_service/backend/_threading/loopingcall.py:125}}
Jun 09 04:34:58.392928 np0000002402 nova-scheduler[94447]: DEBUG dbcounter [-] [94447] Writing DB stats nova_api:SELECT=3 {{(pid=94447) stat_writer /opt/stack/data/venv/lib/python3.12/site-packages/dbcounter.py:115}}
Jun 09 04:34:58.522887 np0000002402 nova-scheduler[94447]: DEBUG dbcounter [-] [94447] Writing DB stats nova_cell0:SELECT=1 {{(pid=94447) stat_writer /opt/stack/data/venv/lib/python3.12/site-packages/dbcounter.py:115}}
Jun 09 04:34:58.529461 np0000002402 nova-scheduler[94447]: DEBUG dbcounter [-] [94447] Writing DB stats nova_cell1:SELECT=1 {{(pid=94447) stat_writer /opt/stack/data/venv/lib/python3.12/site-packages/dbcounter.py:115}}
Jun 09 04:35:04.855759 np0000002402 nova-scheduler[95672]: DEBUG oslo.service.backend._threading.loopingcall [None req-1ab53dbc-fcff-4176-a406-64f525a69d4b None None] Dynamic interval looping call 'nova.service.Service.periodic_tasks' sleeping for 60.00 seconds {{(pid=95672) _run_loop /opt/stack/data/venv/lib/python3.12/site-packages/oslo_service/backend/_threading/loopingcall.py:125}}
Jun 09 04:35:04.863683 np0000002402 nova-scheduler[95672]: DEBUG dbcounter [-] [95672] Writing DB stats nova_cell0:SELECT=4,nova_cell0:INSERT=1,nova_cell0:UPDATE=1 {{(pid=95672) stat_writer /opt/stack/data/venv/lib/python3.12/site-packages/dbcounter.py:115}}
Jun 09 04:35:04.867051 np0000002402 nova-scheduler[95705]: DEBUG dbcounter [-] [95705] Writing DB stats nova_cell0:SELECT=3 {{(pid=95705) stat_writer /opt/stack/data/venv/lib/python3.12/site-packages/dbcounter.py:115}}
Jun 09 04:35:04.872386 np0000002402 nova-scheduler[95660]: DEBUG dbcounter [-] [95660] Writing DB stats nova_cell0:SELECT=3 {{(pid=95660) stat_writer /opt/stack/data/venv/lib/python3.12/site-packages/dbcounter.py:115}}
Jun 09 04:35:08.867096 np0000002402 nova-scheduler[95660]: DEBUG oslo.service.backend._threading.loopingcall [None req-7d4a89f9-54e8-4571-9ca0-00c0fbc251c1 None None] Dynamic interval looping call 'nova.service.Service.periodic_tasks' sleeping for 60.00 seconds {{(pid=95660) _run_loop /opt/stack/data/venv/lib/python3.12/site-packages/oslo_service/backend/_threading/loopingcall.py:125}}
Jun 09 04:35:48.859581 np0000002402 nova-scheduler[95705]: DEBUG oslo.service.backend._threading.loopingcall [None req-f08a6ae1-7e2f-4d19-aa3f-bd9e8a56b3d2 None None] Dynamic interval looping call 'nova.service.Service.periodic_tasks' sleeping for 60.00 seconds {{(pid=95705) _run_loop /opt/stack/data/venv/lib/python3.12/site-packages/oslo_service/backend/_threading/loopingcall.py:125}}
Jun 09 04:36:04.856177 np0000002402 nova-scheduler[95672]: DEBUG oslo.service.backend._threading.loopingcall [None req-1ab53dbc-fcff-4176-a406-64f525a69d4b None None] Dynamic interval looping call 'nova.service.Service.periodic_tasks' sleeping for 60.00 seconds {{(pid=95672) _run_loop /opt/stack/data/venv/lib/python3.12/site-packages/oslo_service/backend/_threading/loopingcall.py:125}}
Jun 09 04:36:08.867720 np0000002402 nova-scheduler[95660]: DEBUG oslo.service.backend._threading.loopingcall [None req-7d4a89f9-54e8-4571-9ca0-00c0fbc251c1 None None] Dynamic interval looping call 'nova.service.Service.periodic_tasks' sleeping for 60.00 seconds {{(pid=95660) _run_loop /opt/stack/data/venv/lib/python3.12/site-packages/oslo_service/backend/_threading/loopingcall.py:125}}
Jun 09 04:36:48.860098 np0000002402 nova-scheduler[95705]: DEBUG oslo.service.backend._threading.loopingcall [None req-f08a6ae1-7e2f-4d19-aa3f-bd9e8a56b3d2 None None] Dynamic interval looping call 'nova.service.Service.periodic_tasks' sleeping for 60.00 seconds {{(pid=95705) _run_loop /opt/stack/data/venv/lib/python3.12/site-packages/oslo_service/backend/_threading/loopingcall.py:125}}
Jun 09 04:36:54.867949 np0000002402 nova-scheduler[95672]: DEBUG oslo.service.backend._threading.loopingcall [-] Fixed interval looping call 'nova.servicegroup.drivers.db.DbDriver._report_state' sleeping for 119.99 seconds {{(pid=95672) _run_loop /opt/stack/data/venv/lib/python3.12/site-packages/oslo_service/backend/_threading/loopingcall.py:125}}
Jun 09 04:36:54.868437 np0000002402 nova-scheduler[95705]: DEBUG oslo.service.backend._threading.loopingcall [-] Fixed interval looping call 'nova.servicegroup.drivers.db.DbDriver._report_state' sleeping for 119.99 seconds {{(pid=95705) _run_loop /opt/stack/data/venv/lib/python3.12/site-packages/oslo_service/backend/_threading/loopingcall.py:125}}
Jun 09 04:36:54.870607 np0000002402 nova-scheduler[95660]: DEBUG oslo.service.backend._threading.loopingcall [-] Fixed interval looping call 'nova.servicegroup.drivers.db.DbDriver._report_state' sleeping for 119.99 seconds {{(pid=95660) _run_loop /opt/stack/data/venv/lib/python3.12/site-packages/oslo_service/backend/_threading/loopingcall.py:125}}
Jun 09 04:37:04.856696 np0000002402 nova-scheduler[95672]: DEBUG oslo.service.backend._threading.loopingcall [None req-1ab53dbc-fcff-4176-a406-64f525a69d4b None None] Dynamic interval looping call 'nova.service.Service.periodic_tasks' sleeping for 60.00 seconds {{(pid=95672) _run_loop /opt/stack/data/venv/lib/python3.12/site-packages/oslo_service/backend/_threading/loopingcall.py:125}}
Jun 09 04:37:04.860549 np0000002402 nova-scheduler[95672]: DEBUG dbcounter [-] [95672] Writing DB stats nova_cell0:SELECT=1,nova_cell0:UPDATE=1 {{(pid=95672) stat_writer /opt/stack/data/venv/lib/python3.12/site-packages/dbcounter.py:115}}
Jun 09 04:37:04.864716 np0000002402 nova-scheduler[95705]: DEBUG dbcounter [-] [95705] Writing DB stats nova_cell0:SELECT=1,nova_cell0:UPDATE=1 {{(pid=95705) stat_writer /opt/stack/data/venv/lib/python3.12/site-packages/dbcounter.py:115}}
Jun 09 04:37:04.869587 np0000002402 nova-scheduler[95660]: DEBUG dbcounter [-] [95660] Writing DB stats nova_cell0:SELECT=1,nova_cell0:UPDATE=1 {{(pid=95660) stat_writer /opt/stack/data/venv/lib/python3.12/site-packages/dbcounter.py:115}}
Jun 09 04:37:08.868089 np0000002402 nova-scheduler[95660]: DEBUG oslo.service.backend._threading.loopingcall [None req-7d4a89f9-54e8-4571-9ca0-00c0fbc251c1 None None] Dynamic interval looping call 'nova.service.Service.periodic_tasks' sleeping for 60.00 seconds {{(pid=95660) _run_loop /opt/stack/data/venv/lib/python3.12/site-packages/oslo_service/backend/_threading/loopingcall.py:125}}
Jun 09 04:37:36.250580 np0000002402 nova-scheduler[95672]: DEBUG nova.scheduler.manager [None req-83abac3d-8158-4523-b8b9-5909448d4a89 tempest-AttachVolumeShelveTestJSON-816490029 tempest-AttachVolumeShelveTestJSON-816490029-project-member] Starting to schedule for instances: ['07ede17e-d8a1-4327-b042-f13fd48cbff3'] {{(pid=95672) select_destinations /opt/stack/nova/nova/scheduler/manager.py:210}}
Jun 09 04:37:36.251177 np0000002402 nova-scheduler[95672]: DEBUG nova.scheduler.request_filter [None req-83abac3d-8158-4523-b8b9-5909448d4a89 tempest-AttachVolumeShelveTestJSON-816490029 tempest-AttachVolumeShelveTestJSON-816490029-project-member] compute_status_filter request filter added forbidden trait COMPUTE_STATUS_DISABLED {{(pid=95672) compute_status_filter /opt/stack/nova/nova/scheduler/request_filter.py:253}}
Jun 09 04:37:36.251299 np0000002402 nova-scheduler[95672]: DEBUG nova.scheduler.request_filter [None req-83abac3d-8158-4523-b8b9-5909448d4a89 tempest-AttachVolumeShelveTestJSON-816490029 tempest-AttachVolumeShelveTestJSON-816490029-project-member] Request filter 'compute_status_filter' took 0.0 seconds {{(pid=95672) wrapper /opt/stack/nova/nova/scheduler/request_filter.py:46}}
Jun 09 04:37:36.251515 np0000002402 nova-scheduler[95672]: DEBUG nova.scheduler.request_filter [None req-83abac3d-8158-4523-b8b9-5909448d4a89 tempest-AttachVolumeShelveTestJSON-816490029 tempest-AttachVolumeShelveTestJSON-816490029-project-member] Request filter 'accelerators_filter' took 0.0 seconds {{(pid=95672) wrapper /opt/stack/nova/nova/scheduler/request_filter.py:46}}
Jun 09 04:37:36.251682 np0000002402 nova-scheduler[95672]: DEBUG nova.scheduler.request_filter [None req-83abac3d-8158-4523-b8b9-5909448d4a89 tempest-AttachVolumeShelveTestJSON-816490029 tempest-AttachVolumeShelveTestJSON-816490029-project-member] Request filter 'packed_virtqueue_filter' took 0.0 seconds {{(pid=95672) wrapper /opt/stack/nova/nova/scheduler/request_filter.py:46}}
Jun 09 04:37:36.251931 np0000002402 nova-scheduler[95672]: DEBUG nova.scheduler.request_filter [None req-83abac3d-8158-4523-b8b9-5909448d4a89 tempest-AttachVolumeShelveTestJSON-816490029 tempest-AttachVolumeShelveTestJSON-816490029-project-member] Request filter 'remote_managed_ports_filter' took 0.0 seconds {{(pid=95672) wrapper /opt/stack/nova/nova/scheduler/request_filter.py:46}}
Jun 09 04:37:36.252140 np0000002402 nova-scheduler[95672]: DEBUG nova.scheduler.request_filter [None req-83abac3d-8158-4523-b8b9-5909448d4a89 tempest-AttachVolumeShelveTestJSON-816490029 tempest-AttachVolumeShelveTestJSON-816490029-project-member] ephemeral_encryption_filter skipped {{(pid=95672) ephemeral_encryption_filter /opt/stack/nova/nova/scheduler/request_filter.py:426}}
Jun 09 04:37:36.252259 np0000002402 nova-scheduler[95672]: DEBUG nova.scheduler.request_filter [None req-83abac3d-8158-4523-b8b9-5909448d4a89 tempest-AttachVolumeShelveTestJSON-816490029 tempest-AttachVolumeShelveTestJSON-816490029-project-member] virtio_sound_filter skipped {{(pid=95672) virtio_sound_filter /opt/stack/nova/nova/scheduler/request_filter.py:460}}
Jun 09 04:37:36.252371 np0000002402 nova-scheduler[95672]: DEBUG nova.scheduler.request_filter [None req-83abac3d-8158-4523-b8b9-5909448d4a89 tempest-AttachVolumeShelveTestJSON-816490029 tempest-AttachVolumeShelveTestJSON-816490029-project-member] tpm_secret_security_filter skipped {{(pid=95672) tpm_secret_security_filter /opt/stack/nova/nova/scheduler/request_filter.py:477}}
Jun 09 04:37:36.823939 np0000002402 nova-scheduler[95672]: INFO nova.utils [None req-83abac3d-8158-4523-b8b9-5909448d4a89 tempest-AttachVolumeShelveTestJSON-816490029 tempest-AttachVolumeShelveTestJSON-816490029-project-member] The cell worker thread pool ForkProcess-2.cell_worker is initialized
Jun 09 04:37:36.824460 np0000002402 nova-scheduler[95672]: DEBUG oslo_concurrency.lockutils [None req-83abac3d-8158-4523-b8b9-5909448d4a89 tempest-AttachVolumeShelveTestJSON-816490029 tempest-AttachVolumeShelveTestJSON-816490029-project-member] Acquiring lock "b057fab4-5c59-4c6f-8fb4-0fdf0d505aca" by "nova.context.set_target_cell..get_or_set_cached_cell_and_set_connections" {{(pid=95672) inner /opt/stack/data/venv/lib/python3.12/site-packages/oslo_concurrency/lockutils.py:511}}
Jun 09 04:37:36.824628 np0000002402 nova-scheduler[95672]: DEBUG oslo_concurrency.lockutils [None req-83abac3d-8158-4523-b8b9-5909448d4a89 tempest-AttachVolumeShelveTestJSON-816490029 tempest-AttachVolumeShelveTestJSON-816490029-project-member] Lock "b057fab4-5c59-4c6f-8fb4-0fdf0d505aca" acquired by "nova.context.set_target_cell..get_or_set_cached_cell_and_set_connections" :: waited 0.000s {{(pid=95672) inner /opt/stack/data/venv/lib/python3.12/site-packages/oslo_concurrency/lockutils.py:524}}
Jun 09 04:37:36.825914 np0000002402 nova-scheduler[95672]: DEBUG oslo_concurrency.lockutils [None req-83abac3d-8158-4523-b8b9-5909448d4a89 tempest-AttachVolumeShelveTestJSON-816490029 tempest-AttachVolumeShelveTestJSON-816490029-project-member] Lock "b057fab4-5c59-4c6f-8fb4-0fdf0d505aca" "released" by "nova.context.set_target_cell..get_or_set_cached_cell_and_set_connections" :: held 0.001s {{(pid=95672) inner /opt/stack/data/venv/lib/python3.12/site-packages/oslo_concurrency/lockutils.py:543}}
Jun 09 04:37:36.827708 np0000002402 nova-scheduler[95672]: INFO dbcounter [None req-83abac3d-8158-4523-b8b9-5909448d4a89 tempest-AttachVolumeShelveTestJSON-816490029 tempest-AttachVolumeShelveTestJSON-816490029-project-member] Registered counter for database nova_cell1
Jun 09 04:37:36.861766 np0000002402 nova-scheduler[95672]: DEBUG oslo_db.sqlalchemy.engines [None req-83abac3d-8158-4523-b8b9-5909448d4a89 tempest-AttachVolumeShelveTestJSON-816490029 tempest-AttachVolumeShelveTestJSON-816490029-project-member] MySQL server mode set to STRICT_TRANS_TABLES,STRICT_ALL_TABLES,NO_ZERO_IN_DATE,NO_ZERO_DATE,ERROR_FOR_DIVISION_BY_ZERO,TRADITIONAL,NO_ENGINE_SUBSTITUTION {{(pid=95672) _check_effective_sql_mode /opt/stack/data/venv/lib/python3.12/site-packages/oslo_db/sqlalchemy/engines.py:325}}
Jun 09 04:37:36.866796 np0000002402 nova-scheduler[95672]: DEBUG dbcounter [-] [95672] Writer thread running {{(pid=95672) stat_writer /opt/stack/data/venv/lib/python3.12/site-packages/dbcounter.py:102}}
Jun 09 04:37:36.876533 np0000002402 nova-scheduler[95672]: DEBUG oslo_db.sqlalchemy.engines [None req-83abac3d-8158-4523-b8b9-5909448d4a89 tempest-AttachVolumeShelveTestJSON-816490029 tempest-AttachVolumeShelveTestJSON-816490029-project-member] Parent process 94447 forked (95672) with an open database connection, which is being discarded and recreated. {{(pid=95672) checkout /opt/stack/data/venv/lib/python3.12/site-packages/oslo_db/sqlalchemy/engines.py:402}}
Jun 09 04:37:36.917275 np0000002402 nova-scheduler[95672]: DEBUG dbcounter [-] [95672] Writer thread running {{(pid=95672) stat_writer /opt/stack/data/venv/lib/python3.12/site-packages/dbcounter.py:102}}
Jun 09 04:37:36.920030 np0000002402 nova-scheduler[95672]: DEBUG oslo_concurrency.lockutils [None req-83abac3d-8158-4523-b8b9-5909448d4a89 tempest-AttachVolumeShelveTestJSON-816490029 tempest-AttachVolumeShelveTestJSON-816490029-project-member] Acquiring lock "b057fab4-5c59-4c6f-8fb4-0fdf0d505aca" by "nova.context.set_target_cell..get_or_set_cached_cell_and_set_connections" {{(pid=95672) inner /opt/stack/data/venv/lib/python3.12/site-packages/oslo_concurrency/lockutils.py:511}}
Jun 09 04:37:36.920239 np0000002402 nova-scheduler[95672]: DEBUG oslo_concurrency.lockutils [None req-83abac3d-8158-4523-b8b9-5909448d4a89 tempest-AttachVolumeShelveTestJSON-816490029 tempest-AttachVolumeShelveTestJSON-816490029-project-member] Lock "b057fab4-5c59-4c6f-8fb4-0fdf0d505aca" acquired by "nova.context.set_target_cell..get_or_set_cached_cell_and_set_connections" :: waited 0.000s {{(pid=95672) inner /opt/stack/data/venv/lib/python3.12/site-packages/oslo_concurrency/lockutils.py:524}}
Jun 09 04:37:36.920382 np0000002402 nova-scheduler[95672]: DEBUG oslo_concurrency.lockutils [None req-83abac3d-8158-4523-b8b9-5909448d4a89 tempest-AttachVolumeShelveTestJSON-816490029 tempest-AttachVolumeShelveTestJSON-816490029-project-member] Lock "b057fab4-5c59-4c6f-8fb4-0fdf0d505aca" "released" by "nova.context.set_target_cell..get_or_set_cached_cell_and_set_connections" :: held 0.000s {{(pid=95672) inner /opt/stack/data/venv/lib/python3.12/site-packages/oslo_concurrency/lockutils.py:543}}
Jun 09 04:37:36.923366 np0000002402 nova-scheduler[95672]: DEBUG oslo_concurrency.lockutils [None req-83abac3d-8158-4523-b8b9-5909448d4a89 tempest-AttachVolumeShelveTestJSON-816490029 tempest-AttachVolumeShelveTestJSON-816490029-project-member] Acquiring lock "('np0000002402', 'np0000002402')" by "nova.scheduler.host_manager.HostState.update.._locked_update" {{(pid=95672) inner /opt/stack/data/venv/lib/python3.12/site-packages/oslo_concurrency/lockutils.py:511}}
Jun 09 04:37:36.923533 np0000002402 nova-scheduler[95672]: DEBUG oslo_concurrency.lockutils [None req-83abac3d-8158-4523-b8b9-5909448d4a89 tempest-AttachVolumeShelveTestJSON-816490029 tempest-AttachVolumeShelveTestJSON-816490029-project-member] Lock "('np0000002402', 'np0000002402')" acquired by "nova.scheduler.host_manager.HostState.update.._locked_update" :: waited 0.000s {{(pid=95672) inner /opt/stack/data/venv/lib/python3.12/site-packages/oslo_concurrency/lockutils.py:524}}
Jun 09 04:37:36.924449 np0000002402 nova-scheduler[95672]: DEBUG nova.scheduler.host_manager [None req-83abac3d-8158-4523-b8b9-5909448d4a89 tempest-AttachVolumeShelveTestJSON-816490029 tempest-AttachVolumeShelveTestJSON-816490029-project-member] Update host state from compute node: ComputeNode(cpu_allocation_ratio=4.0,cpu_info='{"arch": "x86_64", "model": "EPYC-Milan", "vendor": "AMD", "topology": {"cells": 1, "sockets": 12, "cores": 1, "threads": 1}, "maxphysaddr": {"mode": "emulate", "bits": 40}, "features": ["fxsr_opt", "pclmuldq", "ibpb", "flushbyasid", "avx2", "cmp_legacy", "clzero", "pdpe1gb", "sse4.2", "msr", "mmxext", "fsgsbase", "ibrs", "pni", "tsc_adjust", "topoext", "mca", "null-sel-clr-base", "lfence-always-serializing", "cx8", "pku", "f16c", "svm", "amd-stibp", "clflushopt", "ssse3", "pause-filter", "vmcb-clean", "cx16", "lm", "gds-no", "rdrand", "xsaves", "xgetbv1", "smep", "erms", "rdseed", "stibp-always-on", "clflush", "nx", "cmov", "de", "3dnowprefetch", "tsc-scale", "pfthreshold", "v-vmsave-vmload", "xsave", "pat", "tsc-deadline", "adx", "rdpid", "sse", "stibp", "lbrv", "aes", "ssbd", "fpu", "rdtscp", "mtrr", "hypervisor", "arch-capabilities", "clwb", "tsc", "umip", "abm", "svme-addr-chk", "pge", "vgif", "skip-l1dfl-vmentry", "vme", "virt-ssbd", "spec-ctrl", "osvw", "fsrm", "xsavec", "smap", "fma", "pse", "movbe", "syscall", "pse36", "wbnoinvd", "pcid", "bmi1", "amd-psfd", "mds-no", "sep", "npt", "popcnt", "rdctl-no", "avx", "vpclmulqdq", "mce", "nrip-save", "x2apic", "invpcid", "lahf_lm", "sse4.1", "fxsr", "sse4a", "cr8legacy", "no-nested-data-bp", "xsaveerptr", "perfctr_core", "misalignsse", "amd-ssbd", "arat", "pschange-mc-no", "sha-ni", "xsaveopt", "sse2", "mmx", "apic", "pae", "vaes", "bmi2"]}',created_at=2026-06-09T04:35:14Z,current_workload=0,deleted=False,deleted_at=None,disk_allocation_ratio=1.0,disk_available_least=74,free_disk_gb=95,free_ram_mb=23518,host='np0000002402',host_ip=10.4.3.34,hypervisor_hostname='np0000002402',hypervisor_type='QEMU',hypervisor_version=8002002,id=1,local_gb=95,local_gb_used=0,mapped=1,memory_mb=24030,memory_mb_used=512,metrics='[]',numa_topology='{"nova_object.name": "NUMATopology", "nova_object.namespace": "nova", "nova_object.version": "1.2", "nova_object.data": {"cells": [{"nova_object.name": "NUMACell", "nova_object.namespace": "nova", "nova_object.version": "1.5", "nova_object.data": {"id": 0, "cpuset": [0, 1, 2, 3, 4, 5, 6, 7, 8, 9, 10, 11], "pcpuset": [0, 1, 2, 3, 4, 5, 6, 7, 8, 9, 10, 11], "memory": 24030, "cpu_usage": 0, "memory_usage": 0, "pinned_cpus": [], "siblings": [[6], [2], [5], [11], [8], [4], [1], [7], [10], [0], [3], [9]], "mempages": [{"nova_object.name": "NUMAPagesTopology", "nova_object.namespace": "nova", "nova_object.version": "1.1", "nova_object.data": {"size_kb": 4, "total": 6151796, "used": 0, "reserved": 0}, "nova_object.changes": ["size_kb", "total", "reserved", "used"]}, {"nova_object.name": "NUMAPagesTopology", "nova_object.namespace": "nova", "nova_object.version": "1.1", "nova_object.data": {"size_kb": 2048, "total": 0, "used": 0, "reserved": 0}, "nova_object.changes": ["size_kb", "total", "reserved", "used"]}, {"nova_object.name": "NUMAPagesTopology", "nova_object.namespace": "nova", "nova_object.version": "1.1", "nova_object.data": {"size_kb": 1048576, "total": 0, "used": 0, "reserved": 0}, "nova_object.changes": ["size_kb", "total", "reserved", "used"]}], "network_metadata": {"nova_object.name": "NetworkMetadata", "nova_object.namespace": "nova", "nova_object.version": "1.0", "nova_object.data": {"physnets": [], "tunneled": false}, "nova_object.changes": ["physnets", "tunneled"]}, "socket": null}, "nova_object.changes": ["memory_usage", "id", "cpuset", "pcpuset", "memory", "network_metadata", "cpu_usage", "socket", "mempages", "siblings", "pinned_cpus"]}]}, "nova_object.changes": ["cells"]}',pci_device_pools=PciDevicePoolList,ram_allocation_ratio=1.0,running_vms=0,service_id=2,stats={failed_builds='0',uptime=' 04:37:00 up 26 min, 2 users, load average: 1.20, 1.35, 0.79
Jun 09 04:37:36.924449 np0000002402 nova-scheduler[95672]: '},supported_hv_specs=[HVSpec,HVSpec,HVSpec,HVSpec,HVSpec,HVSpec,HVSpec,HVSpec,HVSpec,HVSpec,HVSpec,HVSpec,HVSpec,HVSpec,HVSpec,HVSpec,HVSpec,HVSpec,HVSpec,HVSpec,HVSpec,HVSpec,HVSpec,HVSpec,HVSpec],updated_at=2026-06-09T04:37:02Z,uuid=6e80e77b-e2d7-4dd6-8376-efd03d34cc2a,vcpus=12,vcpus_used=0) {{(pid=95672) _locked_update /opt/stack/nova/nova/scheduler/host_manager.py:168}}
Jun 09 04:37:36.925311 np0000002402 nova-scheduler[95672]: DEBUG nova.scheduler.host_manager [None req-83abac3d-8158-4523-b8b9-5909448d4a89 tempest-AttachVolumeShelveTestJSON-816490029 tempest-AttachVolumeShelveTestJSON-816490029-project-member] Update host state with aggregates: [] {{(pid=95672) _locked_update /opt/stack/nova/nova/scheduler/host_manager.py:171}}
Jun 09 04:37:36.925461 np0000002402 nova-scheduler[95672]: DEBUG nova.scheduler.host_manager [None req-83abac3d-8158-4523-b8b9-5909448d4a89 tempest-AttachVolumeShelveTestJSON-816490029 tempest-AttachVolumeShelveTestJSON-816490029-project-member] Update host state with service dict: {'id': 2, 'uuid': '8a385222-6fa3-4386-be49-c2c9bda48a3f', 'host': 'np0000002402', 'binary': 'nova-compute', 'topic': 'compute', 'report_count': 2, 'disabled': False, 'disabled_reason': None, 'last_seen_up': datetime.datetime(2026, 6, 9, 4, 37, 23, tzinfo=datetime.timezone.utc), 'forced_down': False, 'version': 72, 'created_at': datetime.datetime(2026, 6, 9, 4, 35, 12, tzinfo=datetime.timezone.utc), 'updated_at': datetime.datetime(2026, 6, 9, 4, 37, 23, tzinfo=datetime.timezone.utc), 'deleted_at': None, 'deleted': False} {{(pid=95672) _locked_update /opt/stack/nova/nova/scheduler/host_manager.py:174}}
Jun 09 04:37:36.925617 np0000002402 nova-scheduler[95672]: DEBUG nova.scheduler.host_manager [None req-83abac3d-8158-4523-b8b9-5909448d4a89 tempest-AttachVolumeShelveTestJSON-816490029 tempest-AttachVolumeShelveTestJSON-816490029-project-member] Update host state with instances: [] {{(pid=95672) _locked_update /opt/stack/nova/nova/scheduler/host_manager.py:177}}
Jun 09 04:37:36.925776 np0000002402 nova-scheduler[95672]: DEBUG oslo_concurrency.lockutils [None req-83abac3d-8158-4523-b8b9-5909448d4a89 tempest-AttachVolumeShelveTestJSON-816490029 tempest-AttachVolumeShelveTestJSON-816490029-project-member] Lock "('np0000002402', 'np0000002402')" "released" by "nova.scheduler.host_manager.HostState.update.._locked_update" :: held 0.002s {{(pid=95672) inner /opt/stack/data/venv/lib/python3.12/site-packages/oslo_concurrency/lockutils.py:543}}
Jun 09 04:37:36.926212 np0000002402 nova-scheduler[95672]: DEBUG nova.filters [None req-83abac3d-8158-4523-b8b9-5909448d4a89 tempest-AttachVolumeShelveTestJSON-816490029 tempest-AttachVolumeShelveTestJSON-816490029-project-member] Starting with 1 host(s) {{(pid=95672) get_filtered_objects /opt/stack/nova/nova/filters.py:70}}
Jun 09 04:37:36.926438 np0000002402 nova-scheduler[95672]: DEBUG nova.filters [None req-83abac3d-8158-4523-b8b9-5909448d4a89 tempest-AttachVolumeShelveTestJSON-816490029 tempest-AttachVolumeShelveTestJSON-816490029-project-member] Filter ComputeFilter returned 1 host(s) {{(pid=95672) get_filtered_objects /opt/stack/nova/nova/filters.py:102}}
Jun 09 04:37:36.926611 np0000002402 nova-scheduler[95672]: DEBUG nova.filters [None req-83abac3d-8158-4523-b8b9-5909448d4a89 tempest-AttachVolumeShelveTestJSON-816490029 tempest-AttachVolumeShelveTestJSON-816490029-project-member] Filter ComputeCapabilitiesFilter returned 1 host(s) {{(pid=95672) get_filtered_objects /opt/stack/nova/nova/filters.py:102}}
Jun 09 04:37:36.926841 np0000002402 nova-scheduler[95672]: DEBUG nova.filters [None req-83abac3d-8158-4523-b8b9-5909448d4a89 tempest-AttachVolumeShelveTestJSON-816490029 tempest-AttachVolumeShelveTestJSON-816490029-project-member] Filter ImagePropertiesFilter returned 1 host(s) {{(pid=95672) get_filtered_objects /opt/stack/nova/nova/filters.py:102}}
Jun 09 04:37:36.926996 np0000002402 nova-scheduler[95672]: DEBUG nova.filters [None req-83abac3d-8158-4523-b8b9-5909448d4a89 tempest-AttachVolumeShelveTestJSON-816490029 tempest-AttachVolumeShelveTestJSON-816490029-project-member] Filter ServerGroupAntiAffinityFilter returned 1 host(s) {{(pid=95672) get_filtered_objects /opt/stack/nova/nova/filters.py:102}}
Jun 09 04:37:36.927154 np0000002402 nova-scheduler[95672]: DEBUG nova.filters [None req-83abac3d-8158-4523-b8b9-5909448d4a89 tempest-AttachVolumeShelveTestJSON-816490029 tempest-AttachVolumeShelveTestJSON-816490029-project-member] Filter ServerGroupAffinityFilter returned 1 host(s) {{(pid=95672) get_filtered_objects /opt/stack/nova/nova/filters.py:102}}
Jun 09 04:37:36.927321 np0000002402 nova-scheduler[95672]: DEBUG nova.filters [None req-83abac3d-8158-4523-b8b9-5909448d4a89 tempest-AttachVolumeShelveTestJSON-816490029 tempest-AttachVolumeShelveTestJSON-816490029-project-member] Filter SameHostFilter returned 1 host(s) {{(pid=95672) get_filtered_objects /opt/stack/nova/nova/filters.py:102}}
Jun 09 04:37:36.927470 np0000002402 nova-scheduler[95672]: DEBUG nova.filters [None req-83abac3d-8158-4523-b8b9-5909448d4a89 tempest-AttachVolumeShelveTestJSON-816490029 tempest-AttachVolumeShelveTestJSON-816490029-project-member] Filter DifferentHostFilter returned 1 host(s) {{(pid=95672) get_filtered_objects /opt/stack/nova/nova/filters.py:102}}
Jun 09 04:37:36.927646 np0000002402 nova-scheduler[95672]: DEBUG nova.scheduler.manager [None req-83abac3d-8158-4523-b8b9-5909448d4a89 tempest-AttachVolumeShelveTestJSON-816490029 tempest-AttachVolumeShelveTestJSON-816490029-project-member] Filtered [(np0000002402, np0000002402) ram: 23518MB disk: 75776MB io_ops: 0 instances: 0, allocation_candidates: 1] {{(pid=95672) _get_sorted_hosts /opt/stack/nova/nova/scheduler/manager.py:743}}
Jun 09 04:37:36.927883 np0000002402 nova-scheduler[95672]: DEBUG nova.scheduler.manager [None req-83abac3d-8158-4523-b8b9-5909448d4a89 tempest-AttachVolumeShelveTestJSON-816490029 tempest-AttachVolumeShelveTestJSON-816490029-project-member] Weighed [WeighedHost [host: (np0000002402, np0000002402) ram: 23518MB disk: 75776MB io_ops: 0 instances: 0, allocation_candidates: 1, weight: 0.0]] {{(pid=95672) _get_sorted_hosts /opt/stack/nova/nova/scheduler/manager.py:765}}
Jun 09 04:37:36.928187 np0000002402 nova-scheduler[95672]: DEBUG nova.scheduler.utils [None req-83abac3d-8158-4523-b8b9-5909448d4a89 tempest-AttachVolumeShelveTestJSON-816490029 tempest-AttachVolumeShelveTestJSON-816490029-project-member] Attempting to claim resources in the placement API for instance 07ede17e-d8a1-4327-b042-f13fd48cbff3 {{(pid=95672) claim_resources /opt/stack/nova/nova/scheduler/utils.py:1345}}
Jun 09 04:37:37.100403 np0000002402 nova-scheduler[95672]: DEBUG nova.scheduler.manager [None req-83abac3d-8158-4523-b8b9-5909448d4a89 tempest-AttachVolumeShelveTestJSON-816490029 tempest-AttachVolumeShelveTestJSON-816490029-project-member] [instance: 07ede17e-d8a1-4327-b042-f13fd48cbff3] Selected host: (np0000002402, np0000002402) ram: 23518MB disk: 75776MB io_ops: 0 instances: 0, allocation_candidates: 1 {{(pid=95672) _consume_selected_host /opt/stack/nova/nova/scheduler/manager.py:625}}
Jun 09 04:37:37.100403 np0000002402 nova-scheduler[95672]: DEBUG oslo_concurrency.lockutils [None req-83abac3d-8158-4523-b8b9-5909448d4a89 tempest-AttachVolumeShelveTestJSON-816490029 tempest-AttachVolumeShelveTestJSON-816490029-project-member] Acquiring lock "('np0000002402', 'np0000002402')" by "nova.scheduler.host_manager.HostState.consume_from_request.._locked" {{(pid=95672) inner /opt/stack/data/venv/lib/python3.12/site-packages/oslo_concurrency/lockutils.py:511}}
Jun 09 04:37:37.100403 np0000002402 nova-scheduler[95672]: DEBUG oslo_concurrency.lockutils [None req-83abac3d-8158-4523-b8b9-5909448d4a89 tempest-AttachVolumeShelveTestJSON-816490029 tempest-AttachVolumeShelveTestJSON-816490029-project-member] Lock "('np0000002402', 'np0000002402')" acquired by "nova.scheduler.host_manager.HostState.consume_from_request.._locked" :: waited 0.000s {{(pid=95672) inner /opt/stack/data/venv/lib/python3.12/site-packages/oslo_concurrency/lockutils.py:524}}
Jun 09 04:37:37.100403 np0000002402 nova-scheduler[95672]: DEBUG oslo_concurrency.lockutils [None req-83abac3d-8158-4523-b8b9-5909448d4a89 tempest-AttachVolumeShelveTestJSON-816490029 tempest-AttachVolumeShelveTestJSON-816490029-project-member] Lock "('np0000002402', 'np0000002402')" "released" by "nova.scheduler.host_manager.HostState.consume_from_request.._locked" :: held 0.000s {{(pid=95672) inner /opt/stack/data/venv/lib/python3.12/site-packages/oslo_concurrency/lockutils.py:543}}
Jun 09 04:37:42.616617 np0000002402 nova-scheduler[95705]: DEBUG nova.scheduler.manager [None req-0eea35db-a2d7-47a5-aff3-104b34976d0a tempest-AttachSCSIVolumeTestJSON-1538546852 tempest-AttachSCSIVolumeTestJSON-1538546852-project-member] Starting to schedule for instances: ['438eae56-0963-4cf9-a968-6e36f70fb80d'] {{(pid=95705) select_destinations /opt/stack/nova/nova/scheduler/manager.py:210}}
Jun 09 04:37:42.617088 np0000002402 nova-scheduler[95705]: DEBUG nova.scheduler.request_filter [None req-0eea35db-a2d7-47a5-aff3-104b34976d0a tempest-AttachSCSIVolumeTestJSON-1538546852 tempest-AttachSCSIVolumeTestJSON-1538546852-project-member] compute_status_filter request filter added forbidden trait COMPUTE_STATUS_DISABLED {{(pid=95705) compute_status_filter /opt/stack/nova/nova/scheduler/request_filter.py:253}}
Jun 09 04:37:42.617716 np0000002402 nova-scheduler[95705]: DEBUG nova.scheduler.request_filter [None req-0eea35db-a2d7-47a5-aff3-104b34976d0a tempest-AttachSCSIVolumeTestJSON-1538546852 tempest-AttachSCSIVolumeTestJSON-1538546852-project-member] Request filter 'compute_status_filter' took 0.0 seconds {{(pid=95705) wrapper /opt/stack/nova/nova/scheduler/request_filter.py:46}}
Jun 09 04:37:42.617716 np0000002402 nova-scheduler[95705]: DEBUG nova.scheduler.request_filter [None req-0eea35db-a2d7-47a5-aff3-104b34976d0a tempest-AttachSCSIVolumeTestJSON-1538546852 tempest-AttachSCSIVolumeTestJSON-1538546852-project-member] Request filter 'accelerators_filter' took 0.0 seconds {{(pid=95705) wrapper /opt/stack/nova/nova/scheduler/request_filter.py:46}}
Jun 09 04:37:42.617854 np0000002402 nova-scheduler[95705]: DEBUG nova.scheduler.request_filter [None req-0eea35db-a2d7-47a5-aff3-104b34976d0a tempest-AttachSCSIVolumeTestJSON-1538546852 tempest-AttachSCSIVolumeTestJSON-1538546852-project-member] Request filter 'packed_virtqueue_filter' took 0.0 seconds {{(pid=95705) wrapper /opt/stack/nova/nova/scheduler/request_filter.py:46}}
Jun 09 04:37:42.618855 np0000002402 nova-scheduler[95705]: DEBUG nova.scheduler.request_filter [None req-0eea35db-a2d7-47a5-aff3-104b34976d0a tempest-AttachSCSIVolumeTestJSON-1538546852 tempest-AttachSCSIVolumeTestJSON-1538546852-project-member] Request filter 'remote_managed_ports_filter' took 0.0 seconds {{(pid=95705) wrapper /opt/stack/nova/nova/scheduler/request_filter.py:46}}
Jun 09 04:37:42.618855 np0000002402 nova-scheduler[95705]: DEBUG nova.scheduler.request_filter [None req-0eea35db-a2d7-47a5-aff3-104b34976d0a tempest-AttachSCSIVolumeTestJSON-1538546852 tempest-AttachSCSIVolumeTestJSON-1538546852-project-member] ephemeral_encryption_filter skipped {{(pid=95705) ephemeral_encryption_filter /opt/stack/nova/nova/scheduler/request_filter.py:426}}
Jun 09 04:37:42.618855 np0000002402 nova-scheduler[95705]: DEBUG nova.scheduler.request_filter [None req-0eea35db-a2d7-47a5-aff3-104b34976d0a tempest-AttachSCSIVolumeTestJSON-1538546852 tempest-AttachSCSIVolumeTestJSON-1538546852-project-member] virtio_sound_filter skipped {{(pid=95705) virtio_sound_filter /opt/stack/nova/nova/scheduler/request_filter.py:460}}
Jun 09 04:37:42.618855 np0000002402 nova-scheduler[95705]: DEBUG nova.scheduler.request_filter [None req-0eea35db-a2d7-47a5-aff3-104b34976d0a tempest-AttachSCSIVolumeTestJSON-1538546852 tempest-AttachSCSIVolumeTestJSON-1538546852-project-member] tpm_secret_security_filter skipped {{(pid=95705) tpm_secret_security_filter /opt/stack/nova/nova/scheduler/request_filter.py:477}}
Jun 09 04:37:42.723369 np0000002402 nova-scheduler[95705]: INFO nova.utils [None req-0eea35db-a2d7-47a5-aff3-104b34976d0a tempest-AttachSCSIVolumeTestJSON-1538546852 tempest-AttachSCSIVolumeTestJSON-1538546852-project-member] The cell worker thread pool ForkProcess-3.cell_worker is initialized
Jun 09 04:37:42.723863 np0000002402 nova-scheduler[95705]: DEBUG oslo_concurrency.lockutils [None req-0eea35db-a2d7-47a5-aff3-104b34976d0a tempest-AttachSCSIVolumeTestJSON-1538546852 tempest-AttachSCSIVolumeTestJSON-1538546852-project-member] Acquiring lock "b057fab4-5c59-4c6f-8fb4-0fdf0d505aca" by "nova.context.set_target_cell..get_or_set_cached_cell_and_set_connections" {{(pid=95705) inner /opt/stack/data/venv/lib/python3.12/site-packages/oslo_concurrency/lockutils.py:511}}
Jun 09 04:37:42.724145 np0000002402 nova-scheduler[95705]: DEBUG oslo_concurrency.lockutils [None req-0eea35db-a2d7-47a5-aff3-104b34976d0a tempest-AttachSCSIVolumeTestJSON-1538546852 tempest-AttachSCSIVolumeTestJSON-1538546852-project-member] Lock "b057fab4-5c59-4c6f-8fb4-0fdf0d505aca" acquired by "nova.context.set_target_cell..get_or_set_cached_cell_and_set_connections" :: waited 0.000s {{(pid=95705) inner /opt/stack/data/venv/lib/python3.12/site-packages/oslo_concurrency/lockutils.py:524}}
Jun 09 04:37:42.726329 np0000002402 nova-scheduler[95705]: DEBUG oslo_concurrency.lockutils [None req-0eea35db-a2d7-47a5-aff3-104b34976d0a tempest-AttachSCSIVolumeTestJSON-1538546852 tempest-AttachSCSIVolumeTestJSON-1538546852-project-member] Lock "b057fab4-5c59-4c6f-8fb4-0fdf0d505aca" "released" by "nova.context.set_target_cell..get_or_set_cached_cell_and_set_connections" :: held 0.002s {{(pid=95705) inner /opt/stack/data/venv/lib/python3.12/site-packages/oslo_concurrency/lockutils.py:543}}
Jun 09 04:37:42.728716 np0000002402 nova-scheduler[95705]: INFO dbcounter [None req-0eea35db-a2d7-47a5-aff3-104b34976d0a tempest-AttachSCSIVolumeTestJSON-1538546852 tempest-AttachSCSIVolumeTestJSON-1538546852-project-member] Registered counter for database nova_cell1
Jun 09 04:37:42.769104 np0000002402 nova-scheduler[95705]: DEBUG oslo_db.sqlalchemy.engines [None req-0eea35db-a2d7-47a5-aff3-104b34976d0a tempest-AttachSCSIVolumeTestJSON-1538546852 tempest-AttachSCSIVolumeTestJSON-1538546852-project-member] MySQL server mode set to STRICT_TRANS_TABLES,STRICT_ALL_TABLES,NO_ZERO_IN_DATE,NO_ZERO_DATE,ERROR_FOR_DIVISION_BY_ZERO,TRADITIONAL,NO_ENGINE_SUBSTITUTION {{(pid=95705) _check_effective_sql_mode /opt/stack/data/venv/lib/python3.12/site-packages/oslo_db/sqlalchemy/engines.py:325}}
Jun 09 04:37:42.774462 np0000002402 nova-scheduler[95705]: DEBUG dbcounter [-] [95705] Writer thread running {{(pid=95705) stat_writer /opt/stack/data/venv/lib/python3.12/site-packages/dbcounter.py:102}}
Jun 09 04:37:42.827561 np0000002402 nova-scheduler[95705]: DEBUG dbcounter [-] [95705] Writer thread running {{(pid=95705) stat_writer /opt/stack/data/venv/lib/python3.12/site-packages/dbcounter.py:102}}
Jun 09 04:37:42.831609 np0000002402 nova-scheduler[95705]: DEBUG oslo_concurrency.lockutils [None req-0eea35db-a2d7-47a5-aff3-104b34976d0a tempest-AttachSCSIVolumeTestJSON-1538546852 tempest-AttachSCSIVolumeTestJSON-1538546852-project-member] Acquiring lock "b057fab4-5c59-4c6f-8fb4-0fdf0d505aca" by "nova.context.set_target_cell..get_or_set_cached_cell_and_set_connections" {{(pid=95705) inner /opt/stack/data/venv/lib/python3.12/site-packages/oslo_concurrency/lockutils.py:511}}
Jun 09 04:37:42.831859 np0000002402 nova-scheduler[95705]: DEBUG oslo_concurrency.lockutils [None req-0eea35db-a2d7-47a5-aff3-104b34976d0a tempest-AttachSCSIVolumeTestJSON-1538546852 tempest-AttachSCSIVolumeTestJSON-1538546852-project-member] Lock "b057fab4-5c59-4c6f-8fb4-0fdf0d505aca" acquired by "nova.context.set_target_cell..get_or_set_cached_cell_and_set_connections" :: waited 0.000s {{(pid=95705) inner /opt/stack/data/venv/lib/python3.12/site-packages/oslo_concurrency/lockutils.py:524}}
Jun 09 04:37:42.831994 np0000002402 nova-scheduler[95705]: DEBUG oslo_concurrency.lockutils [None req-0eea35db-a2d7-47a5-aff3-104b34976d0a tempest-AttachSCSIVolumeTestJSON-1538546852 tempest-AttachSCSIVolumeTestJSON-1538546852-project-member] Lock "b057fab4-5c59-4c6f-8fb4-0fdf0d505aca" "released" by "nova.context.set_target_cell..get_or_set_cached_cell_and_set_connections" :: held 0.000s {{(pid=95705) inner /opt/stack/data/venv/lib/python3.12/site-packages/oslo_concurrency/lockutils.py:543}}
Jun 09 04:37:42.835744 np0000002402 nova-scheduler[95705]: DEBUG oslo_concurrency.lockutils [None req-0eea35db-a2d7-47a5-aff3-104b34976d0a tempest-AttachSCSIVolumeTestJSON-1538546852 tempest-AttachSCSIVolumeTestJSON-1538546852-project-member] Acquiring lock "('np0000002402', 'np0000002402')" by "nova.scheduler.host_manager.HostState.update.._locked_update" {{(pid=95705) inner /opt/stack/data/venv/lib/python3.12/site-packages/oslo_concurrency/lockutils.py:511}}
Jun 09 04:37:42.835940 np0000002402 nova-scheduler[95705]: DEBUG oslo_concurrency.lockutils [None req-0eea35db-a2d7-47a5-aff3-104b34976d0a tempest-AttachSCSIVolumeTestJSON-1538546852 tempest-AttachSCSIVolumeTestJSON-1538546852-project-member] Lock "('np0000002402', 'np0000002402')" acquired by "nova.scheduler.host_manager.HostState.update.._locked_update" :: waited 0.000s {{(pid=95705) inner /opt/stack/data/venv/lib/python3.12/site-packages/oslo_concurrency/lockutils.py:524}}
