Aug 12 19:27:29.599035 np0000007100 nova-scheduler[93568]: DEBUG cotyledon.oslo_config_glue [-] oslo_messaging_rabbit.rabbit_quorum_max_memory_length = 0 {{(pid=93568) log_opt_values /opt/stack/data/venv/lib/python3.12/site-packages/oslo_config/cfg.py:3545}}
Aug 12 19:27:29.599035 np0000007100 nova-scheduler[93568]: DEBUG cotyledon.oslo_config_glue [-] oslo_messaging_rabbit.rabbit_quorum_queue = False {{(pid=93568) log_opt_values /opt/stack/data/venv/lib/python3.12/site-packages/oslo_config/cfg.py:3545}}
Aug 12 19:27:29.599035 np0000007100 nova-scheduler[93568]: DEBUG cotyledon.oslo_config_glue [-] oslo_messaging_rabbit.rabbit_retry_backoff = 2 {{(pid=93568) log_opt_values /opt/stack/data/venv/lib/python3.12/site-packages/oslo_config/cfg.py:3545}}
Aug 12 19:27:29.599035 np0000007100 nova-scheduler[93568]: DEBUG cotyledon.oslo_config_glue [-] oslo_messaging_rabbit.rabbit_retry_interval = 1 {{(pid=93568) log_opt_values /opt/stack/data/venv/lib/python3.12/site-packages/oslo_config/cfg.py:3545}}
Aug 12 19:27:29.599373 np0000007100 nova-scheduler[93568]: DEBUG cotyledon.oslo_config_glue [-] oslo_messaging_rabbit.rabbit_stream_fanout = False {{(pid=93568) log_opt_values /opt/stack/data/venv/lib/python3.12/site-packages/oslo_config/cfg.py:3545}}
Aug 12 19:27:29.599373 np0000007100 nova-scheduler[93568]: DEBUG cotyledon.oslo_config_glue [-] oslo_messaging_rabbit.rabbit_transient_queues_ttl = 1800 {{(pid=93568) log_opt_values /opt/stack/data/venv/lib/python3.12/site-packages/oslo_config/cfg.py:3545}}
Aug 12 19:27:29.599373 np0000007100 nova-scheduler[93568]: DEBUG cotyledon.oslo_config_glue [-] oslo_messaging_rabbit.rabbit_transient_quorum_queue = False {{(pid=93568) log_opt_values /opt/stack/data/venv/lib/python3.12/site-packages/oslo_config/cfg.py:3545}}
Aug 12 19:27:29.599373 np0000007100 nova-scheduler[93568]: DEBUG cotyledon.oslo_config_glue [-] oslo_messaging_rabbit.rpc_conn_pool_size = 30 {{(pid=93568) log_opt_values /opt/stack/data/venv/lib/python3.12/site-packages/oslo_config/cfg.py:3545}}
Aug 12 19:27:29.599373 np0000007100 nova-scheduler[93568]: DEBUG cotyledon.oslo_config_glue [-] oslo_messaging_rabbit.ssl = False {{(pid=93568) log_opt_values /opt/stack/data/venv/lib/python3.12/site-packages/oslo_config/cfg.py:3545}}
Aug 12 19:27:29.599373 np0000007100 nova-scheduler[93568]: DEBUG cotyledon.oslo_config_glue [-] oslo_messaging_rabbit.ssl_ca_file = {{(pid=93568) log_opt_values /opt/stack/data/venv/lib/python3.12/site-packages/oslo_config/cfg.py:3545}}
Aug 12 19:27:29.599373 np0000007100 nova-scheduler[93568]: DEBUG cotyledon.oslo_config_glue [-] oslo_messaging_rabbit.ssl_cert_file = {{(pid=93568) log_opt_values /opt/stack/data/venv/lib/python3.12/site-packages/oslo_config/cfg.py:3545}}
Aug 12 19:27:29.599373 np0000007100 nova-scheduler[93568]: DEBUG cotyledon.oslo_config_glue [-] oslo_messaging_rabbit.ssl_enforce_fips_mode = False {{(pid=93568) log_opt_values /opt/stack/data/venv/lib/python3.12/site-packages/oslo_config/cfg.py:3545}}
Aug 12 19:27:29.599373 np0000007100 nova-scheduler[93568]: DEBUG cotyledon.oslo_config_glue [-] oslo_messaging_rabbit.ssl_enforce_hostname_verification = True {{(pid=93568) log_opt_values /opt/stack/data/venv/lib/python3.12/site-packages/oslo_config/cfg.py:3545}}
Aug 12 19:27:29.599643 np0000007100 nova-scheduler[93568]: DEBUG cotyledon.oslo_config_glue [-] oslo_messaging_rabbit.ssl_key_file = {{(pid=93568) log_opt_values /opt/stack/data/venv/lib/python3.12/site-packages/oslo_config/cfg.py:3545}}
Aug 12 19:27:29.599643 np0000007100 nova-scheduler[93568]: DEBUG cotyledon.oslo_config_glue [-] oslo_messaging_rabbit.ssl_version = {{(pid=93568) log_opt_values /opt/stack/data/venv/lib/python3.12/site-packages/oslo_config/cfg.py:3545}}
Aug 12 19:27:29.599643 np0000007100 nova-scheduler[93568]: DEBUG cotyledon.oslo_config_glue [-] oslo_messaging_rabbit.use_queue_manager = False {{(pid=93568) log_opt_values /opt/stack/data/venv/lib/python3.12/site-packages/oslo_config/cfg.py:3545}}
Aug 12 19:27:29.599643 np0000007100 nova-scheduler[93568]: DEBUG cotyledon.oslo_config_glue [-] oslo_messaging_notifications.driver = ['messagingv2'] {{(pid=93568) log_opt_values /opt/stack/data/venv/lib/python3.12/site-packages/oslo_config/cfg.py:3545}}
Aug 12 19:27:29.599643 np0000007100 nova-scheduler[93568]: DEBUG cotyledon.oslo_config_glue [-] oslo_messaging_notifications.retry = -1 {{(pid=93568) log_opt_values /opt/stack/data/venv/lib/python3.12/site-packages/oslo_config/cfg.py:3545}}
Aug 12 19:27:29.599643 np0000007100 nova-scheduler[93568]: DEBUG cotyledon.oslo_config_glue [-] oslo_messaging_notifications.topics = ['notifications'] {{(pid=93568) log_opt_values /opt/stack/data/venv/lib/python3.12/site-packages/oslo_config/cfg.py:3545}}
Aug 12 19:27:29.599643 np0000007100 nova-scheduler[93568]: DEBUG cotyledon.oslo_config_glue [-] oslo_messaging_notifications.transport_url = **** {{(pid=93568) log_opt_values /opt/stack/data/venv/lib/python3.12/site-packages/oslo_config/cfg.py:3545}}
Aug 12 19:27:29.599643 np0000007100 nova-scheduler[93568]: DEBUG cotyledon.oslo_config_glue [-] oslo_limit.auth_section = None {{(pid=93568) log_opt_values /opt/stack/data/venv/lib/python3.12/site-packages/oslo_config/cfg.py:3545}}
Aug 12 19:27:29.599643 np0000007100 nova-scheduler[93568]: DEBUG cotyledon.oslo_config_glue [-] oslo_limit.auth_type = None {{(pid=93568) log_opt_values /opt/stack/data/venv/lib/python3.12/site-packages/oslo_config/cfg.py:3545}}
Aug 12 19:27:29.599913 np0000007100 nova-scheduler[93568]: DEBUG cotyledon.oslo_config_glue [-] oslo_limit.cafile = None {{(pid=93568) log_opt_values /opt/stack/data/venv/lib/python3.12/site-packages/oslo_config/cfg.py:3545}}
Aug 12 19:27:29.599913 np0000007100 nova-scheduler[93568]: DEBUG cotyledon.oslo_config_glue [-] oslo_limit.certfile = None {{(pid=93568) log_opt_values /opt/stack/data/venv/lib/python3.12/site-packages/oslo_config/cfg.py:3545}}
Aug 12 19:27:29.599913 np0000007100 nova-scheduler[93568]: DEBUG cotyledon.oslo_config_glue [-] oslo_limit.collect_timing = False {{(pid=93568) log_opt_values /opt/stack/data/venv/lib/python3.12/site-packages/oslo_config/cfg.py:3545}}
Aug 12 19:27:29.599913 np0000007100 nova-scheduler[93568]: DEBUG cotyledon.oslo_config_glue [-] oslo_limit.connect_retries = None {{(pid=93568) log_opt_values /opt/stack/data/venv/lib/python3.12/site-packages/oslo_config/cfg.py:3545}}
Aug 12 19:27:29.599913 np0000007100 nova-scheduler[93568]: DEBUG cotyledon.oslo_config_glue [-] oslo_limit.connect_retry_delay = None {{(pid=93568) log_opt_values /opt/stack/data/venv/lib/python3.12/site-packages/oslo_config/cfg.py:3545}}
Aug 12 19:27:29.599913 np0000007100 nova-scheduler[93568]: DEBUG cotyledon.oslo_config_glue [-] oslo_limit.endpoint_id = None {{(pid=93568) log_opt_values /opt/stack/data/venv/lib/python3.12/site-packages/oslo_config/cfg.py:3545}}
Aug 12 19:27:29.599913 np0000007100 nova-scheduler[93568]: DEBUG cotyledon.oslo_config_glue [-] oslo_limit.endpoint_interface = public {{(pid=93568) log_opt_values /opt/stack/data/venv/lib/python3.12/site-packages/oslo_config/cfg.py:3545}}
Aug 12 19:27:29.599913 np0000007100 nova-scheduler[93568]: DEBUG cotyledon.oslo_config_glue [-] oslo_limit.endpoint_override = None {{(pid=93568) log_opt_values /opt/stack/data/venv/lib/python3.12/site-packages/oslo_config/cfg.py:3545}}
Aug 12 19:27:29.599913 np0000007100 nova-scheduler[93568]: DEBUG cotyledon.oslo_config_glue [-] oslo_limit.endpoint_region_name = None {{(pid=93568) log_opt_values /opt/stack/data/venv/lib/python3.12/site-packages/oslo_config/cfg.py:3545}}
Aug 12 19:27:29.600218 np0000007100 nova-scheduler[93568]: DEBUG cotyledon.oslo_config_glue [-] oslo_limit.endpoint_service_name = None {{(pid=93568) log_opt_values /opt/stack/data/venv/lib/python3.12/site-packages/oslo_config/cfg.py:3545}}
Aug 12 19:27:29.600218 np0000007100 nova-scheduler[93568]: DEBUG cotyledon.oslo_config_glue [-] oslo_limit.endpoint_service_type = None {{(pid=93568) log_opt_values /opt/stack/data/venv/lib/python3.12/site-packages/oslo_config/cfg.py:3545}}
Aug 12 19:27:29.600218 np0000007100 nova-scheduler[93568]: DEBUG cotyledon.oslo_config_glue [-] oslo_limit.insecure = False {{(pid=93568) log_opt_values /opt/stack/data/venv/lib/python3.12/site-packages/oslo_config/cfg.py:3545}}
Aug 12 19:27:29.600218 np0000007100 nova-scheduler[93568]: DEBUG cotyledon.oslo_config_glue [-] oslo_limit.keyfile = None {{(pid=93568) log_opt_values /opt/stack/data/venv/lib/python3.12/site-packages/oslo_config/cfg.py:3545}}
Aug 12 19:27:29.600218 np0000007100 nova-scheduler[93568]: DEBUG cotyledon.oslo_config_glue [-] oslo_limit.max_version = None {{(pid=93568) log_opt_values /opt/stack/data/venv/lib/python3.12/site-packages/oslo_config/cfg.py:3545}}
Aug 12 19:27:29.600218 np0000007100 nova-scheduler[93568]: DEBUG cotyledon.oslo_config_glue [-] oslo_limit.min_version = None {{(pid=93568) log_opt_values /opt/stack/data/venv/lib/python3.12/site-packages/oslo_config/cfg.py:3545}}
Aug 12 19:27:29.600218 np0000007100 nova-scheduler[93568]: DEBUG cotyledon.oslo_config_glue [-] oslo_limit.region_name = None {{(pid=93568) log_opt_values /opt/stack/data/venv/lib/python3.12/site-packages/oslo_config/cfg.py:3545}}
Aug 12 19:27:29.600218 np0000007100 nova-scheduler[93568]: DEBUG cotyledon.oslo_config_glue [-] oslo_limit.retriable_status_codes = None {{(pid=93568) log_opt_values /opt/stack/data/venv/lib/python3.12/site-packages/oslo_config/cfg.py:3545}}
Aug 12 19:27:29.600218 np0000007100 nova-scheduler[93568]: DEBUG cotyledon.oslo_config_glue [-] oslo_limit.service_name = None {{(pid=93568) log_opt_values /opt/stack/data/venv/lib/python3.12/site-packages/oslo_config/cfg.py:3545}}
Aug 12 19:27:29.600514 np0000007100 nova-scheduler[93568]: DEBUG cotyledon.oslo_config_glue [-] oslo_limit.service_type = None {{(pid=93568) log_opt_values /opt/stack/data/venv/lib/python3.12/site-packages/oslo_config/cfg.py:3545}}
Aug 12 19:27:29.600514 np0000007100 nova-scheduler[93568]: DEBUG cotyledon.oslo_config_glue [-] oslo_limit.split_loggers = False {{(pid=93568) log_opt_values /opt/stack/data/venv/lib/python3.12/site-packages/oslo_config/cfg.py:3545}}
Aug 12 19:27:29.600514 np0000007100 nova-scheduler[93568]: DEBUG cotyledon.oslo_config_glue [-] oslo_limit.status_code_retries = None {{(pid=93568) log_opt_values /opt/stack/data/venv/lib/python3.12/site-packages/oslo_config/cfg.py:3545}}
Aug 12 19:27:29.600514 np0000007100 nova-scheduler[93568]: DEBUG cotyledon.oslo_config_glue [-] oslo_limit.status_code_retry_delay = None {{(pid=93568) log_opt_values /opt/stack/data/venv/lib/python3.12/site-packages/oslo_config/cfg.py:3545}}
Aug 12 19:27:29.600514 np0000007100 nova-scheduler[93568]: DEBUG cotyledon.oslo_config_glue [-] oslo_limit.timeout = None {{(pid=93568) log_opt_values /opt/stack/data/venv/lib/python3.12/site-packages/oslo_config/cfg.py:3545}}
Aug 12 19:27:29.600514 np0000007100 nova-scheduler[93568]: DEBUG cotyledon.oslo_config_glue [-] oslo_limit.valid_interfaces = None {{(pid=93568) log_opt_values /opt/stack/data/venv/lib/python3.12/site-packages/oslo_config/cfg.py:3545}}
Aug 12 19:27:29.600514 np0000007100 nova-scheduler[93568]: DEBUG cotyledon.oslo_config_glue [-] oslo_limit.version = None {{(pid=93568) log_opt_values /opt/stack/data/venv/lib/python3.12/site-packages/oslo_config/cfg.py:3545}}
Aug 12 19:27:29.600514 np0000007100 nova-scheduler[93568]: DEBUG cotyledon.oslo_config_glue [-] oslo_reports.file_event_handler = None {{(pid=93568) log_opt_values /opt/stack/data/venv/lib/python3.12/site-packages/oslo_config/cfg.py:3545}}
Aug 12 19:27:29.600514 np0000007100 nova-scheduler[93568]: DEBUG cotyledon.oslo_config_glue [-] oslo_reports.file_event_handler_interval = 1 {{(pid=93568) log_opt_values /opt/stack/data/venv/lib/python3.12/site-packages/oslo_config/cfg.py:3545}}
Aug 12 19:27:29.600804 np0000007100 nova-scheduler[93568]: DEBUG cotyledon.oslo_config_glue [-] oslo_reports.log_dir = None {{(pid=93568) log_opt_values /opt/stack/data/venv/lib/python3.12/site-packages/oslo_config/cfg.py:3545}}
Aug 12 19:27:29.600804 np0000007100 nova-scheduler[93568]: DEBUG cotyledon.oslo_config_glue [-] ******************************************************************************** {{(pid=93568) log_opt_values /opt/stack/data/venv/lib/python3.12/site-packages/oslo_config/cfg.py:3552}}
Aug 12 19:27:29.600804 np0000007100 nova-scheduler[93568]: DEBUG cotyledon._service_worker [-] Run service ServiceWrapper(2) [93568] {{(pid=93568) wait_forever /opt/stack/data/venv/lib/python3.12/site-packages/cotyledon/_service_worker.py:218}}
Aug 12 19:27:29.600804 np0000007100 nova-scheduler[93568]: INFO nova.service [-] Starting scheduler node (version 33.1.0)
Aug 12 19:27:29.600932 np0000007100 nova-scheduler[93557]: DEBUG oslo_db.sqlalchemy.engines [None req-7f01ec6c-4509-4022-8381-194b985f5e8b None None] MySQL server mode set to STRICT_TRANS_TABLES,STRICT_ALL_TABLES,NO_ZERO_IN_DATE,NO_ZERO_DATE,ERROR_FOR_DIVISION_BY_ZERO,TRADITIONAL,NO_ENGINE_SUBSTITUTION {{(pid=93557) _check_effective_sql_mode /opt/stack/data/venv/lib/python3.12/site-packages/oslo_db/sqlalchemy/engines.py:325}}
Aug 12 19:27:29.600976 np0000007100 nova-scheduler[93568]: INFO dbcounter [None req-d666a6dd-a5ac-40c0-b3a1-7330042c27ab None None] Registered counter for database nova_cell0
Aug 12 19:27:29.601018 np0000007100 nova-scheduler[93557]: DEBUG dbcounter [-] [93557] Writer thread running {{(pid=93557) stat_writer /opt/stack/data/venv/lib/python3.12/site-packages/dbcounter.py:102}}
Aug 12 19:27:29.601018 np0000007100 nova-scheduler[93557]: DEBUG nova.service [None req-7f01ec6c-4509-4022-8381-194b985f5e8b None None] Creating RPC server for service: nova-scheduler on topic: scheduler {{(pid=93557) start /opt/stack/nova/nova/service.py:196}}
Aug 12 19:27:29.610629 np0000007100 nova-scheduler[93563]: DEBUG oslo_db.sqlalchemy.engines [None req-a3b31d2d-f2bb-4479-83ec-f69c07d0a868 None None] MySQL server mode set to STRICT_TRANS_TABLES,STRICT_ALL_TABLES,NO_ZERO_IN_DATE,NO_ZERO_DATE,ERROR_FOR_DIVISION_BY_ZERO,TRADITIONAL,NO_ENGINE_SUBSTITUTION {{(pid=93563) _check_effective_sql_mode /opt/stack/data/venv/lib/python3.12/site-packages/oslo_db/sqlalchemy/engines.py:325}}
Aug 12 19:27:29.619232 np0000007100 nova-scheduler[93568]: DEBUG oslo_db.sqlalchemy.engines [None req-d666a6dd-a5ac-40c0-b3a1-7330042c27ab None None] MySQL server mode set to STRICT_TRANS_TABLES,STRICT_ALL_TABLES,NO_ZERO_IN_DATE,NO_ZERO_DATE,ERROR_FOR_DIVISION_BY_ZERO,TRADITIONAL,NO_ENGINE_SUBSTITUTION {{(pid=93568) _check_effective_sql_mode /opt/stack/data/venv/lib/python3.12/site-packages/oslo_db/sqlalchemy/engines.py:325}}
Aug 12 19:27:29.620087 np0000007100 nova-scheduler[93563]: DEBUG dbcounter [-] [93563] Writer thread running {{(pid=93563) stat_writer /opt/stack/data/venv/lib/python3.12/site-packages/dbcounter.py:102}}
Aug 12 19:27:29.621148 np0000007100 nova-scheduler[93557]: DEBUG nova.service [None req-7f01ec6c-4509-4022-8381-194b985f5e8b None None] Join ServiceGroup membership for this service scheduler {{(pid=93557) start /opt/stack/nova/nova/service.py:222}}
Aug 12 19:27:29.621418 np0000007100 nova-scheduler[93557]: DEBUG nova.servicegroup.drivers.db [None req-7f01ec6c-4509-4022-8381-194b985f5e8b None None] DB_Driver: join new ServiceGroup member np0000007100 to the scheduler group, service = {{(pid=93557) join /opt/stack/nova/nova/servicegroup/drivers/db.py:44}}
Aug 12 19:27:29.622868 np0000007100 nova-scheduler[93563]: DEBUG nova.service [None req-a3b31d2d-f2bb-4479-83ec-f69c07d0a868 None None] Creating RPC server for service: nova-scheduler on topic: scheduler {{(pid=93563) start /opt/stack/nova/nova/service.py:196}}
Aug 12 19:27:29.630189 np0000007100 nova-scheduler[93568]: DEBUG dbcounter [-] [93568] Writer thread running {{(pid=93568) stat_writer /opt/stack/data/venv/lib/python3.12/site-packages/dbcounter.py:102}}
Aug 12 19:27:29.634082 np0000007100 nova-scheduler[93568]: DEBUG nova.service [None req-d666a6dd-a5ac-40c0-b3a1-7330042c27ab None None] Creating RPC server for service: nova-scheduler on topic: scheduler {{(pid=93568) start /opt/stack/nova/nova/service.py:196}}
Aug 12 19:27:29.639590 np0000007100 nova-scheduler[93563]: DEBUG nova.service [None req-a3b31d2d-f2bb-4479-83ec-f69c07d0a868 None None] Join ServiceGroup membership for this service scheduler {{(pid=93563) start /opt/stack/nova/nova/service.py:222}}
Aug 12 19:27:29.639756 np0000007100 nova-scheduler[93563]: DEBUG nova.servicegroup.drivers.db [None req-a3b31d2d-f2bb-4479-83ec-f69c07d0a868 None None] DB_Driver: join new ServiceGroup member np0000007100 to the scheduler group, service = {{(pid=93563) join /opt/stack/nova/nova/servicegroup/drivers/db.py:44}}
Aug 12 19:27:29.650432 np0000007100 nova-scheduler[93568]: DEBUG nova.service [None req-d666a6dd-a5ac-40c0-b3a1-7330042c27ab None None] Join ServiceGroup membership for this service scheduler {{(pid=93568) start /opt/stack/nova/nova/service.py:222}}
Aug 12 19:27:29.650676 np0000007100 nova-scheduler[93568]: DEBUG nova.servicegroup.drivers.db [None req-d666a6dd-a5ac-40c0-b3a1-7330042c27ab None None] DB_Driver: join new ServiceGroup member np0000007100 to the scheduler group, service = {{(pid=93568) join /opt/stack/nova/nova/servicegroup/drivers/db.py:44}}
Aug 12 19:27:34.633414 np0000007100 nova-scheduler[93557]: DEBUG oslo.service.backend._threading.loopingcall [-] Fixed interval looping call 'nova.servicegroup.drivers.db.DbDriver._report_state' sleeping for 119.99 seconds {{(pid=93557) _run_loop /opt/stack/data/venv/lib/python3.12/site-packages/oslo_service/backend/_threading/loopingcall.py:125}}
Aug 12 19:27:34.649829 np0000007100 nova-scheduler[93563]: DEBUG oslo.service.backend._threading.loopingcall [-] Fixed interval looping call 'nova.servicegroup.drivers.db.DbDriver._report_state' sleeping for 119.99 seconds {{(pid=93563) _run_loop /opt/stack/data/venv/lib/python3.12/site-packages/oslo_service/backend/_threading/loopingcall.py:125}}
Aug 12 19:27:34.660030 np0000007100 nova-scheduler[93568]: DEBUG oslo.service.backend._threading.loopingcall [-] Fixed interval looping call 'nova.servicegroup.drivers.db.DbDriver._report_state' sleeping for 119.99 seconds {{(pid=93568) _run_loop /opt/stack/data/venv/lib/python3.12/site-packages/oslo_service/backend/_threading/loopingcall.py:125}}
Aug 12 19:27:38.246933 np0000007100 nova-scheduler[92309]: DEBUG dbcounter [-] [92309] Writing DB stats nova_api:SELECT=3 {{(pid=92309) stat_writer /opt/stack/data/venv/lib/python3.12/site-packages/dbcounter.py:115}}
Aug 12 19:27:38.369948 np0000007100 nova-scheduler[92309]: DEBUG dbcounter [-] [92309] Writing DB stats nova_cell0:SELECT=1 {{(pid=92309) stat_writer /opt/stack/data/venv/lib/python3.12/site-packages/dbcounter.py:115}}
Aug 12 19:27:38.374636 np0000007100 nova-scheduler[92309]: DEBUG dbcounter [-] [92309] Writing DB stats nova_cell1:SELECT=1 {{(pid=92309) stat_writer /opt/stack/data/venv/lib/python3.12/site-packages/dbcounter.py:115}}
Aug 12 19:27:44.633165 np0000007100 nova-scheduler[93557]: DEBUG dbcounter [-] [93557] Writing DB stats nova_cell0:SELECT=4,nova_cell0:INSERT=1,nova_cell0:UPDATE=1 {{(pid=93557) stat_writer /opt/stack/data/venv/lib/python3.12/site-packages/dbcounter.py:115}}
Aug 12 19:27:44.649378 np0000007100 nova-scheduler[93563]: DEBUG dbcounter [-] [93563] Writing DB stats nova_cell0:SELECT=3 {{(pid=93563) stat_writer /opt/stack/data/venv/lib/python3.12/site-packages/dbcounter.py:115}}
Aug 12 19:27:44.659343 np0000007100 nova-scheduler[93568]: DEBUG dbcounter [-] [93568] Writing DB stats nova_cell0:SELECT=3 {{(pid=93568) stat_writer /opt/stack/data/venv/lib/python3.12/site-packages/dbcounter.py:115}}
Aug 12 19:27:47.641883 np0000007100 nova-scheduler[93563]: DEBUG oslo.service.backend._threading.loopingcall [None req-741ee8d7-1505-4929-8133-acc62eaa3e8f None None] Dynamic interval looping call 'nova.service.Service.periodic_tasks' sleeping for 60.00 seconds {{(pid=93563) _run_loop /opt/stack/data/venv/lib/python3.12/site-packages/oslo_service/backend/_threading/loopingcall.py:125}}
Aug 12 19:28:02.652676 np0000007100 nova-scheduler[93568]: DEBUG oslo.service.backend._threading.loopingcall [None req-9115f99d-4936-4dc6-86e2-d01113c1e660 None None] Dynamic interval looping call 'nova.service.Service.periodic_tasks' sleeping for 60.00 seconds {{(pid=93568) _run_loop /opt/stack/data/venv/lib/python3.12/site-packages/oslo_service/backend/_threading/loopingcall.py:125}}
Aug 12 19:28:23.623716 np0000007100 nova-scheduler[93557]: DEBUG oslo.service.backend._threading.loopingcall [None req-529fbfec-b552-4b56-984c-cad9ec09a028 None None] Dynamic interval looping call 'nova.service.Service.periodic_tasks' sleeping for 60.00 seconds {{(pid=93557) _run_loop /opt/stack/data/venv/lib/python3.12/site-packages/oslo_service/backend/_threading/loopingcall.py:125}}
Aug 12 19:28:47.642411 np0000007100 nova-scheduler[93563]: DEBUG oslo.service.backend._threading.loopingcall [None req-741ee8d7-1505-4929-8133-acc62eaa3e8f None None] Dynamic interval looping call 'nova.service.Service.periodic_tasks' sleeping for 60.00 seconds {{(pid=93563) _run_loop /opt/stack/data/venv/lib/python3.12/site-packages/oslo_service/backend/_threading/loopingcall.py:125}}
Aug 12 19:29:02.653235 np0000007100 nova-scheduler[93568]: DEBUG oslo.service.backend._threading.loopingcall [None req-9115f99d-4936-4dc6-86e2-d01113c1e660 None None] Dynamic interval looping call 'nova.service.Service.periodic_tasks' sleeping for 60.00 seconds {{(pid=93568) _run_loop /opt/stack/data/venv/lib/python3.12/site-packages/oslo_service/backend/_threading/loopingcall.py:125}}
Aug 12 19:29:23.624113 np0000007100 nova-scheduler[93557]: DEBUG oslo.service.backend._threading.loopingcall [None req-529fbfec-b552-4b56-984c-cad9ec09a028 None None] Dynamic interval looping call 'nova.service.Service.periodic_tasks' sleeping for 60.00 seconds {{(pid=93557) _run_loop /opt/stack/data/venv/lib/python3.12/site-packages/oslo_service/backend/_threading/loopingcall.py:125}}
Aug 12 19:29:34.632023 np0000007100 nova-scheduler[93557]: DEBUG oslo.service.backend._threading.loopingcall [-] Fixed interval looping call 'nova.servicegroup.drivers.db.DbDriver._report_state' sleeping for 119.99 seconds {{(pid=93557) _run_loop /opt/stack/data/venv/lib/python3.12/site-packages/oslo_service/backend/_threading/loopingcall.py:125}}
Aug 12 19:29:34.645987 np0000007100 nova-scheduler[93563]: DEBUG oslo.service.backend._threading.loopingcall [-] Fixed interval looping call 'nova.servicegroup.drivers.db.DbDriver._report_state' sleeping for 119.99 seconds {{(pid=93563) _run_loop /opt/stack/data/venv/lib/python3.12/site-packages/oslo_service/backend/_threading/loopingcall.py:125}}
Aug 12 19:29:34.656675 np0000007100 nova-scheduler[93568]: DEBUG oslo.service.backend._threading.loopingcall [-] Fixed interval looping call 'nova.servicegroup.drivers.db.DbDriver._report_state' sleeping for 119.99 seconds {{(pid=93568) _run_loop /opt/stack/data/venv/lib/python3.12/site-packages/oslo_service/backend/_threading/loopingcall.py:125}}
Aug 12 19:29:44.629088 np0000007100 nova-scheduler[93557]: DEBUG dbcounter [-] [93557] Writing DB stats nova_cell0:SELECT=1,nova_cell0:UPDATE=1 {{(pid=93557) stat_writer /opt/stack/data/venv/lib/python3.12/site-packages/dbcounter.py:115}}
Aug 12 19:29:44.644281 np0000007100 nova-scheduler[93563]: DEBUG dbcounter [-] [93563] Writing DB stats nova_cell0:SELECT=1 {{(pid=93563) stat_writer /opt/stack/data/venv/lib/python3.12/site-packages/dbcounter.py:115}}
Aug 12 19:29:44.654751 np0000007100 nova-scheduler[93568]: DEBUG dbcounter [-] [93568] Writing DB stats nova_cell0:SELECT=1 {{(pid=93568) stat_writer /opt/stack/data/venv/lib/python3.12/site-packages/dbcounter.py:115}}
Aug 12 19:29:47.642854 np0000007100 nova-scheduler[93563]: DEBUG oslo.service.backend._threading.loopingcall [None req-741ee8d7-1505-4929-8133-acc62eaa3e8f None None] Dynamic interval looping call 'nova.service.Service.periodic_tasks' sleeping for 60.00 seconds {{(pid=93563) _run_loop /opt/stack/data/venv/lib/python3.12/site-packages/oslo_service/backend/_threading/loopingcall.py:125}}
Aug 12 19:30:02.653655 np0000007100 nova-scheduler[93568]: DEBUG oslo.service.backend._threading.loopingcall [None req-9115f99d-4936-4dc6-86e2-d01113c1e660 None None] Dynamic interval looping call 'nova.service.Service.periodic_tasks' sleeping for 60.00 seconds {{(pid=93568) _run_loop /opt/stack/data/venv/lib/python3.12/site-packages/oslo_service/backend/_threading/loopingcall.py:125}}
Aug 12 19:30:11.141522 np0000007100 nova-scheduler[93557]: DEBUG nova.scheduler.manager [None req-87230873-e051-44e7-abdf-93aad903ae9c tempest-ServersNegativeTestJSON-576944127 tempest-ServersNegativeTestJSON-576944127-project-member] Starting to schedule for instances: ['7292c424-3611-409f-b307-299e0c9f9ace'] {{(pid=93557) select_destinations /opt/stack/nova/nova/scheduler/manager.py:209}}
Aug 12 19:30:11.143308 np0000007100 nova-scheduler[93557]: DEBUG nova.scheduler.request_filter [None req-87230873-e051-44e7-abdf-93aad903ae9c tempest-ServersNegativeTestJSON-576944127 tempest-ServersNegativeTestJSON-576944127-project-member] compute_status_filter request filter added forbidden trait COMPUTE_STATUS_DISABLED {{(pid=93557) compute_status_filter /opt/stack/nova/nova/scheduler/request_filter.py:253}}
Aug 12 19:30:11.143502 np0000007100 nova-scheduler[93557]: DEBUG nova.scheduler.request_filter [None req-87230873-e051-44e7-abdf-93aad903ae9c tempest-ServersNegativeTestJSON-576944127 tempest-ServersNegativeTestJSON-576944127-project-member] Request filter 'compute_status_filter' took 0.0 seconds {{(pid=93557) wrapper /opt/stack/nova/nova/scheduler/request_filter.py:46}}
Aug 12 19:30:11.143739 np0000007100 nova-scheduler[93557]: DEBUG nova.scheduler.request_filter [None req-87230873-e051-44e7-abdf-93aad903ae9c tempest-ServersNegativeTestJSON-576944127 tempest-ServersNegativeTestJSON-576944127-project-member] Request filter 'accelerators_filter' took 0.0 seconds {{(pid=93557) wrapper /opt/stack/nova/nova/scheduler/request_filter.py:46}}
Aug 12 19:30:11.143979 np0000007100 nova-scheduler[93557]: DEBUG nova.scheduler.request_filter [None req-87230873-e051-44e7-abdf-93aad903ae9c tempest-ServersNegativeTestJSON-576944127 tempest-ServersNegativeTestJSON-576944127-project-member] Request filter 'packed_virtqueue_filter' took 0.0 seconds {{(pid=93557) wrapper /opt/stack/nova/nova/scheduler/request_filter.py:46}}
Aug 12 19:30:11.144276 np0000007100 nova-scheduler[93557]: DEBUG nova.scheduler.request_filter [None req-87230873-e051-44e7-abdf-93aad903ae9c tempest-ServersNegativeTestJSON-576944127 tempest-ServersNegativeTestJSON-576944127-project-member] Request filter 'remote_managed_ports_filter' took 0.0 seconds {{(pid=93557) wrapper /opt/stack/nova/nova/scheduler/request_filter.py:46}}
Aug 12 19:30:11.144457 np0000007100 nova-scheduler[93557]: DEBUG nova.scheduler.request_filter [None req-87230873-e051-44e7-abdf-93aad903ae9c tempest-ServersNegativeTestJSON-576944127 tempest-ServersNegativeTestJSON-576944127-project-member] ephemeral_encryption_filter skipped {{(pid=93557) ephemeral_encryption_filter /opt/stack/nova/nova/scheduler/request_filter.py:426}}
Aug 12 19:30:11.144560 np0000007100 nova-scheduler[93557]: DEBUG nova.scheduler.request_filter [None req-87230873-e051-44e7-abdf-93aad903ae9c tempest-ServersNegativeTestJSON-576944127 tempest-ServersNegativeTestJSON-576944127-project-member] virtio_sound_filter skipped {{(pid=93557) virtio_sound_filter /opt/stack/nova/nova/scheduler/request_filter.py:460}}
Aug 12 19:30:11.144712 np0000007100 nova-scheduler[93557]: DEBUG nova.scheduler.request_filter [None req-87230873-e051-44e7-abdf-93aad903ae9c tempest-ServersNegativeTestJSON-576944127 tempest-ServersNegativeTestJSON-576944127-project-member] tpm_secret_security_filter skipped {{(pid=93557) tpm_secret_security_filter /opt/stack/nova/nova/scheduler/request_filter.py:477}}
Aug 12 19:30:11.628789 np0000007100 nova-scheduler[93557]: INFO nova.utils [None req-87230873-e051-44e7-abdf-93aad903ae9c tempest-ServersNegativeTestJSON-576944127 tempest-ServersNegativeTestJSON-576944127-project-member] The cell worker thread pool ForkProcess-1.cell_worker is initialized
Aug 12 19:30:11.629229 np0000007100 nova-scheduler[93557]: DEBUG oslo_concurrency.lockutils [None req-87230873-e051-44e7-abdf-93aad903ae9c tempest-ServersNegativeTestJSON-576944127 tempest-ServersNegativeTestJSON-576944127-project-member] Acquiring lock "029689d8-277e-4f08-a1c6-cbbb1201a306" by "nova.context.set_target_cell..get_or_set_cached_cell_and_set_connections" {{(pid=93557) inner /opt/stack/data/venv/lib/python3.12/site-packages/oslo_concurrency/lockutils.py:512}}
Aug 12 19:30:11.629486 np0000007100 nova-scheduler[93557]: DEBUG oslo_concurrency.lockutils [None req-87230873-e051-44e7-abdf-93aad903ae9c tempest-ServersNegativeTestJSON-576944127 tempest-ServersNegativeTestJSON-576944127-project-member] Lock "029689d8-277e-4f08-a1c6-cbbb1201a306" acquired by "nova.context.set_target_cell..get_or_set_cached_cell_and_set_connections" :: waited 0.000s {{(pid=93557) inner /opt/stack/data/venv/lib/python3.12/site-packages/oslo_concurrency/lockutils.py:525}}
Aug 12 19:30:11.632447 np0000007100 nova-scheduler[93557]: DEBUG oslo_concurrency.lockutils [None req-87230873-e051-44e7-abdf-93aad903ae9c tempest-ServersNegativeTestJSON-576944127 tempest-ServersNegativeTestJSON-576944127-project-member] Lock "029689d8-277e-4f08-a1c6-cbbb1201a306" "released" by "nova.context.set_target_cell..get_or_set_cached_cell_and_set_connections" :: held 0.002s {{(pid=93557) inner /opt/stack/data/venv/lib/python3.12/site-packages/oslo_concurrency/lockutils.py:544}}
Aug 12 19:30:11.633296 np0000007100 nova-scheduler[93557]: INFO dbcounter [None req-87230873-e051-44e7-abdf-93aad903ae9c tempest-ServersNegativeTestJSON-576944127 tempest-ServersNegativeTestJSON-576944127-project-member] Registered counter for database nova_cell1
Aug 12 19:30:11.664080 np0000007100 nova-scheduler[93557]: DEBUG oslo_db.sqlalchemy.engines [None req-87230873-e051-44e7-abdf-93aad903ae9c tempest-ServersNegativeTestJSON-576944127 tempest-ServersNegativeTestJSON-576944127-project-member] MySQL server mode set to STRICT_TRANS_TABLES,STRICT_ALL_TABLES,NO_ZERO_IN_DATE,NO_ZERO_DATE,ERROR_FOR_DIVISION_BY_ZERO,TRADITIONAL,NO_ENGINE_SUBSTITUTION {{(pid=93557) _check_effective_sql_mode /opt/stack/data/venv/lib/python3.12/site-packages/oslo_db/sqlalchemy/engines.py:325}}
Aug 12 19:30:11.669320 np0000007100 nova-scheduler[93557]: DEBUG dbcounter [-] [93557] Writer thread running {{(pid=93557) stat_writer /opt/stack/data/venv/lib/python3.12/site-packages/dbcounter.py:102}}
Aug 12 19:30:11.679773 np0000007100 nova-scheduler[93557]: DEBUG oslo_db.sqlalchemy.engines [None req-87230873-e051-44e7-abdf-93aad903ae9c tempest-ServersNegativeTestJSON-576944127 tempest-ServersNegativeTestJSON-576944127-project-member] Parent process 92309 forked (93557) with an open database connection, which is being discarded and recreated. {{(pid=93557) checkout /opt/stack/data/venv/lib/python3.12/site-packages/oslo_db/sqlalchemy/engines.py:402}}
Aug 12 19:30:11.723923 np0000007100 nova-scheduler[93557]: DEBUG dbcounter [-] [93557] Writer thread running {{(pid=93557) stat_writer /opt/stack/data/venv/lib/python3.12/site-packages/dbcounter.py:102}}
Aug 12 19:30:11.726006 np0000007100 nova-scheduler[93557]: DEBUG oslo_concurrency.lockutils [None req-87230873-e051-44e7-abdf-93aad903ae9c tempest-ServersNegativeTestJSON-576944127 tempest-ServersNegativeTestJSON-576944127-project-member] Acquiring lock "029689d8-277e-4f08-a1c6-cbbb1201a306" by "nova.context.set_target_cell..get_or_set_cached_cell_and_set_connections" {{(pid=93557) inner /opt/stack/data/venv/lib/python3.12/site-packages/oslo_concurrency/lockutils.py:512}}
Aug 12 19:30:11.726129 np0000007100 nova-scheduler[93557]: DEBUG oslo_concurrency.lockutils [None req-87230873-e051-44e7-abdf-93aad903ae9c tempest-ServersNegativeTestJSON-576944127 tempest-ServersNegativeTestJSON-576944127-project-member] Lock "029689d8-277e-4f08-a1c6-cbbb1201a306" acquired by "nova.context.set_target_cell..get_or_set_cached_cell_and_set_connections" :: waited 0.000s {{(pid=93557) inner /opt/stack/data/venv/lib/python3.12/site-packages/oslo_concurrency/lockutils.py:525}}
Aug 12 19:30:11.726280 np0000007100 nova-scheduler[93557]: DEBUG oslo_concurrency.lockutils [None req-87230873-e051-44e7-abdf-93aad903ae9c tempest-ServersNegativeTestJSON-576944127 tempest-ServersNegativeTestJSON-576944127-project-member] Lock "029689d8-277e-4f08-a1c6-cbbb1201a306" "released" by "nova.context.set_target_cell..get_or_set_cached_cell_and_set_connections" :: held 0.000s {{(pid=93557) inner /opt/stack/data/venv/lib/python3.12/site-packages/oslo_concurrency/lockutils.py:544}}
Aug 12 19:30:11.728979 np0000007100 nova-scheduler[93557]: DEBUG oslo_concurrency.lockutils [None req-87230873-e051-44e7-abdf-93aad903ae9c tempest-ServersNegativeTestJSON-576944127 tempest-ServersNegativeTestJSON-576944127-project-member] Acquiring lock "np0000007100-np0000007100" by "nova.scheduler.host_manager.HostState.update.._locked_update" {{(pid=93557) inner /opt/stack/data/venv/lib/python3.12/site-packages/oslo_concurrency/lockutils.py:512}}
Aug 12 19:30:11.729094 np0000007100 nova-scheduler[93557]: DEBUG oslo_concurrency.lockutils [None req-87230873-e051-44e7-abdf-93aad903ae9c tempest-ServersNegativeTestJSON-576944127 tempest-ServersNegativeTestJSON-576944127-project-member] Lock "np0000007100-np0000007100" acquired by "nova.scheduler.host_manager.HostState.update.._locked_update" :: waited 0.000s {{(pid=93557) inner /opt/stack/data/venv/lib/python3.12/site-packages/oslo_concurrency/lockutils.py:525}}
Aug 12 19:30:11.729927 np0000007100 nova-scheduler[93557]: DEBUG nova.scheduler.host_manager [None req-87230873-e051-44e7-abdf-93aad903ae9c tempest-ServersNegativeTestJSON-576944127 tempest-ServersNegativeTestJSON-576944127-project-member] Update host state from compute node: ComputeNode(cpu_allocation_ratio=4.0,cpu_info='{"arch": "x86_64", "model": "EPYC-Milan", "vendor": "AMD", "topology": {"cells": 1, "sockets": 16, "cores": 1, "threads": 1}, "maxphysaddr": {"mode": "emulate", "bits": 40}, "features": ["xsaveerptr", "pge", "stibp-always-on", "perfctr_core", "osvw", "pse36", "rdtscp", "hypervisor", "fma", "mce", "umip", "3dnowprefetch", "rdctl-no", "amd-psfd", "amd-ssbd", "mca", "sse4.2", "pat", "apic", "flushbyasid", "clzero", "vaes", "x2apic", "topoext", "sha-ni", "clflushopt", "lm", "xsave", "movbe", "amd-stibp", "pause-filter", "abm", "f16c", "stibp", "tsc_adjust", "de", "lahf_lm", "adx", "aes", "gds-no", "vgif", "vme", "msr", "no-nested-data-bp", "xgetbv1", "xsavec", "clwb", "lbrv", "rdrand", "sse4a", "svme-addr-chk", "mmx", "ibpb", "fsgsbase", "mds-no", "mtrr", "ssbd", "arat", "svm", "sse4.1", "cx8", "npt", "nrip-save", "ibrs", "sep", "spec-ctrl", "cx16", "virt-ssbd", "tsc", "v-vmsave-vmload", "bmi1", "vmcb-clean", "ssse3", "smap", "cr8legacy", "fsrm", "pdpe1gb", "sse", "wbnoinvd", "pfthreshold", "arch-capabilities", "fxsr_opt", "pclmuldq", "pse", "fxsr", "rdseed", "vpclmulqdq", "misalignsse", "null-sel-clr-base", "syscall", "skip-l1dfl-vmentry", "erms", "rdpid", "avx", "nx", "pni", "lfence-always-serializing", "smep", "invpcid", "xsaves", "pcid", "fpu", "bmi2", "avx2", "cmp_legacy", "pku", "tsc-deadline", "cmov", "tsc-scale", "sse2", "pschange-mc-no", "mmxext", "xsaveopt", "clflush", "pae", "popcnt"]}',created_at=2026-08-12T19:27:49Z,current_workload=0,deleted=False,deleted_at=None,disk_allocation_ratio=1.0,disk_available_least=73,free_disk_gb=95,free_ram_mb=62765,host='np0000007100',host_ip=10.4.3.94,hypervisor_hostname='np0000007100',hypervisor_type='QEMU',hypervisor_version=8002002,id=1,local_gb=95,local_gb_used=0,mapped=1,memory_mb=63277,memory_mb_used=512,metrics='[]',numa_topology='{"nova_object.name": "NUMATopology", "nova_object.namespace": "nova", "nova_object.version": "1.2", "nova_object.data": {"cells": [{"nova_object.name": "NUMACell", "nova_object.namespace": "nova", "nova_object.version": "1.5", "nova_object.data": {"id": 0, "cpuset": [0, 1, 2, 3, 4, 5, 6, 7, 8, 9, 10, 11, 12, 13, 14, 15], "pcpuset": [0, 1, 2, 3, 4, 5, 6, 7, 8, 9, 10, 11, 12, 13, 14, 15], "memory": 63277, "cpu_usage": 0, "memory_usage": 0, "pinned_cpus": [], "siblings": [[6], [12], [2], [15], [5], [11], [8], [14], [4], [1], [7], [10], [0], [13], [3], [9]], "mempages": [{"nova_object.name": "NUMAPagesTopology", "nova_object.namespace": "nova", "nova_object.version": "1.1", "nova_object.data": {"size_kb": 4, "total": 16177929, "used": 0, "reserved": 0}, "nova_object.changes": ["reserved", "size_kb", "used", "total"]}, {"nova_object.name": "NUMAPagesTopology", "nova_object.namespace": "nova", "nova_object.version": "1.1", "nova_object.data": {"size_kb": 2048, "total": 41, "used": 0, "reserved": 0}, "nova_object.changes": ["reserved", "size_kb", "used", "total"]}, {"nova_object.name": "NUMAPagesTopology", "nova_object.namespace": "nova", "nova_object.version": "1.1", "nova_object.data": {"size_kb": 1048576, "total": 0, "used": 0, "reserved": 0}, "nova_object.changes": ["reserved", "size_kb", "used", "total"]}], "network_metadata": {"nova_object.name": "NetworkMetadata", "nova_object.namespace": "nova", "nova_object.version": "1.0", "nova_object.data": {"physnets": [], "tunneled": false}, "nova_object.changes": ["physnets", "tunneled"]}, "socket": null}, "nova_object.changes": ["siblings", "pinned_cpus", "cpu_usage", "memory", "pcpuset", "mempages", "cpuset", "id", "network_metadata", "memory_usage", "socket"]}]}, "nova_object.changes": ["cells"]}',pci_device_pools=PciDevicePoolList,ram_allocation_ratio=1.0,running_vms=0,service_id=2,stats={failed_builds='0',uptime=' 19:29:38 up 13 min, 2 users, load average: 1.37, 1.37, 0.78
Aug 12 19:30:11.729927 np0000007100 nova-scheduler[93557]: '},supported_hv_specs=[HVSpec,HVSpec,HVSpec,HVSpec,HVSpec,HVSpec,HVSpec,HVSpec,HVSpec,HVSpec,HVSpec,HVSpec,HVSpec,HVSpec,HVSpec,HVSpec,HVSpec,HVSpec,HVSpec,HVSpec,HVSpec,HVSpec,HVSpec,HVSpec,HVSpec],updated_at=2026-08-12T19:29:38Z,uuid=81da46d5-0cda-4649-a449-114e7abac968,vcpus=16,vcpus_used=0) {{(pid=93557) _locked_update /opt/stack/nova/nova/scheduler/host_manager.py:168}}
Aug 12 19:30:11.730846 np0000007100 nova-scheduler[93557]: DEBUG nova.scheduler.host_manager [None req-87230873-e051-44e7-abdf-93aad903ae9c tempest-ServersNegativeTestJSON-576944127 tempest-ServersNegativeTestJSON-576944127-project-member] Update host state with aggregates: [] {{(pid=93557) _locked_update /opt/stack/nova/nova/scheduler/host_manager.py:171}}
Aug 12 19:30:11.730952 np0000007100 nova-scheduler[93557]: DEBUG nova.scheduler.host_manager [None req-87230873-e051-44e7-abdf-93aad903ae9c tempest-ServersNegativeTestJSON-576944127 tempest-ServersNegativeTestJSON-576944127-project-member] Update host state with service dict: {'id': 2, 'uuid': '1f7056c4-d1cd-4841-a2ac-ddb469485209', 'host': 'np0000007100', 'binary': 'nova-compute', 'topic': 'compute', 'report_count': 2, 'disabled': False, 'disabled_reason': None, 'last_seen_up': datetime.datetime(2026, 8, 12, 19, 29, 56, tzinfo=datetime.timezone.utc), 'forced_down': False, 'version': 72, 'created_at': datetime.datetime(2026, 8, 12, 19, 27, 49, tzinfo=datetime.timezone.utc), 'updated_at': datetime.datetime(2026, 8, 12, 19, 29, 56, tzinfo=datetime.timezone.utc), 'deleted_at': None, 'deleted': False} {{(pid=93557) _locked_update /opt/stack/nova/nova/scheduler/host_manager.py:174}}
Aug 12 19:30:11.731068 np0000007100 nova-scheduler[93557]: DEBUG nova.scheduler.host_manager [None req-87230873-e051-44e7-abdf-93aad903ae9c tempest-ServersNegativeTestJSON-576944127 tempest-ServersNegativeTestJSON-576944127-project-member] Update host state with instances: [] {{(pid=93557) _locked_update /opt/stack/nova/nova/scheduler/host_manager.py:177}}
Aug 12 19:30:11.731200 np0000007100 nova-scheduler[93557]: DEBUG oslo_concurrency.lockutils [None req-87230873-e051-44e7-abdf-93aad903ae9c tempest-ServersNegativeTestJSON-576944127 tempest-ServersNegativeTestJSON-576944127-project-member] Lock "np0000007100-np0000007100" "released" by "nova.scheduler.host_manager.HostState.update.._locked_update" :: held 0.002s {{(pid=93557) inner /opt/stack/data/venv/lib/python3.12/site-packages/oslo_concurrency/lockutils.py:544}}
Aug 12 19:30:11.731534 np0000007100 nova-scheduler[93557]: DEBUG nova.filters [None req-87230873-e051-44e7-abdf-93aad903ae9c tempest-ServersNegativeTestJSON-576944127 tempest-ServersNegativeTestJSON-576944127-project-member] Starting with 1 host(s) {{(pid=93557) get_filtered_objects /opt/stack/nova/nova/filters.py:70}}
Aug 12 19:30:11.731711 np0000007100 nova-scheduler[93557]: DEBUG nova.filters [None req-87230873-e051-44e7-abdf-93aad903ae9c tempest-ServersNegativeTestJSON-576944127 tempest-ServersNegativeTestJSON-576944127-project-member] Filter ComputeFilter returned 1 host(s) {{(pid=93557) get_filtered_objects /opt/stack/nova/nova/filters.py:102}}
Aug 12 19:30:11.732087 np0000007100 nova-scheduler[93557]: DEBUG nova.filters [None req-87230873-e051-44e7-abdf-93aad903ae9c tempest-ServersNegativeTestJSON-576944127 tempest-ServersNegativeTestJSON-576944127-project-member] Filter ComputeCapabilitiesFilter returned 1 host(s) {{(pid=93557) get_filtered_objects /opt/stack/nova/nova/filters.py:102}}
Aug 12 19:30:11.732294 np0000007100 nova-scheduler[93557]: DEBUG nova.filters [None req-87230873-e051-44e7-abdf-93aad903ae9c tempest-ServersNegativeTestJSON-576944127 tempest-ServersNegativeTestJSON-576944127-project-member] Filter ImagePropertiesFilter returned 1 host(s) {{(pid=93557) get_filtered_objects /opt/stack/nova/nova/filters.py:102}}
Aug 12 19:30:11.732425 np0000007100 nova-scheduler[93557]: DEBUG nova.filters [None req-87230873-e051-44e7-abdf-93aad903ae9c tempest-ServersNegativeTestJSON-576944127 tempest-ServersNegativeTestJSON-576944127-project-member] Filter ServerGroupAntiAffinityFilter returned 1 host(s) {{(pid=93557) get_filtered_objects /opt/stack/nova/nova/filters.py:102}}
Aug 12 19:30:11.732540 np0000007100 nova-scheduler[93557]: DEBUG nova.filters [None req-87230873-e051-44e7-abdf-93aad903ae9c tempest-ServersNegativeTestJSON-576944127 tempest-ServersNegativeTestJSON-576944127-project-member] Filter ServerGroupAffinityFilter returned 1 host(s) {{(pid=93557) get_filtered_objects /opt/stack/nova/nova/filters.py:102}}
Aug 12 19:30:11.732648 np0000007100 nova-scheduler[93557]: DEBUG nova.filters [None req-87230873-e051-44e7-abdf-93aad903ae9c tempest-ServersNegativeTestJSON-576944127 tempest-ServersNegativeTestJSON-576944127-project-member] Filter SameHostFilter returned 1 host(s) {{(pid=93557) get_filtered_objects /opt/stack/nova/nova/filters.py:102}}
Aug 12 19:30:11.732743 np0000007100 nova-scheduler[93557]: DEBUG nova.filters [None req-87230873-e051-44e7-abdf-93aad903ae9c tempest-ServersNegativeTestJSON-576944127 tempest-ServersNegativeTestJSON-576944127-project-member] Filter DifferentHostFilter returned 1 host(s) {{(pid=93557) get_filtered_objects /opt/stack/nova/nova/filters.py:102}}
Aug 12 19:30:11.732865 np0000007100 nova-scheduler[93557]: DEBUG nova.scheduler.manager [None req-87230873-e051-44e7-abdf-93aad903ae9c tempest-ServersNegativeTestJSON-576944127 tempest-ServersNegativeTestJSON-576944127-project-member] Filtered [(np0000007100, np0000007100) ram: 62765MB disk: 74752MB io_ops: 0 instances: 0, allocation_candidates: 1] {{(pid=93557) _get_sorted_hosts /opt/stack/nova/nova/scheduler/manager.py:742}}
Aug 12 19:30:11.733012 np0000007100 nova-scheduler[93557]: DEBUG nova.scheduler.manager [None req-87230873-e051-44e7-abdf-93aad903ae9c tempest-ServersNegativeTestJSON-576944127 tempest-ServersNegativeTestJSON-576944127-project-member] Weighed [WeighedHost [host: (np0000007100, np0000007100) ram: 62765MB disk: 74752MB io_ops: 0 instances: 0, allocation_candidates: 1, weight: 0.0]] {{(pid=93557) _get_sorted_hosts /opt/stack/nova/nova/scheduler/manager.py:764}}
Aug 12 19:30:11.733510 np0000007100 nova-scheduler[93557]: DEBUG nova.scheduler.utils [None req-87230873-e051-44e7-abdf-93aad903ae9c tempest-ServersNegativeTestJSON-576944127 tempest-ServersNegativeTestJSON-576944127-project-member] Attempting to claim resources in the placement API for instance 7292c424-3611-409f-b307-299e0c9f9ace {{(pid=93557) claim_resources /opt/stack/nova/nova/scheduler/utils.py:1345}}
Aug 12 19:30:11.863017 np0000007100 nova-scheduler[93557]: DEBUG nova.scheduler.manager [None req-87230873-e051-44e7-abdf-93aad903ae9c tempest-ServersNegativeTestJSON-576944127 tempest-ServersNegativeTestJSON-576944127-project-member] [instance: 7292c424-3611-409f-b307-299e0c9f9ace] Selected host: (np0000007100, np0000007100) ram: 62765MB disk: 74752MB io_ops: 0 instances: 0, allocation_candidates: 1 {{(pid=93557) _consume_selected_host /opt/stack/nova/nova/scheduler/manager.py:624}}
Aug 12 19:30:11.864677 np0000007100 nova-scheduler[93557]: DEBUG oslo_concurrency.lockutils [None req-87230873-e051-44e7-abdf-93aad903ae9c tempest-ServersNegativeTestJSON-576944127 tempest-ServersNegativeTestJSON-576944127-project-member] Acquiring lock "np0000007100-np0000007100" by "nova.scheduler.host_manager.HostState.consume_from_request.._locked" {{(pid=93557) inner /opt/stack/data/venv/lib/python3.12/site-packages/oslo_concurrency/lockutils.py:512}}
Aug 12 19:30:11.864677 np0000007100 nova-scheduler[93557]: DEBUG oslo_concurrency.lockutils [None req-87230873-e051-44e7-abdf-93aad903ae9c tempest-ServersNegativeTestJSON-576944127 tempest-ServersNegativeTestJSON-576944127-project-member] Lock "np0000007100-np0000007100" acquired by "nova.scheduler.host_manager.HostState.consume_from_request.._locked" :: waited 0.000s {{(pid=93557) inner /opt/stack/data/venv/lib/python3.12/site-packages/oslo_concurrency/lockutils.py:525}}
Aug 12 19:30:11.864677 np0000007100 nova-scheduler[93557]: DEBUG oslo_concurrency.lockutils [None req-87230873-e051-44e7-abdf-93aad903ae9c tempest-ServersNegativeTestJSON-576944127 tempest-ServersNegativeTestJSON-576944127-project-member] Lock "np0000007100-np0000007100" "released" by "nova.scheduler.host_manager.HostState.consume_from_request.._locked" :: held 0.000s {{(pid=93557) inner /opt/stack/data/venv/lib/python3.12/site-packages/oslo_concurrency/lockutils.py:544}}
Aug 12 19:30:15.383342 np0000007100 nova-scheduler[93563]: DEBUG nova.scheduler.manager [None req-9ce826ea-be03-4c8a-bd11-5d542ed5ebed tempest-AttachVolumeTestJSON-1426143244 tempest-AttachVolumeTestJSON-1426143244-project-member] Starting to schedule for instances: ['4ce2a1d1-88ac-450f-b992-6d9d657fd4f4'] {{(pid=93563) select_destinations /opt/stack/nova/nova/scheduler/manager.py:209}}
Aug 12 19:30:15.383776 np0000007100 nova-scheduler[93563]: DEBUG nova.scheduler.request_filter [None req-9ce826ea-be03-4c8a-bd11-5d542ed5ebed tempest-AttachVolumeTestJSON-1426143244 tempest-AttachVolumeTestJSON-1426143244-project-member] compute_status_filter request filter added forbidden trait COMPUTE_STATUS_DISABLED {{(pid=93563) compute_status_filter /opt/stack/nova/nova/scheduler/request_filter.py:253}}
Aug 12 19:30:15.383836 np0000007100 nova-scheduler[93563]: DEBUG nova.scheduler.request_filter [None req-9ce826ea-be03-4c8a-bd11-5d542ed5ebed tempest-AttachVolumeTestJSON-1426143244 tempest-AttachVolumeTestJSON-1426143244-project-member] Request filter 'compute_status_filter' took 0.0 seconds {{(pid=93563) wrapper /opt/stack/nova/nova/scheduler/request_filter.py:46}}
Aug 12 19:30:15.384062 np0000007100 nova-scheduler[93563]: DEBUG nova.scheduler.request_filter [None req-9ce826ea-be03-4c8a-bd11-5d542ed5ebed tempest-AttachVolumeTestJSON-1426143244 tempest-AttachVolumeTestJSON-1426143244-project-member] Request filter 'accelerators_filter' took 0.0 seconds {{(pid=93563) wrapper /opt/stack/nova/nova/scheduler/request_filter.py:46}}
Aug 12 19:30:15.384234 np0000007100 nova-scheduler[93563]: DEBUG nova.scheduler.request_filter [None req-9ce826ea-be03-4c8a-bd11-5d542ed5ebed tempest-AttachVolumeTestJSON-1426143244 tempest-AttachVolumeTestJSON-1426143244-project-member] Request filter 'packed_virtqueue_filter' took 0.0 seconds {{(pid=93563) wrapper /opt/stack/nova/nova/scheduler/request_filter.py:46}}
Aug 12 19:30:15.384689 np0000007100 nova-scheduler[93563]: DEBUG nova.scheduler.request_filter [None req-9ce826ea-be03-4c8a-bd11-5d542ed5ebed tempest-AttachVolumeTestJSON-1426143244 tempest-AttachVolumeTestJSON-1426143244-project-member] Request filter 'remote_managed_ports_filter' took 0.0 seconds {{(pid=93563) wrapper /opt/stack/nova/nova/scheduler/request_filter.py:46}}
Aug 12 19:30:15.384689 np0000007100 nova-scheduler[93563]: DEBUG nova.scheduler.request_filter [None req-9ce826ea-be03-4c8a-bd11-5d542ed5ebed tempest-AttachVolumeTestJSON-1426143244 tempest-AttachVolumeTestJSON-1426143244-project-member] ephemeral_encryption_filter skipped {{(pid=93563) ephemeral_encryption_filter /opt/stack/nova/nova/scheduler/request_filter.py:426}}
Aug 12 19:30:15.384773 np0000007100 nova-scheduler[93563]: DEBUG nova.scheduler.request_filter [None req-9ce826ea-be03-4c8a-bd11-5d542ed5ebed tempest-AttachVolumeTestJSON-1426143244 tempest-AttachVolumeTestJSON-1426143244-project-member] virtio_sound_filter skipped {{(pid=93563) virtio_sound_filter /opt/stack/nova/nova/scheduler/request_filter.py:460}}
Aug 12 19:30:15.384884 np0000007100 nova-scheduler[93563]: DEBUG nova.scheduler.request_filter [None req-9ce826ea-be03-4c8a-bd11-5d542ed5ebed tempest-AttachVolumeTestJSON-1426143244 tempest-AttachVolumeTestJSON-1426143244-project-member] tpm_secret_security_filter skipped {{(pid=93563) tpm_secret_security_filter /opt/stack/nova/nova/scheduler/request_filter.py:477}}
Aug 12 19:30:15.486250 np0000007100 nova-scheduler[93563]: INFO nova.utils [None req-9ce826ea-be03-4c8a-bd11-5d542ed5ebed tempest-AttachVolumeTestJSON-1426143244 tempest-AttachVolumeTestJSON-1426143244-project-member] The cell worker thread pool ForkProcess-2.cell_worker is initialized
