May 28 08:15:51.102986 np0000001604 neutron-periodic-workers[88864]: DEBUG cotyledon.oslo_config_glue [-] database.connection_trace = False {{(pid=88864) log_opt_values /opt/stack/data/venv/lib/python3.12/site-packages/oslo_config/cfg.py:3256}}
May 28 08:15:51.102986 np0000001604 neutron-periodic-workers[88864]: DEBUG cotyledon.oslo_config_glue [-] database.db_inc_retry_interval = True {{(pid=88864) log_opt_values /opt/stack/data/venv/lib/python3.12/site-packages/oslo_config/cfg.py:3256}}
May 28 08:15:51.102986 np0000001604 neutron-periodic-workers[88864]: DEBUG cotyledon.oslo_config_glue [-] database.db_max_retries = 20 {{(pid=88864) log_opt_values /opt/stack/data/venv/lib/python3.12/site-packages/oslo_config/cfg.py:3256}}
May 28 08:15:51.102986 np0000001604 neutron-periodic-workers[88864]: DEBUG cotyledon.oslo_config_glue [-] database.db_max_retry_interval = 10 {{(pid=88864) log_opt_values /opt/stack/data/venv/lib/python3.12/site-packages/oslo_config/cfg.py:3256}}
May 28 08:15:51.102986 np0000001604 neutron-periodic-workers[88864]: DEBUG cotyledon.oslo_config_glue [-] database.db_retry_interval = 1 {{(pid=88864) log_opt_values /opt/stack/data/venv/lib/python3.12/site-packages/oslo_config/cfg.py:3256}}
May 28 08:15:51.102986 np0000001604 neutron-periodic-workers[88864]: DEBUG cotyledon.oslo_config_glue [-] database.max_overflow = 50 {{(pid=88864) log_opt_values /opt/stack/data/venv/lib/python3.12/site-packages/oslo_config/cfg.py:3256}}
May 28 08:15:51.102986 np0000001604 neutron-periodic-workers[88864]: DEBUG cotyledon.oslo_config_glue [-] database.max_pool_size = 5 {{(pid=88864) log_opt_values /opt/stack/data/venv/lib/python3.12/site-packages/oslo_config/cfg.py:3256}}
May 28 08:15:51.102986 np0000001604 neutron-periodic-workers[88864]: DEBUG cotyledon.oslo_config_glue [-] database.max_retries = 10 {{(pid=88864) log_opt_values /opt/stack/data/venv/lib/python3.12/site-packages/oslo_config/cfg.py:3256}}
May 28 08:15:51.102986 np0000001604 neutron-periodic-workers[88864]: DEBUG cotyledon.oslo_config_glue [-] database.mysql_sql_mode = TRADITIONAL {{(pid=88864) log_opt_values /opt/stack/data/venv/lib/python3.12/site-packages/oslo_config/cfg.py:3256}}
May 28 08:15:51.103323 np0000001604 neutron-periodic-workers[88864]: DEBUG cotyledon.oslo_config_glue [-] database.mysql_wsrep_sync_wait = None {{(pid=88864) log_opt_values /opt/stack/data/venv/lib/python3.12/site-packages/oslo_config/cfg.py:3256}}
May 28 08:15:51.103323 np0000001604 neutron-periodic-workers[88864]: DEBUG cotyledon.oslo_config_glue [-] database.pool_timeout = None {{(pid=88864) log_opt_values /opt/stack/data/venv/lib/python3.12/site-packages/oslo_config/cfg.py:3256}}
May 28 08:15:51.103323 np0000001604 neutron-periodic-workers[88864]: DEBUG cotyledon.oslo_config_glue [-] database.retry_interval = 10 {{(pid=88864) log_opt_values /opt/stack/data/venv/lib/python3.12/site-packages/oslo_config/cfg.py:3256}}
May 28 08:15:51.103323 np0000001604 neutron-periodic-workers[88864]: DEBUG cotyledon.oslo_config_glue [-] database.slave_connection = **** {{(pid=88864) log_opt_values /opt/stack/data/venv/lib/python3.12/site-packages/oslo_config/cfg.py:3256}}
May 28 08:15:51.103323 np0000001604 neutron-periodic-workers[88864]: DEBUG cotyledon.oslo_config_glue [-] database.sqlite_synchronous = True {{(pid=88864) log_opt_values /opt/stack/data/venv/lib/python3.12/site-packages/oslo_config/cfg.py:3256}}
May 28 08:15:51.103323 np0000001604 neutron-periodic-workers[88864]: DEBUG cotyledon.oslo_config_glue [-] database.synchronous_reader = True {{(pid=88864) log_opt_values /opt/stack/data/venv/lib/python3.12/site-packages/oslo_config/cfg.py:3256}}
May 28 08:15:51.103323 np0000001604 neutron-periodic-workers[88864]: DEBUG cotyledon.oslo_config_glue [-] database.use_db_reconnect = False {{(pid=88864) log_opt_values /opt/stack/data/venv/lib/python3.12/site-packages/oslo_config/cfg.py:3256}}
May 28 08:15:51.103323 np0000001604 neutron-periodic-workers[88864]: DEBUG cotyledon.oslo_config_glue [-] ovn.bfd_min_rx = 1000 {{(pid=88864) log_opt_values /opt/stack/data/venv/lib/python3.12/site-packages/oslo_config/cfg.py:3256}}
May 28 08:15:51.103323 np0000001604 neutron-periodic-workers[88864]: DEBUG cotyledon.oslo_config_glue [-] ovn.bfd_min_tx = 100 {{(pid=88864) log_opt_values /opt/stack/data/venv/lib/python3.12/site-packages/oslo_config/cfg.py:3256}}
May 28 08:15:51.103517 np0000001604 neutron-periodic-workers[88864]: DEBUG cotyledon.oslo_config_glue [-] ovn.bfd_mult = 3 {{(pid=88864) log_opt_values /opt/stack/data/venv/lib/python3.12/site-packages/oslo_config/cfg.py:3256}}
May 28 08:15:51.103517 np0000001604 neutron-periodic-workers[88864]: DEBUG cotyledon.oslo_config_glue [-] ovn.broadcast_arps_to_all_routers = True {{(pid=88864) log_opt_values /opt/stack/data/venv/lib/python3.12/site-packages/oslo_config/cfg.py:3256}}
May 28 08:15:51.103517 np0000001604 neutron-periodic-workers[88864]: DEBUG cotyledon.oslo_config_glue [-] ovn.dhcp_default_lease_time = 43200 {{(pid=88864) log_opt_values /opt/stack/data/venv/lib/python3.12/site-packages/oslo_config/cfg.py:3256}}
May 28 08:15:51.103517 np0000001604 neutron-periodic-workers[88864]: DEBUG cotyledon.oslo_config_glue [-] ovn.disable_ovn_dhcp_for_baremetal_ports = False {{(pid=88864) log_opt_values /opt/stack/data/venv/lib/python3.12/site-packages/oslo_config/cfg.py:3256}}
May 28 08:15:51.103517 np0000001604 neutron-periodic-workers[88864]: DEBUG cotyledon.oslo_config_glue [-] ovn.dns_records_ovn_owned = False {{(pid=88864) log_opt_values /opt/stack/data/venv/lib/python3.12/site-packages/oslo_config/cfg.py:3256}}
May 28 08:15:51.103517 np0000001604 neutron-periodic-workers[88864]: DEBUG cotyledon.oslo_config_glue [-] ovn.dns_servers = [] {{(pid=88864) log_opt_values /opt/stack/data/venv/lib/python3.12/site-packages/oslo_config/cfg.py:3256}}
May 28 08:15:51.103517 np0000001604 neutron-periodic-workers[88864]: DEBUG cotyledon.oslo_config_glue [-] ovn.enable_distributed_floating_ip = False {{(pid=88864) log_opt_values /opt/stack/data/venv/lib/python3.12/site-packages/oslo_config/cfg.py:3256}}
May 28 08:15:51.103517 np0000001604 neutron-periodic-workers[88864]: DEBUG cotyledon.oslo_config_glue [-] ovn.fdb_age_threshold = 300 {{(pid=88864) log_opt_values /opt/stack/data/venv/lib/python3.12/site-packages/oslo_config/cfg.py:3256}}
May 28 08:15:51.103517 np0000001604 neutron-periodic-workers[88864]: DEBUG cotyledon.oslo_config_glue [-] ovn.ha_failover_strategy = normal {{(pid=88864) log_opt_values /opt/stack/data/venv/lib/python3.12/site-packages/oslo_config/cfg.py:3256}}
May 28 08:15:51.103890 np0000001604 neutron-periodic-workers[88864]: DEBUG cotyledon.oslo_config_glue [-] ovn.live_migration_activation_strategy = rarp {{(pid=88864) log_opt_values /opt/stack/data/venv/lib/python3.12/site-packages/oslo_config/cfg.py:3256}}
May 28 08:15:51.103890 np0000001604 neutron-periodic-workers[88864]: DEBUG cotyledon.oslo_config_glue [-] ovn.localnet_learn_fdb = False {{(pid=88864) log_opt_values /opt/stack/data/venv/lib/python3.12/site-packages/oslo_config/cfg.py:3256}}
May 28 08:15:51.103890 np0000001604 neutron-periodic-workers[88864]: DEBUG cotyledon.oslo_config_glue [-] ovn.mac_binding_age_threshold = 300 {{(pid=88864) log_opt_values /opt/stack/data/venv/lib/python3.12/site-packages/oslo_config/cfg.py:3256}}
May 28 08:15:51.103890 np0000001604 neutron-periodic-workers[88864]: DEBUG cotyledon.oslo_config_glue [-] ovn.neutron_sync_mode = log {{(pid=88864) log_opt_values /opt/stack/data/venv/lib/python3.12/site-packages/oslo_config/cfg.py:3256}}
May 28 08:15:51.103890 np0000001604 neutron-periodic-workers[88864]: DEBUG cotyledon.oslo_config_glue [-] ovn.ovn_dhcp4_global_options = {} {{(pid=88864) log_opt_values /opt/stack/data/venv/lib/python3.12/site-packages/oslo_config/cfg.py:3256}}
May 28 08:15:51.103890 np0000001604 neutron-periodic-workers[88864]: DEBUG cotyledon.oslo_config_glue [-] ovn.ovn_dhcp6_global_options = {} {{(pid=88864) log_opt_values /opt/stack/data/venv/lib/python3.12/site-packages/oslo_config/cfg.py:3256}}
May 28 08:15:51.103890 np0000001604 neutron-periodic-workers[88864]: DEBUG cotyledon.oslo_config_glue [-] ovn.ovn_l3_scheduler = leastloaded {{(pid=88864) log_opt_values /opt/stack/data/venv/lib/python3.12/site-packages/oslo_config/cfg.py:3256}}
May 28 08:15:51.103890 np0000001604 neutron-periodic-workers[88864]: DEBUG cotyledon.oslo_config_glue [-] ovn.ovn_metadata_enabled = True {{(pid=88864) log_opt_values /opt/stack/data/venv/lib/python3.12/site-packages/oslo_config/cfg.py:3256}}
May 28 08:15:51.103890 np0000001604 neutron-periodic-workers[88864]: DEBUG cotyledon.oslo_config_glue [-] ovn.ovn_nb_ca_cert = /opt/stack/data/CA/int-ca/ca-chain.pem {{(pid=88864) log_opt_values /opt/stack/data/venv/lib/python3.12/site-packages/oslo_config/cfg.py:3256}}
May 28 08:15:51.104177 np0000001604 neutron-periodic-workers[88864]: DEBUG cotyledon.oslo_config_glue [-] ovn.ovn_nb_certificate = /opt/stack/data/CA/int-ca/devstack-cert.crt {{(pid=88864) log_opt_values /opt/stack/data/venv/lib/python3.12/site-packages/oslo_config/cfg.py:3256}}
May 28 08:15:51.104177 np0000001604 neutron-periodic-workers[88864]: DEBUG cotyledon.oslo_config_glue [-] ovn.ovn_nb_connection = ['ssl:10.4.3.187:6641'] {{(pid=88864) log_opt_values /opt/stack/data/venv/lib/python3.12/site-packages/oslo_config/cfg.py:3256}}
May 28 08:15:51.104177 np0000001604 neutron-periodic-workers[88864]: DEBUG cotyledon.oslo_config_glue [-] ovn.ovn_nb_private_key = /opt/stack/data/CA/int-ca/private/devstack-cert.key {{(pid=88864) log_opt_values /opt/stack/data/venv/lib/python3.12/site-packages/oslo_config/cfg.py:3256}}
May 28 08:15:51.104177 np0000001604 neutron-periodic-workers[88864]: DEBUG cotyledon.oslo_config_glue [-] ovn.ovn_router_indirect_snat = False {{(pid=88864) log_opt_values /opt/stack/data/venv/lib/python3.12/site-packages/oslo_config/cfg.py:3256}}
May 28 08:15:51.104177 np0000001604 neutron-periodic-workers[88864]: DEBUG cotyledon.oslo_config_glue [-] ovn.ovn_sb_ca_cert = /opt/stack/data/CA/int-ca/ca-chain.pem {{(pid=88864) log_opt_values /opt/stack/data/venv/lib/python3.12/site-packages/oslo_config/cfg.py:3256}}
May 28 08:15:51.104177 np0000001604 neutron-periodic-workers[88864]: DEBUG cotyledon.oslo_config_glue [-] ovn.ovn_sb_certificate = /opt/stack/data/CA/int-ca/devstack-cert.crt {{(pid=88864) log_opt_values /opt/stack/data/venv/lib/python3.12/site-packages/oslo_config/cfg.py:3256}}
May 28 08:15:51.104177 np0000001604 neutron-periodic-workers[88864]: DEBUG cotyledon.oslo_config_glue [-] ovn.ovn_sb_connection = ['ssl:10.4.3.187:6642'] {{(pid=88864) log_opt_values /opt/stack/data/venv/lib/python3.12/site-packages/oslo_config/cfg.py:3256}}
May 28 08:15:51.104177 np0000001604 neutron-periodic-workers[88864]: DEBUG cotyledon.oslo_config_glue [-] ovn.ovn_sb_private_key = /opt/stack/data/CA/int-ca/private/devstack-cert.key {{(pid=88864) log_opt_values /opt/stack/data/venv/lib/python3.12/site-packages/oslo_config/cfg.py:3256}}
May 28 08:15:51.104396 np0000001604 neutron-periodic-workers[88864]: DEBUG cotyledon.oslo_config_glue [-] ovn.ovs_create_tap = False {{(pid=88864) log_opt_values /opt/stack/data/venv/lib/python3.12/site-packages/oslo_config/cfg.py:3256}}
May 28 08:15:51.104396 np0000001604 neutron-periodic-workers[88864]: DEBUG cotyledon.oslo_config_glue [-] ovn.ovsdb_connection_timeout = 180 {{(pid=88864) log_opt_values /opt/stack/data/venv/lib/python3.12/site-packages/oslo_config/cfg.py:3256}}
May 28 08:15:51.104396 np0000001604 neutron-periodic-workers[88864]: DEBUG cotyledon.oslo_config_glue [-] ovn.ovsdb_log_level = INFO {{(pid=88864) log_opt_values /opt/stack/data/venv/lib/python3.12/site-packages/oslo_config/cfg.py:3256}}
May 28 08:15:51.104396 np0000001604 neutron-periodic-workers[88864]: DEBUG cotyledon.oslo_config_glue [-] ovn.ovsdb_probe_interval = 60000 {{(pid=88864) log_opt_values /opt/stack/data/venv/lib/python3.12/site-packages/oslo_config/cfg.py:3256}}
May 28 08:15:51.104396 np0000001604 neutron-periodic-workers[88864]: DEBUG cotyledon.oslo_config_glue [-] ovn.ovsdb_retry_max_interval = 180 {{(pid=88864) log_opt_values /opt/stack/data/venv/lib/python3.12/site-packages/oslo_config/cfg.py:3256}}
May 28 08:15:51.104396 np0000001604 neutron-periodic-workers[88864]: DEBUG cotyledon.oslo_config_glue [-] ovn.stateless_nat_enabled = False {{(pid=88864) log_opt_values /opt/stack/data/venv/lib/python3.12/site-packages/oslo_config/cfg.py:3256}}
May 28 08:15:51.104396 np0000001604 neutron-periodic-workers[88864]: DEBUG cotyledon.oslo_config_glue [-] ovn.vhost_sock_dir = /var/run/openvswitch {{(pid=88864) log_opt_values /opt/stack/data/venv/lib/python3.12/site-packages/oslo_config/cfg.py:3256}}
May 28 08:15:51.104396 np0000001604 neutron-periodic-workers[88864]: DEBUG cotyledon.oslo_config_glue [-] OVS.bridge_mac_table_size = 50000 {{(pid=88864) log_opt_values /opt/stack/data/venv/lib/python3.12/site-packages/oslo_config/cfg.py:3256}}
May 28 08:15:51.104396 np0000001604 neutron-periodic-workers[88864]: DEBUG cotyledon.oslo_config_glue [-] OVS.igmp_flood = False {{(pid=88864) log_opt_values /opt/stack/data/venv/lib/python3.12/site-packages/oslo_config/cfg.py:3256}}
May 28 08:15:51.104599 np0000001604 neutron-periodic-workers[88864]: DEBUG cotyledon.oslo_config_glue [-] OVS.igmp_flood_reports = True {{(pid=88864) log_opt_values /opt/stack/data/venv/lib/python3.12/site-packages/oslo_config/cfg.py:3256}}
May 28 08:15:51.104599 np0000001604 neutron-periodic-workers[88864]: DEBUG cotyledon.oslo_config_glue [-] OVS.igmp_flood_unregistered = False {{(pid=88864) log_opt_values /opt/stack/data/venv/lib/python3.12/site-packages/oslo_config/cfg.py:3256}}
May 28 08:15:51.104599 np0000001604 neutron-periodic-workers[88864]: DEBUG cotyledon.oslo_config_glue [-] OVS.igmp_snooping_enable = False {{(pid=88864) log_opt_values /opt/stack/data/venv/lib/python3.12/site-packages/oslo_config/cfg.py:3256}}
May 28 08:15:51.104599 np0000001604 neutron-periodic-workers[88864]: DEBUG cotyledon.oslo_config_glue [-] OVS.ovsdb_timeout = 10 {{(pid=88864) log_opt_values /opt/stack/data/venv/lib/python3.12/site-packages/oslo_config/cfg.py:3256}}
May 28 08:15:51.104599 np0000001604 neutron-periodic-workers[88864]: DEBUG cotyledon.oslo_config_glue [-] ovn_nb_global.fdb_removal_limit = 0 {{(pid=88864) log_opt_values /opt/stack/data/venv/lib/python3.12/site-packages/oslo_config/cfg.py:3256}}
May 28 08:15:51.104599 np0000001604 neutron-periodic-workers[88864]: DEBUG cotyledon.oslo_config_glue [-] ovn_nb_global.ignore_lsp_down = False {{(pid=88864) log_opt_values /opt/stack/data/venv/lib/python3.12/site-packages/oslo_config/cfg.py:3256}}
May 28 08:15:51.104599 np0000001604 neutron-periodic-workers[88864]: DEBUG cotyledon.oslo_config_glue [-] ovn_nb_global.mac_binding_removal_limit = 0 {{(pid=88864) log_opt_values /opt/stack/data/venv/lib/python3.12/site-packages/oslo_config/cfg.py:3256}}
May 28 08:15:51.104599 np0000001604 neutron-periodic-workers[88864]: DEBUG cotyledon.oslo_config_glue [-] ******************************************************************************** {{(pid=88864) log_opt_values /opt/stack/data/venv/lib/python3.12/site-packages/oslo_config/cfg.py:3263}}
May 28 08:15:51.104783 np0000001604 neutron-periodic-workers[88864]: DEBUG cotyledon._service_worker [-] Run service ServiceWrapper(0) [88864] {{(pid=88864) wait_forever /opt/stack/data/venv/lib/python3.12/site-packages/cotyledon/_service_worker.py:218}}
May 28 08:15:51.105752 np0000001604 neutron-periodic-workers[88864]: DEBUG neutron.worker [-] PeriodicWorker start called, description: Periodic worker for "L3_NAT_dbonly_mixin" {{(pid=88864) wrapper /opt/stack/neutron/neutron/common/utils.py:197}}
May 28 08:15:51.106769 np0000001604 neutron-periodic-workers[88864]: DEBUG neutron.worker [-] PeriodicWorker start finished, description: Periodic worker for "L3_NAT_dbonly_mixin" {{(pid=88864) wrapper /opt/stack/neutron/neutron/common/utils.py:200}}
May 28 08:15:51.106877 np0000001604 neutron-periodic-workers[88864]: DEBUG neutron.worker [-] PeriodicWorker wait called, description: Periodic worker for "L3_NAT_dbonly_mixin" {{(pid=88864) wrapper /opt/stack/neutron/neutron/common/utils.py:197}}
May 28 08:16:00.786500 np0000001604 neutron-periodic-workers[87953]: DEBUG dbcounter [-] [87953] Writing DB stats neutron:SELECT=4 {{(pid=87953) stat_writer /opt/stack/data/venv/lib/python3.12/site-packages/dbcounter.py:115}}
May 28 08:16:38.111809 np0000001604 neutron-periodic-workers[88864]: DEBUG oslo_db.sqlalchemy.engines [None req-89d67498-f7e2-4697-ac9f-34f2fcf89ae0 None None] Parent process 87953 forked (88864) with an open database connection, which is being discarded and recreated. {{(pid=88864) checkout /opt/stack/data/venv/lib/python3.12/site-packages/oslo_db/sqlalchemy/engines.py:402}}
May 28 08:16:38.169141 np0000001604 neutron-periodic-workers[88864]: DEBUG dbcounter [-] [88864] Writer thread running {{(pid=88864) stat_writer /opt/stack/data/venv/lib/python3.12/site-packages/dbcounter.py:102}}
May 28 08:16:38.178350 np0000001604 neutron-periodic-workers[88864]: DEBUG oslo.service.backend._threading.loopingcall [None req-89d67498-f7e2-4697-ac9f-34f2fcf89ae0 None None] Fixed interval looping call 'neutron.services.ovn_l3.plugin.L3_NAT_dbonly_mixin._clean_garbage' sleeping for 299.93 seconds {{(pid=88864) _run_loop /opt/stack/data/venv/lib/python3.12/site-packages/oslo_service/backend/_threading/loopingcall.py:125}}
May 28 08:16:44.115997 np0000001604 neutron-periodic-workers[88844]: DEBUG dbcounter [-] [88844] Writer thread running {{(pid=88844) stat_writer /opt/stack/data/venv/lib/python3.12/site-packages/dbcounter.py:102}}
May 28 08:16:44.118840 np0000001604 neutron-periodic-workers[88844]: DEBUG neutron.db.agents_db [None req-09501a31-6ca6-4575-be59-74bdabc9e55d None None] Agent healthcheck: found 0 active agents {{(pid=88844) agent_health_check /opt/stack/neutron/neutron/db/agents_db.py:322}}
May 28 08:16:44.119044 np0000001604 neutron-periodic-workers[88844]: DEBUG oslo.service.backend._threading.loopingcall [None req-09501a31-6ca6-4575-be59-74bdabc9e55d None None] Fixed interval looping call 'neutron.plugins.ml2.plugin.AgentDbMixin.agent_health_check' sleeping for 36.95 seconds {{(pid=88844) _run_loop /opt/stack/data/venv/lib/python3.12/site-packages/oslo_service/backend/_threading/loopingcall.py:125}}
May 28 08:16:48.169584 np0000001604 neutron-periodic-workers[88864]: DEBUG dbcounter [-] [88864] Writing DB stats neutron:SELECT=1 {{(pid=88864) stat_writer /opt/stack/data/venv/lib/python3.12/site-packages/dbcounter.py:115}}
May 28 08:16:49.103966 np0000001604 neutron-periodic-workers[88826]: DEBUG dbcounter [-] [88826] Writer thread running {{(pid=88826) stat_writer /opt/stack/data/venv/lib/python3.12/site-packages/dbcounter.py:102}}
May 28 08:16:49.117886 np0000001604 neutron-periodic-workers[88826]: DEBUG oslo.service.backend._threading.loopingcall [None req-133640cb-920c-4a56-af79-99ca6a73a0b9 None None] Fixed interval looping call 'neutron.plugins.ml2.plugin.DhcpAgentSchedulerDbMixin.remove_networks_from_down_agents' sleeping for 36.95 seconds {{(pid=88826) _run_loop /opt/stack/data/venv/lib/python3.12/site-packages/oslo_service/backend/_threading/loopingcall.py:125}}
May 28 08:16:54.116315 np0000001604 neutron-periodic-workers[88844]: DEBUG dbcounter [-] [88844] Writing DB stats neutron:SELECT=1 {{(pid=88844) stat_writer /opt/stack/data/venv/lib/python3.12/site-packages/dbcounter.py:115}}
May 28 08:16:59.119564 np0000001604 neutron-periodic-workers[88826]: DEBUG dbcounter [-] [88826] Writing DB stats neutron:SELECT=3 {{(pid=88826) stat_writer /opt/stack/data/venv/lib/python3.12/site-packages/dbcounter.py:115}}
May 28 08:17:21.072652 np0000001604 neutron-periodic-workers[88844]: DEBUG neutron.db.agents_db [None req-09501a31-6ca6-4575-be59-74bdabc9e55d None None] Agent healthcheck: found 0 active agents {{(pid=88844) agent_health_check /opt/stack/neutron/neutron/db/agents_db.py:322}}
May 28 08:17:21.072652 np0000001604 neutron-periodic-workers[88844]: DEBUG oslo.service.backend._threading.loopingcall [None req-09501a31-6ca6-4575-be59-74bdabc9e55d None None] Fixed interval looping call 'neutron.plugins.ml2.plugin.AgentDbMixin.agent_health_check' sleeping for 37.00 seconds {{(pid=88844) _run_loop /opt/stack/data/venv/lib/python3.12/site-packages/oslo_service/backend/_threading/loopingcall.py:125}}
May 28 08:17:26.073430 np0000001604 neutron-periodic-workers[88826]: DEBUG oslo.service.backend._threading.loopingcall [None req-133640cb-920c-4a56-af79-99ca6a73a0b9 None None] Fixed interval looping call 'neutron.plugins.ml2.plugin.DhcpAgentSchedulerDbMixin.remove_networks_from_down_agents' sleeping for 36.99 seconds {{(pid=88826) _run_loop /opt/stack/data/venv/lib/python3.12/site-packages/oslo_service/backend/_threading/loopingcall.py:125}}
May 28 08:17:31.071369 np0000001604 neutron-periodic-workers[88844]: DEBUG dbcounter [-] [88844] Writing DB stats neutron:SELECT=1 {{(pid=88844) stat_writer /opt/stack/data/venv/lib/python3.12/site-packages/dbcounter.py:115}}
May 28 08:17:36.072694 np0000001604 neutron-periodic-workers[88826]: DEBUG dbcounter [-] [88826] Writing DB stats neutron:SELECT=3 {{(pid=88826) stat_writer /opt/stack/data/venv/lib/python3.12/site-packages/dbcounter.py:115}}
May 28 08:17:51.126977 np0000001604 neutron-periodic-workers[88853]: DEBUG dbcounter [-] [88853] Writer thread running {{(pid=88853) stat_writer /opt/stack/data/venv/lib/python3.12/site-packages/dbcounter.py:102}}
May 28 08:17:51.128420 np0000001604 neutron-periodic-workers[88853]: DEBUG oslo.service.backend._threading.loopingcall [None req-7f494f7e-ac4c-437c-b1b5-eca630f1378a None None] Fixed interval looping call 'neutron.db.quota.driver_nolock.DbQuotaNoLockDriver._remove_expired_reservations' sleeping for 119.96 seconds {{(pid=88853) _run_loop /opt/stack/data/venv/lib/python3.12/site-packages/oslo_service/backend/_threading/loopingcall.py:125}}
May 28 08:17:58.076124 np0000001604 neutron-periodic-workers[88844]: DEBUG neutron.db.agents_db [None req-09501a31-6ca6-4575-be59-74bdabc9e55d None None] Agent healthcheck: found 0 active agents {{(pid=88844) agent_health_check /opt/stack/neutron/neutron/db/agents_db.py:322}}
May 28 08:17:58.076618 np0000001604 neutron-periodic-workers[88844]: DEBUG oslo.service.backend._threading.loopingcall [None req-09501a31-6ca6-4575-be59-74bdabc9e55d None None] Fixed interval looping call 'neutron.plugins.ml2.plugin.AgentDbMixin.agent_health_check' sleeping for 37.00 seconds {{(pid=88844) _run_loop /opt/stack/data/venv/lib/python3.12/site-packages/oslo_service/backend/_threading/loopingcall.py:125}}
May 28 08:18:01.128683 np0000001604 neutron-periodic-workers[88853]: DEBUG dbcounter [-] [88853] Writing DB stats neutron:DELETE=1 {{(pid=88853) stat_writer /opt/stack/data/venv/lib/python3.12/site-packages/dbcounter.py:115}}
May 28 08:18:03.069127 np0000001604 neutron-periodic-workers[88826]: DEBUG oslo.service.backend._threading.loopingcall [None req-133640cb-920c-4a56-af79-99ca6a73a0b9 None None] Fixed interval looping call 'neutron.plugins.ml2.plugin.DhcpAgentSchedulerDbMixin.remove_networks_from_down_agents' sleeping for 36.99 seconds {{(pid=88826) _run_loop /opt/stack/data/venv/lib/python3.12/site-packages/oslo_service/backend/_threading/loopingcall.py:125}}
May 28 08:18:08.075231 np0000001604 neutron-periodic-workers[88844]: DEBUG dbcounter [-] [88844] Writing DB stats neutron:SELECT=1 {{(pid=88844) stat_writer /opt/stack/data/venv/lib/python3.12/site-packages/dbcounter.py:115}}
May 28 08:18:13.068239 np0000001604 neutron-periodic-workers[88826]: DEBUG dbcounter [-] [88826] Writing DB stats neutron:SELECT=3 {{(pid=88826) stat_writer /opt/stack/data/venv/lib/python3.12/site-packages/dbcounter.py:115}}
May 28 08:18:35.080989 np0000001604 neutron-periodic-workers[88844]: DEBUG neutron.db.agents_db [None req-09501a31-6ca6-4575-be59-74bdabc9e55d None None] Agent healthcheck: found 0 active agents {{(pid=88844) agent_health_check /opt/stack/neutron/neutron/db/agents_db.py:322}}
May 28 08:18:35.080989 np0000001604 neutron-periodic-workers[88844]: DEBUG oslo.service.backend._threading.loopingcall [None req-09501a31-6ca6-4575-be59-74bdabc9e55d None None] Fixed interval looping call 'neutron.plugins.ml2.plugin.AgentDbMixin.agent_health_check' sleeping for 37.00 seconds {{(pid=88844) _run_loop /opt/stack/data/venv/lib/python3.12/site-packages/oslo_service/backend/_threading/loopingcall.py:125}}
May 28 08:18:40.067300 np0000001604 neutron-periodic-workers[88826]: DEBUG oslo.service.backend._threading.loopingcall [None req-133640cb-920c-4a56-af79-99ca6a73a0b9 None None] Fixed interval looping call 'neutron.plugins.ml2.plugin.DhcpAgentSchedulerDbMixin.remove_networks_from_down_agents' sleeping for 36.99 seconds {{(pid=88826) _run_loop /opt/stack/data/venv/lib/python3.12/site-packages/oslo_service/backend/_threading/loopingcall.py:125}}
May 28 08:18:45.078902 np0000001604 neutron-periodic-workers[88844]: DEBUG dbcounter [-] [88844] Writing DB stats neutron:SELECT=1 {{(pid=88844) stat_writer /opt/stack/data/venv/lib/python3.12/site-packages/dbcounter.py:115}}
May 28 08:18:50.066405 np0000001604 neutron-periodic-workers[88826]: DEBUG dbcounter [-] [88826] Writing DB stats neutron:SELECT=3 {{(pid=88826) stat_writer /opt/stack/data/venv/lib/python3.12/site-packages/dbcounter.py:115}}
May 28 08:19:12.084273 np0000001604 neutron-periodic-workers[88844]: DEBUG neutron.db.agents_db [None req-09501a31-6ca6-4575-be59-74bdabc9e55d None None] Agent healthcheck: found 0 active agents {{(pid=88844) agent_health_check /opt/stack/neutron/neutron/db/agents_db.py:322}}
May 28 08:19:12.084273 np0000001604 neutron-periodic-workers[88844]: DEBUG oslo.service.backend._threading.loopingcall [None req-09501a31-6ca6-4575-be59-74bdabc9e55d None None] Fixed interval looping call 'neutron.plugins.ml2.plugin.AgentDbMixin.agent_health_check' sleeping for 37.00 seconds {{(pid=88844) _run_loop /opt/stack/data/venv/lib/python3.12/site-packages/oslo_service/backend/_threading/loopingcall.py:125}}
May 28 08:19:17.067309 np0000001604 neutron-periodic-workers[88826]: DEBUG oslo.service.backend._threading.loopingcall [None req-133640cb-920c-4a56-af79-99ca6a73a0b9 None None] Fixed interval looping call 'neutron.plugins.ml2.plugin.DhcpAgentSchedulerDbMixin.remove_networks_from_down_agents' sleeping for 36.99 seconds {{(pid=88826) _run_loop /opt/stack/data/venv/lib/python3.12/site-packages/oslo_service/backend/_threading/loopingcall.py:125}}
May 28 08:19:22.083264 np0000001604 neutron-periodic-workers[88844]: DEBUG dbcounter [-] [88844] Writing DB stats neutron:SELECT=1 {{(pid=88844) stat_writer /opt/stack/data/venv/lib/python3.12/site-packages/dbcounter.py:115}}
May 28 08:19:27.065847 np0000001604 neutron-periodic-workers[88826]: DEBUG dbcounter [-] [88826] Writing DB stats neutron:SELECT=3 {{(pid=88826) stat_writer /opt/stack/data/venv/lib/python3.12/site-packages/dbcounter.py:115}}
May 28 08:19:49.088460 np0000001604 neutron-periodic-workers[88844]: DEBUG neutron.db.agents_db [None req-09501a31-6ca6-4575-be59-74bdabc9e55d None None] Agent healthcheck: found 0 active agents {{(pid=88844) agent_health_check /opt/stack/neutron/neutron/db/agents_db.py:322}}
May 28 08:19:49.088877 np0000001604 neutron-periodic-workers[88844]: DEBUG oslo.service.backend._threading.loopingcall [None req-09501a31-6ca6-4575-be59-74bdabc9e55d None None] Fixed interval looping call 'neutron.plugins.ml2.plugin.AgentDbMixin.agent_health_check' sleeping for 37.00 seconds {{(pid=88844) _run_loop /opt/stack/data/venv/lib/python3.12/site-packages/oslo_service/backend/_threading/loopingcall.py:125}}
May 28 08:19:51.100484 np0000001604 neutron-periodic-workers[88853]: DEBUG oslo.service.backend._threading.loopingcall [None req-7f494f7e-ac4c-437c-b1b5-eca630f1378a None None] Fixed interval looping call 'neutron.db.quota.driver_nolock.DbQuotaNoLockDriver._remove_expired_reservations' sleeping for 119.99 seconds {{(pid=88853) _run_loop /opt/stack/data/venv/lib/python3.12/site-packages/oslo_service/backend/_threading/loopingcall.py:125}}
May 28 08:19:54.064152 np0000001604 neutron-periodic-workers[88826]: DEBUG oslo.service.backend._threading.loopingcall [None req-133640cb-920c-4a56-af79-99ca6a73a0b9 None None] Fixed interval looping call 'neutron.plugins.ml2.plugin.DhcpAgentSchedulerDbMixin.remove_networks_from_down_agents' sleeping for 36.99 seconds {{(pid=88826) _run_loop /opt/stack/data/venv/lib/python3.12/site-packages/oslo_service/backend/_threading/loopingcall.py:125}}
May 28 08:19:59.087902 np0000001604 neutron-periodic-workers[88844]: DEBUG dbcounter [-] [88844] Writing DB stats neutron:SELECT=1 {{(pid=88844) stat_writer /opt/stack/data/venv/lib/python3.12/site-packages/dbcounter.py:115}}
May 28 08:20:01.098328 np0000001604 neutron-periodic-workers[88853]: DEBUG dbcounter [-] [88853] Writing DB stats neutron:DELETE=1 {{(pid=88853) stat_writer /opt/stack/data/venv/lib/python3.12/site-packages/dbcounter.py:115}}
May 28 08:20:04.063356 np0000001604 neutron-periodic-workers[88826]: DEBUG dbcounter [-] [88826] Writing DB stats neutron:SELECT=3 {{(pid=88826) stat_writer /opt/stack/data/venv/lib/python3.12/site-packages/dbcounter.py:115}}
May 28 08:20:26.095826 np0000001604 neutron-periodic-workers[88844]: DEBUG neutron.db.agents_db [None req-09501a31-6ca6-4575-be59-74bdabc9e55d None None] Agent healthcheck: found 0 active agents {{(pid=88844) agent_health_check /opt/stack/neutron/neutron/db/agents_db.py:322}}
May 28 08:20:26.095826 np0000001604 neutron-periodic-workers[88844]: DEBUG oslo.service.backend._threading.loopingcall [None req-09501a31-6ca6-4575-be59-74bdabc9e55d None None] Fixed interval looping call 'neutron.plugins.ml2.plugin.AgentDbMixin.agent_health_check' sleeping for 36.99 seconds {{(pid=88844) _run_loop /opt/stack/data/venv/lib/python3.12/site-packages/oslo_service/backend/_threading/loopingcall.py:125}}
May 28 08:20:31.062257 np0000001604 neutron-periodic-workers[88826]: DEBUG oslo.service.backend._threading.loopingcall [None req-133640cb-920c-4a56-af79-99ca6a73a0b9 None None] Fixed interval looping call 'neutron.plugins.ml2.plugin.DhcpAgentSchedulerDbMixin.remove_networks_from_down_agents' sleeping for 36.99 seconds {{(pid=88826) _run_loop /opt/stack/data/venv/lib/python3.12/site-packages/oslo_service/backend/_threading/loopingcall.py:125}}
May 28 08:20:36.094738 np0000001604 neutron-periodic-workers[88844]: DEBUG dbcounter [-] [88844] Writing DB stats neutron:SELECT=1 {{(pid=88844) stat_writer /opt/stack/data/venv/lib/python3.12/site-packages/dbcounter.py:115}}
May 28 08:20:41.060840 np0000001604 neutron-periodic-workers[88826]: DEBUG dbcounter [-] [88826] Writing DB stats neutron:SELECT=3 {{(pid=88826) stat_writer /opt/stack/data/venv/lib/python3.12/site-packages/dbcounter.py:115}}
May 28 08:21:03.090879 np0000001604 neutron-periodic-workers[88844]: DEBUG neutron.db.agents_db [None req-09501a31-6ca6-4575-be59-74bdabc9e55d None None] Agent healthcheck: found 0 active agents {{(pid=88844) agent_health_check /opt/stack/neutron/neutron/db/agents_db.py:322}}
May 28 08:21:03.091422 np0000001604 neutron-periodic-workers[88844]: DEBUG oslo.service.backend._threading.loopingcall [None req-09501a31-6ca6-4575-be59-74bdabc9e55d None None] Fixed interval looping call 'neutron.plugins.ml2.plugin.AgentDbMixin.agent_health_check' sleeping for 37.00 seconds {{(pid=88844) _run_loop /opt/stack/data/venv/lib/python3.12/site-packages/oslo_service/backend/_threading/loopingcall.py:125}}
May 28 08:21:08.071382 np0000001604 neutron-periodic-workers[88826]: DEBUG oslo.service.backend._threading.loopingcall [None req-133640cb-920c-4a56-af79-99ca6a73a0b9 None None] Fixed interval looping call 'neutron.plugins.ml2.plugin.DhcpAgentSchedulerDbMixin.remove_networks_from_down_agents' sleeping for 36.98 seconds {{(pid=88826) _run_loop /opt/stack/data/venv/lib/python3.12/site-packages/oslo_service/backend/_threading/loopingcall.py:125}}
May 28 08:21:13.089408 np0000001604 neutron-periodic-workers[88844]: DEBUG dbcounter [-] [88844] Writing DB stats neutron:SELECT=1 {{(pid=88844) stat_writer /opt/stack/data/venv/lib/python3.12/site-packages/dbcounter.py:115}}
May 28 08:21:18.070766 np0000001604 neutron-periodic-workers[88826]: DEBUG dbcounter [-] [88826] Writing DB stats neutron:SELECT=3 {{(pid=88826) stat_writer /opt/stack/data/venv/lib/python3.12/site-packages/dbcounter.py:115}}
May 28 08:21:38.120296 np0000001604 neutron-periodic-workers[88864]: DEBUG oslo.service.backend._threading.loopingcall [None req-89d67498-f7e2-4697-ac9f-34f2fcf89ae0 None None] Fixed interval looping call 'neutron.services.ovn_l3.plugin.L3_NAT_dbonly_mixin._clean_garbage' sleeping for 299.99 seconds {{(pid=88864) _run_loop /opt/stack/data/venv/lib/python3.12/site-packages/oslo_service/backend/_threading/loopingcall.py:125}}
May 28 08:21:40.094561 np0000001604 neutron-periodic-workers[88844]: DEBUG neutron.db.agents_db [None req-09501a31-6ca6-4575-be59-74bdabc9e55d None None] Agent healthcheck: found 0 active agents {{(pid=88844) agent_health_check /opt/stack/neutron/neutron/db/agents_db.py:322}}
May 28 08:21:40.094958 np0000001604 neutron-periodic-workers[88844]: DEBUG oslo.service.backend._threading.loopingcall [None req-09501a31-6ca6-4575-be59-74bdabc9e55d None None] Fixed interval looping call 'neutron.plugins.ml2.plugin.AgentDbMixin.agent_health_check' sleeping for 37.00 seconds {{(pid=88844) _run_loop /opt/stack/data/venv/lib/python3.12/site-packages/oslo_service/backend/_threading/loopingcall.py:125}}
May 28 08:21:45.060264 np0000001604 neutron-periodic-workers[88826]: DEBUG oslo.service.backend._threading.loopingcall [None req-133640cb-920c-4a56-af79-99ca6a73a0b9 None None] Fixed interval looping call 'neutron.plugins.ml2.plugin.DhcpAgentSchedulerDbMixin.remove_networks_from_down_agents' sleeping for 36.99 seconds {{(pid=88826) _run_loop /opt/stack/data/venv/lib/python3.12/site-packages/oslo_service/backend/_threading/loopingcall.py:125}}
May 28 08:21:48.114504 np0000001604 neutron-periodic-workers[88864]: DEBUG dbcounter [-] [88864] Writing DB stats neutron:SELECT=1 {{(pid=88864) stat_writer /opt/stack/data/venv/lib/python3.12/site-packages/dbcounter.py:115}}
May 28 08:21:50.093224 np0000001604 neutron-periodic-workers[88844]: DEBUG dbcounter [-] [88844] Writing DB stats neutron:SELECT=1 {{(pid=88844) stat_writer /opt/stack/data/venv/lib/python3.12/site-packages/dbcounter.py:115}}
May 28 08:21:51.093423 np0000001604 neutron-periodic-workers[88853]: DEBUG oslo.service.backend._threading.loopingcall [None req-7f494f7e-ac4c-437c-b1b5-eca630f1378a None None] Fixed interval looping call 'neutron.db.quota.driver_nolock.DbQuotaNoLockDriver._remove_expired_reservations' sleeping for 120.00 seconds {{(pid=88853) _run_loop /opt/stack/data/venv/lib/python3.12/site-packages/oslo_service/backend/_threading/loopingcall.py:125}}
May 28 08:21:55.059927 np0000001604 neutron-periodic-workers[88826]: DEBUG dbcounter [-] [88826] Writing DB stats neutron:SELECT=3 {{(pid=88826) stat_writer /opt/stack/data/venv/lib/python3.12/site-packages/dbcounter.py:115}}
May 28 08:22:01.093645 np0000001604 neutron-periodic-workers[88853]: DEBUG dbcounter [-] [88853] Writing DB stats neutron:DELETE=1 {{(pid=88853) stat_writer /opt/stack/data/venv/lib/python3.12/site-packages/dbcounter.py:115}}
May 28 08:22:17.101998 np0000001604 neutron-periodic-workers[88844]: DEBUG neutron.db.agents_db [None req-09501a31-6ca6-4575-be59-74bdabc9e55d None None] Agent healthcheck: found 0 active agents {{(pid=88844) agent_health_check /opt/stack/neutron/neutron/db/agents_db.py:322}}
May 28 08:22:17.103012 np0000001604 neutron-periodic-workers[88844]: DEBUG oslo.service.backend._threading.loopingcall [None req-09501a31-6ca6-4575-be59-74bdabc9e55d None None] Fixed interval looping call 'neutron.plugins.ml2.plugin.AgentDbMixin.agent_health_check' sleeping for 36.99 seconds {{(pid=88844) _run_loop /opt/stack/data/venv/lib/python3.12/site-packages/oslo_service/backend/_threading/loopingcall.py:125}}
May 28 08:22:22.060425 np0000001604 neutron-periodic-workers[88826]: DEBUG oslo.service.backend._threading.loopingcall [None req-133640cb-920c-4a56-af79-99ca6a73a0b9 None None] Fixed interval looping call 'neutron.plugins.ml2.plugin.DhcpAgentSchedulerDbMixin.remove_networks_from_down_agents' sleeping for 36.99 seconds {{(pid=88826) _run_loop /opt/stack/data/venv/lib/python3.12/site-packages/oslo_service/backend/_threading/loopingcall.py:125}}
May 28 08:22:27.098174 np0000001604 neutron-periodic-workers[88844]: DEBUG dbcounter [-] [88844] Writing DB stats neutron:SELECT=1 {{(pid=88844) stat_writer /opt/stack/data/venv/lib/python3.12/site-packages/dbcounter.py:115}}
May 28 08:22:32.059085 np0000001604 neutron-periodic-workers[88826]: DEBUG dbcounter [-] [88826] Writing DB stats neutron:SELECT=3 {{(pid=88826) stat_writer /opt/stack/data/venv/lib/python3.12/site-packages/dbcounter.py:115}}
May 28 08:22:54.096527 np0000001604 neutron-periodic-workers[88844]: DEBUG neutron.db.agents_db [None req-09501a31-6ca6-4575-be59-74bdabc9e55d None None] Agent healthcheck: found 0 active agents {{(pid=88844) agent_health_check /opt/stack/neutron/neutron/db/agents_db.py:322}}
May 28 08:22:54.097001 np0000001604 neutron-periodic-workers[88844]: DEBUG oslo.service.backend._threading.loopingcall [None req-09501a31-6ca6-4575-be59-74bdabc9e55d None None] Fixed interval looping call 'neutron.plugins.ml2.plugin.AgentDbMixin.agent_health_check' sleeping for 37.00 seconds {{(pid=88844) _run_loop /opt/stack/data/venv/lib/python3.12/site-packages/oslo_service/backend/_threading/loopingcall.py:125}}
May 28 08:22:59.060394 np0000001604 neutron-periodic-workers[88826]: DEBUG oslo.service.backend._threading.loopingcall [None req-133640cb-920c-4a56-af79-99ca6a73a0b9 None None] Fixed interval looping call 'neutron.plugins.ml2.plugin.DhcpAgentSchedulerDbMixin.remove_networks_from_down_agents' sleeping for 36.99 seconds {{(pid=88826) _run_loop /opt/stack/data/venv/lib/python3.12/site-packages/oslo_service/backend/_threading/loopingcall.py:125}}
May 28 08:23:04.095520 np0000001604 neutron-periodic-workers[88844]: DEBUG dbcounter [-] [88844] Writing DB stats neutron:SELECT=1 {{(pid=88844) stat_writer /opt/stack/data/venv/lib/python3.12/site-packages/dbcounter.py:115}}
May 28 08:23:09.058167 np0000001604 neutron-periodic-workers[88826]: DEBUG dbcounter [-] [88826] Writing DB stats neutron:SELECT=3 {{(pid=88826) stat_writer /opt/stack/data/venv/lib/python3.12/site-packages/dbcounter.py:115}}
May 28 08:23:31.103612 np0000001604 neutron-periodic-workers[88844]: DEBUG neutron.db.agents_db [None req-09501a31-6ca6-4575-be59-74bdabc9e55d None None] Agent healthcheck: found 0 active agents {{(pid=88844) agent_health_check /opt/stack/neutron/neutron/db/agents_db.py:322}}
May 28 08:23:31.104062 np0000001604 neutron-periodic-workers[88844]: DEBUG oslo.service.backend._threading.loopingcall [None req-09501a31-6ca6-4575-be59-74bdabc9e55d None None] Fixed interval looping call 'neutron.plugins.ml2.plugin.AgentDbMixin.agent_health_check' sleeping for 36.99 seconds {{(pid=88844) _run_loop /opt/stack/data/venv/lib/python3.12/site-packages/oslo_service/backend/_threading/loopingcall.py:125}}
May 28 08:23:36.060791 np0000001604 neutron-periodic-workers[88826]: DEBUG oslo.service.backend._threading.loopingcall [None req-133640cb-920c-4a56-af79-99ca6a73a0b9 None None] Fixed interval looping call 'neutron.plugins.ml2.plugin.DhcpAgentSchedulerDbMixin.remove_networks_from_down_agents' sleeping for 36.99 seconds {{(pid=88826) _run_loop /opt/stack/data/venv/lib/python3.12/site-packages/oslo_service/backend/_threading/loopingcall.py:125}}
May 28 08:23:41.100808 np0000001604 neutron-periodic-workers[88844]: DEBUG dbcounter [-] [88844] Writing DB stats neutron:SELECT=1 {{(pid=88844) stat_writer /opt/stack/data/venv/lib/python3.12/site-packages/dbcounter.py:115}}
May 28 08:23:46.060046 np0000001604 neutron-periodic-workers[88826]: DEBUG dbcounter [-] [88826] Writing DB stats neutron:SELECT=3 {{(pid=88826) stat_writer /opt/stack/data/venv/lib/python3.12/site-packages/dbcounter.py:115}}
May 28 08:23:51.096488 np0000001604 neutron-periodic-workers[88853]: DEBUG oslo.service.backend._threading.loopingcall [None req-7f494f7e-ac4c-437c-b1b5-eca630f1378a None None] Fixed interval looping call 'neutron.db.quota.driver_nolock.DbQuotaNoLockDriver._remove_expired_reservations' sleeping for 120.00 seconds {{(pid=88853) _run_loop /opt/stack/data/venv/lib/python3.12/site-packages/oslo_service/backend/_threading/loopingcall.py:125}}
May 28 08:24:01.095502 np0000001604 neutron-periodic-workers[88853]: DEBUG dbcounter [-] [88853] Writing DB stats neutron:DELETE=1 {{(pid=88853) stat_writer /opt/stack/data/venv/lib/python3.12/site-packages/dbcounter.py:115}}
May 28 08:24:08.097968 np0000001604 neutron-periodic-workers[88844]: DEBUG neutron.db.agents_db [None req-09501a31-6ca6-4575-be59-74bdabc9e55d None None] Agent healthcheck: found 0 active agents {{(pid=88844) agent_health_check /opt/stack/neutron/neutron/db/agents_db.py:322}}
May 28 08:24:08.098488 np0000001604 neutron-periodic-workers[88844]: DEBUG oslo.service.backend._threading.loopingcall [None req-09501a31-6ca6-4575-be59-74bdabc9e55d None None] Fixed interval looping call 'neutron.plugins.ml2.plugin.AgentDbMixin.agent_health_check' sleeping for 37.00 seconds {{(pid=88844) _run_loop /opt/stack/data/venv/lib/python3.12/site-packages/oslo_service/backend/_threading/loopingcall.py:125}}
May 28 08:24:13.065259 np0000001604 neutron-periodic-workers[88826]: DEBUG oslo.service.backend._threading.loopingcall [None req-133640cb-920c-4a56-af79-99ca6a73a0b9 None None] Fixed interval looping call 'neutron.plugins.ml2.plugin.DhcpAgentSchedulerDbMixin.remove_networks_from_down_agents' sleeping for 36.99 seconds {{(pid=88826) _run_loop /opt/stack/data/venv/lib/python3.12/site-packages/oslo_service/backend/_threading/loopingcall.py:125}}
May 28 08:24:18.101634 np0000001604 neutron-periodic-workers[88844]: DEBUG dbcounter [-] [88844] Writing DB stats neutron:SELECT=1 {{(pid=88844) stat_writer /opt/stack/data/venv/lib/python3.12/site-packages/dbcounter.py:115}}
May 28 08:24:23.062192 np0000001604 neutron-periodic-workers[88826]: DEBUG dbcounter [-] [88826] Writing DB stats neutron:SELECT=3 {{(pid=88826) stat_writer /opt/stack/data/venv/lib/python3.12/site-packages/dbcounter.py:115}}
May 28 08:24:45.123029 np0000001604 neutron-periodic-workers[88844]: DEBUG neutron.db.agents_db [None req-09501a31-6ca6-4575-be59-74bdabc9e55d None None] Agent healthcheck: found 0 active agents {{(pid=88844) agent_health_check /opt/stack/neutron/neutron/db/agents_db.py:322}}
May 28 08:24:45.123029 np0000001604 neutron-periodic-workers[88844]: DEBUG oslo.service.backend._threading.loopingcall [None req-09501a31-6ca6-4575-be59-74bdabc9e55d None None] Fixed interval looping call 'neutron.plugins.ml2.plugin.AgentDbMixin.agent_health_check' sleeping for 36.98 seconds {{(pid=88844) _run_loop /opt/stack/data/venv/lib/python3.12/site-packages/oslo_service/backend/_threading/loopingcall.py:125}}
May 28 08:24:50.064716 np0000001604 neutron-periodic-workers[88826]: DEBUG oslo.service.backend._threading.loopingcall [None req-133640cb-920c-4a56-af79-99ca6a73a0b9 None None] Fixed interval looping call 'neutron.plugins.ml2.plugin.DhcpAgentSchedulerDbMixin.remove_networks_from_down_agents' sleeping for 36.99 seconds {{(pid=88826) _run_loop /opt/stack/data/venv/lib/python3.12/site-packages/oslo_service/backend/_threading/loopingcall.py:125}}
May 28 08:24:55.111646 np0000001604 neutron-periodic-workers[88844]: DEBUG dbcounter [-] [88844] Writing DB stats neutron:SELECT=1 {{(pid=88844) stat_writer /opt/stack/data/venv/lib/python3.12/site-packages/dbcounter.py:115}}
May 28 08:25:00.063266 np0000001604 neutron-periodic-workers[88826]: DEBUG dbcounter [-] [88826] Writing DB stats neutron:SELECT=3 {{(pid=88826) stat_writer /opt/stack/data/venv/lib/python3.12/site-packages/dbcounter.py:115}}
May 28 08:25:22.106645 np0000001604 neutron-periodic-workers[88844]: DEBUG neutron.db.agents_db [None req-09501a31-6ca6-4575-be59-74bdabc9e55d None None] Agent healthcheck: found 0 active agents {{(pid=88844) agent_health_check /opt/stack/neutron/neutron/db/agents_db.py:322}}
May 28 08:25:22.107183 np0000001604 neutron-periodic-workers[88844]: DEBUG oslo.service.backend._threading.loopingcall [None req-09501a31-6ca6-4575-be59-74bdabc9e55d None None] Fixed interval looping call 'neutron.plugins.ml2.plugin.AgentDbMixin.agent_health_check' sleeping for 37.00 seconds {{(pid=88844) _run_loop /opt/stack/data/venv/lib/python3.12/site-packages/oslo_service/backend/_threading/loopingcall.py:125}}
May 28 08:25:27.073984 np0000001604 neutron-periodic-workers[88826]: DEBUG oslo.service.backend._threading.loopingcall [None req-133640cb-920c-4a56-af79-99ca6a73a0b9 None None] Fixed interval looping call 'neutron.plugins.ml2.plugin.DhcpAgentSchedulerDbMixin.remove_networks_from_down_agents' sleeping for 36.98 seconds {{(pid=88826) _run_loop /opt/stack/data/venv/lib/python3.12/site-packages/oslo_service/backend/_threading/loopingcall.py:125}}
May 28 08:25:32.106849 np0000001604 neutron-periodic-workers[88844]: DEBUG dbcounter [-] [88844] Writing DB stats neutron:SELECT=1 {{(pid=88844) stat_writer /opt/stack/data/venv/lib/python3.12/site-packages/dbcounter.py:115}}
May 28 08:25:37.074653 np0000001604 neutron-periodic-workers[88826]: DEBUG dbcounter [-] [88826] Writing DB stats neutron:SELECT=3 {{(pid=88826) stat_writer /opt/stack/data/venv/lib/python3.12/site-packages/dbcounter.py:115}}
May 28 08:25:51.111639 np0000001604 neutron-periodic-workers[88853]: DEBUG oslo.service.backend._threading.loopingcall [None req-7f494f7e-ac4c-437c-b1b5-eca630f1378a None None] Fixed interval looping call 'neutron.db.quota.driver_nolock.DbQuotaNoLockDriver._remove_expired_reservations' sleeping for 119.99 seconds {{(pid=88853) _run_loop /opt/stack/data/venv/lib/python3.12/site-packages/oslo_service/backend/_threading/loopingcall.py:125}}
May 28 08:25:59.110954 np0000001604 neutron-periodic-workers[88844]: DEBUG neutron.db.agents_db [None req-09501a31-6ca6-4575-be59-74bdabc9e55d None None] Agent healthcheck: found 0 active agents {{(pid=88844) agent_health_check /opt/stack/neutron/neutron/db/agents_db.py:322}}
May 28 08:25:59.121194 np0000001604 neutron-periodic-workers[88844]: DEBUG oslo.service.backend._threading.loopingcall [None req-09501a31-6ca6-4575-be59-74bdabc9e55d None None] Fixed interval looping call 'neutron.plugins.ml2.plugin.AgentDbMixin.agent_health_check' sleeping for 37.00 seconds {{(pid=88844) _run_loop /opt/stack/data/venv/lib/python3.12/site-packages/oslo_service/backend/_threading/loopingcall.py:125}}
May 28 08:26:01.112441 np0000001604 neutron-periodic-workers[88853]: DEBUG dbcounter [-] [88853] Writing DB stats neutron:DELETE=1 {{(pid=88853) stat_writer /opt/stack/data/venv/lib/python3.12/site-packages/dbcounter.py:115}}
May 28 08:26:04.065523 np0000001604 neutron-periodic-workers[88826]: DEBUG oslo.service.backend._threading.loopingcall [None req-133640cb-920c-4a56-af79-99ca6a73a0b9 None None] Fixed interval looping call 'neutron.plugins.ml2.plugin.DhcpAgentSchedulerDbMixin.remove_networks_from_down_agents' sleeping for 36.99 seconds {{(pid=88826) _run_loop /opt/stack/data/venv/lib/python3.12/site-packages/oslo_service/backend/_threading/loopingcall.py:125}}
May 28 08:26:09.109019 np0000001604 neutron-periodic-workers[88844]: DEBUG dbcounter [-] [88844] Writing DB stats neutron:SELECT=1 {{(pid=88844) stat_writer /opt/stack/data/venv/lib/python3.12/site-packages/dbcounter.py:115}}
May 28 08:26:14.064723 np0000001604 neutron-periodic-workers[88826]: DEBUG dbcounter [-] [88826] Writing DB stats neutron:SELECT=3 {{(pid=88826) stat_writer /opt/stack/data/venv/lib/python3.12/site-packages/dbcounter.py:115}}
May 28 08:26:36.117951 np0000001604 neutron-periodic-workers[88844]: DEBUG neutron.db.agents_db [None req-09501a31-6ca6-4575-be59-74bdabc9e55d None None] Agent healthcheck: found 0 active agents {{(pid=88844) agent_health_check /opt/stack/neutron/neutron/db/agents_db.py:322}}
May 28 08:26:36.118497 np0000001604 neutron-periodic-workers[88844]: DEBUG oslo.service.backend._threading.loopingcall [None req-09501a31-6ca6-4575-be59-74bdabc9e55d None None] Fixed interval looping call 'neutron.plugins.ml2.plugin.AgentDbMixin.agent_health_check' sleeping for 36.99 seconds {{(pid=88844) _run_loop /opt/stack/data/venv/lib/python3.12/site-packages/oslo_service/backend/_threading/loopingcall.py:125}}
May 28 08:26:38.119402 np0000001604 neutron-periodic-workers[88864]: DEBUG oslo.service.backend._threading.loopingcall [None req-89d67498-f7e2-4697-ac9f-34f2fcf89ae0 None None] Fixed interval looping call 'neutron.services.ovn_l3.plugin.L3_NAT_dbonly_mixin._clean_garbage' sleeping for 299.99 seconds {{(pid=88864) _run_loop /opt/stack/data/venv/lib/python3.12/site-packages/oslo_service/backend/_threading/loopingcall.py:125}}
May 28 08:26:41.065667 np0000001604 neutron-periodic-workers[88826]: DEBUG oslo.service.backend._threading.loopingcall [None req-133640cb-920c-4a56-af79-99ca6a73a0b9 None None] Fixed interval looping call 'neutron.plugins.ml2.plugin.DhcpAgentSchedulerDbMixin.remove_networks_from_down_agents' sleeping for 36.99 seconds {{(pid=88826) _run_loop /opt/stack/data/venv/lib/python3.12/site-packages/oslo_service/backend/_threading/loopingcall.py:125}}
May 28 08:26:46.116806 np0000001604 neutron-periodic-workers[88844]: DEBUG dbcounter [-] [88844] Writing DB stats neutron:SELECT=1 {{(pid=88844) stat_writer /opt/stack/data/venv/lib/python3.12/site-packages/dbcounter.py:115}}
May 28 08:26:48.112934 np0000001604 neutron-periodic-workers[88864]: DEBUG dbcounter [-] [88864] Writing DB stats neutron:SELECT=1 {{(pid=88864) stat_writer /opt/stack/data/venv/lib/python3.12/site-packages/dbcounter.py:115}}
