Jul 03 06:18:12.788040 np0000004376 nova-scheduler[96413]: DEBUG cotyledon.oslo_config_glue [-] profiler.filter_error_trace = False {{(pid=96413) log_opt_values /opt/stack/data/venv/lib/python3.12/site-packages/oslo_config/cfg.py:3253}}
Jul 03 06:18:12.788317 np0000004376 nova-scheduler[96413]: DEBUG cotyledon.oslo_config_glue [-] profiler.hmac_keys = **** {{(pid=96413) log_opt_values /opt/stack/data/venv/lib/python3.12/site-packages/oslo_config/cfg.py:3253}}
Jul 03 06:18:12.788317 np0000004376 nova-scheduler[96413]: DEBUG cotyledon.oslo_config_glue [-] profiler.sentinel_service_name = mymaster {{(pid=96413) log_opt_values /opt/stack/data/venv/lib/python3.12/site-packages/oslo_config/cfg.py:3253}}
Jul 03 06:18:12.788317 np0000004376 nova-scheduler[96413]: DEBUG cotyledon.oslo_config_glue [-] profiler.socket_timeout = 0.1 {{(pid=96413) log_opt_values /opt/stack/data/venv/lib/python3.12/site-packages/oslo_config/cfg.py:3253}}
Jul 03 06:18:12.788317 np0000004376 nova-scheduler[96413]: DEBUG cotyledon.oslo_config_glue [-] profiler.trace_requests = False {{(pid=96413) log_opt_values /opt/stack/data/venv/lib/python3.12/site-packages/oslo_config/cfg.py:3253}}
Jul 03 06:18:12.788317 np0000004376 nova-scheduler[96413]: DEBUG cotyledon.oslo_config_glue [-] profiler.trace_sqlalchemy = False {{(pid=96413) log_opt_values /opt/stack/data/venv/lib/python3.12/site-packages/oslo_config/cfg.py:3253}}
Jul 03 06:18:12.788317 np0000004376 nova-scheduler[96413]: DEBUG cotyledon.oslo_config_glue [-] profiler_jaeger.process_tags = {} {{(pid=96413) log_opt_values /opt/stack/data/venv/lib/python3.12/site-packages/oslo_config/cfg.py:3253}}
Jul 03 06:18:12.788317 np0000004376 nova-scheduler[96413]: DEBUG cotyledon.oslo_config_glue [-] profiler_jaeger.service_name_prefix = None {{(pid=96413) log_opt_values /opt/stack/data/venv/lib/python3.12/site-packages/oslo_config/cfg.py:3253}}
Jul 03 06:18:12.788317 np0000004376 nova-scheduler[96413]: DEBUG cotyledon.oslo_config_glue [-] profiler_otlp.service_name_prefix = None {{(pid=96413) log_opt_values /opt/stack/data/venv/lib/python3.12/site-packages/oslo_config/cfg.py:3253}}
Jul 03 06:18:12.788317 np0000004376 nova-scheduler[96413]: DEBUG cotyledon.oslo_config_glue [-] oslo_messaging_rabbit.amqp_auto_delete = False {{(pid=96413) log_opt_values /opt/stack/data/venv/lib/python3.12/site-packages/oslo_config/cfg.py:3253}}
Jul 03 06:18:12.788621 np0000004376 nova-scheduler[96413]: DEBUG cotyledon.oslo_config_glue [-] oslo_messaging_rabbit.amqp_durable_queues = False {{(pid=96413) log_opt_values /opt/stack/data/venv/lib/python3.12/site-packages/oslo_config/cfg.py:3253}}
Jul 03 06:18:12.788621 np0000004376 nova-scheduler[96413]: DEBUG cotyledon.oslo_config_glue [-] oslo_messaging_rabbit.conn_pool_min_size = 2 {{(pid=96413) log_opt_values /opt/stack/data/venv/lib/python3.12/site-packages/oslo_config/cfg.py:3253}}
Jul 03 06:18:12.788621 np0000004376 nova-scheduler[96413]: DEBUG cotyledon.oslo_config_glue [-] oslo_messaging_rabbit.conn_pool_ttl = 1200 {{(pid=96413) log_opt_values /opt/stack/data/venv/lib/python3.12/site-packages/oslo_config/cfg.py:3253}}
Jul 03 06:18:12.788621 np0000004376 nova-scheduler[96413]: DEBUG cotyledon.oslo_config_glue [-] oslo_messaging_rabbit.direct_mandatory_flag = True {{(pid=96413) log_opt_values /opt/stack/data/venv/lib/python3.12/site-packages/oslo_config/cfg.py:3253}}
Jul 03 06:18:12.788621 np0000004376 nova-scheduler[96413]: DEBUG cotyledon.oslo_config_glue [-] oslo_messaging_rabbit.enable_cancel_on_failover = False {{(pid=96413) log_opt_values /opt/stack/data/venv/lib/python3.12/site-packages/oslo_config/cfg.py:3253}}
Jul 03 06:18:12.788621 np0000004376 nova-scheduler[96413]: DEBUG cotyledon.oslo_config_glue [-] oslo_messaging_rabbit.heartbeat_rate = 3 {{(pid=96413) log_opt_values /opt/stack/data/venv/lib/python3.12/site-packages/oslo_config/cfg.py:3253}}
Jul 03 06:18:12.788621 np0000004376 nova-scheduler[96413]: DEBUG cotyledon.oslo_config_glue [-] oslo_messaging_rabbit.heartbeat_timeout_threshold = 60 {{(pid=96413) log_opt_values /opt/stack/data/venv/lib/python3.12/site-packages/oslo_config/cfg.py:3253}}
Jul 03 06:18:12.788621 np0000004376 nova-scheduler[96413]: DEBUG cotyledon.oslo_config_glue [-] oslo_messaging_rabbit.hostname = np0000004376 {{(pid=96413) log_opt_values /opt/stack/data/venv/lib/python3.12/site-packages/oslo_config/cfg.py:3253}}
Jul 03 06:18:12.788621 np0000004376 nova-scheduler[96413]: DEBUG cotyledon.oslo_config_glue [-] oslo_messaging_rabbit.kombu_compression = None {{(pid=96413) log_opt_values /opt/stack/data/venv/lib/python3.12/site-packages/oslo_config/cfg.py:3253}}
Jul 03 06:18:12.788911 np0000004376 nova-scheduler[96413]: DEBUG cotyledon.oslo_config_glue [-] oslo_messaging_rabbit.kombu_failover_strategy = round-robin {{(pid=96413) log_opt_values /opt/stack/data/venv/lib/python3.12/site-packages/oslo_config/cfg.py:3253}}
Jul 03 06:18:12.788911 np0000004376 nova-scheduler[96413]: DEBUG cotyledon.oslo_config_glue [-] oslo_messaging_rabbit.kombu_missing_consumer_retry_timeout = 60 {{(pid=96413) log_opt_values /opt/stack/data/venv/lib/python3.12/site-packages/oslo_config/cfg.py:3253}}
Jul 03 06:18:12.788975 np0000004376 nova-scheduler[96402]: INFO dbcounter [None req-be92d234-e3d0-4c4a-8698-ece03de0980c None None] Registered counter for database nova_cell0
Jul 03 06:18:12.789015 np0000004376 nova-scheduler[96413]: DEBUG cotyledon.oslo_config_glue [-] oslo_messaging_rabbit.kombu_reconnect_delay = 1.0 {{(pid=96413) log_opt_values /opt/stack/data/venv/lib/python3.12/site-packages/oslo_config/cfg.py:3253}}
Jul 03 06:18:12.789015 np0000004376 nova-scheduler[96413]: DEBUG cotyledon.oslo_config_glue [-] oslo_messaging_rabbit.kombu_reconnect_splay = 0.0 {{(pid=96413) log_opt_values /opt/stack/data/venv/lib/python3.12/site-packages/oslo_config/cfg.py:3253}}
Jul 03 06:18:12.789015 np0000004376 nova-scheduler[96413]: DEBUG cotyledon.oslo_config_glue [-] oslo_messaging_rabbit.processname = nova-scheduler {{(pid=96413) log_opt_values /opt/stack/data/venv/lib/python3.12/site-packages/oslo_config/cfg.py:3253}}
Jul 03 06:18:12.789015 np0000004376 nova-scheduler[96413]: DEBUG cotyledon.oslo_config_glue [-] oslo_messaging_rabbit.rabbit_ha_queues = False {{(pid=96413) log_opt_values /opt/stack/data/venv/lib/python3.12/site-packages/oslo_config/cfg.py:3253}}
Jul 03 06:18:12.789015 np0000004376 nova-scheduler[96413]: DEBUG cotyledon.oslo_config_glue [-] oslo_messaging_rabbit.rabbit_interval_max = 30 {{(pid=96413) log_opt_values /opt/stack/data/venv/lib/python3.12/site-packages/oslo_config/cfg.py:3253}}
Jul 03 06:18:12.789015 np0000004376 nova-scheduler[96413]: DEBUG cotyledon.oslo_config_glue [-] oslo_messaging_rabbit.rabbit_login_method = AMQPLAIN {{(pid=96413) log_opt_values /opt/stack/data/venv/lib/python3.12/site-packages/oslo_config/cfg.py:3253}}
Jul 03 06:18:12.789015 np0000004376 nova-scheduler[96413]: DEBUG cotyledon.oslo_config_glue [-] oslo_messaging_rabbit.rabbit_qos_prefetch_count = 0 {{(pid=96413) log_opt_values /opt/stack/data/venv/lib/python3.12/site-packages/oslo_config/cfg.py:3253}}
Jul 03 06:18:12.789015 np0000004376 nova-scheduler[96413]: DEBUG cotyledon.oslo_config_glue [-] oslo_messaging_rabbit.rabbit_quorum_delivery_limit = 0 {{(pid=96413) log_opt_values /opt/stack/data/venv/lib/python3.12/site-packages/oslo_config/cfg.py:3253}}
Jul 03 06:18:12.789015 np0000004376 nova-scheduler[96413]: DEBUG cotyledon.oslo_config_glue [-] oslo_messaging_rabbit.rabbit_quorum_max_memory_bytes = 0 {{(pid=96413) log_opt_values /opt/stack/data/venv/lib/python3.12/site-packages/oslo_config/cfg.py:3253}}
Jul 03 06:18:12.789292 np0000004376 nova-scheduler[96413]: DEBUG cotyledon.oslo_config_glue [-] oslo_messaging_rabbit.rabbit_quorum_max_memory_length = 0 {{(pid=96413) log_opt_values /opt/stack/data/venv/lib/python3.12/site-packages/oslo_config/cfg.py:3253}}
Jul 03 06:18:12.789292 np0000004376 nova-scheduler[96413]: DEBUG cotyledon.oslo_config_glue [-] oslo_messaging_rabbit.rabbit_quorum_queue = False {{(pid=96413) log_opt_values /opt/stack/data/venv/lib/python3.12/site-packages/oslo_config/cfg.py:3253}}
Jul 03 06:18:12.789292 np0000004376 nova-scheduler[96413]: DEBUG cotyledon.oslo_config_glue [-] oslo_messaging_rabbit.rabbit_retry_backoff = 2 {{(pid=96413) log_opt_values /opt/stack/data/venv/lib/python3.12/site-packages/oslo_config/cfg.py:3253}}
Jul 03 06:18:12.789292 np0000004376 nova-scheduler[96413]: DEBUG cotyledon.oslo_config_glue [-] oslo_messaging_rabbit.rabbit_retry_interval = 1 {{(pid=96413) log_opt_values /opt/stack/data/venv/lib/python3.12/site-packages/oslo_config/cfg.py:3253}}
Jul 03 06:18:12.789292 np0000004376 nova-scheduler[96413]: DEBUG cotyledon.oslo_config_glue [-] oslo_messaging_rabbit.rabbit_stream_fanout = False {{(pid=96413) log_opt_values /opt/stack/data/venv/lib/python3.12/site-packages/oslo_config/cfg.py:3253}}
Jul 03 06:18:12.789292 np0000004376 nova-scheduler[96413]: DEBUG cotyledon.oslo_config_glue [-] oslo_messaging_rabbit.rabbit_transient_queues_ttl = 1800 {{(pid=96413) log_opt_values /opt/stack/data/venv/lib/python3.12/site-packages/oslo_config/cfg.py:3253}}
Jul 03 06:18:12.789292 np0000004376 nova-scheduler[96413]: DEBUG cotyledon.oslo_config_glue [-] oslo_messaging_rabbit.rabbit_transient_quorum_queue = False {{(pid=96413) log_opt_values /opt/stack/data/venv/lib/python3.12/site-packages/oslo_config/cfg.py:3253}}
Jul 03 06:18:12.789292 np0000004376 nova-scheduler[96413]: DEBUG cotyledon.oslo_config_glue [-] oslo_messaging_rabbit.rpc_conn_pool_size = 30 {{(pid=96413) log_opt_values /opt/stack/data/venv/lib/python3.12/site-packages/oslo_config/cfg.py:3253}}
Jul 03 06:18:12.789292 np0000004376 nova-scheduler[96413]: DEBUG cotyledon.oslo_config_glue [-] oslo_messaging_rabbit.ssl = False {{(pid=96413) log_opt_values /opt/stack/data/venv/lib/python3.12/site-packages/oslo_config/cfg.py:3253}}
Jul 03 06:18:12.789555 np0000004376 nova-scheduler[96413]: DEBUG cotyledon.oslo_config_glue [-] oslo_messaging_rabbit.ssl_ca_file = {{(pid=96413) log_opt_values /opt/stack/data/venv/lib/python3.12/site-packages/oslo_config/cfg.py:3253}}
Jul 03 06:18:12.789555 np0000004376 nova-scheduler[96413]: DEBUG cotyledon.oslo_config_glue [-] oslo_messaging_rabbit.ssl_cert_file = {{(pid=96413) log_opt_values /opt/stack/data/venv/lib/python3.12/site-packages/oslo_config/cfg.py:3253}}
Jul 03 06:18:12.789555 np0000004376 nova-scheduler[96413]: DEBUG cotyledon.oslo_config_glue [-] oslo_messaging_rabbit.ssl_enforce_fips_mode = False {{(pid=96413) log_opt_values /opt/stack/data/venv/lib/python3.12/site-packages/oslo_config/cfg.py:3253}}
Jul 03 06:18:12.789555 np0000004376 nova-scheduler[96413]: DEBUG cotyledon.oslo_config_glue [-] oslo_messaging_rabbit.ssl_enforce_hostname_verification = True {{(pid=96413) log_opt_values /opt/stack/data/venv/lib/python3.12/site-packages/oslo_config/cfg.py:3253}}
Jul 03 06:18:12.789555 np0000004376 nova-scheduler[96413]: DEBUG cotyledon.oslo_config_glue [-] oslo_messaging_rabbit.ssl_key_file = {{(pid=96413) log_opt_values /opt/stack/data/venv/lib/python3.12/site-packages/oslo_config/cfg.py:3253}}
Jul 03 06:18:12.789555 np0000004376 nova-scheduler[96413]: DEBUG cotyledon.oslo_config_glue [-] oslo_messaging_rabbit.ssl_version = {{(pid=96413) log_opt_values /opt/stack/data/venv/lib/python3.12/site-packages/oslo_config/cfg.py:3253}}
Jul 03 06:18:12.789555 np0000004376 nova-scheduler[96413]: DEBUG cotyledon.oslo_config_glue [-] oslo_messaging_rabbit.use_queue_manager = False {{(pid=96413) log_opt_values /opt/stack/data/venv/lib/python3.12/site-packages/oslo_config/cfg.py:3253}}
Jul 03 06:18:12.789555 np0000004376 nova-scheduler[96413]: DEBUG cotyledon.oslo_config_glue [-] oslo_messaging_notifications.driver = ['messagingv2'] {{(pid=96413) log_opt_values /opt/stack/data/venv/lib/python3.12/site-packages/oslo_config/cfg.py:3253}}
Jul 03 06:18:12.789555 np0000004376 nova-scheduler[96413]: DEBUG cotyledon.oslo_config_glue [-] oslo_messaging_notifications.retry = -1 {{(pid=96413) log_opt_values /opt/stack/data/venv/lib/python3.12/site-packages/oslo_config/cfg.py:3253}}
Jul 03 06:18:12.789836 np0000004376 nova-scheduler[96413]: DEBUG cotyledon.oslo_config_glue [-] oslo_messaging_notifications.topics = ['notifications'] {{(pid=96413) log_opt_values /opt/stack/data/venv/lib/python3.12/site-packages/oslo_config/cfg.py:3253}}
Jul 03 06:18:12.789836 np0000004376 nova-scheduler[96413]: DEBUG cotyledon.oslo_config_glue [-] oslo_messaging_notifications.transport_url = **** {{(pid=96413) log_opt_values /opt/stack/data/venv/lib/python3.12/site-packages/oslo_config/cfg.py:3253}}
Jul 03 06:18:12.789836 np0000004376 nova-scheduler[96413]: DEBUG cotyledon.oslo_config_glue [-] oslo_limit.auth_section = None {{(pid=96413) log_opt_values /opt/stack/data/venv/lib/python3.12/site-packages/oslo_config/cfg.py:3253}}
Jul 03 06:18:12.789836 np0000004376 nova-scheduler[96413]: DEBUG cotyledon.oslo_config_glue [-] oslo_limit.auth_type = None {{(pid=96413) log_opt_values /opt/stack/data/venv/lib/python3.12/site-packages/oslo_config/cfg.py:3253}}
Jul 03 06:18:12.789836 np0000004376 nova-scheduler[96413]: DEBUG cotyledon.oslo_config_glue [-] oslo_limit.cafile = None {{(pid=96413) log_opt_values /opt/stack/data/venv/lib/python3.12/site-packages/oslo_config/cfg.py:3253}}
Jul 03 06:18:12.789836 np0000004376 nova-scheduler[96413]: DEBUG cotyledon.oslo_config_glue [-] oslo_limit.certfile = None {{(pid=96413) log_opt_values /opt/stack/data/venv/lib/python3.12/site-packages/oslo_config/cfg.py:3253}}
Jul 03 06:18:12.789836 np0000004376 nova-scheduler[96413]: DEBUG cotyledon.oslo_config_glue [-] oslo_limit.collect_timing = False {{(pid=96413) log_opt_values /opt/stack/data/venv/lib/python3.12/site-packages/oslo_config/cfg.py:3253}}
Jul 03 06:18:12.789836 np0000004376 nova-scheduler[96413]: DEBUG cotyledon.oslo_config_glue [-] oslo_limit.connect_retries = None {{(pid=96413) log_opt_values /opt/stack/data/venv/lib/python3.12/site-packages/oslo_config/cfg.py:3253}}
Jul 03 06:18:12.789836 np0000004376 nova-scheduler[96413]: DEBUG cotyledon.oslo_config_glue [-] oslo_limit.connect_retry_delay = None {{(pid=96413) log_opt_values /opt/stack/data/venv/lib/python3.12/site-packages/oslo_config/cfg.py:3253}}
Jul 03 06:18:12.790089 np0000004376 nova-scheduler[96413]: DEBUG cotyledon.oslo_config_glue [-] oslo_limit.endpoint_id = None {{(pid=96413) log_opt_values /opt/stack/data/venv/lib/python3.12/site-packages/oslo_config/cfg.py:3253}}
Jul 03 06:18:12.790089 np0000004376 nova-scheduler[96413]: DEBUG cotyledon.oslo_config_glue [-] oslo_limit.endpoint_interface = public {{(pid=96413) log_opt_values /opt/stack/data/venv/lib/python3.12/site-packages/oslo_config/cfg.py:3253}}
Jul 03 06:18:12.790089 np0000004376 nova-scheduler[96413]: DEBUG cotyledon.oslo_config_glue [-] oslo_limit.endpoint_override = None {{(pid=96413) log_opt_values /opt/stack/data/venv/lib/python3.12/site-packages/oslo_config/cfg.py:3253}}
Jul 03 06:18:12.790089 np0000004376 nova-scheduler[96413]: DEBUG cotyledon.oslo_config_glue [-] oslo_limit.endpoint_region_name = None {{(pid=96413) log_opt_values /opt/stack/data/venv/lib/python3.12/site-packages/oslo_config/cfg.py:3253}}
Jul 03 06:18:12.790089 np0000004376 nova-scheduler[96413]: DEBUG cotyledon.oslo_config_glue [-] oslo_limit.endpoint_service_name = None {{(pid=96413) log_opt_values /opt/stack/data/venv/lib/python3.12/site-packages/oslo_config/cfg.py:3253}}
Jul 03 06:18:12.790089 np0000004376 nova-scheduler[96413]: DEBUG cotyledon.oslo_config_glue [-] oslo_limit.endpoint_service_type = None {{(pid=96413) log_opt_values /opt/stack/data/venv/lib/python3.12/site-packages/oslo_config/cfg.py:3253}}
Jul 03 06:18:12.790089 np0000004376 nova-scheduler[96413]: DEBUG cotyledon.oslo_config_glue [-] oslo_limit.insecure = False {{(pid=96413) log_opt_values /opt/stack/data/venv/lib/python3.12/site-packages/oslo_config/cfg.py:3253}}
Jul 03 06:18:12.790089 np0000004376 nova-scheduler[96413]: DEBUG cotyledon.oslo_config_glue [-] oslo_limit.keyfile = None {{(pid=96413) log_opt_values /opt/stack/data/venv/lib/python3.12/site-packages/oslo_config/cfg.py:3253}}
Jul 03 06:18:12.790089 np0000004376 nova-scheduler[96413]: DEBUG cotyledon.oslo_config_glue [-] oslo_limit.max_version = None {{(pid=96413) log_opt_values /opt/stack/data/venv/lib/python3.12/site-packages/oslo_config/cfg.py:3253}}
Jul 03 06:18:12.790337 np0000004376 nova-scheduler[96413]: DEBUG cotyledon.oslo_config_glue [-] oslo_limit.min_version = None {{(pid=96413) log_opt_values /opt/stack/data/venv/lib/python3.12/site-packages/oslo_config/cfg.py:3253}}
Jul 03 06:18:12.790337 np0000004376 nova-scheduler[96413]: DEBUG cotyledon.oslo_config_glue [-] oslo_limit.region_name = None {{(pid=96413) log_opt_values /opt/stack/data/venv/lib/python3.12/site-packages/oslo_config/cfg.py:3253}}
Jul 03 06:18:12.790337 np0000004376 nova-scheduler[96413]: DEBUG cotyledon.oslo_config_glue [-] oslo_limit.retriable_status_codes = None {{(pid=96413) log_opt_values /opt/stack/data/venv/lib/python3.12/site-packages/oslo_config/cfg.py:3253}}
Jul 03 06:18:12.790337 np0000004376 nova-scheduler[96413]: DEBUG cotyledon.oslo_config_glue [-] oslo_limit.service_name = None {{(pid=96413) log_opt_values /opt/stack/data/venv/lib/python3.12/site-packages/oslo_config/cfg.py:3253}}
Jul 03 06:18:12.790337 np0000004376 nova-scheduler[96413]: DEBUG cotyledon.oslo_config_glue [-] oslo_limit.service_type = None {{(pid=96413) log_opt_values /opt/stack/data/venv/lib/python3.12/site-packages/oslo_config/cfg.py:3253}}
Jul 03 06:18:12.790337 np0000004376 nova-scheduler[96413]: DEBUG cotyledon.oslo_config_glue [-] oslo_limit.split_loggers = False {{(pid=96413) log_opt_values /opt/stack/data/venv/lib/python3.12/site-packages/oslo_config/cfg.py:3253}}
Jul 03 06:18:12.790337 np0000004376 nova-scheduler[96413]: DEBUG cotyledon.oslo_config_glue [-] oslo_limit.status_code_retries = None {{(pid=96413) log_opt_values /opt/stack/data/venv/lib/python3.12/site-packages/oslo_config/cfg.py:3253}}
Jul 03 06:18:12.790337 np0000004376 nova-scheduler[96413]: DEBUG cotyledon.oslo_config_glue [-] oslo_limit.status_code_retry_delay = None {{(pid=96413) log_opt_values /opt/stack/data/venv/lib/python3.12/site-packages/oslo_config/cfg.py:3253}}
Jul 03 06:18:12.790337 np0000004376 nova-scheduler[96413]: DEBUG cotyledon.oslo_config_glue [-] oslo_limit.timeout = None {{(pid=96413) log_opt_values /opt/stack/data/venv/lib/python3.12/site-packages/oslo_config/cfg.py:3253}}
Jul 03 06:18:12.790585 np0000004376 nova-scheduler[96413]: DEBUG cotyledon.oslo_config_glue [-] oslo_limit.valid_interfaces = None {{(pid=96413) log_opt_values /opt/stack/data/venv/lib/python3.12/site-packages/oslo_config/cfg.py:3253}}
Jul 03 06:18:12.790624 np0000004376 nova-scheduler[96404]: INFO dbcounter [None req-36c2d796-1539-4337-86ca-d6ec78768eca None None] Registered counter for database nova_cell0
Jul 03 06:18:12.790666 np0000004376 nova-scheduler[96413]: DEBUG cotyledon.oslo_config_glue [-] oslo_limit.version = None {{(pid=96413) log_opt_values /opt/stack/data/venv/lib/python3.12/site-packages/oslo_config/cfg.py:3253}}
Jul 03 06:18:12.790666 np0000004376 nova-scheduler[96413]: DEBUG cotyledon.oslo_config_glue [-] oslo_reports.file_event_handler = None {{(pid=96413) log_opt_values /opt/stack/data/venv/lib/python3.12/site-packages/oslo_config/cfg.py:3253}}
Jul 03 06:18:12.790666 np0000004376 nova-scheduler[96413]: DEBUG cotyledon.oslo_config_glue [-] oslo_reports.file_event_handler_interval = 1 {{(pid=96413) log_opt_values /opt/stack/data/venv/lib/python3.12/site-packages/oslo_config/cfg.py:3253}}
Jul 03 06:18:12.790666 np0000004376 nova-scheduler[96413]: DEBUG cotyledon.oslo_config_glue [-] oslo_reports.log_dir = None {{(pid=96413) log_opt_values /opt/stack/data/venv/lib/python3.12/site-packages/oslo_config/cfg.py:3253}}
Jul 03 06:18:12.790666 np0000004376 nova-scheduler[96413]: DEBUG cotyledon.oslo_config_glue [-] ******************************************************************************** {{(pid=96413) log_opt_values /opt/stack/data/venv/lib/python3.12/site-packages/oslo_config/cfg.py:3260}}
Jul 03 06:18:12.790666 np0000004376 nova-scheduler[96413]: DEBUG cotyledon._service_worker [-] Run service ServiceWrapper(3) [96413] {{(pid=96413) wait_forever /opt/stack/data/venv/lib/python3.12/site-packages/cotyledon/_service_worker.py:218}}
Jul 03 06:18:12.790666 np0000004376 nova-scheduler[96413]: INFO nova.service [-] Starting scheduler node (version 33.1.0)
Jul 03 06:18:12.790666 np0000004376 nova-scheduler[96413]: INFO dbcounter [None req-d049fcee-dc34-4b0d-aa3b-952f90cc77a6 None None] Registered counter for database nova_cell0
Jul 03 06:18:12.790913 np0000004376 nova-scheduler[96402]: DEBUG oslo_db.sqlalchemy.engines [None req-be92d234-e3d0-4c4a-8698-ece03de0980c None None] MySQL server mode set to STRICT_TRANS_TABLES,STRICT_ALL_TABLES,NO_ZERO_IN_DATE,NO_ZERO_DATE,ERROR_FOR_DIVISION_BY_ZERO,TRADITIONAL,NO_ENGINE_SUBSTITUTION {{(pid=96402) _check_effective_sql_mode /opt/stack/data/venv/lib/python3.12/site-packages/oslo_db/sqlalchemy/engines.py:325}}
Jul 03 06:18:12.790951 np0000004376 nova-scheduler[96400]: DEBUG oslo_db.sqlalchemy.engines [None req-192bd8ca-b54b-4044-afa5-91c61a43ba36 None None] MySQL server mode set to STRICT_TRANS_TABLES,STRICT_ALL_TABLES,NO_ZERO_IN_DATE,NO_ZERO_DATE,ERROR_FOR_DIVISION_BY_ZERO,TRADITIONAL,NO_ENGINE_SUBSTITUTION {{(pid=96400) _check_effective_sql_mode /opt/stack/data/venv/lib/python3.12/site-packages/oslo_db/sqlalchemy/engines.py:325}}
Jul 03 06:18:12.797435 np0000004376 nova-scheduler[96402]: DEBUG dbcounter [-] [96402] Writer thread running {{(pid=96402) stat_writer /opt/stack/data/venv/lib/python3.12/site-packages/dbcounter.py:102}}
Jul 03 06:18:12.800670 np0000004376 nova-scheduler[96400]: DEBUG dbcounter [-] [96400] Writer thread running {{(pid=96400) stat_writer /opt/stack/data/venv/lib/python3.12/site-packages/dbcounter.py:102}}
Jul 03 06:18:12.808229 np0000004376 nova-scheduler[96404]: DEBUG oslo_db.sqlalchemy.engines [None req-36c2d796-1539-4337-86ca-d6ec78768eca None None] MySQL server mode set to STRICT_TRANS_TABLES,STRICT_ALL_TABLES,NO_ZERO_IN_DATE,NO_ZERO_DATE,ERROR_FOR_DIVISION_BY_ZERO,TRADITIONAL,NO_ENGINE_SUBSTITUTION {{(pid=96404) _check_effective_sql_mode /opt/stack/data/venv/lib/python3.12/site-packages/oslo_db/sqlalchemy/engines.py:325}}
Jul 03 06:18:12.811139 np0000004376 nova-scheduler[96413]: DEBUG oslo_db.sqlalchemy.engines [None req-d049fcee-dc34-4b0d-aa3b-952f90cc77a6 None None] MySQL server mode set to STRICT_TRANS_TABLES,STRICT_ALL_TABLES,NO_ZERO_IN_DATE,NO_ZERO_DATE,ERROR_FOR_DIVISION_BY_ZERO,TRADITIONAL,NO_ENGINE_SUBSTITUTION {{(pid=96413) _check_effective_sql_mode /opt/stack/data/venv/lib/python3.12/site-packages/oslo_db/sqlalchemy/engines.py:325}}
Jul 03 06:18:12.815533 np0000004376 nova-scheduler[96402]: DEBUG nova.service [None req-be92d234-e3d0-4c4a-8698-ece03de0980c None None] Creating RPC server for service: nova-scheduler on topic: scheduler {{(pid=96402) start /opt/stack/nova/nova/service.py:196}}
Jul 03 06:18:12.819622 np0000004376 nova-scheduler[96400]: DEBUG nova.service [None req-192bd8ca-b54b-4044-afa5-91c61a43ba36 None None] Creating RPC server for service: nova-scheduler on topic: scheduler {{(pid=96400) start /opt/stack/nova/nova/service.py:196}}
Jul 03 06:18:12.820528 np0000004376 nova-scheduler[96413]: DEBUG dbcounter [-] [96413] Writer thread running {{(pid=96413) stat_writer /opt/stack/data/venv/lib/python3.12/site-packages/dbcounter.py:102}}
Jul 03 06:18:12.821632 np0000004376 nova-scheduler[96404]: DEBUG dbcounter [-] [96404] Writer thread running {{(pid=96404) stat_writer /opt/stack/data/venv/lib/python3.12/site-packages/dbcounter.py:102}}
Jul 03 06:18:12.822978 np0000004376 nova-scheduler[96413]: DEBUG nova.service [None req-d049fcee-dc34-4b0d-aa3b-952f90cc77a6 None None] Creating RPC server for service: nova-scheduler on topic: scheduler {{(pid=96413) start /opt/stack/nova/nova/service.py:196}}
Jul 03 06:18:12.825340 np0000004376 nova-scheduler[96404]: DEBUG nova.service [None req-36c2d796-1539-4337-86ca-d6ec78768eca None None] Creating RPC server for service: nova-scheduler on topic: scheduler {{(pid=96404) start /opt/stack/nova/nova/service.py:196}}
Jul 03 06:18:12.838137 np0000004376 nova-scheduler[96400]: DEBUG nova.service [None req-192bd8ca-b54b-4044-afa5-91c61a43ba36 None None] Join ServiceGroup membership for this service scheduler {{(pid=96400) start /opt/stack/nova/nova/service.py:222}}
Jul 03 06:18:12.838343 np0000004376 nova-scheduler[96402]: DEBUG nova.service [None req-be92d234-e3d0-4c4a-8698-ece03de0980c None None] Join ServiceGroup membership for this service scheduler {{(pid=96402) start /opt/stack/nova/nova/service.py:222}}
Jul 03 06:18:12.838412 np0000004376 nova-scheduler[96400]: DEBUG nova.servicegroup.drivers.db [None req-192bd8ca-b54b-4044-afa5-91c61a43ba36 None None] DB_Driver: join new ServiceGroup member np0000004376 to the scheduler group, service = {{(pid=96400) join /opt/stack/nova/nova/servicegroup/drivers/db.py:44}}
Jul 03 06:18:12.838547 np0000004376 nova-scheduler[96402]: DEBUG nova.servicegroup.drivers.db [None req-be92d234-e3d0-4c4a-8698-ece03de0980c None None] DB_Driver: join new ServiceGroup member np0000004376 to the scheduler group, service = {{(pid=96402) join /opt/stack/nova/nova/servicegroup/drivers/db.py:44}}
Jul 03 06:18:12.841988 np0000004376 nova-scheduler[96413]: DEBUG nova.service [None req-d049fcee-dc34-4b0d-aa3b-952f90cc77a6 None None] Join ServiceGroup membership for this service scheduler {{(pid=96413) start /opt/stack/nova/nova/service.py:222}}
Jul 03 06:18:12.842179 np0000004376 nova-scheduler[96413]: DEBUG nova.servicegroup.drivers.db [None req-d049fcee-dc34-4b0d-aa3b-952f90cc77a6 None None] DB_Driver: join new ServiceGroup member np0000004376 to the scheduler group, service = {{(pid=96413) join /opt/stack/nova/nova/servicegroup/drivers/db.py:44}}
Jul 03 06:18:12.846708 np0000004376 nova-scheduler[96404]: DEBUG nova.service [None req-36c2d796-1539-4337-86ca-d6ec78768eca None None] Join ServiceGroup membership for this service scheduler {{(pid=96404) start /opt/stack/nova/nova/service.py:222}}
Jul 03 06:18:12.846989 np0000004376 nova-scheduler[96404]: DEBUG nova.servicegroup.drivers.db [None req-36c2d796-1539-4337-86ca-d6ec78768eca None None] DB_Driver: join new ServiceGroup member np0000004376 to the scheduler group, service = {{(pid=96404) join /opt/stack/nova/nova/servicegroup/drivers/db.py:44}}
Jul 03 06:18:17.855840 np0000004376 nova-scheduler[96402]: DEBUG oslo.service.backend._threading.loopingcall [-] Fixed interval looping call 'nova.servicegroup.drivers.db.DbDriver._report_state' sleeping for 119.98 seconds {{(pid=96402) _run_loop /opt/stack/data/venv/lib/python3.12/site-packages/oslo_service/backend/_threading/loopingcall.py:125}}
Jul 03 06:18:17.857784 np0000004376 nova-scheduler[96413]: DEBUG oslo.service.backend._threading.loopingcall [-] Fixed interval looping call 'nova.servicegroup.drivers.db.DbDriver._report_state' sleeping for 119.99 seconds {{(pid=96413) _run_loop /opt/stack/data/venv/lib/python3.12/site-packages/oslo_service/backend/_threading/loopingcall.py:125}}
Jul 03 06:18:17.859009 np0000004376 nova-scheduler[96400]: DEBUG oslo.service.backend._threading.loopingcall [-] Fixed interval looping call 'nova.servicegroup.drivers.db.DbDriver._report_state' sleeping for 119.98 seconds {{(pid=96400) _run_loop /opt/stack/data/venv/lib/python3.12/site-packages/oslo_service/backend/_threading/loopingcall.py:125}}
Jul 03 06:18:17.859711 np0000004376 nova-scheduler[96404]: DEBUG oslo.service.backend._threading.loopingcall [-] Fixed interval looping call 'nova.servicegroup.drivers.db.DbDriver._report_state' sleeping for 119.99 seconds {{(pid=96404) _run_loop /opt/stack/data/venv/lib/python3.12/site-packages/oslo_service/backend/_threading/loopingcall.py:125}}
Jul 03 06:18:21.360759 np0000004376 nova-scheduler[95189]: DEBUG dbcounter [-] [95189] Writing DB stats nova_api:SELECT=3 {{(pid=95189) stat_writer /opt/stack/data/venv/lib/python3.12/site-packages/dbcounter.py:115}}
Jul 03 06:18:21.502129 np0000004376 nova-scheduler[95189]: DEBUG dbcounter [-] [95189] Writing DB stats nova_cell0:SELECT=1 {{(pid=95189) stat_writer /opt/stack/data/venv/lib/python3.12/site-packages/dbcounter.py:115}}
Jul 03 06:18:21.507435 np0000004376 nova-scheduler[95189]: DEBUG dbcounter [-] [95189] Writing DB stats nova_cell1:SELECT=1 {{(pid=95189) stat_writer /opt/stack/data/venv/lib/python3.12/site-packages/dbcounter.py:115}}
Jul 03 06:18:23.840946 np0000004376 nova-scheduler[96400]: DEBUG oslo.service.backend._threading.loopingcall [None req-f5a8e7f7-6242-4f7b-a093-0aadd1ecd72c None None] Dynamic interval looping call 'nova.service.Service.periodic_tasks' sleeping for 60.00 seconds {{(pid=96400) _run_loop /opt/stack/data/venv/lib/python3.12/site-packages/oslo_service/backend/_threading/loopingcall.py:125}}
Jul 03 06:18:27.849229 np0000004376 nova-scheduler[96400]: DEBUG dbcounter [-] [96400] Writing DB stats nova_cell0:SELECT=5,nova_cell0:INSERT=1,nova_cell0:UPDATE=1 {{(pid=96400) stat_writer /opt/stack/data/venv/lib/python3.12/site-packages/dbcounter.py:115}}
Jul 03 06:18:27.849652 np0000004376 nova-scheduler[96402]: DEBUG dbcounter [-] [96402] Writing DB stats nova_cell0:SELECT=4,nova_cell0:INSERT=1,nova_cell0:UPDATE=1 {{(pid=96402) stat_writer /opt/stack/data/venv/lib/python3.12/site-packages/dbcounter.py:115}}
Jul 03 06:18:27.853848 np0000004376 nova-scheduler[96413]: DEBUG dbcounter [-] [96413] Writing DB stats nova_cell0:SELECT=3,nova_cell0:UPDATE=1 {{(pid=96413) stat_writer /opt/stack/data/venv/lib/python3.12/site-packages/dbcounter.py:115}}
Jul 03 06:18:27.859011 np0000004376 nova-scheduler[96404]: DEBUG dbcounter [-] [96404] Writing DB stats nova_cell0:SELECT=3 {{(pid=96404) stat_writer /opt/stack/data/venv/lib/python3.12/site-packages/dbcounter.py:115}}
Jul 03 06:18:50.840434 np0000004376 nova-scheduler[96402]: DEBUG oslo.service.backend._threading.loopingcall [None req-691dcb3f-9e36-46eb-9f10-c24a1ec98a50 None None] Dynamic interval looping call 'nova.service.Service.periodic_tasks' sleeping for 60.00 seconds {{(pid=96402) _run_loop /opt/stack/data/venv/lib/python3.12/site-packages/oslo_service/backend/_threading/loopingcall.py:125}}
Jul 03 06:19:06.845236 np0000004376 nova-scheduler[96413]: DEBUG oslo.service.backend._threading.loopingcall [None req-6383dcd5-22b4-4f94-889d-7692c9b921a7 None None] Dynamic interval looping call 'nova.service.Service.periodic_tasks' sleeping for 60.00 seconds {{(pid=96413) _run_loop /opt/stack/data/venv/lib/python3.12/site-packages/oslo_service/backend/_threading/loopingcall.py:125}}
Jul 03 06:19:06.849597 np0000004376 nova-scheduler[96404]: DEBUG oslo.service.backend._threading.loopingcall [None req-7f93cdf4-3a71-4516-9c4c-9aeb23f7a84a None None] Dynamic interval looping call 'nova.service.Service.periodic_tasks' sleeping for 60.00 seconds {{(pid=96404) _run_loop /opt/stack/data/venv/lib/python3.12/site-packages/oslo_service/backend/_threading/loopingcall.py:125}}
Jul 03 06:19:23.841582 np0000004376 nova-scheduler[96400]: DEBUG oslo.service.backend._threading.loopingcall [None req-f5a8e7f7-6242-4f7b-a093-0aadd1ecd72c None None] Dynamic interval looping call 'nova.service.Service.periodic_tasks' sleeping for 60.00 seconds {{(pid=96400) _run_loop /opt/stack/data/venv/lib/python3.12/site-packages/oslo_service/backend/_threading/loopingcall.py:125}}
Jul 03 06:19:50.841028 np0000004376 nova-scheduler[96402]: DEBUG oslo.service.backend._threading.loopingcall [None req-691dcb3f-9e36-46eb-9f10-c24a1ec98a50 None None] Dynamic interval looping call 'nova.service.Service.periodic_tasks' sleeping for 60.00 seconds {{(pid=96402) _run_loop /opt/stack/data/venv/lib/python3.12/site-packages/oslo_service/backend/_threading/loopingcall.py:125}}
Jul 03 06:20:06.845762 np0000004376 nova-scheduler[96413]: DEBUG oslo.service.backend._threading.loopingcall [None req-6383dcd5-22b4-4f94-889d-7692c9b921a7 None None] Dynamic interval looping call 'nova.service.Service.periodic_tasks' sleeping for 60.00 seconds {{(pid=96413) _run_loop /opt/stack/data/venv/lib/python3.12/site-packages/oslo_service/backend/_threading/loopingcall.py:125}}
Jul 03 06:20:06.850401 np0000004376 nova-scheduler[96404]: DEBUG oslo.service.backend._threading.loopingcall [None req-7f93cdf4-3a71-4516-9c4c-9aeb23f7a84a None None] Dynamic interval looping call 'nova.service.Service.periodic_tasks' sleeping for 60.00 seconds {{(pid=96404) _run_loop /opt/stack/data/venv/lib/python3.12/site-packages/oslo_service/backend/_threading/loopingcall.py:125}}
Jul 03 06:20:17.846219 np0000004376 nova-scheduler[96402]: DEBUG oslo.service.backend._threading.loopingcall [-] Fixed interval looping call 'nova.servicegroup.drivers.db.DbDriver._report_state' sleeping for 119.99 seconds {{(pid=96402) _run_loop /opt/stack/data/venv/lib/python3.12/site-packages/oslo_service/backend/_threading/loopingcall.py:125}}
Jul 03 06:20:17.847602 np0000004376 nova-scheduler[96400]: DEBUG oslo.service.backend._threading.loopingcall [-] Fixed interval looping call 'nova.servicegroup.drivers.db.DbDriver._report_state' sleeping for 119.99 seconds {{(pid=96400) _run_loop /opt/stack/data/venv/lib/python3.12/site-packages/oslo_service/backend/_threading/loopingcall.py:125}}
Jul 03 06:20:17.851592 np0000004376 nova-scheduler[96413]: DEBUG oslo.service.backend._threading.loopingcall [-] Fixed interval looping call 'nova.servicegroup.drivers.db.DbDriver._report_state' sleeping for 120.00 seconds {{(pid=96413) _run_loop /opt/stack/data/venv/lib/python3.12/site-packages/oslo_service/backend/_threading/loopingcall.py:125}}
Jul 03 06:20:17.853608 np0000004376 nova-scheduler[96404]: DEBUG oslo.service.backend._threading.loopingcall [-] Fixed interval looping call 'nova.servicegroup.drivers.db.DbDriver._report_state' sleeping for 120.00 seconds {{(pid=96404) _run_loop /opt/stack/data/venv/lib/python3.12/site-packages/oslo_service/backend/_threading/loopingcall.py:125}}
Jul 03 06:20:23.844906 np0000004376 nova-scheduler[96400]: DEBUG oslo.service.backend._threading.loopingcall [None req-f5a8e7f7-6242-4f7b-a093-0aadd1ecd72c None None] Dynamic interval looping call 'nova.service.Service.periodic_tasks' sleeping for 60.00 seconds {{(pid=96400) _run_loop /opt/stack/data/venv/lib/python3.12/site-packages/oslo_service/backend/_threading/loopingcall.py:125}}
Jul 03 06:20:24.393571 np0000004376 nova-scheduler[96400]: DEBUG nova.scheduler.manager [None req-6776fc7b-0e42-4181-bc97-c5086688ef24 tempest-AttachVolumeTestJSON-1648280302 tempest-AttachVolumeTestJSON-1648280302-project-member] Starting to schedule for instances: ['c8090b8d-5057-4beb-94f6-a67e387e2a9c'] {{(pid=96400) select_destinations /opt/stack/nova/nova/scheduler/manager.py:209}}
Jul 03 06:20:24.394215 np0000004376 nova-scheduler[96400]: DEBUG nova.scheduler.request_filter [None req-6776fc7b-0e42-4181-bc97-c5086688ef24 tempest-AttachVolumeTestJSON-1648280302 tempest-AttachVolumeTestJSON-1648280302-project-member] compute_status_filter request filter added forbidden trait COMPUTE_STATUS_DISABLED {{(pid=96400) compute_status_filter /opt/stack/nova/nova/scheduler/request_filter.py:253}}
Jul 03 06:20:24.394385 np0000004376 nova-scheduler[96400]: DEBUG nova.scheduler.request_filter [None req-6776fc7b-0e42-4181-bc97-c5086688ef24 tempest-AttachVolumeTestJSON-1648280302 tempest-AttachVolumeTestJSON-1648280302-project-member] Request filter 'compute_status_filter' took 0.0 seconds {{(pid=96400) wrapper /opt/stack/nova/nova/scheduler/request_filter.py:46}}
Jul 03 06:20:24.394728 np0000004376 nova-scheduler[96400]: DEBUG nova.scheduler.request_filter [None req-6776fc7b-0e42-4181-bc97-c5086688ef24 tempest-AttachVolumeTestJSON-1648280302 tempest-AttachVolumeTestJSON-1648280302-project-member] Request filter 'accelerators_filter' took 0.0 seconds {{(pid=96400) wrapper /opt/stack/nova/nova/scheduler/request_filter.py:46}}
Jul 03 06:20:24.394970 np0000004376 nova-scheduler[96400]: DEBUG nova.scheduler.request_filter [None req-6776fc7b-0e42-4181-bc97-c5086688ef24 tempest-AttachVolumeTestJSON-1648280302 tempest-AttachVolumeTestJSON-1648280302-project-member] Request filter 'packed_virtqueue_filter' took 0.0 seconds {{(pid=96400) wrapper /opt/stack/nova/nova/scheduler/request_filter.py:46}}
Jul 03 06:20:24.395618 np0000004376 nova-scheduler[96400]: DEBUG nova.scheduler.request_filter [None req-6776fc7b-0e42-4181-bc97-c5086688ef24 tempest-AttachVolumeTestJSON-1648280302 tempest-AttachVolumeTestJSON-1648280302-project-member] Request filter 'remote_managed_ports_filter' took 0.0 seconds {{(pid=96400) wrapper /opt/stack/nova/nova/scheduler/request_filter.py:46}}
Jul 03 06:20:24.395811 np0000004376 nova-scheduler[96400]: DEBUG nova.scheduler.request_filter [None req-6776fc7b-0e42-4181-bc97-c5086688ef24 tempest-AttachVolumeTestJSON-1648280302 tempest-AttachVolumeTestJSON-1648280302-project-member] ephemeral_encryption_filter skipped {{(pid=96400) ephemeral_encryption_filter /opt/stack/nova/nova/scheduler/request_filter.py:426}}
Jul 03 06:20:24.396243 np0000004376 nova-scheduler[96400]: DEBUG nova.scheduler.request_filter [None req-6776fc7b-0e42-4181-bc97-c5086688ef24 tempest-AttachVolumeTestJSON-1648280302 tempest-AttachVolumeTestJSON-1648280302-project-member] virtio_sound_filter skipped {{(pid=96400) virtio_sound_filter /opt/stack/nova/nova/scheduler/request_filter.py:460}}
Jul 03 06:20:24.396243 np0000004376 nova-scheduler[96400]: DEBUG nova.scheduler.request_filter [None req-6776fc7b-0e42-4181-bc97-c5086688ef24 tempest-AttachVolumeTestJSON-1648280302 tempest-AttachVolumeTestJSON-1648280302-project-member] tpm_secret_security_filter skipped {{(pid=96400) tpm_secret_security_filter /opt/stack/nova/nova/scheduler/request_filter.py:477}}
Jul 03 06:20:25.073678 np0000004376 nova-scheduler[96400]: INFO nova.utils [None req-6776fc7b-0e42-4181-bc97-c5086688ef24 tempest-AttachVolumeTestJSON-1648280302 tempest-AttachVolumeTestJSON-1648280302-project-member] The cell worker thread pool ForkProcess-1.cell_worker is initialized
Jul 03 06:20:25.074203 np0000004376 nova-scheduler[96400]: DEBUG oslo_concurrency.lockutils [None req-6776fc7b-0e42-4181-bc97-c5086688ef24 tempest-AttachVolumeTestJSON-1648280302 tempest-AttachVolumeTestJSON-1648280302-project-member] Acquiring lock "fc215831-4fb0-42a6-8792-ca01b5cd2975" by "nova.context.set_target_cell..get_or_set_cached_cell_and_set_connections" {{(pid=96400) inner /opt/stack/data/venv/lib/python3.12/site-packages/oslo_concurrency/lockutils.py:511}}
Jul 03 06:20:25.074879 np0000004376 nova-scheduler[96400]: DEBUG oslo_concurrency.lockutils [None req-6776fc7b-0e42-4181-bc97-c5086688ef24 tempest-AttachVolumeTestJSON-1648280302 tempest-AttachVolumeTestJSON-1648280302-project-member] Lock "fc215831-4fb0-42a6-8792-ca01b5cd2975" acquired by "nova.context.set_target_cell..get_or_set_cached_cell_and_set_connections" :: waited 0.000s {{(pid=96400) inner /opt/stack/data/venv/lib/python3.12/site-packages/oslo_concurrency/lockutils.py:524}}
Jul 03 06:20:25.076776 np0000004376 nova-scheduler[96400]: DEBUG oslo_concurrency.lockutils [None req-6776fc7b-0e42-4181-bc97-c5086688ef24 tempest-AttachVolumeTestJSON-1648280302 tempest-AttachVolumeTestJSON-1648280302-project-member] Lock "fc215831-4fb0-42a6-8792-ca01b5cd2975" "released" by "nova.context.set_target_cell..get_or_set_cached_cell_and_set_connections" :: held 0.002s {{(pid=96400) inner /opt/stack/data/venv/lib/python3.12/site-packages/oslo_concurrency/lockutils.py:543}}
Jul 03 06:20:25.078502 np0000004376 nova-scheduler[96400]: INFO dbcounter [None req-6776fc7b-0e42-4181-bc97-c5086688ef24 tempest-AttachVolumeTestJSON-1648280302 tempest-AttachVolumeTestJSON-1648280302-project-member] Registered counter for database nova_cell1
Jul 03 06:20:25.127594 np0000004376 nova-scheduler[96400]: DEBUG oslo_db.sqlalchemy.engines [None req-6776fc7b-0e42-4181-bc97-c5086688ef24 tempest-AttachVolumeTestJSON-1648280302 tempest-AttachVolumeTestJSON-1648280302-project-member] MySQL server mode set to STRICT_TRANS_TABLES,STRICT_ALL_TABLES,NO_ZERO_IN_DATE,NO_ZERO_DATE,ERROR_FOR_DIVISION_BY_ZERO,TRADITIONAL,NO_ENGINE_SUBSTITUTION {{(pid=96400) _check_effective_sql_mode /opt/stack/data/venv/lib/python3.12/site-packages/oslo_db/sqlalchemy/engines.py:325}}
Jul 03 06:20:25.133914 np0000004376 nova-scheduler[96400]: DEBUG dbcounter [-] [96400] Writer thread running {{(pid=96400) stat_writer /opt/stack/data/venv/lib/python3.12/site-packages/dbcounter.py:102}}
Jul 03 06:20:25.149395 np0000004376 nova-scheduler[96400]: DEBUG oslo_db.sqlalchemy.engines [None req-6776fc7b-0e42-4181-bc97-c5086688ef24 tempest-AttachVolumeTestJSON-1648280302 tempest-AttachVolumeTestJSON-1648280302-project-member] Parent process 95189 forked (96400) with an open database connection, which is being discarded and recreated. {{(pid=96400) checkout /opt/stack/data/venv/lib/python3.12/site-packages/oslo_db/sqlalchemy/engines.py:402}}
Jul 03 06:20:25.209636 np0000004376 nova-scheduler[96400]: DEBUG dbcounter [-] [96400] Writer thread running {{(pid=96400) stat_writer /opt/stack/data/venv/lib/python3.12/site-packages/dbcounter.py:102}}
Jul 03 06:20:25.213015 np0000004376 nova-scheduler[96400]: DEBUG oslo_concurrency.lockutils [None req-6776fc7b-0e42-4181-bc97-c5086688ef24 tempest-AttachVolumeTestJSON-1648280302 tempest-AttachVolumeTestJSON-1648280302-project-member] Acquiring lock "fc215831-4fb0-42a6-8792-ca01b5cd2975" by "nova.context.set_target_cell..get_or_set_cached_cell_and_set_connections" {{(pid=96400) inner /opt/stack/data/venv/lib/python3.12/site-packages/oslo_concurrency/lockutils.py:511}}
Jul 03 06:20:25.213216 np0000004376 nova-scheduler[96400]: DEBUG oslo_concurrency.lockutils [None req-6776fc7b-0e42-4181-bc97-c5086688ef24 tempest-AttachVolumeTestJSON-1648280302 tempest-AttachVolumeTestJSON-1648280302-project-member] Lock "fc215831-4fb0-42a6-8792-ca01b5cd2975" acquired by "nova.context.set_target_cell..get_or_set_cached_cell_and_set_connections" :: waited 0.000s {{(pid=96400) inner /opt/stack/data/venv/lib/python3.12/site-packages/oslo_concurrency/lockutils.py:524}}
Jul 03 06:20:25.213395 np0000004376 nova-scheduler[96400]: DEBUG oslo_concurrency.lockutils [None req-6776fc7b-0e42-4181-bc97-c5086688ef24 tempest-AttachVolumeTestJSON-1648280302 tempest-AttachVolumeTestJSON-1648280302-project-member] Lock "fc215831-4fb0-42a6-8792-ca01b5cd2975" "released" by "nova.context.set_target_cell..get_or_set_cached_cell_and_set_connections" :: held 0.000s {{(pid=96400) inner /opt/stack/data/venv/lib/python3.12/site-packages/oslo_concurrency/lockutils.py:543}}
Jul 03 06:20:25.218112 np0000004376 nova-scheduler[96400]: DEBUG oslo_concurrency.lockutils [None req-6776fc7b-0e42-4181-bc97-c5086688ef24 tempest-AttachVolumeTestJSON-1648280302 tempest-AttachVolumeTestJSON-1648280302-project-member] Acquiring lock "np0000004376-np0000004376" by "nova.scheduler.host_manager.HostState.update.._locked_update" {{(pid=96400) inner /opt/stack/data/venv/lib/python3.12/site-packages/oslo_concurrency/lockutils.py:511}}
Jul 03 06:20:25.218112 np0000004376 nova-scheduler[96400]: DEBUG oslo_concurrency.lockutils [None req-6776fc7b-0e42-4181-bc97-c5086688ef24 tempest-AttachVolumeTestJSON-1648280302 tempest-AttachVolumeTestJSON-1648280302-project-member] Lock "np0000004376-np0000004376" acquired by "nova.scheduler.host_manager.HostState.update.._locked_update" :: waited 0.000s {{(pid=96400) inner /opt/stack/data/venv/lib/python3.12/site-packages/oslo_concurrency/lockutils.py:524}}
Jul 03 06:20:25.219019 np0000004376 nova-scheduler[96400]: DEBUG nova.scheduler.host_manager [None req-6776fc7b-0e42-4181-bc97-c5086688ef24 tempest-AttachVolumeTestJSON-1648280302 tempest-AttachVolumeTestJSON-1648280302-project-member] Update host state from compute node: ComputeNode(cpu_allocation_ratio=4.0,cpu_info='{"arch": "x86_64", "model": "EPYC-Milan", "vendor": "AMD", "topology": {"cells": 1, "sockets": 16, "cores": 1, "threads": 1}, "maxphysaddr": {"mode": "emulate", "bits": 40}, "features": ["clflushopt", "wbnoinvd", "msr", "svm", "abm", "lbrv", "spec-ctrl", "pni", "rdpid", "xsaveopt", "fma", "mmx", "pat", "xgetbv1", "skip-l1dfl-vmentry", "bmi2", "gds-no", "movbe", "misalignsse", "fxsr_opt", "flushbyasid", "tsc_adjust", "pge", "cmp_legacy", "sse4a", "xsaveerptr", "xsavec", "pse", "pclmuldq", "pcid", "npt", "sse4.2", "ssse3", "mtrr", "rdrand", "pae", "sep", "ibrs", "pschange-mc-no", "arat", "cx16", "pku", "smep", "nrip-save", "rdctl-no", "aes", "clflush", "popcnt", "smap", "virt-ssbd", "arch-capabilities", "svme-addr-chk", "pse36", "pdpe1gb", "no-nested-data-bp", "rdseed", "fsgsbase", "fpu", "pause-filter", "bmi1", "ibpb", "tsc-deadline", "ssbd", "null-sel-clr-base", "perfctr_core", "cx8", "3dnowprefetch", "sse", "sha-ni", "hypervisor", "vmcb-clean", "stibp-always-on", "invpcid", "syscall", "amd-ssbd", "pfthreshold", "cmov", "vme", "lahf_lm", "mca", "x2apic", "mmxext", "tsc-scale", "adx", "nx", "mds-no", "avx", "sse2", "amd-stibp", "lm", "de", "lfence-always-serializing", "clzero", "fsrm", "v-vmsave-vmload", "umip", "xsave", "xsaves", "osvw", "rdtscp", "mce", "clwb", "sse4.1", "vaes", "stibp", "vgif", "topoext", "f16c", "cr8legacy", "fxsr", "apic", "erms", "avx2", "tsc", "amd-psfd", "vpclmulqdq"]}',created_at=2026-07-03T06:18:37Z,current_workload=0,deleted=False,deleted_at=None,disk_allocation_ratio=1.0,disk_available_least=75,free_disk_gb=95,free_ram_mb=63789,host='np0000004376',host_ip=10.4.3.243,hypervisor_hostname='np0000004376',hypervisor_type='QEMU',hypervisor_version=8002002,id=1,local_gb=95,local_gb_used=0,mapped=1,memory_mb=64301,memory_mb_used=512,metrics='[]',numa_topology='{"nova_object.name": "NUMATopology", "nova_object.namespace": "nova", "nova_object.version": "1.2", "nova_object.data": {"cells": [{"nova_object.name": "NUMACell", "nova_object.namespace": "nova", "nova_object.version": "1.5", "nova_object.data": {"id": 0, "cpuset": [0, 1, 2, 3, 4, 5, 6, 7, 8, 9, 10, 11, 12, 13, 14, 15], "pcpuset": [0, 1, 2, 3, 4, 5, 6, 7, 8, 9, 10, 11, 12, 13, 14, 15], "memory": 64301, "cpu_usage": 0, "memory_usage": 0, "pinned_cpus": [], "siblings": [[6], [12], [2], [15], [5], [11], [8], [14], [4], [1], [7], [10], [0], [13], [3], [9]], "mempages": [{"nova_object.name": "NUMAPagesTopology", "nova_object.namespace": "nova", "nova_object.version": "1.1", "nova_object.data": {"size_kb": 4, "total": 16461067, "used": 0, "reserved": 0}, "nova_object.changes": ["total", "reserved", "size_kb", "used"]}, {"nova_object.name": "NUMAPagesTopology", "nova_object.namespace": "nova", "nova_object.version": "1.1", "nova_object.data": {"size_kb": 2048, "total": 0, "used": 0, "reserved": 0}, "nova_object.changes": ["total", "reserved", "size_kb", "used"]}, {"nova_object.name": "NUMAPagesTopology", "nova_object.namespace": "nova", "nova_object.version": "1.1", "nova_object.data": {"size_kb": 1048576, "total": 0, "used": 0, "reserved": 0}, "nova_object.changes": ["total", "reserved", "size_kb", "used"]}], "network_metadata": {"nova_object.name": "NetworkMetadata", "nova_object.namespace": "nova", "nova_object.version": "1.0", "nova_object.data": {"physnets": [], "tunneled": false}, "nova_object.changes": ["tunneled", "physnets"]}, "socket": null}, "nova_object.changes": ["network_metadata", "pinned_cpus", "cpuset", "cpu_usage", "socket", "siblings", "memory", "mempages", "pcpuset", "id", "memory_usage"]}]}, "nova_object.changes": ["cells"]}',pci_device_pools=PciDevicePoolList,ram_allocation_ratio=1.0,running_vms=0,service_id=2,stats={failed_builds='0',uptime=' 06:19:20 up 24 min, 2 users, load average: 1.56, 1.40, 0.80
Jul 03 06:20:25.219019 np0000004376 nova-scheduler[96400]: '},supported_hv_specs=[HVSpec,HVSpec,HVSpec,HVSpec,HVSpec,HVSpec,HVSpec,HVSpec,HVSpec,HVSpec,HVSpec,HVSpec,HVSpec,HVSpec,HVSpec,HVSpec,HVSpec,HVSpec,HVSpec,HVSpec,HVSpec,HVSpec,HVSpec,HVSpec,HVSpec],updated_at=2026-07-03T06:19:23Z,uuid=9cb6962c-2f6a-4b90-aa4b-2872360306fc,vcpus=16,vcpus_used=0) {{(pid=96400) _locked_update /opt/stack/nova/nova/scheduler/host_manager.py:168}}
Jul 03 06:20:25.219990 np0000004376 nova-scheduler[96400]: DEBUG nova.scheduler.host_manager [None req-6776fc7b-0e42-4181-bc97-c5086688ef24 tempest-AttachVolumeTestJSON-1648280302 tempest-AttachVolumeTestJSON-1648280302-project-member] Update host state with aggregates: [] {{(pid=96400) _locked_update /opt/stack/nova/nova/scheduler/host_manager.py:171}}
Jul 03 06:20:25.220194 np0000004376 nova-scheduler[96400]: DEBUG nova.scheduler.host_manager [None req-6776fc7b-0e42-4181-bc97-c5086688ef24 tempest-AttachVolumeTestJSON-1648280302 tempest-AttachVolumeTestJSON-1648280302-project-member] Update host state with service dict: {'id': 2, 'uuid': '773a49cd-acde-47dd-baed-ac1a08042cd8', 'host': 'np0000004376', 'binary': 'nova-compute', 'topic': 'compute', 'report_count': 1, 'disabled': False, 'disabled_reason': None, 'last_seen_up': datetime.datetime(2026, 7, 3, 6, 18, 46, tzinfo=datetime.timezone.utc), 'forced_down': False, 'version': 72, 'created_at': datetime.datetime(2026, 7, 3, 6, 18, 36, tzinfo=datetime.timezone.utc), 'updated_at': datetime.datetime(2026, 7, 3, 6, 18, 46, tzinfo=datetime.timezone.utc), 'deleted_at': None, 'deleted': False} {{(pid=96400) _locked_update /opt/stack/nova/nova/scheduler/host_manager.py:174}}
Jul 03 06:20:25.220347 np0000004376 nova-scheduler[96400]: DEBUG nova.scheduler.host_manager [None req-6776fc7b-0e42-4181-bc97-c5086688ef24 tempest-AttachVolumeTestJSON-1648280302 tempest-AttachVolumeTestJSON-1648280302-project-member] Update host state with instances: [] {{(pid=96400) _locked_update /opt/stack/nova/nova/scheduler/host_manager.py:177}}
