Jul 03 06:17:47.768533 np0000004376 devstack@neutron-api.service[90535]: DEBUG neutron.api.extensions [None req-50f6d594-ecdd-49e6-a935-e66467b6e812 None None] Ext name="Normalized CIDR field for security group rules" alias="security-groups-normalized-cidr" description="Add new field with normalized remote_ip_prefix cidr in SG rule" updated="2020-07-28T10:00:00-00:00" {{(pid=90535) _check_extension /opt/stack/neutron/neutron/api/extensions.py:415}}
Jul 03 06:17:47.768533 np0000004376 devstack@neutron-api.service[90535]: INFO neutron.api.extensions [None req-50f6d594-ecdd-49e6-a935-e66467b6e812 None None] Loaded extension: security-groups-normalized-cidr
Jul 03 06:17:47.768533 np0000004376 devstack@neutron-api.service[90535]: DEBUG neutron.api.extensions [None req-50f6d594-ecdd-49e6-a935-e66467b6e812 None None] Loading extension file: security_groups_port_filtering.py {{(pid=90535) _load_all_extensions_from_path /opt/stack/neutron/neutron/api/extensions.py:449}}
Jul 03 06:17:47.768669 np0000004376 devstack@neutron-api.service[90537]: DEBUG neutron.api.extensions [None req-c52d44a1-ce9c-49d7-8459-2c3437ae4862 None None] Ext name="Tag support for resources with standard attribute: port, subnet, subnetpool, network, security_group, router, floatingip, policy, trunk, network_segment_range" alias="standard-attr-tag" description="Enables to set tag on resources with standard attribute." updated="2017-01-01T00:00:00-00:00" {{(pid=90537) _check_extension /opt/stack/neutron/neutron/api/extensions.py:415}}
Jul 03 06:17:47.768669 np0000004376 devstack@neutron-api.service[90537]: INFO neutron.api.extensions [None req-c52d44a1-ce9c-49d7-8459-2c3437ae4862 None None] Loaded extension: standard-attr-tag
Jul 03 06:17:47.768817 np0000004376 devstack@neutron-api.service[90535]: DEBUG neutron.api.extensions [None req-50f6d594-ecdd-49e6-a935-e66467b6e812 None None] Ext name="Port filtering on security groups" alias="port-security-groups-filtering" description="Provides security groups filtering when listing ports" updated="2018-01-09T09:00:00-00:00" {{(pid=90535) _check_extension /opt/stack/neutron/neutron/api/extensions.py:415}}
Jul 03 06:17:47.768891 np0000004376 devstack@neutron-api.service[90537]: DEBUG neutron.api.extensions [None req-c52d44a1-ce9c-49d7-8459-2c3437ae4862 None None] Loading extension file: timestamp.py {{(pid=90537) _load_all_extensions_from_path /opt/stack/neutron/neutron/api/extensions.py:449}}
Jul 03 06:17:47.768962 np0000004376 devstack@neutron-api.service[90534]: DEBUG neutron.api.extensions [None req-42aad46c-3a92-4cbc-9002-3a6657a49fa9 None None] Extended resource: quotas {{(pid=90534) __init__ /opt/stack/neutron/neutron/api/extensions.py:156}}
Jul 03 06:17:47.769046 np0000004376 devstack@neutron-api.service[90535]: INFO neutron.api.extensions [None req-50f6d594-ecdd-49e6-a935-e66467b6e812 None None] Extension port-security-groups-filtering not supported by any of loaded plugins
Jul 03 06:17:47.769046 np0000004376 devstack@neutron-api.service[90535]: DEBUG neutron.api.extensions [None req-50f6d594-ecdd-49e6-a935-e66467b6e812 None None] Loading extension file: security_groups_remote_address_group.py {{(pid=90535) _load_all_extensions_from_path /opt/stack/neutron/neutron/api/extensions.py:449}}
Jul 03 06:17:47.769157 np0000004376 devstack@neutron-api.service[90537]: DEBUG neutron.api.extensions [None req-c52d44a1-ce9c-49d7-8459-2c3437ae4862 None None] Ext name="Resource timestamps" alias="standard-attr-timestamp" description="Adds created_at and updated_at fields to all Neutron resources that have Neutron standard attributes." updated="2016-09-12T10:00:00-00:00" {{(pid=90537) _check_extension /opt/stack/neutron/neutron/api/extensions.py:415}}
Jul 03 06:17:47.769246 np0000004376 devstack@neutron-api.service[90535]: DEBUG neutron.api.extensions [None req-50f6d594-ecdd-49e6-a935-e66467b6e812 None None] Ext name="Remote address group id field for security group rules" alias="security-groups-remote-address-group" description="Add new field of remote address group id in SG rules" updated="2020-08-25T10:00:00-00:00" {{(pid=90535) _check_extension /opt/stack/neutron/neutron/api/extensions.py:415}}
Jul 03 06:17:47.769322 np0000004376 devstack@neutron-api.service[90537]: INFO neutron.api.extensions [None req-c52d44a1-ce9c-49d7-8459-2c3437ae4862 None None] Loaded extension: standard-attr-timestamp
Jul 03 06:17:47.769322 np0000004376 devstack@neutron-api.service[90537]: DEBUG neutron.api.extensions [None req-c52d44a1-ce9c-49d7-8459-2c3437ae4862 None None] Loading extension file: trunk.py {{(pid=90537) _load_all_extensions_from_path /opt/stack/neutron/neutron/api/extensions.py:449}}
Jul 03 06:17:47.769466 np0000004376 devstack@neutron-api.service[90535]: INFO neutron.api.extensions [None req-50f6d594-ecdd-49e6-a935-e66467b6e812 None None] Loaded extension: security-groups-remote-address-group
Jul 03 06:17:47.769466 np0000004376 devstack@neutron-api.service[90535]: DEBUG neutron.api.extensions [None req-50f6d594-ecdd-49e6-a935-e66467b6e812 None None] Loading extension file: security_groups_rules_belongs_to_default_sg.py {{(pid=90535) _load_all_extensions_from_path /opt/stack/neutron/neutron/api/extensions.py:449}}
Jul 03 06:17:47.769570 np0000004376 devstack@neutron-api.service[90537]: DEBUG neutron.api.extensions [None req-c52d44a1-ce9c-49d7-8459-2c3437ae4862 None None] Ext name="Trunk Extension" alias="trunk" description="Provides support for trunk ports" updated="2016-01-01T10:00:00-00:00" {{(pid=90537) _check_extension /opt/stack/neutron/neutron/api/extensions.py:415}}
Jul 03 06:17:47.769570 np0000004376 devstack@neutron-api.service[90537]: INFO neutron.api.extensions [None req-c52d44a1-ce9c-49d7-8459-2c3437ae4862 None None] Extension trunk not supported by any of loaded plugins
Jul 03 06:17:47.769570 np0000004376 devstack@neutron-api.service[90537]: DEBUG neutron.api.extensions [None req-c52d44a1-ce9c-49d7-8459-2c3437ae4862 None None] Loading extension file: trunk_details.py {{(pid=90537) _load_all_extensions_from_path /opt/stack/neutron/neutron/api/extensions.py:449}}
Jul 03 06:17:47.769715 np0000004376 devstack@neutron-api.service[90535]: DEBUG neutron.api.extensions [None req-50f6d594-ecdd-49e6-a935-e66467b6e812 None None] Ext name="Security group rule belongs to the project's default security group" alias="security-groups-rules-belongs-to-default-sg" description="Flag to determine if the security group rule belongs to the project's default security group" updated="2023-05-23T10:00:00-00:00" {{(pid=90535) _check_extension /opt/stack/neutron/neutron/api/extensions.py:415}}
Jul 03 06:17:47.769814 np0000004376 devstack@neutron-api.service[90537]: DEBUG neutron.api.extensions [None req-c52d44a1-ce9c-49d7-8459-2c3437ae4862 None None] Ext name="Trunk port details" alias="trunk-details" description="Expose trunk port details" updated="2016-01-01T10:00:00-00:00" {{(pid=90537) _check_extension /opt/stack/neutron/neutron/api/extensions.py:415}}
Jul 03 06:17:47.769889 np0000004376 devstack@neutron-api.service[90535]: INFO neutron.api.extensions [None req-50f6d594-ecdd-49e6-a935-e66467b6e812 None None] Loaded extension: security-groups-rules-belongs-to-default-sg
Jul 03 06:17:47.769889 np0000004376 devstack@neutron-api.service[90535]: DEBUG neutron.api.extensions [None req-50f6d594-ecdd-49e6-a935-e66467b6e812 None None] Loading extension file: security_groups_shared_filtering.py {{(pid=90535) _load_all_extensions_from_path /opt/stack/neutron/neutron/api/extensions.py:449}}
Jul 03 06:17:47.770283 np0000004376 devstack@neutron-api.service[90537]: INFO neutron.api.extensions [None req-c52d44a1-ce9c-49d7-8459-2c3437ae4862 None None] Extension trunk-details not supported by any of loaded plugins
Jul 03 06:17:47.770283 np0000004376 devstack@neutron-api.service[90537]: DEBUG neutron.api.extensions [None req-c52d44a1-ce9c-49d7-8459-2c3437ae4862 None None] Loading extension file: uplink_status_propagation.py {{(pid=90537) _load_all_extensions_from_path /opt/stack/neutron/neutron/api/extensions.py:449}}
Jul 03 06:17:47.770444 np0000004376 devstack@neutron-api.service[90534]: DEBUG neutron.api.extensions [None req-42aad46c-3a92-4cbc-9002-3a6657a49fa9 None None] Extended resource: rbac-policies {{(pid=90534) __init__ /opt/stack/neutron/neutron/api/extensions.py:156}}
Jul 03 06:17:47.770519 np0000004376 devstack@neutron-api.service[90535]: DEBUG neutron.api.extensions [None req-50f6d594-ecdd-49e6-a935-e66467b6e812 None None] Ext name="Security group filtering on the shared field" alias="security-groups-shared-filtering" description="Support filtering security groups on the shared field" updated="2021-10-05T09:00:00-00:00" {{(pid=90535) _check_extension /opt/stack/neutron/neutron/api/extensions.py:415}}
Jul 03 06:17:47.770588 np0000004376 devstack@neutron-api.service[90537]: DEBUG neutron.api.extensions [None req-c52d44a1-ce9c-49d7-8459-2c3437ae4862 None None] Ext name="Uplink status propagation extension" alias="uplink-status-propagation" description="Provides ability to propagate port uplink status." updated="2018-05-31T18:00:00-00:00" {{(pid=90537) _check_extension /opt/stack/neutron/neutron/api/extensions.py:415}}
Jul 03 06:17:47.770663 np0000004376 devstack@neutron-api.service[90535]: INFO neutron.api.extensions [None req-50f6d594-ecdd-49e6-a935-e66467b6e812 None None] Loaded extension: security-groups-shared-filtering
Jul 03 06:17:47.770663 np0000004376 devstack@neutron-api.service[90535]: DEBUG neutron.api.extensions [None req-50f6d594-ecdd-49e6-a935-e66467b6e812 None None] Loading extension file: securitygroup.py {{(pid=90535) _load_all_extensions_from_path /opt/stack/neutron/neutron/api/extensions.py:449}}
Jul 03 06:17:47.770810 np0000004376 devstack@neutron-api.service[90537]: INFO neutron.api.extensions [None req-c52d44a1-ce9c-49d7-8459-2c3437ae4862 None None] Extension uplink-status-propagation not supported by any of loaded plugins
Jul 03 06:17:47.770810 np0000004376 devstack@neutron-api.service[90537]: DEBUG neutron.api.extensions [None req-c52d44a1-ce9c-49d7-8459-2c3437ae4862 None None] Loading extension file: uplink_status_propagation_updatable.py {{(pid=90537) _load_all_extensions_from_path /opt/stack/neutron/neutron/api/extensions.py:449}}
Jul 03 06:17:47.770908 np0000004376 devstack@neutron-api.service[90534]: DEBUG neutron.api.extensions [None req-42aad46c-3a92-4cbc-9002-3a6657a49fa9 None None] Extended resource: default-security-group-rules {{(pid=90534) __init__ /opt/stack/neutron/neutron/api/extensions.py:156}}
Jul 03 06:17:47.770992 np0000004376 devstack@neutron-api.service[90537]: DEBUG neutron.api.extensions [None req-c52d44a1-ce9c-49d7-8459-2c3437ae4862 None None] Ext name="Uplink status propagation updatable extension" alias="uplink-status-propagation-updatable" description="Provides ability to update the port uplink status." updated="2024-09-03T18:00:00-00:00" {{(pid=90537) _check_extension /opt/stack/neutron/neutron/api/extensions.py:415}}
Jul 03 06:17:47.770992 np0000004376 devstack@neutron-api.service[90537]: INFO neutron.api.extensions [None req-c52d44a1-ce9c-49d7-8459-2c3437ae4862 None None] Extension uplink-status-propagation-updatable not supported by any of loaded plugins
Jul 03 06:17:47.770992 np0000004376 devstack@neutron-api.service[90537]: DEBUG neutron.api.extensions [None req-c52d44a1-ce9c-49d7-8459-2c3437ae4862 None None] Loading extension file: vlantransparent.py {{(pid=90537) _load_all_extensions_from_path /opt/stack/neutron/neutron/api/extensions.py:449}}
Jul 03 06:17:47.771126 np0000004376 devstack@neutron-api.service[90534]: DEBUG neutron.api.extensions [None req-42aad46c-3a92-4cbc-9002-3a6657a49fa9 None None] Extended resource: security-groups-default-statefulness {{(pid=90534) __init__ /opt/stack/neutron/neutron/api/extensions.py:156}}
Jul 03 06:17:47.771463 np0000004376 devstack@neutron-api.service[90537]: DEBUG neutron.api.extensions [None req-c52d44a1-ce9c-49d7-8459-2c3437ae4862 None None] Ext name="Vlantransparent" alias="vlan-transparent" description="Provides Vlan Transparent Networks" updated="2015-03-23T09:00:00-00:00" {{(pid=90537) _check_extension /opt/stack/neutron/neutron/api/extensions.py:415}}
Jul 03 06:17:47.771463 np0000004376 devstack@neutron-api.service[90537]: INFO neutron.api.extensions [None req-c52d44a1-ce9c-49d7-8459-2c3437ae4862 None None] Loaded extension: vlan-transparent
Jul 03 06:17:47.771613 np0000004376 devstack@neutron-api.service[90534]: DEBUG neutron.api.extensions [None req-42aad46c-3a92-4cbc-9002-3a6657a49fa9 None None] Extended resource: security-groups {{(pid=90534) __init__ /opt/stack/neutron/neutron/api/extensions.py:156}}
Jul 03 06:17:47.771685 np0000004376 devstack@neutron-api.service[90535]: DEBUG neutron.api.extensions [None req-50f6d594-ecdd-49e6-a935-e66467b6e812 None None] Ext name="security-group" alias="security-group" description="The security groups extension." updated="2012-10-05T10:00:00-00:00" {{(pid=90535) _check_extension /opt/stack/neutron/neutron/api/extensions.py:415}}
Jul 03 06:17:47.771685 np0000004376 devstack@neutron-api.service[90535]: INFO neutron.api.extensions [None req-50f6d594-ecdd-49e6-a935-e66467b6e812 None None] Loaded extension: security-group
Jul 03 06:17:47.771685 np0000004376 devstack@neutron-api.service[90535]: DEBUG neutron.api.extensions [None req-50f6d594-ecdd-49e6-a935-e66467b6e812 None None] Loading extension file: segment.py {{(pid=90535) _load_all_extensions_from_path /opt/stack/neutron/neutron/api/extensions.py:449}}
Jul 03 06:17:47.772123 np0000004376 devstack@neutron-api.service[90534]: DEBUG neutron.api.extensions [None req-42aad46c-3a92-4cbc-9002-3a6657a49fa9 None None] Extended resource: security-group-rules {{(pid=90534) __init__ /opt/stack/neutron/neutron/api/extensions.py:156}}
Jul 03 06:17:47.772238 np0000004376 devstack@neutron-api.service[90535]: DEBUG neutron.api.extensions [None req-50f6d594-ecdd-49e6-a935-e66467b6e812 None None] Ext name="Segment" alias="segment" description="Segments extension." updated="2016-02-24T17:00:00-00:00" {{(pid=90535) _check_extension /opt/stack/neutron/neutron/api/extensions.py:415}}
Jul 03 06:17:47.772238 np0000004376 devstack@neutron-api.service[90535]: INFO neutron.api.extensions [None req-50f6d594-ecdd-49e6-a935-e66467b6e812 None None] Extension segment not supported by any of loaded plugins
Jul 03 06:17:47.772371 np0000004376 devstack@neutron-api.service[90534]: DEBUG neutron.api.extensions [None req-42aad46c-3a92-4cbc-9002-3a6657a49fa9 None None] Extended resource: service-providers {{(pid=90534) __init__ /opt/stack/neutron/neutron/api/extensions.py:156}}
Jul 03 06:17:47.772442 np0000004376 devstack@neutron-api.service[90535]: DEBUG neutron.api.extensions [None req-50f6d594-ecdd-49e6-a935-e66467b6e812 None None] Loading extension file: segments_peer_subnet_host_routes.py {{(pid=90535) _load_all_extensions_from_path /opt/stack/neutron/neutron/api/extensions.py:449}}
Jul 03 06:17:47.772514 np0000004376 devstack@neutron-api.service[90537]: INFO neutron.quota.resource_registry [None req-c52d44a1-ce9c-49d7-8459-2c3437ae4862 None None] Creating instance of TrackedResource for resource:network
Jul 03 06:17:47.772584 np0000004376 devstack@neutron-api.service[90535]: DEBUG neutron.api.extensions [None req-50f6d594-ecdd-49e6-a935-e66467b6e812 None None] Ext name="Segments peer-subnet host routes" alias="segments-peer-subnet-host-routes" description="Add host routes to subnets on a routed network (segments)" updated="2018-06-12T10:00:00-00:00" {{(pid=90535) _check_extension /opt/stack/neutron/neutron/api/extensions.py:415}}
Jul 03 06:17:47.772655 np0000004376 devstack@neutron-api.service[90537]: INFO neutron.quota.resource_registry [None req-c52d44a1-ce9c-49d7-8459-2c3437ae4862 None None] Creating instance of TrackedResource for resource:subnet
Jul 03 06:17:47.772753 np0000004376 devstack@neutron-api.service[90535]: INFO neutron.api.extensions [None req-50f6d594-ecdd-49e6-a935-e66467b6e812 None None] Extension segments-peer-subnet-host-routes not supported by any of loaded plugins
Jul 03 06:17:47.772878 np0000004376 devstack@neutron-api.service[90537]: INFO neutron.quota.resource_registry [None req-c52d44a1-ce9c-49d7-8459-2c3437ae4862 None None] Creating instance of TrackedResource for resource:subnetpool
Jul 03 06:17:47.772951 np0000004376 devstack@neutron-api.service[90534]: DEBUG neutron.api.extensions [None req-42aad46c-3a92-4cbc-9002-3a6657a49fa9 None None] Extended resource: subnetpools {{(pid=90534) __init__ /opt/stack/neutron/neutron/api/extensions.py:156}}
Jul 03 06:17:47.773032 np0000004376 devstack@neutron-api.service[90535]: DEBUG neutron.api.extensions [None req-50f6d594-ecdd-49e6-a935-e66467b6e812 None None] Loading extension file: servicetype.py {{(pid=90535) _load_all_extensions_from_path /opt/stack/neutron/neutron/api/extensions.py:449}}
Jul 03 06:17:47.773104 np0000004376 devstack@neutron-api.service[90537]: INFO neutron.quota.resource_registry [None req-c52d44a1-ce9c-49d7-8459-2c3437ae4862 None None] Creating instance of TrackedResource for resource:port
Jul 03 06:17:47.773175 np0000004376 devstack@neutron-api.service[90535]: DEBUG neutron.api.extensions [None req-50f6d594-ecdd-49e6-a935-e66467b6e812 None None] Ext name="Neutron Service Type Management" alias="service-type" description="API for retrieving service providers for Neutron advanced services" updated="2013-01-20T00:00:00-00:00" {{(pid=90535) _check_extension /opt/stack/neutron/neutron/api/extensions.py:415}}
Jul 03 06:17:47.773248 np0000004376 devstack@neutron-api.service[90534]: DEBUG neutron.api.extensions [None req-42aad46c-3a92-4cbc-9002-3a6657a49fa9 None None] Extended resource: subnetpools {{(pid=90534) __init__ /opt/stack/neutron/neutron/api/extensions.py:156}}
Jul 03 06:17:47.773436 np0000004376 devstack@neutron-api.service[90535]: INFO neutron.api.extensions [None req-50f6d594-ecdd-49e6-a935-e66467b6e812 None None] Loaded extension: service-type
Jul 03 06:17:47.773436 np0000004376 devstack@neutron-api.service[90535]: DEBUG neutron.api.extensions [None req-50f6d594-ecdd-49e6-a935-e66467b6e812 None None] Loading extension file: sorting.py {{(pid=90535) _load_all_extensions_from_path /opt/stack/neutron/neutron/api/extensions.py:449}}
Jul 03 06:17:47.773436 np0000004376 devstack@neutron-api.service[90535]: DEBUG neutron.api.extensions [None req-50f6d594-ecdd-49e6-a935-e66467b6e812 None None] Ext name="Sorting support" alias="sorting" description="Extension that indicates that sorting is enabled." updated="2016-06-12T00:00:00-00:00" {{(pid=90535) _check_extension /opt/stack/neutron/neutron/api/extensions.py:415}}
Jul 03 06:17:47.773436 np0000004376 devstack@neutron-api.service[90535]: INFO neutron.api.extensions [None req-50f6d594-ecdd-49e6-a935-e66467b6e812 None None] Loaded extension: sorting
Jul 03 06:17:47.773595 np0000004376 devstack@neutron-api.service[90534]: DEBUG neutron.api.extensions [None req-42aad46c-3a92-4cbc-9002-3a6657a49fa9 None None] Extended resource: tags {{(pid=90534) __init__ /opt/stack/neutron/neutron/api/extensions.py:156}}
Jul 03 06:17:47.773701 np0000004376 devstack@neutron-api.service[90535]: DEBUG neutron.api.extensions [None req-50f6d594-ecdd-49e6-a935-e66467b6e812 None None] Loading extension file: standard_attr_segment.py {{(pid=90535) _load_all_extensions_from_path /opt/stack/neutron/neutron/api/extensions.py:449}}
Jul 03 06:17:47.773701 np0000004376 devstack@neutron-api.service[90535]: DEBUG neutron.api.extensions [None req-50f6d594-ecdd-49e6-a935-e66467b6e812 None None] Ext name="Standard Attribute Segment Extension" alias="standard-attr-segment" description="Add standard attributes to Segment resource" updated="2018-04-09T10:00:00-00:00" {{(pid=90535) _check_extension /opt/stack/neutron/neutron/api/extensions.py:415}}
Jul 03 06:17:47.773824 np0000004376 devstack@neutron-api.service[90537]: INFO neutron.quota.resource_registry [None req-c52d44a1-ce9c-49d7-8459-2c3437ae4862 None None] Creating instance of CountableResource for resource:router_route
Jul 03 06:17:47.773905 np0000004376 devstack@neutron-api.service[90535]: INFO neutron.api.extensions [None req-50f6d594-ecdd-49e6-a935-e66467b6e812 None None] Extension standard-attr-segment not supported by any of loaded plugins
Jul 03 06:17:47.773905 np0000004376 devstack@neutron-api.service[90535]: DEBUG neutron.api.extensions [None req-50f6d594-ecdd-49e6-a935-e66467b6e812 None None] Loading extension file: standardattrdescription.py {{(pid=90535) _load_all_extensions_from_path /opt/stack/neutron/neutron/api/extensions.py:449}}
Jul 03 06:17:47.774014 np0000004376 devstack@neutron-api.service[90537]: DEBUG neutron.api.v2.resource_helper [None req-c52d44a1-ce9c-49d7-8459-2c3437ae4862 None None] Service L3_ROUTER_NAT assigned prefix: {{(pid=90537) build_resource_info /opt/stack/neutron/neutron/api/v2/resource_helper.py:77}}
Jul 03 06:17:47.774096 np0000004376 devstack@neutron-api.service[90534]: DEBUG neutron.api.extensions [None req-42aad46c-3a92-4cbc-9002-3a6657a49fa9 None None] Extended resource: tags {{(pid=90534) __init__ /opt/stack/neutron/neutron/api/extensions.py:156}}
Jul 03 06:17:47.774170 np0000004376 devstack@neutron-api.service[90535]: DEBUG neutron.api.extensions [None req-50f6d594-ecdd-49e6-a935-e66467b6e812 None None] Ext name="standard-attr-description" alias="standard-attr-description" description="Extension to add descriptions to standard attributes" updated="2016-02-10T10:00:00-00:00" {{(pid=90535) _check_extension /opt/stack/neutron/neutron/api/extensions.py:415}}
Jul 03 06:17:47.774242 np0000004376 devstack@neutron-api.service[90537]: DEBUG neutron.api.v2.resource_helper [None req-c52d44a1-ce9c-49d7-8459-2c3437ae4862 None None] Service FLAVORS assigned prefix: {{(pid=90537) build_resource_info /opt/stack/neutron/neutron/api/v2/resource_helper.py:77}}
Jul 03 06:17:47.774314 np0000004376 devstack@neutron-api.service[90535]: INFO neutron.api.extensions [None req-50f6d594-ecdd-49e6-a935-e66467b6e812 None None] Loaded extension: standard-attr-description
Jul 03 06:17:47.774314 np0000004376 devstack@neutron-api.service[90535]: DEBUG neutron.api.extensions [None req-50f6d594-ecdd-49e6-a935-e66467b6e812 None None] Loading extension file: stateful_security_group.py {{(pid=90535) _load_all_extensions_from_path /opt/stack/neutron/neutron/api/extensions.py:449}}
Jul 03 06:17:47.774314 np0000004376 devstack@neutron-api.service[90535]: DEBUG neutron.api.extensions [None req-50f6d594-ecdd-49e6-a935-e66467b6e812 None None] Ext name="Stateful security group" alias="stateful-security-group" description="Indicates if the security group is stateful or not" updated="2019-11-26T09:00:00-00:00" {{(pid=90535) _check_extension /opt/stack/neutron/neutron/api/extensions.py:415}}
Jul 03 06:17:47.774453 np0000004376 devstack@neutron-api.service[90534]: DEBUG neutron.api.extensions [None req-42aad46c-3a92-4cbc-9002-3a6657a49fa9 None None] Extended resource: tags {{(pid=90534) __init__ /opt/stack/neutron/neutron/api/extensions.py:156}}
Jul 03 06:17:47.774526 np0000004376 devstack@neutron-api.service[90535]: INFO neutron.api.extensions [None req-50f6d594-ecdd-49e6-a935-e66467b6e812 None None] Loaded extension: stateful-security-group
Jul 03 06:17:47.774526 np0000004376 devstack@neutron-api.service[90535]: DEBUG neutron.api.extensions [None req-50f6d594-ecdd-49e6-a935-e66467b6e812 None None] Loading extension file: stdattrs_common.py {{(pid=90535) _load_all_extensions_from_path /opt/stack/neutron/neutron/api/extensions.py:449}}
Jul 03 06:17:47.774636 np0000004376 devstack@neutron-api.service[90537]: DEBUG neutron.api.v2.resource_helper [None req-c52d44a1-ce9c-49d7-8459-2c3437ae4862 None None] Service L3_ROUTER_NAT assigned prefix: {{(pid=90537) build_resource_info /opt/stack/neutron/neutron/api/v2/resource_helper.py:77}}
Jul 03 06:17:47.774729 np0000004376 devstack@neutron-api.service[90535]: WARNING neutron.api.extensions [None req-50f6d594-ecdd-49e6-a935-e66467b6e812 None None] Did not find expected name "Stdattrs_common" in /opt/stack/neutron/neutron/extensions/stdattrs_common.py
Jul 03 06:17:47.774729 np0000004376 devstack@neutron-api.service[90535]: DEBUG neutron.api.extensions [None req-50f6d594-ecdd-49e6-a935-e66467b6e812 None None] Loading extension file: subnet_dns_publish_fixed_ip.py {{(pid=90535) _load_all_extensions_from_path /opt/stack/neutron/neutron/api/extensions.py:449}}
Jul 03 06:17:47.774826 np0000004376 devstack@neutron-api.service[90534]: DEBUG neutron.api.extensions [None req-42aad46c-3a92-4cbc-9002-3a6657a49fa9 None None] Extended resource: tags {{(pid=90534) __init__ /opt/stack/neutron/neutron/api/extensions.py:156}}
Jul 03 06:17:47.774897 np0000004376 devstack@neutron-api.service[90535]: DEBUG neutron.api.extensions [None req-50f6d594-ecdd-49e6-a935-e66467b6e812 None None] Ext name="Subnet DNS publish fixed IP" alias="subnet-dns-publish-fixed-ip" description="Support choosing to publish DNS records for IPs from a subnet" updated="2019-05-24T10:00:00-00:00" {{(pid=90535) _check_extension /opt/stack/neutron/neutron/api/extensions.py:415}}
Jul 03 06:17:47.774977 np0000004376 devstack@neutron-api.service[90537]: DEBUG neutron.api.v2.resource_helper [None req-c52d44a1-ce9c-49d7-8459-2c3437ae4862 None None] Service L3_ROUTER_NAT assigned prefix: {{(pid=90537) build_resource_info /opt/stack/neutron/neutron/api/v2/resource_helper.py:77}}
Jul 03 06:17:47.774977 np0000004376 devstack@neutron-api.service[90537]: INFO neutron.quota.resource_registry [None req-c52d44a1-ce9c-49d7-8459-2c3437ae4862 None None] Creating instance of TrackedResource for resource:router
Jul 03 06:17:47.775080 np0000004376 devstack@neutron-api.service[90535]: INFO neutron.api.extensions [None req-50f6d594-ecdd-49e6-a935-e66467b6e812 None None] Loaded extension: subnet-dns-publish-fixed-ip
Jul 03 06:17:47.775080 np0000004376 devstack@neutron-api.service[90535]: DEBUG neutron.api.extensions [None req-50f6d594-ecdd-49e6-a935-e66467b6e812 None None] Loading extension file: subnet_external_network.py {{(pid=90535) _load_all_extensions_from_path /opt/stack/neutron/neutron/api/extensions.py:449}}
Jul 03 06:17:47.775189 np0000004376 devstack@neutron-api.service[90534]: DEBUG neutron.api.extensions [None req-42aad46c-3a92-4cbc-9002-3a6657a49fa9 None None] Extended resource: tags {{(pid=90534) __init__ /opt/stack/neutron/neutron/api/extensions.py:156}}
Jul 03 06:17:47.775261 np0000004376 devstack@neutron-api.service[90535]: DEBUG neutron.api.extensions [None req-50f6d594-ecdd-49e6-a935-e66467b6e812 None None] Ext name="Subnet belongs to an external network" alias="subnet-external-network" description="Informs if the subnet belongs to an external network" updated="2024-02-05T18:00:00-00:00" {{(pid=90535) _check_extension /opt/stack/neutron/neutron/api/extensions.py:415}}
Jul 03 06:17:47.775333 np0000004376 devstack@neutron-api.service[90537]: INFO neutron.quota.resource_registry [None req-c52d44a1-ce9c-49d7-8459-2c3437ae4862 None None] Creating instance of TrackedResource for resource:floatingip
Jul 03 06:17:47.775413 np0000004376 devstack@neutron-api.service[90535]: INFO neutron.api.extensions [None req-50f6d594-ecdd-49e6-a935-e66467b6e812 None None] Loaded extension: subnet-external-network
Jul 03 06:17:47.775413 np0000004376 devstack@neutron-api.service[90535]: DEBUG neutron.api.extensions [None req-50f6d594-ecdd-49e6-a935-e66467b6e812 None None] Loading extension file: subnet_onboard.py {{(pid=90535) _load_all_extensions_from_path /opt/stack/neutron/neutron/api/extensions.py:449}}
Jul 03 06:17:47.775413 np0000004376 devstack@neutron-api.service[90535]: DEBUG neutron.api.extensions [None req-50f6d594-ecdd-49e6-a935-e66467b6e812 None None] Ext name="Subnet Onboard" alias="subnet_onboard" description="Provides support for onboarding subnets into subnet pools" updated="2018-12-18T09:00:00-00:00" {{(pid=90535) _check_extension /opt/stack/neutron/neutron/api/extensions.py:415}}
Jul 03 06:17:47.775544 np0000004376 devstack@neutron-api.service[90534]: DEBUG neutron.api.extensions [None req-42aad46c-3a92-4cbc-9002-3a6657a49fa9 None None] Extended resource: tags {{(pid=90534) __init__ /opt/stack/neutron/neutron/api/extensions.py:156}}
Jul 03 06:17:47.775615 np0000004376 devstack@neutron-api.service[90535]: INFO neutron.api.extensions [None req-50f6d594-ecdd-49e6-a935-e66467b6e812 None None] Loaded extension: subnet_onboard
Jul 03 06:17:47.775615 np0000004376 devstack@neutron-api.service[90535]: DEBUG neutron.api.extensions [None req-50f6d594-ecdd-49e6-a935-e66467b6e812 None None] Loading extension file: subnet_segmentid_writable.py {{(pid=90535) _load_all_extensions_from_path /opt/stack/neutron/neutron/api/extensions.py:449}}
Jul 03 06:17:47.775739 np0000004376 devstack@neutron-api.service[90537]: INFO neutron.quota.resource_registry [None req-c52d44a1-ce9c-49d7-8459-2c3437ae4862 None None] Creating instance of CountableResource for resource:rbac_policy
Jul 03 06:17:47.775814 np0000004376 devstack@neutron-api.service[90535]: DEBUG neutron.api.extensions [None req-50f6d594-ecdd-49e6-a935-e66467b6e812 None None] Ext name="Subnet SegmentID (writable)" alias="subnet-segmentid-writable" description="Provides a writable segment_id attribute for a subnet resource." updated="2018-03-12T00:00:00-00:00" {{(pid=90535) _check_extension /opt/stack/neutron/neutron/api/extensions.py:415}}
Jul 03 06:17:47.775814 np0000004376 devstack@neutron-api.service[90535]: INFO neutron.api.extensions [None req-50f6d594-ecdd-49e6-a935-e66467b6e812 None None] Extension subnet-segmentid-writable not supported by any of loaded plugins
Jul 03 06:17:47.775814 np0000004376 devstack@neutron-api.service[90535]: DEBUG neutron.api.extensions [None req-50f6d594-ecdd-49e6-a935-e66467b6e812 None None] Loading extension file: subnet_service_types.py {{(pid=90535) _load_all_extensions_from_path /opt/stack/neutron/neutron/api/extensions.py:449}}
Jul 03 06:17:47.775931 np0000004376 devstack@neutron-api.service[90534]: DEBUG neutron.api.extensions [None req-42aad46c-3a92-4cbc-9002-3a6657a49fa9 None None] Extended resource: tags {{(pid=90534) __init__ /opt/stack/neutron/neutron/api/extensions.py:156}}
Jul 03 06:17:47.776005 np0000004376 devstack@neutron-api.service[90535]: DEBUG neutron.api.extensions [None req-50f6d594-ecdd-49e6-a935-e66467b6e812 None None] Ext name="Subnet service types" alias="subnet-service-types" description="Provides ability to set the subnet service_types field" updated="2016-03-15T18:00:00-00:00" {{(pid=90535) _check_extension /opt/stack/neutron/neutron/api/extensions.py:415}}
Jul 03 06:17:47.776070 np0000004376 devstack@neutron-api.service[90537]: INFO neutron.quota.resource_registry [None req-c52d44a1-ce9c-49d7-8459-2c3437ae4862 None None] Creating instance of TrackedResource for resource:security_group
Jul 03 06:17:47.776133 np0000004376 devstack@neutron-api.service[90535]: INFO neutron.api.extensions [None req-50f6d594-ecdd-49e6-a935-e66467b6e812 None None] Loaded extension: subnet-service-types
Jul 03 06:17:47.776133 np0000004376 devstack@neutron-api.service[90535]: DEBUG neutron.api.extensions [None req-50f6d594-ecdd-49e6-a935-e66467b6e812 None None] Loading extension file: subnetallocation.py {{(pid=90535) _load_all_extensions_from_path /opt/stack/neutron/neutron/api/extensions.py:449}}
Jul 03 06:17:47.776226 np0000004376 devstack@neutron-api.service[90537]: INFO neutron.quota.resource_registry [None req-c52d44a1-ce9c-49d7-8459-2c3437ae4862 None None] Creating instance of TrackedResource for resource:security_group_rule
Jul 03 06:17:47.776301 np0000004376 devstack@neutron-api.service[90534]: DEBUG neutron.api.extensions [None req-42aad46c-3a92-4cbc-9002-3a6657a49fa9 None None] Extended resource: tags {{(pid=90534) __init__ /opt/stack/neutron/neutron/api/extensions.py:156}}
Jul 03 06:17:47.776372 np0000004376 devstack@neutron-api.service[90535]: DEBUG neutron.api.extensions [None req-50f6d594-ecdd-49e6-a935-e66467b6e812 None None] Ext name="Subnet Allocation" alias="subnet_allocation" description="Enables allocation of subnets from a subnet pool" updated="2015-03-30T10:00:00-00:00" {{(pid=90535) _check_extension /opt/stack/neutron/neutron/api/extensions.py:415}}
Jul 03 06:17:47.776372 np0000004376 devstack@neutron-api.service[90535]: INFO neutron.api.extensions [None req-50f6d594-ecdd-49e6-a935-e66467b6e812 None None] Loaded extension: subnet_allocation
Jul 03 06:17:47.776372 np0000004376 devstack@neutron-api.service[90535]: DEBUG neutron.api.extensions [None req-50f6d594-ecdd-49e6-a935-e66467b6e812 None None] Loading extension file: subnetpool_prefix_ops.py {{(pid=90535) _load_all_extensions_from_path /opt/stack/neutron/neutron/api/extensions.py:449}}
Jul 03 06:17:47.776372 np0000004376 devstack@neutron-api.service[90535]: DEBUG neutron.api.extensions [None req-50f6d594-ecdd-49e6-a935-e66467b6e812 None None] Ext name="Subnet Pool Prefix Operations" alias="subnetpool-prefix-ops" description="Provides support for adjusting the prefix list of subnet pools" updated="2019-02-08T10:00:00-00:00" {{(pid=90535) _check_extension /opt/stack/neutron/neutron/api/extensions.py:415}}
Jul 03 06:17:47.776532 np0000004376 devstack@neutron-api.service[90537]: DEBUG neutron.api.v2.resource_helper [None req-c52d44a1-ce9c-49d7-8459-2c3437ae4862 None None] Service CORE assigned prefix: {{(pid=90537) build_resource_info /opt/stack/neutron/neutron/api/v2/resource_helper.py:77}}
Jul 03 06:17:47.776608 np0000004376 devstack@neutron-api.service[90534]: DEBUG neutron.api.extensions [None req-42aad46c-3a92-4cbc-9002-3a6657a49fa9 None None] Extended resource: tags {{(pid=90534) __init__ /opt/stack/neutron/neutron/api/extensions.py:156}}
Jul 03 06:17:47.776684 np0000004376 devstack@neutron-api.service[90537]: INFO neutron.quota.resource_registry [None req-c52d44a1-ce9c-49d7-8459-2c3437ae4862 None None] Creating instance of TrackedResource for resource:subnetpool
Jul 03 06:17:47.776771 np0000004376 devstack@neutron-api.service[90535]: INFO neutron.api.extensions [None req-50f6d594-ecdd-49e6-a935-e66467b6e812 None None] Loaded extension: subnetpool-prefix-ops
Jul 03 06:17:47.776855 np0000004376 devstack@neutron-api.service[90537]: WARNING neutron.quota.resource_registry [None req-c52d44a1-ce9c-49d7-8459-2c3437ae4862 None None] subnetpool is already registered
Jul 03 06:17:47.776918 np0000004376 devstack@neutron-api.service[90535]: DEBUG neutron.api.extensions [None req-50f6d594-ecdd-49e6-a935-e66467b6e812 None None] Loading extension file: tag_creation.py {{(pid=90535) _load_all_extensions_from_path /opt/stack/neutron/neutron/api/extensions.py:449}}
Jul 03 06:17:47.776990 np0000004376 devstack@neutron-api.service[90537]: DEBUG neutron.api.v2.resource_helper [None req-c52d44a1-ce9c-49d7-8459-2c3437ae4862 None None] Service CORE assigned prefix: {{(pid=90537) build_resource_info /opt/stack/neutron/neutron/api/v2/resource_helper.py:77}}
Jul 03 06:17:47.777065 np0000004376 devstack@neutron-api.service[90535]: DEBUG neutron.api.extensions [None req-50f6d594-ecdd-49e6-a935-e66467b6e812 None None] Ext name="Tag creation extension" alias="tag-creation" description="Allow to create multiple tags for a resource" updated="2024-23-07T10:00:00-00:00" {{(pid=90535) _check_extension /opt/stack/neutron/neutron/api/extensions.py:415}}
Jul 03 06:17:47.777132 np0000004376 devstack@neutron-api.service[90537]: INFO neutron.quota.resource_registry [None req-c52d44a1-ce9c-49d7-8459-2c3437ae4862 None None] Creating instance of TrackedResource for resource:subnetpool
Jul 03 06:17:47.777199 np0000004376 devstack@neutron-api.service[90534]: DEBUG neutron.api.extensions [None req-42aad46c-3a92-4cbc-9002-3a6657a49fa9 None None] Extended resource: tags {{(pid=90534) __init__ /opt/stack/neutron/neutron/api/extensions.py:156}}
Jul 03 06:17:47.777265 np0000004376 devstack@neutron-api.service[90537]: WARNING neutron.quota.resource_registry [None req-c52d44a1-ce9c-49d7-8459-2c3437ae4862 None None] subnetpool is already registered
Jul 03 06:17:47.777335 np0000004376 devstack@neutron-api.service[90535]: INFO neutron.api.extensions [None req-50f6d594-ecdd-49e6-a935-e66467b6e812 None None] Loaded extension: tag-creation
Jul 03 06:17:47.777335 np0000004376 devstack@neutron-api.service[90535]: DEBUG neutron.api.extensions [None req-50f6d594-ecdd-49e6-a935-e66467b6e812 None None] Loading extension file: tag_ports_during_bulk_creation.py {{(pid=90535) _load_all_extensions_from_path /opt/stack/neutron/neutron/api/extensions.py:449}}
Jul 03 06:17:47.777335 np0000004376 devstack@neutron-api.service[90535]: DEBUG neutron.api.extensions [None req-50f6d594-ecdd-49e6-a935-e66467b6e812 None None] Ext name="Tag Ports During Bulk Creation" alias="tag-ports-during-bulk-creation" description="Allow to tag ports during bulk creation" updated="2019-12-29T19:00:00-00:00" {{(pid=90535) _check_extension /opt/stack/neutron/neutron/api/extensions.py:415}}
Jul 03 06:17:47.777335 np0000004376 devstack@neutron-api.service[90535]: INFO neutron.api.extensions [None req-50f6d594-ecdd-49e6-a935-e66467b6e812 None None] Extension tag-ports-during-bulk-creation not supported by any of loaded plugins
Jul 03 06:17:47.777335 np0000004376 devstack@neutron-api.service[90535]: DEBUG neutron.api.extensions [None req-50f6d594-ecdd-49e6-a935-e66467b6e812 None None] Loading extension file: tagging.py {{(pid=90535) _load_all_extensions_from_path /opt/stack/neutron/neutron/api/extensions.py:449}}
Jul 03 06:17:47.777335 np0000004376 devstack@neutron-api.service[90535]: DEBUG neutron.api.extensions [None req-50f6d594-ecdd-49e6-a935-e66467b6e812 None None] Ext name="Tag support for resources with standard attribute: port, subnet, subnetpool, network, security_group, router, floatingip, policy, trunk, network_segment_range" alias="standard-attr-tag" description="Enables to set tag on resources with standard attribute." updated="2017-01-01T00:00:00-00:00" {{(pid=90535) _check_extension /opt/stack/neutron/neutron/api/extensions.py:415}}
Jul 03 06:17:47.777566 np0000004376 devstack@neutron-api.service[90537]: INFO neutron.quota.resource_registry [None req-c52d44a1-ce9c-49d7-8459-2c3437ae4862 None None] Creating instance of CountableResource for resource:router_route
Jul 03 06:17:47.777634 np0000004376 devstack@neutron-api.service[90535]: INFO neutron.api.extensions [None req-50f6d594-ecdd-49e6-a935-e66467b6e812 None None] Loaded extension: standard-attr-tag
Jul 03 06:17:47.777717 np0000004376 devstack@neutron-api.service[90537]: WARNING neutron.quota.resource_registry [None req-c52d44a1-ce9c-49d7-8459-2c3437ae4862 None None] router_route is already registered
Jul 03 06:17:47.777786 np0000004376 devstack@neutron-api.service[90535]: DEBUG neutron.api.extensions [None req-50f6d594-ecdd-49e6-a935-e66467b6e812 None None] Loading extension file: timestamp.py {{(pid=90535) _load_all_extensions_from_path /opt/stack/neutron/neutron/api/extensions.py:449}}
Jul 03 06:17:47.777860 np0000004376 devstack@neutron-api.service[90537]: DEBUG neutron.api.v2.resource_helper [None req-c52d44a1-ce9c-49d7-8459-2c3437ae4862 None None] Service L3_ROUTER_NAT assigned prefix: {{(pid=90537) build_resource_info /opt/stack/neutron/neutron/api/v2/resource_helper.py:77}}
Jul 03 06:17:47.777933 np0000004376 devstack@neutron-api.service[90535]: DEBUG neutron.api.extensions [None req-50f6d594-ecdd-49e6-a935-e66467b6e812 None None] Ext name="Resource timestamps" alias="standard-attr-timestamp" description="Adds created_at and updated_at fields to all Neutron resources that have Neutron standard attributes." updated="2016-09-12T10:00:00-00:00" {{(pid=90535) _check_extension /opt/stack/neutron/neutron/api/extensions.py:415}}
Jul 03 06:17:47.778013 np0000004376 devstack@neutron-api.service[90537]: DEBUG neutron.api.v2.resource_helper [None req-c52d44a1-ce9c-49d7-8459-2c3437ae4862 None None] Service FLAVORS assigned prefix: {{(pid=90537) build_resource_info /opt/stack/neutron/neutron/api/v2/resource_helper.py:77}}
Jul 03 06:17:47.778085 np0000004376 devstack@neutron-api.service[90535]: INFO neutron.api.extensions [None req-50f6d594-ecdd-49e6-a935-e66467b6e812 None None] Loaded extension: standard-attr-timestamp
Jul 03 06:17:47.778085 np0000004376 devstack@neutron-api.service[90535]: DEBUG neutron.api.extensions [None req-50f6d594-ecdd-49e6-a935-e66467b6e812 None None] Loading extension file: trunk.py {{(pid=90535) _load_all_extensions_from_path /opt/stack/neutron/neutron/api/extensions.py:449}}
Jul 03 06:17:47.778085 np0000004376 devstack@neutron-api.service[90535]: DEBUG neutron.api.extensions [None req-50f6d594-ecdd-49e6-a935-e66467b6e812 None None] Ext name="Trunk Extension" alias="trunk" description="Provides support for trunk ports" updated="2016-01-01T10:00:00-00:00" {{(pid=90535) _check_extension /opt/stack/neutron/neutron/api/extensions.py:415}}
Jul 03 06:17:47.778219 np0000004376 devstack@neutron-api.service[90537]: DEBUG neutron.api.v2.resource_helper [None req-c52d44a1-ce9c-49d7-8459-2c3437ae4862 None None] Service L3_ROUTER_NAT assigned prefix: {{(pid=90537) build_resource_info /opt/stack/neutron/neutron/api/v2/resource_helper.py:77}}
Jul 03 06:17:47.778290 np0000004376 devstack@neutron-api.service[90535]: INFO neutron.api.extensions [None req-50f6d594-ecdd-49e6-a935-e66467b6e812 None None] Extension trunk not supported by any of loaded plugins
Jul 03 06:17:47.778290 np0000004376 devstack@neutron-api.service[90535]: DEBUG neutron.api.extensions [None req-50f6d594-ecdd-49e6-a935-e66467b6e812 None None] Loading extension file: trunk_details.py {{(pid=90535) _load_all_extensions_from_path /opt/stack/neutron/neutron/api/extensions.py:449}}
Jul 03 06:17:47.778290 np0000004376 devstack@neutron-api.service[90535]: DEBUG neutron.api.extensions [None req-50f6d594-ecdd-49e6-a935-e66467b6e812 None None] Ext name="Trunk port details" alias="trunk-details" description="Expose trunk port details" updated="2016-01-01T10:00:00-00:00" {{(pid=90535) _check_extension /opt/stack/neutron/neutron/api/extensions.py:415}}
Jul 03 06:17:47.778418 np0000004376 devstack@neutron-api.service[90537]: DEBUG neutron.api.v2.resource_helper [None req-c52d44a1-ce9c-49d7-8459-2c3437ae4862 None None] Service L3_ROUTER_NAT assigned prefix: {{(pid=90537) build_resource_info /opt/stack/neutron/neutron/api/v2/resource_helper.py:77}}
Jul 03 06:17:47.778492 np0000004376 devstack@neutron-api.service[90535]: INFO neutron.api.extensions [None req-50f6d594-ecdd-49e6-a935-e66467b6e812 None None] Extension trunk-details not supported by any of loaded plugins
Jul 03 06:17:47.778492 np0000004376 devstack@neutron-api.service[90535]: DEBUG neutron.api.extensions [None req-50f6d594-ecdd-49e6-a935-e66467b6e812 None None] Loading extension file: uplink_status_propagation.py {{(pid=90535) _load_all_extensions_from_path /opt/stack/neutron/neutron/api/extensions.py:449}}
Jul 03 06:17:47.778595 np0000004376 devstack@neutron-api.service[90537]: INFO neutron.quota.resource_registry [None req-c52d44a1-ce9c-49d7-8459-2c3437ae4862 None None] Creating instance of TrackedResource for resource:router
Jul 03 06:17:47.778595 np0000004376 devstack@neutron-api.service[90537]: WARNING neutron.quota.resource_registry [None req-c52d44a1-ce9c-49d7-8459-2c3437ae4862 None None] router is already registered
Jul 03 06:17:47.778832 np0000004376 devstack@neutron-api.service[90535]: DEBUG neutron.api.extensions [None req-50f6d594-ecdd-49e6-a935-e66467b6e812 None None] Ext name="Uplink status propagation extension" alias="uplink-status-propagation" description="Provides ability to propagate port uplink status." updated="2018-05-31T18:00:00-00:00" {{(pid=90535) _check_extension /opt/stack/neutron/neutron/api/extensions.py:415}}
Jul 03 06:17:47.778832 np0000004376 devstack@neutron-api.service[90535]: INFO neutron.api.extensions [None req-50f6d594-ecdd-49e6-a935-e66467b6e812 None None] Extension uplink-status-propagation not supported by any of loaded plugins
Jul 03 06:17:47.778832 np0000004376 devstack@neutron-api.service[90535]: DEBUG neutron.api.extensions [None req-50f6d594-ecdd-49e6-a935-e66467b6e812 None None] Loading extension file: uplink_status_propagation_updatable.py {{(pid=90535) _load_all_extensions_from_path /opt/stack/neutron/neutron/api/extensions.py:449}}
Jul 03 06:17:47.778980 np0000004376 devstack@neutron-api.service[90537]: INFO neutron.quota.resource_registry [None req-c52d44a1-ce9c-49d7-8459-2c3437ae4862 None None] Creating instance of TrackedResource for resource:floatingip
Jul 03 06:17:47.778980 np0000004376 devstack@neutron-api.service[90537]: WARNING neutron.quota.resource_registry [None req-c52d44a1-ce9c-49d7-8459-2c3437ae4862 None None] floatingip is already registered
Jul 03 06:17:47.779071 np0000004376 devstack@neutron-api.service[90535]: DEBUG neutron.api.extensions [None req-50f6d594-ecdd-49e6-a935-e66467b6e812 None None] Ext name="Uplink status propagation updatable extension" alias="uplink-status-propagation-updatable" description="Provides ability to update the port uplink status." updated="2024-09-03T18:00:00-00:00" {{(pid=90535) _check_extension /opt/stack/neutron/neutron/api/extensions.py:415}}
Jul 03 06:17:47.779137 np0000004376 devstack@neutron-api.service[90537]: INFO neutron.quota.resource_registry [None req-c52d44a1-ce9c-49d7-8459-2c3437ae4862 None None] Creating instance of CountableResource for resource:rbac_policy
Jul 03 06:17:47.779137 np0000004376 devstack@neutron-api.service[90537]: WARNING neutron.quota.resource_registry [None req-c52d44a1-ce9c-49d7-8459-2c3437ae4862 None None] rbac_policy is already registered
Jul 03 06:17:47.779137 np0000004376 devstack@neutron-api.service[90537]: INFO neutron.quota.resource_registry [None req-c52d44a1-ce9c-49d7-8459-2c3437ae4862 None None] Creating instance of TrackedResource for resource:security_group
Jul 03 06:17:47.779137 np0000004376 devstack@neutron-api.service[90537]: WARNING neutron.quota.resource_registry [None req-c52d44a1-ce9c-49d7-8459-2c3437ae4862 None None] security_group is already registered
Jul 03 06:17:47.779293 np0000004376 devstack@neutron-api.service[90535]: INFO neutron.api.extensions [None req-50f6d594-ecdd-49e6-a935-e66467b6e812 None None] Extension uplink-status-propagation-updatable not supported by any of loaded plugins
Jul 03 06:17:47.779293 np0000004376 devstack@neutron-api.service[90535]: DEBUG neutron.api.extensions [None req-50f6d594-ecdd-49e6-a935-e66467b6e812 None None] Loading extension file: vlantransparent.py {{(pid=90535) _load_all_extensions_from_path /opt/stack/neutron/neutron/api/extensions.py:449}}
Jul 03 06:17:47.779395 np0000004376 devstack@neutron-api.service[90537]: INFO neutron.quota.resource_registry [None req-c52d44a1-ce9c-49d7-8459-2c3437ae4862 None None] Creating instance of TrackedResource for resource:security_group_rule
Jul 03 06:17:47.779520 np0000004376 devstack@neutron-api.service[90535]: DEBUG neutron.api.extensions [None req-50f6d594-ecdd-49e6-a935-e66467b6e812 None None] Ext name="Vlantransparent" alias="vlan-transparent" description="Provides Vlan Transparent Networks" updated="2015-03-23T09:00:00-00:00" {{(pid=90535) _check_extension /opt/stack/neutron/neutron/api/extensions.py:415}}
Jul 03 06:17:47.779595 np0000004376 devstack@neutron-api.service[90537]: WARNING neutron.quota.resource_registry [None req-c52d44a1-ce9c-49d7-8459-2c3437ae4862 None None] security_group_rule is already registered
Jul 03 06:17:47.779675 np0000004376 devstack@neutron-api.service[90535]: INFO neutron.api.extensions [None req-50f6d594-ecdd-49e6-a935-e66467b6e812 None None] Loaded extension: vlan-transparent
Jul 03 06:17:47.779799 np0000004376 devstack@neutron-api.service[90537]: DEBUG neutron.api.v2.resource_helper [None req-c52d44a1-ce9c-49d7-8459-2c3437ae4862 None None] Service CORE assigned prefix: {{(pid=90537) build_resource_info /opt/stack/neutron/neutron/api/v2/resource_helper.py:77}}
Jul 03 06:17:47.779799 np0000004376 devstack@neutron-api.service[90537]: INFO neutron.quota.resource_registry [None req-c52d44a1-ce9c-49d7-8459-2c3437ae4862 None None] Creating instance of TrackedResource for resource:subnetpool
Jul 03 06:17:47.779799 np0000004376 devstack@neutron-api.service[90537]: WARNING neutron.quota.resource_registry [None req-c52d44a1-ce9c-49d7-8459-2c3437ae4862 None None] subnetpool is already registered
Jul 03 06:17:47.779799 np0000004376 devstack@neutron-api.service[90537]: DEBUG neutron.api.v2.resource_helper [None req-c52d44a1-ce9c-49d7-8459-2c3437ae4862 None None] Service CORE assigned prefix: {{(pid=90537) build_resource_info /opt/stack/neutron/neutron/api/v2/resource_helper.py:77}}
Jul 03 06:17:47.779799 np0000004376 devstack@neutron-api.service[90537]: INFO neutron.quota.resource_registry [None req-c52d44a1-ce9c-49d7-8459-2c3437ae4862 None None] Creating instance of TrackedResource for resource:subnetpool
Jul 03 06:17:47.779799 np0000004376 devstack@neutron-api.service[90537]: WARNING neutron.quota.resource_registry [None req-c52d44a1-ce9c-49d7-8459-2c3437ae4862 None None] subnetpool is already registered
Jul 03 06:17:47.780026 np0000004376 devstack@neutron-api.service[90534]: DEBUG neutron_lib.callbacks.manager [None req-42aad46c-3a92-4cbc-9002-3a6657a49fa9 None None] Publish callbacks ['neutron.plugins.ml2.drivers.ovn.mech_driver.mech_driver.OVNMechanismDriver.pre_fork_initialize-329229'] for process (None), before_spawn {{(pid=90534) _notify_loop /opt/stack/data/venv/lib/python3.12/site-packages/neutron_lib/callbacks/manager.py:184}}
Jul 03 06:17:47.780108 np0000004376 devstack@neutron-api.service[90535]: INFO neutron.quota.resource_registry [None req-50f6d594-ecdd-49e6-a935-e66467b6e812 None None] Creating instance of TrackedResource for resource:network
Jul 03 06:17:47.780108 np0000004376 devstack@neutron-api.service[90535]: INFO neutron.quota.resource_registry [None req-50f6d594-ecdd-49e6-a935-e66467b6e812 None None] Creating instance of TrackedResource for resource:subnet
