Jun 22 17:44:17.548407 np0000003422 nova-scheduler[96194]: DEBUG cotyledon.oslo_config_glue [-] profiler.es_scroll_size = 10000 {{(pid=96194) log_opt_values /opt/stack/data/venv/lib/python3.12/site-packages/oslo_config/cfg.py:3253}}
Jun 22 17:44:17.548407 np0000003422 nova-scheduler[96194]: DEBUG cotyledon.oslo_config_glue [-] profiler.es_scroll_time = 2m {{(pid=96194) log_opt_values /opt/stack/data/venv/lib/python3.12/site-packages/oslo_config/cfg.py:3253}}
Jun 22 17:44:17.548407 np0000003422 nova-scheduler[96194]: DEBUG cotyledon.oslo_config_glue [-] profiler.filter_error_trace = False {{(pid=96194) log_opt_values /opt/stack/data/venv/lib/python3.12/site-packages/oslo_config/cfg.py:3253}}
Jun 22 17:44:17.548407 np0000003422 nova-scheduler[96194]: DEBUG cotyledon.oslo_config_glue [-] profiler.hmac_keys = **** {{(pid=96194) log_opt_values /opt/stack/data/venv/lib/python3.12/site-packages/oslo_config/cfg.py:3253}}
Jun 22 17:44:17.548407 np0000003422 nova-scheduler[96194]: DEBUG cotyledon.oslo_config_glue [-] profiler.sentinel_service_name = mymaster {{(pid=96194) log_opt_values /opt/stack/data/venv/lib/python3.12/site-packages/oslo_config/cfg.py:3253}}
Jun 22 17:44:17.548407 np0000003422 nova-scheduler[96194]: DEBUG cotyledon.oslo_config_glue [-] profiler.socket_timeout = 0.1 {{(pid=96194) log_opt_values /opt/stack/data/venv/lib/python3.12/site-packages/oslo_config/cfg.py:3253}}
Jun 22 17:44:17.548407 np0000003422 nova-scheduler[96194]: DEBUG cotyledon.oslo_config_glue [-] profiler.trace_requests = False {{(pid=96194) log_opt_values /opt/stack/data/venv/lib/python3.12/site-packages/oslo_config/cfg.py:3253}}
Jun 22 17:44:17.548586 np0000003422 nova-scheduler[96194]: DEBUG cotyledon.oslo_config_glue [-] profiler.trace_sqlalchemy = False {{(pid=96194) log_opt_values /opt/stack/data/venv/lib/python3.12/site-packages/oslo_config/cfg.py:3253}}
Jun 22 17:44:17.548586 np0000003422 nova-scheduler[96194]: DEBUG cotyledon.oslo_config_glue [-] profiler_jaeger.process_tags = {} {{(pid=96194) log_opt_values /opt/stack/data/venv/lib/python3.12/site-packages/oslo_config/cfg.py:3253}}
Jun 22 17:44:17.548586 np0000003422 nova-scheduler[96194]: DEBUG cotyledon.oslo_config_glue [-] profiler_jaeger.service_name_prefix = None {{(pid=96194) log_opt_values /opt/stack/data/venv/lib/python3.12/site-packages/oslo_config/cfg.py:3253}}
Jun 22 17:44:17.548586 np0000003422 nova-scheduler[96194]: DEBUG cotyledon.oslo_config_glue [-] profiler_otlp.service_name_prefix = None {{(pid=96194) log_opt_values /opt/stack/data/venv/lib/python3.12/site-packages/oslo_config/cfg.py:3253}}
Jun 22 17:44:17.548586 np0000003422 nova-scheduler[96194]: DEBUG cotyledon.oslo_config_glue [-] oslo_messaging_rabbit.amqp_auto_delete = False {{(pid=96194) log_opt_values /opt/stack/data/venv/lib/python3.12/site-packages/oslo_config/cfg.py:3253}}
Jun 22 17:44:17.548586 np0000003422 nova-scheduler[96194]: DEBUG cotyledon.oslo_config_glue [-] oslo_messaging_rabbit.amqp_durable_queues = False {{(pid=96194) log_opt_values /opt/stack/data/venv/lib/python3.12/site-packages/oslo_config/cfg.py:3253}}
Jun 22 17:44:17.548586 np0000003422 nova-scheduler[96194]: DEBUG cotyledon.oslo_config_glue [-] oslo_messaging_rabbit.conn_pool_min_size = 2 {{(pid=96194) log_opt_values /opt/stack/data/venv/lib/python3.12/site-packages/oslo_config/cfg.py:3253}}
Jun 22 17:44:17.548586 np0000003422 nova-scheduler[96194]: DEBUG cotyledon.oslo_config_glue [-] oslo_messaging_rabbit.conn_pool_ttl = 1200 {{(pid=96194) log_opt_values /opt/stack/data/venv/lib/python3.12/site-packages/oslo_config/cfg.py:3253}}
Jun 22 17:44:17.548586 np0000003422 nova-scheduler[96194]: DEBUG cotyledon.oslo_config_glue [-] oslo_messaging_rabbit.direct_mandatory_flag = True {{(pid=96194) log_opt_values /opt/stack/data/venv/lib/python3.12/site-packages/oslo_config/cfg.py:3253}}
Jun 22 17:44:17.548788 np0000003422 nova-scheduler[96194]: DEBUG cotyledon.oslo_config_glue [-] oslo_messaging_rabbit.enable_cancel_on_failover = False {{(pid=96194) log_opt_values /opt/stack/data/venv/lib/python3.12/site-packages/oslo_config/cfg.py:3253}}
Jun 22 17:44:17.548788 np0000003422 nova-scheduler[96194]: DEBUG cotyledon.oslo_config_glue [-] oslo_messaging_rabbit.heartbeat_rate = 3 {{(pid=96194) log_opt_values /opt/stack/data/venv/lib/python3.12/site-packages/oslo_config/cfg.py:3253}}
Jun 22 17:44:17.548788 np0000003422 nova-scheduler[96194]: DEBUG cotyledon.oslo_config_glue [-] oslo_messaging_rabbit.heartbeat_timeout_threshold = 60 {{(pid=96194) log_opt_values /opt/stack/data/venv/lib/python3.12/site-packages/oslo_config/cfg.py:3253}}
Jun 22 17:44:17.548788 np0000003422 nova-scheduler[96194]: DEBUG cotyledon.oslo_config_glue [-] oslo_messaging_rabbit.hostname = np0000003422 {{(pid=96194) log_opt_values /opt/stack/data/venv/lib/python3.12/site-packages/oslo_config/cfg.py:3253}}
Jun 22 17:44:17.548788 np0000003422 nova-scheduler[96194]: DEBUG cotyledon.oslo_config_glue [-] oslo_messaging_rabbit.kombu_compression = None {{(pid=96194) log_opt_values /opt/stack/data/venv/lib/python3.12/site-packages/oslo_config/cfg.py:3253}}
Jun 22 17:44:17.548788 np0000003422 nova-scheduler[96194]: DEBUG cotyledon.oslo_config_glue [-] oslo_messaging_rabbit.kombu_failover_strategy = round-robin {{(pid=96194) log_opt_values /opt/stack/data/venv/lib/python3.12/site-packages/oslo_config/cfg.py:3253}}
Jun 22 17:44:17.548788 np0000003422 nova-scheduler[96194]: DEBUG cotyledon.oslo_config_glue [-] oslo_messaging_rabbit.kombu_missing_consumer_retry_timeout = 60 {{(pid=96194) log_opt_values /opt/stack/data/venv/lib/python3.12/site-packages/oslo_config/cfg.py:3253}}
Jun 22 17:44:17.548788 np0000003422 nova-scheduler[96194]: DEBUG cotyledon.oslo_config_glue [-] oslo_messaging_rabbit.kombu_reconnect_delay = 1.0 {{(pid=96194) log_opt_values /opt/stack/data/venv/lib/python3.12/site-packages/oslo_config/cfg.py:3253}}
Jun 22 17:44:17.548788 np0000003422 nova-scheduler[96194]: DEBUG cotyledon.oslo_config_glue [-] oslo_messaging_rabbit.kombu_reconnect_splay = 0.0 {{(pid=96194) log_opt_values /opt/stack/data/venv/lib/python3.12/site-packages/oslo_config/cfg.py:3253}}
Jun 22 17:44:17.548958 np0000003422 nova-scheduler[96194]: DEBUG cotyledon.oslo_config_glue [-] oslo_messaging_rabbit.processname = nova-scheduler {{(pid=96194) log_opt_values /opt/stack/data/venv/lib/python3.12/site-packages/oslo_config/cfg.py:3253}}
Jun 22 17:44:17.548958 np0000003422 nova-scheduler[96194]: DEBUG cotyledon.oslo_config_glue [-] oslo_messaging_rabbit.rabbit_ha_queues = False {{(pid=96194) log_opt_values /opt/stack/data/venv/lib/python3.12/site-packages/oslo_config/cfg.py:3253}}
Jun 22 17:44:17.548958 np0000003422 nova-scheduler[96194]: DEBUG cotyledon.oslo_config_glue [-] oslo_messaging_rabbit.rabbit_interval_max = 30 {{(pid=96194) log_opt_values /opt/stack/data/venv/lib/python3.12/site-packages/oslo_config/cfg.py:3253}}
Jun 22 17:44:17.548958 np0000003422 nova-scheduler[96194]: DEBUG cotyledon.oslo_config_glue [-] oslo_messaging_rabbit.rabbit_login_method = AMQPLAIN {{(pid=96194) log_opt_values /opt/stack/data/venv/lib/python3.12/site-packages/oslo_config/cfg.py:3253}}
Jun 22 17:44:17.548958 np0000003422 nova-scheduler[96194]: DEBUG cotyledon.oslo_config_glue [-] oslo_messaging_rabbit.rabbit_qos_prefetch_count = 0 {{(pid=96194) log_opt_values /opt/stack/data/venv/lib/python3.12/site-packages/oslo_config/cfg.py:3253}}
Jun 22 17:44:17.548958 np0000003422 nova-scheduler[96194]: DEBUG cotyledon.oslo_config_glue [-] oslo_messaging_rabbit.rabbit_quorum_delivery_limit = 0 {{(pid=96194) log_opt_values /opt/stack/data/venv/lib/python3.12/site-packages/oslo_config/cfg.py:3253}}
Jun 22 17:44:17.548958 np0000003422 nova-scheduler[96194]: DEBUG cotyledon.oslo_config_glue [-] oslo_messaging_rabbit.rabbit_quorum_max_memory_bytes = 0 {{(pid=96194) log_opt_values /opt/stack/data/venv/lib/python3.12/site-packages/oslo_config/cfg.py:3253}}
Jun 22 17:44:17.548958 np0000003422 nova-scheduler[96194]: DEBUG cotyledon.oslo_config_glue [-] oslo_messaging_rabbit.rabbit_quorum_max_memory_length = 0 {{(pid=96194) log_opt_values /opt/stack/data/venv/lib/python3.12/site-packages/oslo_config/cfg.py:3253}}
Jun 22 17:44:17.548958 np0000003422 nova-scheduler[96194]: DEBUG cotyledon.oslo_config_glue [-] oslo_messaging_rabbit.rabbit_quorum_queue = False {{(pid=96194) log_opt_values /opt/stack/data/venv/lib/python3.12/site-packages/oslo_config/cfg.py:3253}}
Jun 22 17:44:17.549408 np0000003422 nova-scheduler[96194]: DEBUG cotyledon.oslo_config_glue [-] oslo_messaging_rabbit.rabbit_retry_backoff = 2 {{(pid=96194) log_opt_values /opt/stack/data/venv/lib/python3.12/site-packages/oslo_config/cfg.py:3253}}
Jun 22 17:44:17.549408 np0000003422 nova-scheduler[96194]: DEBUG cotyledon.oslo_config_glue [-] oslo_messaging_rabbit.rabbit_retry_interval = 1 {{(pid=96194) log_opt_values /opt/stack/data/venv/lib/python3.12/site-packages/oslo_config/cfg.py:3253}}
Jun 22 17:44:17.549408 np0000003422 nova-scheduler[96194]: DEBUG cotyledon.oslo_config_glue [-] oslo_messaging_rabbit.rabbit_stream_fanout = False {{(pid=96194) log_opt_values /opt/stack/data/venv/lib/python3.12/site-packages/oslo_config/cfg.py:3253}}
Jun 22 17:44:17.549408 np0000003422 nova-scheduler[96194]: DEBUG cotyledon.oslo_config_glue [-] oslo_messaging_rabbit.rabbit_transient_queues_ttl = 1800 {{(pid=96194) log_opt_values /opt/stack/data/venv/lib/python3.12/site-packages/oslo_config/cfg.py:3253}}
Jun 22 17:44:17.549408 np0000003422 nova-scheduler[96194]: DEBUG cotyledon.oslo_config_glue [-] oslo_messaging_rabbit.rabbit_transient_quorum_queue = False {{(pid=96194) log_opt_values /opt/stack/data/venv/lib/python3.12/site-packages/oslo_config/cfg.py:3253}}
Jun 22 17:44:17.549408 np0000003422 nova-scheduler[96194]: DEBUG cotyledon.oslo_config_glue [-] oslo_messaging_rabbit.rpc_conn_pool_size = 30 {{(pid=96194) log_opt_values /opt/stack/data/venv/lib/python3.12/site-packages/oslo_config/cfg.py:3253}}
Jun 22 17:44:17.549408 np0000003422 nova-scheduler[96194]: DEBUG cotyledon.oslo_config_glue [-] oslo_messaging_rabbit.ssl = False {{(pid=96194) log_opt_values /opt/stack/data/venv/lib/python3.12/site-packages/oslo_config/cfg.py:3253}}
Jun 22 17:44:17.549408 np0000003422 nova-scheduler[96194]: DEBUG cotyledon.oslo_config_glue [-] oslo_messaging_rabbit.ssl_ca_file = {{(pid=96194) log_opt_values /opt/stack/data/venv/lib/python3.12/site-packages/oslo_config/cfg.py:3253}}
Jun 22 17:44:17.549408 np0000003422 nova-scheduler[96194]: DEBUG cotyledon.oslo_config_glue [-] oslo_messaging_rabbit.ssl_cert_file = {{(pid=96194) log_opt_values /opt/stack/data/venv/lib/python3.12/site-packages/oslo_config/cfg.py:3253}}
Jun 22 17:44:17.549708 np0000003422 nova-scheduler[96194]: DEBUG cotyledon.oslo_config_glue [-] oslo_messaging_rabbit.ssl_enforce_fips_mode = False {{(pid=96194) log_opt_values /opt/stack/data/venv/lib/python3.12/site-packages/oslo_config/cfg.py:3253}}
Jun 22 17:44:17.549708 np0000003422 nova-scheduler[96194]: DEBUG cotyledon.oslo_config_glue [-] oslo_messaging_rabbit.ssl_enforce_hostname_verification = True {{(pid=96194) log_opt_values /opt/stack/data/venv/lib/python3.12/site-packages/oslo_config/cfg.py:3253}}
Jun 22 17:44:17.549708 np0000003422 nova-scheduler[96194]: DEBUG cotyledon.oslo_config_glue [-] oslo_messaging_rabbit.ssl_key_file = {{(pid=96194) log_opt_values /opt/stack/data/venv/lib/python3.12/site-packages/oslo_config/cfg.py:3253}}
Jun 22 17:44:17.549708 np0000003422 nova-scheduler[96194]: DEBUG cotyledon.oslo_config_glue [-] oslo_messaging_rabbit.ssl_version = {{(pid=96194) log_opt_values /opt/stack/data/venv/lib/python3.12/site-packages/oslo_config/cfg.py:3253}}
Jun 22 17:44:17.549708 np0000003422 nova-scheduler[96194]: DEBUG cotyledon.oslo_config_glue [-] oslo_messaging_rabbit.use_queue_manager = False {{(pid=96194) log_opt_values /opt/stack/data/venv/lib/python3.12/site-packages/oslo_config/cfg.py:3253}}
Jun 22 17:44:17.549708 np0000003422 nova-scheduler[96194]: DEBUG cotyledon.oslo_config_glue [-] oslo_messaging_notifications.driver = ['messagingv2'] {{(pid=96194) log_opt_values /opt/stack/data/venv/lib/python3.12/site-packages/oslo_config/cfg.py:3253}}
Jun 22 17:44:17.549708 np0000003422 nova-scheduler[96194]: DEBUG cotyledon.oslo_config_glue [-] oslo_messaging_notifications.retry = -1 {{(pid=96194) log_opt_values /opt/stack/data/venv/lib/python3.12/site-packages/oslo_config/cfg.py:3253}}
Jun 22 17:44:17.549708 np0000003422 nova-scheduler[96194]: DEBUG cotyledon.oslo_config_glue [-] oslo_messaging_notifications.topics = ['notifications'] {{(pid=96194) log_opt_values /opt/stack/data/venv/lib/python3.12/site-packages/oslo_config/cfg.py:3253}}
Jun 22 17:44:17.549708 np0000003422 nova-scheduler[96194]: DEBUG cotyledon.oslo_config_glue [-] oslo_messaging_notifications.transport_url = **** {{(pid=96194) log_opt_values /opt/stack/data/venv/lib/python3.12/site-packages/oslo_config/cfg.py:3253}}
Jun 22 17:44:17.550009 np0000003422 nova-scheduler[96194]: DEBUG cotyledon.oslo_config_glue [-] oslo_limit.auth_section = None {{(pid=96194) log_opt_values /opt/stack/data/venv/lib/python3.12/site-packages/oslo_config/cfg.py:3253}}
Jun 22 17:44:17.550009 np0000003422 nova-scheduler[96194]: DEBUG cotyledon.oslo_config_glue [-] oslo_limit.auth_type = None {{(pid=96194) log_opt_values /opt/stack/data/venv/lib/python3.12/site-packages/oslo_config/cfg.py:3253}}
Jun 22 17:44:17.550009 np0000003422 nova-scheduler[96194]: DEBUG cotyledon.oslo_config_glue [-] oslo_limit.cafile = None {{(pid=96194) log_opt_values /opt/stack/data/venv/lib/python3.12/site-packages/oslo_config/cfg.py:3253}}
Jun 22 17:44:17.550009 np0000003422 nova-scheduler[96194]: DEBUG cotyledon.oslo_config_glue [-] oslo_limit.certfile = None {{(pid=96194) log_opt_values /opt/stack/data/venv/lib/python3.12/site-packages/oslo_config/cfg.py:3253}}
Jun 22 17:44:17.550009 np0000003422 nova-scheduler[96194]: DEBUG cotyledon.oslo_config_glue [-] oslo_limit.collect_timing = False {{(pid=96194) log_opt_values /opt/stack/data/venv/lib/python3.12/site-packages/oslo_config/cfg.py:3253}}
Jun 22 17:44:17.550009 np0000003422 nova-scheduler[96194]: DEBUG cotyledon.oslo_config_glue [-] oslo_limit.connect_retries = None {{(pid=96194) log_opt_values /opt/stack/data/venv/lib/python3.12/site-packages/oslo_config/cfg.py:3253}}
Jun 22 17:44:17.550009 np0000003422 nova-scheduler[96194]: DEBUG cotyledon.oslo_config_glue [-] oslo_limit.connect_retry_delay = None {{(pid=96194) log_opt_values /opt/stack/data/venv/lib/python3.12/site-packages/oslo_config/cfg.py:3253}}
Jun 22 17:44:17.550009 np0000003422 nova-scheduler[96194]: DEBUG cotyledon.oslo_config_glue [-] oslo_limit.endpoint_id = None {{(pid=96194) log_opt_values /opt/stack/data/venv/lib/python3.12/site-packages/oslo_config/cfg.py:3253}}
Jun 22 17:44:17.550009 np0000003422 nova-scheduler[96194]: DEBUG cotyledon.oslo_config_glue [-] oslo_limit.endpoint_interface = public {{(pid=96194) log_opt_values /opt/stack/data/venv/lib/python3.12/site-packages/oslo_config/cfg.py:3253}}
Jun 22 17:44:17.550300 np0000003422 nova-scheduler[96194]: DEBUG cotyledon.oslo_config_glue [-] oslo_limit.endpoint_override = None {{(pid=96194) log_opt_values /opt/stack/data/venv/lib/python3.12/site-packages/oslo_config/cfg.py:3253}}
Jun 22 17:44:17.550300 np0000003422 nova-scheduler[96194]: DEBUG cotyledon.oslo_config_glue [-] oslo_limit.endpoint_region_name = None {{(pid=96194) log_opt_values /opt/stack/data/venv/lib/python3.12/site-packages/oslo_config/cfg.py:3253}}
Jun 22 17:44:17.550300 np0000003422 nova-scheduler[96194]: DEBUG cotyledon.oslo_config_glue [-] oslo_limit.endpoint_service_name = None {{(pid=96194) log_opt_values /opt/stack/data/venv/lib/python3.12/site-packages/oslo_config/cfg.py:3253}}
Jun 22 17:44:17.550300 np0000003422 nova-scheduler[96194]: DEBUG cotyledon.oslo_config_glue [-] oslo_limit.endpoint_service_type = None {{(pid=96194) log_opt_values /opt/stack/data/venv/lib/python3.12/site-packages/oslo_config/cfg.py:3253}}
Jun 22 17:44:17.550300 np0000003422 nova-scheduler[96194]: DEBUG cotyledon.oslo_config_glue [-] oslo_limit.insecure = False {{(pid=96194) log_opt_values /opt/stack/data/venv/lib/python3.12/site-packages/oslo_config/cfg.py:3253}}
Jun 22 17:44:17.550300 np0000003422 nova-scheduler[96194]: DEBUG cotyledon.oslo_config_glue [-] oslo_limit.keyfile = None {{(pid=96194) log_opt_values /opt/stack/data/venv/lib/python3.12/site-packages/oslo_config/cfg.py:3253}}
Jun 22 17:44:17.550300 np0000003422 nova-scheduler[96194]: DEBUG cotyledon.oslo_config_glue [-] oslo_limit.max_version = None {{(pid=96194) log_opt_values /opt/stack/data/venv/lib/python3.12/site-packages/oslo_config/cfg.py:3253}}
Jun 22 17:44:17.550300 np0000003422 nova-scheduler[96194]: DEBUG cotyledon.oslo_config_glue [-] oslo_limit.min_version = None {{(pid=96194) log_opt_values /opt/stack/data/venv/lib/python3.12/site-packages/oslo_config/cfg.py:3253}}
Jun 22 17:44:17.550300 np0000003422 nova-scheduler[96194]: DEBUG cotyledon.oslo_config_glue [-] oslo_limit.region_name = None {{(pid=96194) log_opt_values /opt/stack/data/venv/lib/python3.12/site-packages/oslo_config/cfg.py:3253}}
Jun 22 17:44:17.550637 np0000003422 nova-scheduler[96194]: DEBUG cotyledon.oslo_config_glue [-] oslo_limit.retriable_status_codes = None {{(pid=96194) log_opt_values /opt/stack/data/venv/lib/python3.12/site-packages/oslo_config/cfg.py:3253}}
Jun 22 17:44:17.550637 np0000003422 nova-scheduler[96194]: DEBUG cotyledon.oslo_config_glue [-] oslo_limit.service_name = None {{(pid=96194) log_opt_values /opt/stack/data/venv/lib/python3.12/site-packages/oslo_config/cfg.py:3253}}
Jun 22 17:44:17.550637 np0000003422 nova-scheduler[96194]: DEBUG cotyledon.oslo_config_glue [-] oslo_limit.service_type = None {{(pid=96194) log_opt_values /opt/stack/data/venv/lib/python3.12/site-packages/oslo_config/cfg.py:3253}}
Jun 22 17:44:17.550637 np0000003422 nova-scheduler[96194]: DEBUG cotyledon.oslo_config_glue [-] oslo_limit.split_loggers = False {{(pid=96194) log_opt_values /opt/stack/data/venv/lib/python3.12/site-packages/oslo_config/cfg.py:3253}}
Jun 22 17:44:17.550637 np0000003422 nova-scheduler[96194]: DEBUG cotyledon.oslo_config_glue [-] oslo_limit.status_code_retries = None {{(pid=96194) log_opt_values /opt/stack/data/venv/lib/python3.12/site-packages/oslo_config/cfg.py:3253}}
Jun 22 17:44:17.550637 np0000003422 nova-scheduler[96194]: DEBUG cotyledon.oslo_config_glue [-] oslo_limit.status_code_retry_delay = None {{(pid=96194) log_opt_values /opt/stack/data/venv/lib/python3.12/site-packages/oslo_config/cfg.py:3253}}
Jun 22 17:44:17.550637 np0000003422 nova-scheduler[96194]: DEBUG cotyledon.oslo_config_glue [-] oslo_limit.timeout = None {{(pid=96194) log_opt_values /opt/stack/data/venv/lib/python3.12/site-packages/oslo_config/cfg.py:3253}}
Jun 22 17:44:17.550637 np0000003422 nova-scheduler[96194]: DEBUG cotyledon.oslo_config_glue [-] oslo_limit.valid_interfaces = None {{(pid=96194) log_opt_values /opt/stack/data/venv/lib/python3.12/site-packages/oslo_config/cfg.py:3253}}
Jun 22 17:44:17.550637 np0000003422 nova-scheduler[96194]: DEBUG cotyledon.oslo_config_glue [-] oslo_limit.version = None {{(pid=96194) log_opt_values /opt/stack/data/venv/lib/python3.12/site-packages/oslo_config/cfg.py:3253}}
Jun 22 17:44:17.550856 np0000003422 nova-scheduler[96194]: DEBUG cotyledon.oslo_config_glue [-] oslo_reports.file_event_handler = None {{(pid=96194) log_opt_values /opt/stack/data/venv/lib/python3.12/site-packages/oslo_config/cfg.py:3253}}
Jun 22 17:44:17.550856 np0000003422 nova-scheduler[96194]: DEBUG cotyledon.oslo_config_glue [-] oslo_reports.file_event_handler_interval = 1 {{(pid=96194) log_opt_values /opt/stack/data/venv/lib/python3.12/site-packages/oslo_config/cfg.py:3253}}
Jun 22 17:44:17.550856 np0000003422 nova-scheduler[96194]: DEBUG cotyledon.oslo_config_glue [-] oslo_reports.log_dir = None {{(pid=96194) log_opt_values /opt/stack/data/venv/lib/python3.12/site-packages/oslo_config/cfg.py:3253}}
Jun 22 17:44:17.550856 np0000003422 nova-scheduler[96194]: DEBUG cotyledon.oslo_config_glue [-] ******************************************************************************** {{(pid=96194) log_opt_values /opt/stack/data/venv/lib/python3.12/site-packages/oslo_config/cfg.py:3260}}
Jun 22 17:44:17.550856 np0000003422 nova-scheduler[96194]: DEBUG cotyledon._service_worker [-] Run service ServiceWrapper(3) [96194] {{(pid=96194) wait_forever /opt/stack/data/venv/lib/python3.12/site-packages/cotyledon/_service_worker.py:218}}
Jun 22 17:44:17.550856 np0000003422 nova-scheduler[96194]: INFO nova.service [-] Starting scheduler node (version 33.1.0)
Jun 22 17:44:17.550856 np0000003422 nova-scheduler[96194]: INFO dbcounter [None req-fc44e8dd-353c-4f7f-97df-70cdfd189e3d None None] Registered counter for database nova_cell0
Jun 22 17:44:17.551013 np0000003422 nova-scheduler[96190]: DEBUG oslo_db.sqlalchemy.engines [None req-5b4b9d1a-61df-4af4-b59d-7a095308a1e6 None None] MySQL server mode set to STRICT_TRANS_TABLES,STRICT_ALL_TABLES,NO_ZERO_IN_DATE,NO_ZERO_DATE,ERROR_FOR_DIVISION_BY_ZERO,TRADITIONAL,NO_ENGINE_SUBSTITUTION {{(pid=96190) _check_effective_sql_mode /opt/stack/data/venv/lib/python3.12/site-packages/oslo_db/sqlalchemy/engines.py:325}}
Jun 22 17:44:17.554652 np0000003422 nova-scheduler[96190]: DEBUG dbcounter [-] [96190] Writer thread running {{(pid=96190) stat_writer /opt/stack/data/venv/lib/python3.12/site-packages/dbcounter.py:102}}
Jun 22 17:44:17.561608 np0000003422 nova-scheduler[96192]: DEBUG oslo_db.sqlalchemy.engines [None req-a004f99f-e0b7-4f0d-82c1-aa8392b3beed None None] MySQL server mode set to STRICT_TRANS_TABLES,STRICT_ALL_TABLES,NO_ZERO_IN_DATE,NO_ZERO_DATE,ERROR_FOR_DIVISION_BY_ZERO,TRADITIONAL,NO_ENGINE_SUBSTITUTION {{(pid=96192) _check_effective_sql_mode /opt/stack/data/venv/lib/python3.12/site-packages/oslo_db/sqlalchemy/engines.py:325}}
Jun 22 17:44:17.570189 np0000003422 nova-scheduler[96190]: DEBUG nova.service [None req-5b4b9d1a-61df-4af4-b59d-7a095308a1e6 None None] Creating RPC server for service: nova-scheduler on topic: scheduler {{(pid=96190) start /opt/stack/nova/nova/service.py:196}}
Jun 22 17:44:17.572719 np0000003422 nova-scheduler[96192]: DEBUG dbcounter [-] [96192] Writer thread running {{(pid=96192) stat_writer /opt/stack/data/venv/lib/python3.12/site-packages/dbcounter.py:102}}
Jun 22 17:44:17.574607 np0000003422 nova-scheduler[96188]: DEBUG oslo_db.sqlalchemy.engines [None req-49e77fe0-b045-4d36-8090-8baed2540868 None None] MySQL server mode set to STRICT_TRANS_TABLES,STRICT_ALL_TABLES,NO_ZERO_IN_DATE,NO_ZERO_DATE,ERROR_FOR_DIVISION_BY_ZERO,TRADITIONAL,NO_ENGINE_SUBSTITUTION {{(pid=96188) _check_effective_sql_mode /opt/stack/data/venv/lib/python3.12/site-packages/oslo_db/sqlalchemy/engines.py:325}}
Jun 22 17:44:17.576188 np0000003422 nova-scheduler[96192]: DEBUG nova.service [None req-a004f99f-e0b7-4f0d-82c1-aa8392b3beed None None] Creating RPC server for service: nova-scheduler on topic: scheduler {{(pid=96192) start /opt/stack/nova/nova/service.py:196}}
Jun 22 17:44:17.579317 np0000003422 nova-scheduler[96194]: DEBUG oslo_db.sqlalchemy.engines [None req-fc44e8dd-353c-4f7f-97df-70cdfd189e3d None None] MySQL server mode set to STRICT_TRANS_TABLES,STRICT_ALL_TABLES,NO_ZERO_IN_DATE,NO_ZERO_DATE,ERROR_FOR_DIVISION_BY_ZERO,TRADITIONAL,NO_ENGINE_SUBSTITUTION {{(pid=96194) _check_effective_sql_mode /opt/stack/data/venv/lib/python3.12/site-packages/oslo_db/sqlalchemy/engines.py:325}}
Jun 22 17:44:17.586370 np0000003422 nova-scheduler[96188]: DEBUG dbcounter [-] [96188] Writer thread running {{(pid=96188) stat_writer /opt/stack/data/venv/lib/python3.12/site-packages/dbcounter.py:102}}
Jun 22 17:44:17.589491 np0000003422 nova-scheduler[96194]: DEBUG dbcounter [-] [96194] Writer thread running {{(pid=96194) stat_writer /opt/stack/data/venv/lib/python3.12/site-packages/dbcounter.py:102}}
Jun 22 17:44:17.589622 np0000003422 nova-scheduler[96188]: DEBUG nova.service [None req-49e77fe0-b045-4d36-8090-8baed2540868 None None] Creating RPC server for service: nova-scheduler on topic: scheduler {{(pid=96188) start /opt/stack/nova/nova/service.py:196}}
Jun 22 17:44:17.592576 np0000003422 nova-scheduler[96194]: DEBUG nova.service [None req-fc44e8dd-353c-4f7f-97df-70cdfd189e3d None None] Creating RPC server for service: nova-scheduler on topic: scheduler {{(pid=96194) start /opt/stack/nova/nova/service.py:196}}
Jun 22 17:44:17.607236 np0000003422 nova-scheduler[96190]: DEBUG nova.service [None req-5b4b9d1a-61df-4af4-b59d-7a095308a1e6 None None] Join ServiceGroup membership for this service scheduler {{(pid=96190) start /opt/stack/nova/nova/service.py:222}}
Jun 22 17:44:17.607434 np0000003422 nova-scheduler[96190]: DEBUG nova.servicegroup.drivers.db [None req-5b4b9d1a-61df-4af4-b59d-7a095308a1e6 None None] DB_Driver: join new ServiceGroup member np0000003422 to the scheduler group, service = {{(pid=96190) join /opt/stack/nova/nova/servicegroup/drivers/db.py:44}}
Jun 22 17:44:17.608792 np0000003422 nova-scheduler[96188]: DEBUG nova.service [None req-49e77fe0-b045-4d36-8090-8baed2540868 None None] Join ServiceGroup membership for this service scheduler {{(pid=96188) start /opt/stack/nova/nova/service.py:222}}
Jun 22 17:44:17.609157 np0000003422 nova-scheduler[96188]: DEBUG nova.servicegroup.drivers.db [None req-49e77fe0-b045-4d36-8090-8baed2540868 None None] DB_Driver: join new ServiceGroup member np0000003422 to the scheduler group, service = {{(pid=96188) join /opt/stack/nova/nova/servicegroup/drivers/db.py:44}}
Jun 22 17:44:17.610437 np0000003422 nova-scheduler[96194]: DEBUG nova.service [None req-fc44e8dd-353c-4f7f-97df-70cdfd189e3d None None] Join ServiceGroup membership for this service scheduler {{(pid=96194) start /opt/stack/nova/nova/service.py:222}}
Jun 22 17:44:17.610437 np0000003422 nova-scheduler[96194]: DEBUG nova.servicegroup.drivers.db [None req-fc44e8dd-353c-4f7f-97df-70cdfd189e3d None None] DB_Driver: join new ServiceGroup member np0000003422 to the scheduler group, service = {{(pid=96194) join /opt/stack/nova/nova/servicegroup/drivers/db.py:44}}
Jun 22 17:44:17.611717 np0000003422 nova-scheduler[96192]: DEBUG nova.service [None req-a004f99f-e0b7-4f0d-82c1-aa8392b3beed None None] Join ServiceGroup membership for this service scheduler {{(pid=96192) start /opt/stack/nova/nova/service.py:222}}
Jun 22 17:44:17.611892 np0000003422 nova-scheduler[96192]: DEBUG nova.servicegroup.drivers.db [None req-a004f99f-e0b7-4f0d-82c1-aa8392b3beed None None] DB_Driver: join new ServiceGroup member np0000003422 to the scheduler group, service = {{(pid=96192) join /opt/stack/nova/nova/servicegroup/drivers/db.py:44}}
Jun 22 17:44:19.613961 np0000003422 nova-scheduler[96192]: DEBUG oslo.service.backend._threading.loopingcall [None req-de31f8a8-ba76-4a92-a178-1b8f7c17e798 None None] Dynamic interval looping call 'nova.service.Service.periodic_tasks' sleeping for 60.00 seconds {{(pid=96192) _run_loop /opt/stack/data/venv/lib/python3.12/site-packages/oslo_service/backend/_threading/loopingcall.py:125}}
Jun 22 17:44:20.611403 np0000003422 nova-scheduler[96188]: DEBUG oslo.service.backend._threading.loopingcall [None req-0c070c63-378a-46b2-8b01-30460e76abba None None] Dynamic interval looping call 'nova.service.Service.periodic_tasks' sleeping for 60.00 seconds {{(pid=96188) _run_loop /opt/stack/data/venv/lib/python3.12/site-packages/oslo_service/backend/_threading/loopingcall.py:125}}
Jun 22 17:44:22.632963 np0000003422 nova-scheduler[96194]: DEBUG oslo.service.backend._threading.loopingcall [-] Fixed interval looping call 'nova.servicegroup.drivers.db.DbDriver._report_state' sleeping for 119.98 seconds {{(pid=96194) _run_loop /opt/stack/data/venv/lib/python3.12/site-packages/oslo_service/backend/_threading/loopingcall.py:125}}
Jun 22 17:44:22.637715 np0000003422 nova-scheduler[96188]: DEBUG oslo.service.backend._threading.loopingcall [-] Fixed interval looping call 'nova.servicegroup.drivers.db.DbDriver._report_state' sleeping for 119.97 seconds {{(pid=96188) _run_loop /opt/stack/data/venv/lib/python3.12/site-packages/oslo_service/backend/_threading/loopingcall.py:125}}
Jun 22 17:44:22.647868 np0000003422 nova-scheduler[96192]: DEBUG oslo.service.backend._threading.loopingcall [-] Fixed interval looping call 'nova.servicegroup.drivers.db.DbDriver._report_state' sleeping for 119.97 seconds {{(pid=96192) _run_loop /opt/stack/data/venv/lib/python3.12/site-packages/oslo_service/backend/_threading/loopingcall.py:125}}
Jun 22 17:44:22.653650 np0000003422 nova-scheduler[96190]: DEBUG oslo.service.backend._threading.loopingcall [-] Fixed interval looping call 'nova.servicegroup.drivers.db.DbDriver._report_state' sleeping for 119.96 seconds {{(pid=96190) _run_loop /opt/stack/data/venv/lib/python3.12/site-packages/oslo_service/backend/_threading/loopingcall.py:125}}
Jun 22 17:44:26.181288 np0000003422 nova-scheduler[94858]: DEBUG dbcounter [-] [94858] Writing DB stats nova_api:SELECT=3 {{(pid=94858) stat_writer /opt/stack/data/venv/lib/python3.12/site-packages/dbcounter.py:115}}
Jun 22 17:44:26.315508 np0000003422 nova-scheduler[94858]: DEBUG dbcounter [-] [94858] Writing DB stats nova_cell0:SELECT=1 {{(pid=94858) stat_writer /opt/stack/data/venv/lib/python3.12/site-packages/dbcounter.py:115}}
Jun 22 17:44:26.320467 np0000003422 nova-scheduler[94858]: DEBUG dbcounter [-] [94858] Writing DB stats nova_cell1:SELECT=1 {{(pid=94858) stat_writer /opt/stack/data/venv/lib/python3.12/site-packages/dbcounter.py:115}}
Jun 22 17:44:32.621383 np0000003422 nova-scheduler[96194]: DEBUG dbcounter [-] [96194] Writing DB stats nova_cell0:SELECT=3,nova_cell0:UPDATE=1 {{(pid=96194) stat_writer /opt/stack/data/venv/lib/python3.12/site-packages/dbcounter.py:115}}
Jun 22 17:44:32.621788 np0000003422 nova-scheduler[96190]: DEBUG dbcounter [-] [96190] Writing DB stats nova_cell0:SELECT=4,nova_cell0:INSERT=1,nova_cell0:UPDATE=1 {{(pid=96190) stat_writer /opt/stack/data/venv/lib/python3.12/site-packages/dbcounter.py:115}}
Jun 22 17:44:32.626859 np0000003422 nova-scheduler[96192]: DEBUG dbcounter [-] [96192] Writing DB stats nova_cell0:SELECT=3,nova_cell0:UPDATE=1 {{(pid=96192) stat_writer /opt/stack/data/venv/lib/python3.12/site-packages/dbcounter.py:115}}
Jun 22 17:44:32.632555 np0000003422 nova-scheduler[96188]: DEBUG dbcounter [-] [96188] Writing DB stats nova_cell0:SELECT=3 {{(pid=96188) stat_writer /opt/stack/data/venv/lib/python3.12/site-packages/dbcounter.py:115}}
Jun 22 17:44:49.611986 np0000003422 nova-scheduler[96194]: DEBUG oslo.service.backend._threading.loopingcall [None req-d884253b-6eba-4701-8e55-eff9258037b8 None None] Dynamic interval looping call 'nova.service.Service.periodic_tasks' sleeping for 60.00 seconds {{(pid=96194) _run_loop /opt/stack/data/venv/lib/python3.12/site-packages/oslo_service/backend/_threading/loopingcall.py:125}}
Jun 22 17:44:54.609888 np0000003422 nova-scheduler[96190]: DEBUG oslo.service.backend._threading.loopingcall [None req-925e5504-513a-4068-9101-2e6da0f58a72 None None] Dynamic interval looping call 'nova.service.Service.periodic_tasks' sleeping for 60.00 seconds {{(pid=96190) _run_loop /opt/stack/data/venv/lib/python3.12/site-packages/oslo_service/backend/_threading/loopingcall.py:125}}
Jun 22 17:45:19.614526 np0000003422 nova-scheduler[96192]: DEBUG oslo.service.backend._threading.loopingcall [None req-de31f8a8-ba76-4a92-a178-1b8f7c17e798 None None] Dynamic interval looping call 'nova.service.Service.periodic_tasks' sleeping for 60.00 seconds {{(pid=96192) _run_loop /opt/stack/data/venv/lib/python3.12/site-packages/oslo_service/backend/_threading/loopingcall.py:125}}
Jun 22 17:45:20.611871 np0000003422 nova-scheduler[96188]: DEBUG oslo.service.backend._threading.loopingcall [None req-0c070c63-378a-46b2-8b01-30460e76abba None None] Dynamic interval looping call 'nova.service.Service.periodic_tasks' sleeping for 60.00 seconds {{(pid=96188) _run_loop /opt/stack/data/venv/lib/python3.12/site-packages/oslo_service/backend/_threading/loopingcall.py:125}}
Jun 22 17:45:49.612526 np0000003422 nova-scheduler[96194]: DEBUG oslo.service.backend._threading.loopingcall [None req-d884253b-6eba-4701-8e55-eff9258037b8 None None] Dynamic interval looping call 'nova.service.Service.periodic_tasks' sleeping for 60.00 seconds {{(pid=96194) _run_loop /opt/stack/data/venv/lib/python3.12/site-packages/oslo_service/backend/_threading/loopingcall.py:125}}
Jun 22 17:45:54.610341 np0000003422 nova-scheduler[96190]: DEBUG oslo.service.backend._threading.loopingcall [None req-925e5504-513a-4068-9101-2e6da0f58a72 None None] Dynamic interval looping call 'nova.service.Service.periodic_tasks' sleeping for 60.00 seconds {{(pid=96190) _run_loop /opt/stack/data/venv/lib/python3.12/site-packages/oslo_service/backend/_threading/loopingcall.py:125}}
Jun 22 17:46:19.614985 np0000003422 nova-scheduler[96192]: DEBUG oslo.service.backend._threading.loopingcall [None req-de31f8a8-ba76-4a92-a178-1b8f7c17e798 None None] Dynamic interval looping call 'nova.service.Service.periodic_tasks' sleeping for 60.00 seconds {{(pid=96192) _run_loop /opt/stack/data/venv/lib/python3.12/site-packages/oslo_service/backend/_threading/loopingcall.py:125}}
Jun 22 17:46:20.612457 np0000003422 nova-scheduler[96188]: DEBUG oslo.service.backend._threading.loopingcall [None req-0c070c63-378a-46b2-8b01-30460e76abba None None] Dynamic interval looping call 'nova.service.Service.periodic_tasks' sleeping for 60.00 seconds {{(pid=96188) _run_loop /opt/stack/data/venv/lib/python3.12/site-packages/oslo_service/backend/_threading/loopingcall.py:125}}
Jun 22 17:46:22.616147 np0000003422 nova-scheduler[96188]: DEBUG oslo.service.backend._threading.loopingcall [-] Fixed interval looping call 'nova.servicegroup.drivers.db.DbDriver._report_state' sleeping for 119.99 seconds {{(pid=96188) _run_loop /opt/stack/data/venv/lib/python3.12/site-packages/oslo_service/backend/_threading/loopingcall.py:125}}
Jun 22 17:46:22.617470 np0000003422 nova-scheduler[96190]: DEBUG oslo.service.backend._threading.loopingcall [-] Fixed interval looping call 'nova.servicegroup.drivers.db.DbDriver._report_state' sleeping for 120.00 seconds {{(pid=96190) _run_loop /opt/stack/data/venv/lib/python3.12/site-packages/oslo_service/backend/_threading/loopingcall.py:125}}
Jun 22 17:46:22.617880 np0000003422 nova-scheduler[96194]: DEBUG oslo.service.backend._threading.loopingcall [-] Fixed interval looping call 'nova.servicegroup.drivers.db.DbDriver._report_state' sleeping for 120.00 seconds {{(pid=96194) _run_loop /opt/stack/data/venv/lib/python3.12/site-packages/oslo_service/backend/_threading/loopingcall.py:125}}
Jun 22 17:46:22.620459 np0000003422 nova-scheduler[96192]: DEBUG oslo.service.backend._threading.loopingcall [-] Fixed interval looping call 'nova.servicegroup.drivers.db.DbDriver._report_state' sleeping for 120.00 seconds {{(pid=96192) _run_loop /opt/stack/data/venv/lib/python3.12/site-packages/oslo_service/backend/_threading/loopingcall.py:125}}
Jun 22 17:46:32.613564 np0000003422 nova-scheduler[96188]: DEBUG dbcounter [-] [96188] Writing DB stats nova_cell0:SELECT=1,nova_cell0:UPDATE=1 {{(pid=96188) stat_writer /opt/stack/data/venv/lib/python3.12/site-packages/dbcounter.py:115}}
Jun 22 17:46:32.616406 np0000003422 nova-scheduler[96194]: DEBUG dbcounter [-] [96194] Writing DB stats nova_cell0:SELECT=1,nova_cell0:UPDATE=1 {{(pid=96194) stat_writer /opt/stack/data/venv/lib/python3.12/site-packages/dbcounter.py:115}}
Jun 22 17:46:32.616959 np0000003422 nova-scheduler[96190]: DEBUG dbcounter [-] [96190] Writing DB stats nova_cell0:SELECT=1,nova_cell0:UPDATE=1 {{(pid=96190) stat_writer /opt/stack/data/venv/lib/python3.12/site-packages/dbcounter.py:115}}
Jun 22 17:46:32.619188 np0000003422 nova-scheduler[96192]: DEBUG dbcounter [-] [96192] Writing DB stats nova_cell0:SELECT=1 {{(pid=96192) stat_writer /opt/stack/data/venv/lib/python3.12/site-packages/dbcounter.py:115}}
Jun 22 17:46:42.048755 np0000003422 nova-scheduler[96190]: DEBUG nova.scheduler.manager [None req-1f215c3b-f359-4d24-8313-676e7328c9c8 tempest-ServersNegativeTestJSON-1195424593 tempest-ServersNegativeTestJSON-1195424593-project-member] Starting to schedule for instances: ['bf392a0f-5c18-47a1-808a-fbddbc1437c6'] {{(pid=96190) select_destinations /opt/stack/nova/nova/scheduler/manager.py:210}}
Jun 22 17:46:42.049652 np0000003422 nova-scheduler[96190]: DEBUG nova.scheduler.request_filter [None req-1f215c3b-f359-4d24-8313-676e7328c9c8 tempest-ServersNegativeTestJSON-1195424593 tempest-ServersNegativeTestJSON-1195424593-project-member] compute_status_filter request filter added forbidden trait COMPUTE_STATUS_DISABLED {{(pid=96190) compute_status_filter /opt/stack/nova/nova/scheduler/request_filter.py:253}}
Jun 22 17:46:42.049804 np0000003422 nova-scheduler[96190]: DEBUG nova.scheduler.request_filter [None req-1f215c3b-f359-4d24-8313-676e7328c9c8 tempest-ServersNegativeTestJSON-1195424593 tempest-ServersNegativeTestJSON-1195424593-project-member] Request filter 'compute_status_filter' took 0.0 seconds {{(pid=96190) wrapper /opt/stack/nova/nova/scheduler/request_filter.py:46}}
Jun 22 17:46:42.050115 np0000003422 nova-scheduler[96190]: DEBUG nova.scheduler.request_filter [None req-1f215c3b-f359-4d24-8313-676e7328c9c8 tempest-ServersNegativeTestJSON-1195424593 tempest-ServersNegativeTestJSON-1195424593-project-member] Request filter 'accelerators_filter' took 0.0 seconds {{(pid=96190) wrapper /opt/stack/nova/nova/scheduler/request_filter.py:46}}
Jun 22 17:46:42.050360 np0000003422 nova-scheduler[96190]: DEBUG nova.scheduler.request_filter [None req-1f215c3b-f359-4d24-8313-676e7328c9c8 tempest-ServersNegativeTestJSON-1195424593 tempest-ServersNegativeTestJSON-1195424593-project-member] Request filter 'packed_virtqueue_filter' took 0.0 seconds {{(pid=96190) wrapper /opt/stack/nova/nova/scheduler/request_filter.py:46}}
Jun 22 17:46:42.050624 np0000003422 nova-scheduler[96190]: DEBUG nova.scheduler.request_filter [None req-1f215c3b-f359-4d24-8313-676e7328c9c8 tempest-ServersNegativeTestJSON-1195424593 tempest-ServersNegativeTestJSON-1195424593-project-member] Request filter 'remote_managed_ports_filter' took 0.0 seconds {{(pid=96190) wrapper /opt/stack/nova/nova/scheduler/request_filter.py:46}}
Jun 22 17:46:42.050777 np0000003422 nova-scheduler[96190]: DEBUG nova.scheduler.request_filter [None req-1f215c3b-f359-4d24-8313-676e7328c9c8 tempest-ServersNegativeTestJSON-1195424593 tempest-ServersNegativeTestJSON-1195424593-project-member] ephemeral_encryption_filter skipped {{(pid=96190) ephemeral_encryption_filter /opt/stack/nova/nova/scheduler/request_filter.py:426}}
Jun 22 17:46:42.052176 np0000003422 nova-scheduler[96190]: DEBUG nova.scheduler.request_filter [None req-1f215c3b-f359-4d24-8313-676e7328c9c8 tempest-ServersNegativeTestJSON-1195424593 tempest-ServersNegativeTestJSON-1195424593-project-member] virtio_sound_filter skipped {{(pid=96190) virtio_sound_filter /opt/stack/nova/nova/scheduler/request_filter.py:460}}
Jun 22 17:46:42.052409 np0000003422 nova-scheduler[96190]: DEBUG nova.scheduler.request_filter [None req-1f215c3b-f359-4d24-8313-676e7328c9c8 tempest-ServersNegativeTestJSON-1195424593 tempest-ServersNegativeTestJSON-1195424593-project-member] tpm_secret_security_filter skipped {{(pid=96190) tpm_secret_security_filter /opt/stack/nova/nova/scheduler/request_filter.py:477}}
Jun 22 17:46:42.576360 np0000003422 nova-scheduler[96190]: INFO nova.utils [None req-1f215c3b-f359-4d24-8313-676e7328c9c8 tempest-ServersNegativeTestJSON-1195424593 tempest-ServersNegativeTestJSON-1195424593-project-member] The cell worker thread pool ForkProcess-2.cell_worker is initialized
Jun 22 17:46:42.576686 np0000003422 nova-scheduler[96190]: DEBUG oslo_concurrency.lockutils [None req-1f215c3b-f359-4d24-8313-676e7328c9c8 tempest-ServersNegativeTestJSON-1195424593 tempest-ServersNegativeTestJSON-1195424593-project-member] Acquiring lock "edead148-6e27-434f-9ebd-831dc830cb04" by "nova.context.set_target_cell..get_or_set_cached_cell_and_set_connections" {{(pid=96190) inner /opt/stack/data/venv/lib/python3.12/site-packages/oslo_concurrency/lockutils.py:511}}
Jun 22 17:46:42.576862 np0000003422 nova-scheduler[96190]: DEBUG oslo_concurrency.lockutils [None req-1f215c3b-f359-4d24-8313-676e7328c9c8 tempest-ServersNegativeTestJSON-1195424593 tempest-ServersNegativeTestJSON-1195424593-project-member] Lock "edead148-6e27-434f-9ebd-831dc830cb04" acquired by "nova.context.set_target_cell..get_or_set_cached_cell_and_set_connections" :: waited 0.000s {{(pid=96190) inner /opt/stack/data/venv/lib/python3.12/site-packages/oslo_concurrency/lockutils.py:524}}
Jun 22 17:46:42.578044 np0000003422 nova-scheduler[96190]: DEBUG oslo_concurrency.lockutils [None req-1f215c3b-f359-4d24-8313-676e7328c9c8 tempest-ServersNegativeTestJSON-1195424593 tempest-ServersNegativeTestJSON-1195424593-project-member] Lock "edead148-6e27-434f-9ebd-831dc830cb04" "released" by "nova.context.set_target_cell..get_or_set_cached_cell_and_set_connections" :: held 0.001s {{(pid=96190) inner /opt/stack/data/venv/lib/python3.12/site-packages/oslo_concurrency/lockutils.py:543}}
Jun 22 17:46:42.580094 np0000003422 nova-scheduler[96190]: INFO dbcounter [None req-1f215c3b-f359-4d24-8313-676e7328c9c8 tempest-ServersNegativeTestJSON-1195424593 tempest-ServersNegativeTestJSON-1195424593-project-member] Registered counter for database nova_cell1
Jun 22 17:46:42.621661 np0000003422 nova-scheduler[96190]: DEBUG oslo_db.sqlalchemy.engines [None req-1f215c3b-f359-4d24-8313-676e7328c9c8 tempest-ServersNegativeTestJSON-1195424593 tempest-ServersNegativeTestJSON-1195424593-project-member] MySQL server mode set to STRICT_TRANS_TABLES,STRICT_ALL_TABLES,NO_ZERO_IN_DATE,NO_ZERO_DATE,ERROR_FOR_DIVISION_BY_ZERO,TRADITIONAL,NO_ENGINE_SUBSTITUTION {{(pid=96190) _check_effective_sql_mode /opt/stack/data/venv/lib/python3.12/site-packages/oslo_db/sqlalchemy/engines.py:325}}
Jun 22 17:46:42.626589 np0000003422 nova-scheduler[96190]: DEBUG dbcounter [-] [96190] Writer thread running {{(pid=96190) stat_writer /opt/stack/data/venv/lib/python3.12/site-packages/dbcounter.py:102}}
Jun 22 17:46:42.640025 np0000003422 nova-scheduler[96190]: DEBUG oslo_db.sqlalchemy.engines [None req-1f215c3b-f359-4d24-8313-676e7328c9c8 tempest-ServersNegativeTestJSON-1195424593 tempest-ServersNegativeTestJSON-1195424593-project-member] Parent process 94858 forked (96190) with an open database connection, which is being discarded and recreated. {{(pid=96190) checkout /opt/stack/data/venv/lib/python3.12/site-packages/oslo_db/sqlalchemy/engines.py:402}}
Jun 22 17:46:42.676701 np0000003422 nova-scheduler[96190]: DEBUG dbcounter [-] [96190] Writer thread running {{(pid=96190) stat_writer /opt/stack/data/venv/lib/python3.12/site-packages/dbcounter.py:102}}
Jun 22 17:46:42.678943 np0000003422 nova-scheduler[96190]: DEBUG oslo_concurrency.lockutils [None req-1f215c3b-f359-4d24-8313-676e7328c9c8 tempest-ServersNegativeTestJSON-1195424593 tempest-ServersNegativeTestJSON-1195424593-project-member] Acquiring lock "edead148-6e27-434f-9ebd-831dc830cb04" by "nova.context.set_target_cell..get_or_set_cached_cell_and_set_connections" {{(pid=96190) inner /opt/stack/data/venv/lib/python3.12/site-packages/oslo_concurrency/lockutils.py:511}}
Jun 22 17:46:42.679099 np0000003422 nova-scheduler[96190]: DEBUG oslo_concurrency.lockutils [None req-1f215c3b-f359-4d24-8313-676e7328c9c8 tempest-ServersNegativeTestJSON-1195424593 tempest-ServersNegativeTestJSON-1195424593-project-member] Lock "edead148-6e27-434f-9ebd-831dc830cb04" acquired by "nova.context.set_target_cell..get_or_set_cached_cell_and_set_connections" :: waited 0.000s {{(pid=96190) inner /opt/stack/data/venv/lib/python3.12/site-packages/oslo_concurrency/lockutils.py:524}}
Jun 22 17:46:42.679191 np0000003422 nova-scheduler[96190]: DEBUG oslo_concurrency.lockutils [None req-1f215c3b-f359-4d24-8313-676e7328c9c8 tempest-ServersNegativeTestJSON-1195424593 tempest-ServersNegativeTestJSON-1195424593-project-member] Lock "edead148-6e27-434f-9ebd-831dc830cb04" "released" by "nova.context.set_target_cell..get_or_set_cached_cell_and_set_connections" :: held 0.000s {{(pid=96190) inner /opt/stack/data/venv/lib/python3.12/site-packages/oslo_concurrency/lockutils.py:543}}
Jun 22 17:46:42.681578 np0000003422 nova-scheduler[96190]: DEBUG oslo_concurrency.lockutils [None req-1f215c3b-f359-4d24-8313-676e7328c9c8 tempest-ServersNegativeTestJSON-1195424593 tempest-ServersNegativeTestJSON-1195424593-project-member] Acquiring lock "('np0000003422', 'np0000003422')" by "nova.scheduler.host_manager.HostState.update.._locked_update" {{(pid=96190) inner /opt/stack/data/venv/lib/python3.12/site-packages/oslo_concurrency/lockutils.py:511}}
Jun 22 17:46:42.681689 np0000003422 nova-scheduler[96190]: DEBUG oslo_concurrency.lockutils [None req-1f215c3b-f359-4d24-8313-676e7328c9c8 tempest-ServersNegativeTestJSON-1195424593 tempest-ServersNegativeTestJSON-1195424593-project-member] Lock "('np0000003422', 'np0000003422')" acquired by "nova.scheduler.host_manager.HostState.update.._locked_update" :: waited 0.000s {{(pid=96190) inner /opt/stack/data/venv/lib/python3.12/site-packages/oslo_concurrency/lockutils.py:524}}
Jun 22 17:46:42.682538 np0000003422 nova-scheduler[96190]: DEBUG nova.scheduler.host_manager [None req-1f215c3b-f359-4d24-8313-676e7328c9c8 tempest-ServersNegativeTestJSON-1195424593 tempest-ServersNegativeTestJSON-1195424593-project-member] Update host state from compute node: ComputeNode(cpu_allocation_ratio=4.0,cpu_info='{"arch": "x86_64", "model": "EPYC-Milan", "vendor": "AMD", "topology": {"cells": 1, "sockets": 16, "cores": 1, "threads": 1}, "maxphysaddr": {"mode": "emulate", "bits": 40}, "features": ["pdpe1gb", "clflushopt", "pclmuldq", "pge", "ssbd", "nx", "fma", "pat", "apic", "svm", "fsrm", "null-sel-clr-base", "tsc-deadline", "stibp-always-on", "tsc-scale", "rdpid", "cx16", "mca", "skip-l1dfl-vmentry", "fxsr", "osvw", "amd-psfd", "sse2", "xsaves", "flushbyasid", "movbe", "pse36", "invpcid", "xsave", "3dnowprefetch", "vaes", "clflush", "gds-no", "sse4a", "x2apic", "xsavec", "xsaveopt", "rdrand", "sse4.2", "ibpb", "v-vmsave-vmload", "vpclmulqdq", "arch-capabilities", "sep", "amd-ssbd", "topoext", "mds-no", "popcnt", "mmxext", "sse", "xgetbv1", "fxsr_opt", "syscall", "lbrv", "msr", "adx", "stibp", "bmi2", "lfence-always-serializing", "ibrs", "umip", "cmp_legacy", "spec-ctrl", "abm", "pni", "wbnoinvd", "avx2", "misalignsse", "mmx", "arat", "cmov", "smap", "xsaveerptr", "tsc", "pfthreshold", "tsc_adjust", "vmcb-clean", "mce", "perfctr_core", "cx8", "amd-stibp", "mtrr", "lm", "smep", "hypervisor", "clwb", "pae", "bmi1", "lahf_lm", "vgif", "fpu", "sse4.1", "ssse3", "pschange-mc-no", "clzero", "erms", "pse", "rdtscp", "aes", "vme", "pause-filter", "rdseed", "npt", "pcid", "svme-addr-chk", "fsgsbase", "sha-ni", "de", "f16c", "rdctl-no", "avx", "cr8legacy", "pku", "virt-ssbd", "nrip-save", "no-nested-data-bp"]}',created_at=2026-06-22T17:44:41Z,current_workload=0,deleted=False,deleted_at=None,disk_allocation_ratio=1.0,disk_available_least=74,free_disk_gb=95,free_ram_mb=63789,host='np0000003422',host_ip=10.4.3.152,hypervisor_hostname='np0000003422',hypervisor_type='QEMU',hypervisor_version=8002002,id=1,local_gb=95,local_gb_used=0,mapped=1,memory_mb=64301,memory_mb_used=512,metrics='[]',numa_topology='{"nova_object.name": "NUMATopology", "nova_object.namespace": "nova", "nova_object.version": "1.2", "nova_object.data": {"cells": [{"nova_object.name": "NUMACell", "nova_object.namespace": "nova", "nova_object.version": "1.5", "nova_object.data": {"id": 0, "cpuset": [0, 1, 2, 3, 4, 5, 6, 7, 8, 9, 10, 11, 12, 13, 14, 15], "pcpuset": [0, 1, 2, 3, 4, 5, 6, 7, 8, 9, 10, 11, 12, 13, 14, 15], "memory": 64301, "cpu_usage": 0, "memory_usage": 0, "pinned_cpus": [], "siblings": [[6], [12], [2], [15], [5], [11], [8], [14], [4], [1], [7], [10], [0], [13], [3], [9]], "mempages": [{"nova_object.name": "NUMAPagesTopology", "nova_object.namespace": "nova", "nova_object.version": "1.1", "nova_object.data": {"size_kb": 4, "total": 16461065, "used": 0, "reserved": 0}, "nova_object.changes": ["used", "total", "size_kb", "reserved"]}, {"nova_object.name": "NUMAPagesTopology", "nova_object.namespace": "nova", "nova_object.version": "1.1", "nova_object.data": {"size_kb": 2048, "total": 0, "used": 0, "reserved": 0}, "nova_object.changes": ["used", "total", "size_kb", "reserved"]}, {"nova_object.name": "NUMAPagesTopology", "nova_object.namespace": "nova", "nova_object.version": "1.1", "nova_object.data": {"size_kb": 1048576, "total": 0, "used": 0, "reserved": 0}, "nova_object.changes": ["used", "total", "size_kb", "reserved"]}], "network_metadata": {"nova_object.name": "NetworkMetadata", "nova_object.namespace": "nova", "nova_object.version": "1.0", "nova_object.data": {"physnets": [], "tunneled": false}, "nova_object.changes": ["tunneled", "physnets"]}, "socket": null}, "nova_object.changes": ["siblings", "cpu_usage", "memory", "id", "memory_usage", "cpuset", "network_metadata", "socket", "mempages", "pcpuset", "pinned_cpus"]}]}, "nova_object.changes": ["cells"]}',pci_device_pools=PciDevicePoolList,ram_allocation_ratio=1.0,running_vms=0,service_id=3,stats={failed_builds='0',uptime=' 17:46:28 up 25 min, 2 users, load average: 1.17, 1.38, 0.80
Jun 22 17:46:42.682538 np0000003422 nova-scheduler[96190]: '},supported_hv_specs=[HVSpec,HVSpec,HVSpec,HVSpec,HVSpec,HVSpec,HVSpec,HVSpec,HVSpec,HVSpec,HVSpec,HVSpec,HVSpec,HVSpec,HVSpec,HVSpec,HVSpec,HVSpec,HVSpec,HVSpec,HVSpec,HVSpec,HVSpec,HVSpec,HVSpec],updated_at=2026-06-22T17:46:30Z,uuid=70ef3ed5-ce00-4d73-9ba7-dcef1e4d6dd5,vcpus=16,vcpus_used=0) {{(pid=96190) _locked_update /opt/stack/nova/nova/scheduler/host_manager.py:168}}
Jun 22 17:46:42.683231 np0000003422 nova-scheduler[96190]: DEBUG nova.scheduler.host_manager [None req-1f215c3b-f359-4d24-8313-676e7328c9c8 tempest-ServersNegativeTestJSON-1195424593 tempest-ServersNegativeTestJSON-1195424593-project-member] Update host state with aggregates: [] {{(pid=96190) _locked_update /opt/stack/nova/nova/scheduler/host_manager.py:171}}
