Jun 22 17:44:22.651858 np0000003422 nova-conductor[98582]: DEBUG cotyledon.oslo_config_glue [-] profiler.es_scroll_time = 2m {{(pid=98582) log_opt_values /opt/stack/data/venv/lib/python3.12/site-packages/oslo_config/cfg.py:3253}}
Jun 22 17:44:22.652172 np0000003422 nova-conductor[98582]: DEBUG cotyledon.oslo_config_glue [-] profiler.filter_error_trace = False {{(pid=98582) log_opt_values /opt/stack/data/venv/lib/python3.12/site-packages/oslo_config/cfg.py:3253}}
Jun 22 17:44:22.652172 np0000003422 nova-conductor[98582]: DEBUG cotyledon.oslo_config_glue [-] profiler.hmac_keys = **** {{(pid=98582) log_opt_values /opt/stack/data/venv/lib/python3.12/site-packages/oslo_config/cfg.py:3253}}
Jun 22 17:44:22.652172 np0000003422 nova-conductor[98582]: DEBUG cotyledon.oslo_config_glue [-] profiler.sentinel_service_name = mymaster {{(pid=98582) log_opt_values /opt/stack/data/venv/lib/python3.12/site-packages/oslo_config/cfg.py:3253}}
Jun 22 17:44:22.652172 np0000003422 nova-conductor[98582]: DEBUG cotyledon.oslo_config_glue [-] profiler.socket_timeout = 0.1 {{(pid=98582) log_opt_values /opt/stack/data/venv/lib/python3.12/site-packages/oslo_config/cfg.py:3253}}
Jun 22 17:44:22.652172 np0000003422 nova-conductor[98582]: DEBUG cotyledon.oslo_config_glue [-] profiler.trace_requests = False {{(pid=98582) log_opt_values /opt/stack/data/venv/lib/python3.12/site-packages/oslo_config/cfg.py:3253}}
Jun 22 17:44:22.652172 np0000003422 nova-conductor[98582]: DEBUG cotyledon.oslo_config_glue [-] profiler.trace_sqlalchemy = False {{(pid=98582) log_opt_values /opt/stack/data/venv/lib/python3.12/site-packages/oslo_config/cfg.py:3253}}
Jun 22 17:44:22.652172 np0000003422 nova-conductor[98582]: DEBUG cotyledon.oslo_config_glue [-] profiler_jaeger.process_tags = {} {{(pid=98582) log_opt_values /opt/stack/data/venv/lib/python3.12/site-packages/oslo_config/cfg.py:3253}}
Jun 22 17:44:22.652172 np0000003422 nova-conductor[98582]: DEBUG cotyledon.oslo_config_glue [-] profiler_jaeger.service_name_prefix = None {{(pid=98582) log_opt_values /opt/stack/data/venv/lib/python3.12/site-packages/oslo_config/cfg.py:3253}}
Jun 22 17:44:22.652172 np0000003422 nova-conductor[98582]: DEBUG cotyledon.oslo_config_glue [-] profiler_otlp.service_name_prefix = None {{(pid=98582) log_opt_values /opt/stack/data/venv/lib/python3.12/site-packages/oslo_config/cfg.py:3253}}
Jun 22 17:44:22.652517 np0000003422 nova-conductor[98582]: DEBUG cotyledon.oslo_config_glue [-] oslo_messaging_rabbit.amqp_auto_delete = False {{(pid=98582) log_opt_values /opt/stack/data/venv/lib/python3.12/site-packages/oslo_config/cfg.py:3253}}
Jun 22 17:44:22.652517 np0000003422 nova-conductor[98582]: DEBUG cotyledon.oslo_config_glue [-] oslo_messaging_rabbit.amqp_durable_queues = False {{(pid=98582) log_opt_values /opt/stack/data/venv/lib/python3.12/site-packages/oslo_config/cfg.py:3253}}
Jun 22 17:44:22.652517 np0000003422 nova-conductor[98582]: DEBUG cotyledon.oslo_config_glue [-] oslo_messaging_rabbit.conn_pool_min_size = 2 {{(pid=98582) log_opt_values /opt/stack/data/venv/lib/python3.12/site-packages/oslo_config/cfg.py:3253}}
Jun 22 17:44:22.652517 np0000003422 nova-conductor[98582]: DEBUG cotyledon.oslo_config_glue [-] oslo_messaging_rabbit.conn_pool_ttl = 1200 {{(pid=98582) log_opt_values /opt/stack/data/venv/lib/python3.12/site-packages/oslo_config/cfg.py:3253}}
Jun 22 17:44:22.652517 np0000003422 nova-conductor[98582]: DEBUG cotyledon.oslo_config_glue [-] oslo_messaging_rabbit.direct_mandatory_flag = True {{(pid=98582) log_opt_values /opt/stack/data/venv/lib/python3.12/site-packages/oslo_config/cfg.py:3253}}
Jun 22 17:44:22.652517 np0000003422 nova-conductor[98582]: DEBUG cotyledon.oslo_config_glue [-] oslo_messaging_rabbit.enable_cancel_on_failover = False {{(pid=98582) log_opt_values /opt/stack/data/venv/lib/python3.12/site-packages/oslo_config/cfg.py:3253}}
Jun 22 17:44:22.652517 np0000003422 nova-conductor[98582]: DEBUG cotyledon.oslo_config_glue [-] oslo_messaging_rabbit.heartbeat_rate = 3 {{(pid=98582) log_opt_values /opt/stack/data/venv/lib/python3.12/site-packages/oslo_config/cfg.py:3253}}
Jun 22 17:44:22.652517 np0000003422 nova-conductor[98582]: DEBUG cotyledon.oslo_config_glue [-] oslo_messaging_rabbit.heartbeat_timeout_threshold = 60 {{(pid=98582) log_opt_values /opt/stack/data/venv/lib/python3.12/site-packages/oslo_config/cfg.py:3253}}
Jun 22 17:44:22.652517 np0000003422 nova-conductor[98582]: DEBUG cotyledon.oslo_config_glue [-] oslo_messaging_rabbit.hostname = np0000003422 {{(pid=98582) log_opt_values /opt/stack/data/venv/lib/python3.12/site-packages/oslo_config/cfg.py:3253}}
Jun 22 17:44:22.652793 np0000003422 nova-conductor[98582]: DEBUG cotyledon.oslo_config_glue [-] oslo_messaging_rabbit.kombu_compression = None {{(pid=98582) log_opt_values /opt/stack/data/venv/lib/python3.12/site-packages/oslo_config/cfg.py:3253}}
Jun 22 17:44:22.652793 np0000003422 nova-conductor[98582]: DEBUG cotyledon.oslo_config_glue [-] oslo_messaging_rabbit.kombu_failover_strategy = round-robin {{(pid=98582) log_opt_values /opt/stack/data/venv/lib/python3.12/site-packages/oslo_config/cfg.py:3253}}
Jun 22 17:44:22.652793 np0000003422 nova-conductor[98582]: DEBUG cotyledon.oslo_config_glue [-] oslo_messaging_rabbit.kombu_missing_consumer_retry_timeout = 60 {{(pid=98582) log_opt_values /opt/stack/data/venv/lib/python3.12/site-packages/oslo_config/cfg.py:3253}}
Jun 22 17:44:22.652793 np0000003422 nova-conductor[98582]: DEBUG cotyledon.oslo_config_glue [-] oslo_messaging_rabbit.kombu_reconnect_delay = 1.0 {{(pid=98582) log_opt_values /opt/stack/data/venv/lib/python3.12/site-packages/oslo_config/cfg.py:3253}}
Jun 22 17:44:22.652793 np0000003422 nova-conductor[98582]: DEBUG cotyledon.oslo_config_glue [-] oslo_messaging_rabbit.kombu_reconnect_splay = 0.0 {{(pid=98582) log_opt_values /opt/stack/data/venv/lib/python3.12/site-packages/oslo_config/cfg.py:3253}}
Jun 22 17:44:22.652793 np0000003422 nova-conductor[98582]: DEBUG cotyledon.oslo_config_glue [-] oslo_messaging_rabbit.processname = nova-conductor {{(pid=98582) log_opt_values /opt/stack/data/venv/lib/python3.12/site-packages/oslo_config/cfg.py:3253}}
Jun 22 17:44:22.652793 np0000003422 nova-conductor[98582]: DEBUG cotyledon.oslo_config_glue [-] oslo_messaging_rabbit.rabbit_ha_queues = False {{(pid=98582) log_opt_values /opt/stack/data/venv/lib/python3.12/site-packages/oslo_config/cfg.py:3253}}
Jun 22 17:44:22.652793 np0000003422 nova-conductor[98582]: DEBUG cotyledon.oslo_config_glue [-] oslo_messaging_rabbit.rabbit_interval_max = 30 {{(pid=98582) log_opt_values /opt/stack/data/venv/lib/python3.12/site-packages/oslo_config/cfg.py:3253}}
Jun 22 17:44:22.652793 np0000003422 nova-conductor[98582]: DEBUG cotyledon.oslo_config_glue [-] oslo_messaging_rabbit.rabbit_login_method = AMQPLAIN {{(pid=98582) log_opt_values /opt/stack/data/venv/lib/python3.12/site-packages/oslo_config/cfg.py:3253}}
Jun 22 17:44:22.653093 np0000003422 nova-conductor[98582]: DEBUG cotyledon.oslo_config_glue [-] oslo_messaging_rabbit.rabbit_qos_prefetch_count = 0 {{(pid=98582) log_opt_values /opt/stack/data/venv/lib/python3.12/site-packages/oslo_config/cfg.py:3253}}
Jun 22 17:44:22.653093 np0000003422 nova-conductor[98582]: DEBUG cotyledon.oslo_config_glue [-] oslo_messaging_rabbit.rabbit_quorum_delivery_limit = 0 {{(pid=98582) log_opt_values /opt/stack/data/venv/lib/python3.12/site-packages/oslo_config/cfg.py:3253}}
Jun 22 17:44:22.653093 np0000003422 nova-conductor[98582]: DEBUG cotyledon.oslo_config_glue [-] oslo_messaging_rabbit.rabbit_quorum_max_memory_bytes = 0 {{(pid=98582) log_opt_values /opt/stack/data/venv/lib/python3.12/site-packages/oslo_config/cfg.py:3253}}
Jun 22 17:44:22.653093 np0000003422 nova-conductor[98582]: DEBUG cotyledon.oslo_config_glue [-] oslo_messaging_rabbit.rabbit_quorum_max_memory_length = 0 {{(pid=98582) log_opt_values /opt/stack/data/venv/lib/python3.12/site-packages/oslo_config/cfg.py:3253}}
Jun 22 17:44:22.653093 np0000003422 nova-conductor[98582]: DEBUG cotyledon.oslo_config_glue [-] oslo_messaging_rabbit.rabbit_quorum_queue = False {{(pid=98582) log_opt_values /opt/stack/data/venv/lib/python3.12/site-packages/oslo_config/cfg.py:3253}}
Jun 22 17:44:22.653093 np0000003422 nova-conductor[98582]: DEBUG cotyledon.oslo_config_glue [-] oslo_messaging_rabbit.rabbit_retry_backoff = 2 {{(pid=98582) log_opt_values /opt/stack/data/venv/lib/python3.12/site-packages/oslo_config/cfg.py:3253}}
Jun 22 17:44:22.653093 np0000003422 nova-conductor[98582]: DEBUG cotyledon.oslo_config_glue [-] oslo_messaging_rabbit.rabbit_retry_interval = 1 {{(pid=98582) log_opt_values /opt/stack/data/venv/lib/python3.12/site-packages/oslo_config/cfg.py:3253}}
Jun 22 17:44:22.653093 np0000003422 nova-conductor[98582]: DEBUG cotyledon.oslo_config_glue [-] oslo_messaging_rabbit.rabbit_stream_fanout = False {{(pid=98582) log_opt_values /opt/stack/data/venv/lib/python3.12/site-packages/oslo_config/cfg.py:3253}}
Jun 22 17:44:22.653348 np0000003422 nova-conductor[98582]: DEBUG cotyledon.oslo_config_glue [-] oslo_messaging_rabbit.rabbit_transient_queues_ttl = 1800 {{(pid=98582) log_opt_values /opt/stack/data/venv/lib/python3.12/site-packages/oslo_config/cfg.py:3253}}
Jun 22 17:44:22.653348 np0000003422 nova-conductor[98582]: DEBUG cotyledon.oslo_config_glue [-] oslo_messaging_rabbit.rabbit_transient_quorum_queue = False {{(pid=98582) log_opt_values /opt/stack/data/venv/lib/python3.12/site-packages/oslo_config/cfg.py:3253}}
Jun 22 17:44:22.653348 np0000003422 nova-conductor[98582]: DEBUG cotyledon.oslo_config_glue [-] oslo_messaging_rabbit.rpc_conn_pool_size = 30 {{(pid=98582) log_opt_values /opt/stack/data/venv/lib/python3.12/site-packages/oslo_config/cfg.py:3253}}
Jun 22 17:44:22.653348 np0000003422 nova-conductor[98582]: DEBUG cotyledon.oslo_config_glue [-] oslo_messaging_rabbit.ssl = False {{(pid=98582) log_opt_values /opt/stack/data/venv/lib/python3.12/site-packages/oslo_config/cfg.py:3253}}
Jun 22 17:44:22.653348 np0000003422 nova-conductor[98582]: DEBUG cotyledon.oslo_config_glue [-] oslo_messaging_rabbit.ssl_ca_file = {{(pid=98582) log_opt_values /opt/stack/data/venv/lib/python3.12/site-packages/oslo_config/cfg.py:3253}}
Jun 22 17:44:22.653348 np0000003422 nova-conductor[98582]: DEBUG cotyledon.oslo_config_glue [-] oslo_messaging_rabbit.ssl_cert_file = {{(pid=98582) log_opt_values /opt/stack/data/venv/lib/python3.12/site-packages/oslo_config/cfg.py:3253}}
Jun 22 17:44:22.653348 np0000003422 nova-conductor[98582]: DEBUG cotyledon.oslo_config_glue [-] oslo_messaging_rabbit.ssl_enforce_fips_mode = False {{(pid=98582) log_opt_values /opt/stack/data/venv/lib/python3.12/site-packages/oslo_config/cfg.py:3253}}
Jun 22 17:44:22.653348 np0000003422 nova-conductor[98582]: DEBUG cotyledon.oslo_config_glue [-] oslo_messaging_rabbit.ssl_enforce_hostname_verification = True {{(pid=98582) log_opt_values /opt/stack/data/venv/lib/python3.12/site-packages/oslo_config/cfg.py:3253}}
Jun 22 17:44:22.653348 np0000003422 nova-conductor[98582]: DEBUG cotyledon.oslo_config_glue [-] oslo_messaging_rabbit.ssl_key_file = {{(pid=98582) log_opt_values /opt/stack/data/venv/lib/python3.12/site-packages/oslo_config/cfg.py:3253}}
Jun 22 17:44:22.653920 np0000003422 nova-conductor[98582]: DEBUG cotyledon.oslo_config_glue [-] oslo_messaging_rabbit.ssl_version = {{(pid=98582) log_opt_values /opt/stack/data/venv/lib/python3.12/site-packages/oslo_config/cfg.py:3253}}
Jun 22 17:44:22.653920 np0000003422 nova-conductor[98582]: DEBUG cotyledon.oslo_config_glue [-] oslo_messaging_rabbit.use_queue_manager = False {{(pid=98582) log_opt_values /opt/stack/data/venv/lib/python3.12/site-packages/oslo_config/cfg.py:3253}}
Jun 22 17:44:22.653920 np0000003422 nova-conductor[98582]: DEBUG cotyledon.oslo_config_glue [-] oslo_messaging_notifications.driver = ['messagingv2'] {{(pid=98582) log_opt_values /opt/stack/data/venv/lib/python3.12/site-packages/oslo_config/cfg.py:3253}}
Jun 22 17:44:22.653920 np0000003422 nova-conductor[98582]: DEBUG cotyledon.oslo_config_glue [-] oslo_messaging_notifications.retry = -1 {{(pid=98582) log_opt_values /opt/stack/data/venv/lib/python3.12/site-packages/oslo_config/cfg.py:3253}}
Jun 22 17:44:22.653920 np0000003422 nova-conductor[98582]: DEBUG cotyledon.oslo_config_glue [-] oslo_messaging_notifications.topics = ['notifications'] {{(pid=98582) log_opt_values /opt/stack/data/venv/lib/python3.12/site-packages/oslo_config/cfg.py:3253}}
Jun 22 17:44:22.653920 np0000003422 nova-conductor[98582]: DEBUG cotyledon.oslo_config_glue [-] oslo_messaging_notifications.transport_url = **** {{(pid=98582) log_opt_values /opt/stack/data/venv/lib/python3.12/site-packages/oslo_config/cfg.py:3253}}
Jun 22 17:44:22.653920 np0000003422 nova-conductor[98582]: DEBUG cotyledon.oslo_config_glue [-] oslo_limit.auth_section = None {{(pid=98582) log_opt_values /opt/stack/data/venv/lib/python3.12/site-packages/oslo_config/cfg.py:3253}}
Jun 22 17:44:22.653920 np0000003422 nova-conductor[98582]: DEBUG cotyledon.oslo_config_glue [-] oslo_limit.auth_type = None {{(pid=98582) log_opt_values /opt/stack/data/venv/lib/python3.12/site-packages/oslo_config/cfg.py:3253}}
Jun 22 17:44:22.653920 np0000003422 nova-conductor[98582]: DEBUG cotyledon.oslo_config_glue [-] oslo_limit.cafile = None {{(pid=98582) log_opt_values /opt/stack/data/venv/lib/python3.12/site-packages/oslo_config/cfg.py:3253}}
Jun 22 17:44:22.654218 np0000003422 nova-conductor[98582]: DEBUG cotyledon.oslo_config_glue [-] oslo_limit.certfile = None {{(pid=98582) log_opt_values /opt/stack/data/venv/lib/python3.12/site-packages/oslo_config/cfg.py:3253}}
Jun 22 17:44:22.654218 np0000003422 nova-conductor[98582]: DEBUG cotyledon.oslo_config_glue [-] oslo_limit.collect_timing = False {{(pid=98582) log_opt_values /opt/stack/data/venv/lib/python3.12/site-packages/oslo_config/cfg.py:3253}}
Jun 22 17:44:22.654218 np0000003422 nova-conductor[98582]: DEBUG cotyledon.oslo_config_glue [-] oslo_limit.connect_retries = None {{(pid=98582) log_opt_values /opt/stack/data/venv/lib/python3.12/site-packages/oslo_config/cfg.py:3253}}
Jun 22 17:44:22.654218 np0000003422 nova-conductor[98582]: DEBUG cotyledon.oslo_config_glue [-] oslo_limit.connect_retry_delay = None {{(pid=98582) log_opt_values /opt/stack/data/venv/lib/python3.12/site-packages/oslo_config/cfg.py:3253}}
Jun 22 17:44:22.654218 np0000003422 nova-conductor[98582]: DEBUG cotyledon.oslo_config_glue [-] oslo_limit.endpoint_id = None {{(pid=98582) log_opt_values /opt/stack/data/venv/lib/python3.12/site-packages/oslo_config/cfg.py:3253}}
Jun 22 17:44:22.654218 np0000003422 nova-conductor[98582]: DEBUG cotyledon.oslo_config_glue [-] oslo_limit.endpoint_interface = public {{(pid=98582) log_opt_values /opt/stack/data/venv/lib/python3.12/site-packages/oslo_config/cfg.py:3253}}
Jun 22 17:44:22.654218 np0000003422 nova-conductor[98582]: DEBUG cotyledon.oslo_config_glue [-] oslo_limit.endpoint_override = None {{(pid=98582) log_opt_values /opt/stack/data/venv/lib/python3.12/site-packages/oslo_config/cfg.py:3253}}
Jun 22 17:44:22.654218 np0000003422 nova-conductor[98582]: DEBUG cotyledon.oslo_config_glue [-] oslo_limit.endpoint_region_name = None {{(pid=98582) log_opt_values /opt/stack/data/venv/lib/python3.12/site-packages/oslo_config/cfg.py:3253}}
Jun 22 17:44:22.654218 np0000003422 nova-conductor[98582]: DEBUG cotyledon.oslo_config_glue [-] oslo_limit.endpoint_service_name = None {{(pid=98582) log_opt_values /opt/stack/data/venv/lib/python3.12/site-packages/oslo_config/cfg.py:3253}}
Jun 22 17:44:22.654545 np0000003422 nova-conductor[98582]: DEBUG cotyledon.oslo_config_glue [-] oslo_limit.endpoint_service_type = None {{(pid=98582) log_opt_values /opt/stack/data/venv/lib/python3.12/site-packages/oslo_config/cfg.py:3253}}
Jun 22 17:44:22.654545 np0000003422 nova-conductor[98582]: DEBUG cotyledon.oslo_config_glue [-] oslo_limit.insecure = False {{(pid=98582) log_opt_values /opt/stack/data/venv/lib/python3.12/site-packages/oslo_config/cfg.py:3253}}
Jun 22 17:44:22.654545 np0000003422 nova-conductor[98582]: DEBUG cotyledon.oslo_config_glue [-] oslo_limit.keyfile = None {{(pid=98582) log_opt_values /opt/stack/data/venv/lib/python3.12/site-packages/oslo_config/cfg.py:3253}}
Jun 22 17:44:22.654545 np0000003422 nova-conductor[98582]: DEBUG cotyledon.oslo_config_glue [-] oslo_limit.max_version = None {{(pid=98582) log_opt_values /opt/stack/data/venv/lib/python3.12/site-packages/oslo_config/cfg.py:3253}}
Jun 22 17:44:22.654545 np0000003422 nova-conductor[98582]: DEBUG cotyledon.oslo_config_glue [-] oslo_limit.min_version = None {{(pid=98582) log_opt_values /opt/stack/data/venv/lib/python3.12/site-packages/oslo_config/cfg.py:3253}}
Jun 22 17:44:22.654545 np0000003422 nova-conductor[98582]: DEBUG cotyledon.oslo_config_glue [-] oslo_limit.region_name = None {{(pid=98582) log_opt_values /opt/stack/data/venv/lib/python3.12/site-packages/oslo_config/cfg.py:3253}}
Jun 22 17:44:22.654545 np0000003422 nova-conductor[98582]: DEBUG cotyledon.oslo_config_glue [-] oslo_limit.retriable_status_codes = None {{(pid=98582) log_opt_values /opt/stack/data/venv/lib/python3.12/site-packages/oslo_config/cfg.py:3253}}
Jun 22 17:44:22.654545 np0000003422 nova-conductor[98582]: DEBUG cotyledon.oslo_config_glue [-] oslo_limit.service_name = None {{(pid=98582) log_opt_values /opt/stack/data/venv/lib/python3.12/site-packages/oslo_config/cfg.py:3253}}
Jun 22 17:44:22.654545 np0000003422 nova-conductor[98582]: DEBUG cotyledon.oslo_config_glue [-] oslo_limit.service_type = None {{(pid=98582) log_opt_values /opt/stack/data/venv/lib/python3.12/site-packages/oslo_config/cfg.py:3253}}
Jun 22 17:44:22.654828 np0000003422 nova-conductor[98582]: DEBUG cotyledon.oslo_config_glue [-] oslo_limit.split_loggers = False {{(pid=98582) log_opt_values /opt/stack/data/venv/lib/python3.12/site-packages/oslo_config/cfg.py:3253}}
Jun 22 17:44:22.654828 np0000003422 nova-conductor[98582]: DEBUG cotyledon.oslo_config_glue [-] oslo_limit.status_code_retries = None {{(pid=98582) log_opt_values /opt/stack/data/venv/lib/python3.12/site-packages/oslo_config/cfg.py:3253}}
Jun 22 17:44:22.654828 np0000003422 nova-conductor[98582]: DEBUG cotyledon.oslo_config_glue [-] oslo_limit.status_code_retry_delay = None {{(pid=98582) log_opt_values /opt/stack/data/venv/lib/python3.12/site-packages/oslo_config/cfg.py:3253}}
Jun 22 17:44:22.654828 np0000003422 nova-conductor[98582]: DEBUG cotyledon.oslo_config_glue [-] oslo_limit.timeout = None {{(pid=98582) log_opt_values /opt/stack/data/venv/lib/python3.12/site-packages/oslo_config/cfg.py:3253}}
Jun 22 17:44:22.654828 np0000003422 nova-conductor[98582]: DEBUG cotyledon.oslo_config_glue [-] oslo_limit.valid_interfaces = None {{(pid=98582) log_opt_values /opt/stack/data/venv/lib/python3.12/site-packages/oslo_config/cfg.py:3253}}
Jun 22 17:44:22.654828 np0000003422 nova-conductor[98582]: DEBUG cotyledon.oslo_config_glue [-] oslo_limit.version = None {{(pid=98582) log_opt_values /opt/stack/data/venv/lib/python3.12/site-packages/oslo_config/cfg.py:3253}}
Jun 22 17:44:22.654828 np0000003422 nova-conductor[98582]: DEBUG cotyledon.oslo_config_glue [-] oslo_reports.file_event_handler = None {{(pid=98582) log_opt_values /opt/stack/data/venv/lib/python3.12/site-packages/oslo_config/cfg.py:3253}}
Jun 22 17:44:22.654828 np0000003422 nova-conductor[98582]: DEBUG cotyledon.oslo_config_glue [-] oslo_reports.file_event_handler_interval = 1 {{(pid=98582) log_opt_values /opt/stack/data/venv/lib/python3.12/site-packages/oslo_config/cfg.py:3253}}
Jun 22 17:44:22.654828 np0000003422 nova-conductor[98582]: DEBUG cotyledon.oslo_config_glue [-] oslo_reports.log_dir = None {{(pid=98582) log_opt_values /opt/stack/data/venv/lib/python3.12/site-packages/oslo_config/cfg.py:3253}}
Jun 22 17:44:22.655119 np0000003422 nova-conductor[98582]: DEBUG cotyledon.oslo_config_glue [-] ******************************************************************************** {{(pid=98582) log_opt_values /opt/stack/data/venv/lib/python3.12/site-packages/oslo_config/cfg.py:3260}}
Jun 22 17:44:22.655119 np0000003422 nova-conductor[98582]: DEBUG cotyledon._service_worker [-] Run service ServiceWrapper(3) [98582] {{(pid=98582) wait_forever /opt/stack/data/venv/lib/python3.12/site-packages/cotyledon/_service_worker.py:218}}
Jun 22 17:44:22.655119 np0000003422 nova-conductor[98582]: INFO nova.service [-] Starting conductor node (version 33.1.0)
Jun 22 17:44:22.655119 np0000003422 nova-conductor[98582]: INFO dbcounter [None req-44040033-2655-4ee1-be43-21b6fc3d885a None None] Registered counter for database nova_cell0
Jun 22 17:44:22.655255 np0000003422 nova-conductor[98572]: DEBUG oslo_db.sqlalchemy.engines [None req-8098fd5a-c251-4cf0-bfd4-fa8e9f87278f None None] MySQL server mode set to STRICT_TRANS_TABLES,STRICT_ALL_TABLES,NO_ZERO_IN_DATE,NO_ZERO_DATE,ERROR_FOR_DIVISION_BY_ZERO,TRADITIONAL,NO_ENGINE_SUBSTITUTION {{(pid=98572) _check_effective_sql_mode /opt/stack/data/venv/lib/python3.12/site-packages/oslo_db/sqlalchemy/engines.py:325}}
Jun 22 17:44:22.655255 np0000003422 nova-conductor[98572]: DEBUG dbcounter [-] [98572] Writer thread running {{(pid=98572) stat_writer /opt/stack/data/venv/lib/python3.12/site-packages/dbcounter.py:102}}
Jun 22 17:44:22.655328 np0000003422 nova-conductor[98574]: DEBUG oslo_db.sqlalchemy.engines [None req-2a63d6c4-a462-42a9-8804-44e0a03d7350 None None] MySQL server mode set to STRICT_TRANS_TABLES,STRICT_ALL_TABLES,NO_ZERO_IN_DATE,NO_ZERO_DATE,ERROR_FOR_DIVISION_BY_ZERO,TRADITIONAL,NO_ENGINE_SUBSTITUTION {{(pid=98574) _check_effective_sql_mode /opt/stack/data/venv/lib/python3.12/site-packages/oslo_db/sqlalchemy/engines.py:325}}
Jun 22 17:44:22.662033 np0000003422 nova-conductor[98574]: DEBUG dbcounter [-] [98574] Writer thread running {{(pid=98574) stat_writer /opt/stack/data/venv/lib/python3.12/site-packages/dbcounter.py:102}}
Jun 22 17:44:22.662157 np0000003422 nova-conductor[98568]: DEBUG oslo_db.sqlalchemy.engines [None req-9f8a0826-1392-463d-8542-3c36c71eaee2 None None] MySQL server mode set to STRICT_TRANS_TABLES,STRICT_ALL_TABLES,NO_ZERO_IN_DATE,NO_ZERO_DATE,ERROR_FOR_DIVISION_BY_ZERO,TRADITIONAL,NO_ENGINE_SUBSTITUTION {{(pid=98568) _check_effective_sql_mode /opt/stack/data/venv/lib/python3.12/site-packages/oslo_db/sqlalchemy/engines.py:325}}
Jun 22 17:44:22.666575 np0000003422 nova-conductor[98572]: DEBUG nova.service [None req-8098fd5a-c251-4cf0-bfd4-fa8e9f87278f None None] Creating RPC server for service: nova-conductor on topic: conductor {{(pid=98572) start /opt/stack/nova/nova/service.py:196}}
Jun 22 17:44:22.670767 np0000003422 nova-conductor[98568]: DEBUG dbcounter [-] [98568] Writer thread running {{(pid=98568) stat_writer /opt/stack/data/venv/lib/python3.12/site-packages/dbcounter.py:102}}
Jun 22 17:44:22.673152 np0000003422 nova-conductor[98568]: DEBUG nova.service [None req-9f8a0826-1392-463d-8542-3c36c71eaee2 None None] Creating RPC server for service: nova-conductor on topic: conductor {{(pid=98568) start /opt/stack/nova/nova/service.py:196}}
Jun 22 17:44:22.676525 np0000003422 nova-conductor[98574]: DEBUG nova.service [None req-2a63d6c4-a462-42a9-8804-44e0a03d7350 None None] Creating RPC server for service: nova-conductor on topic: conductor {{(pid=98574) start /opt/stack/nova/nova/service.py:196}}
Jun 22 17:44:22.682607 np0000003422 nova-conductor[98582]: DEBUG oslo_db.sqlalchemy.engines [None req-44040033-2655-4ee1-be43-21b6fc3d885a None None] MySQL server mode set to STRICT_TRANS_TABLES,STRICT_ALL_TABLES,NO_ZERO_IN_DATE,NO_ZERO_DATE,ERROR_FOR_DIVISION_BY_ZERO,TRADITIONAL,NO_ENGINE_SUBSTITUTION {{(pid=98582) _check_effective_sql_mode /opt/stack/data/venv/lib/python3.12/site-packages/oslo_db/sqlalchemy/engines.py:325}}
Jun 22 17:44:22.691455 np0000003422 nova-conductor[98568]: DEBUG nova.service [None req-9f8a0826-1392-463d-8542-3c36c71eaee2 None None] Join ServiceGroup membership for this service conductor {{(pid=98568) start /opt/stack/nova/nova/service.py:222}}
Jun 22 17:44:22.691632 np0000003422 nova-conductor[98568]: DEBUG nova.servicegroup.drivers.db [None req-9f8a0826-1392-463d-8542-3c36c71eaee2 None None] DB_Driver: join new ServiceGroup member np0000003422 to the conductor group, service = {{(pid=98568) join /opt/stack/nova/nova/servicegroup/drivers/db.py:44}}
Jun 22 17:44:22.693342 np0000003422 nova-conductor[98582]: DEBUG dbcounter [-] [98582] Writer thread running {{(pid=98582) stat_writer /opt/stack/data/venv/lib/python3.12/site-packages/dbcounter.py:102}}
Jun 22 17:44:22.694199 np0000003422 nova-conductor[98574]: DEBUG nova.service [None req-2a63d6c4-a462-42a9-8804-44e0a03d7350 None None] Join ServiceGroup membership for this service conductor {{(pid=98574) start /opt/stack/nova/nova/service.py:222}}
Jun 22 17:44:22.694369 np0000003422 nova-conductor[98574]: DEBUG nova.servicegroup.drivers.db [None req-2a63d6c4-a462-42a9-8804-44e0a03d7350 None None] DB_Driver: join new ServiceGroup member np0000003422 to the conductor group, service = {{(pid=98574) join /opt/stack/nova/nova/servicegroup/drivers/db.py:44}}
Jun 22 17:44:22.696372 np0000003422 nova-conductor[98582]: DEBUG nova.service [None req-44040033-2655-4ee1-be43-21b6fc3d885a None None] Creating RPC server for service: nova-conductor on topic: conductor {{(pid=98582) start /opt/stack/nova/nova/service.py:196}}
Jun 22 17:44:22.700867 np0000003422 nova-conductor[98572]: DEBUG nova.service [None req-8098fd5a-c251-4cf0-bfd4-fa8e9f87278f None None] Join ServiceGroup membership for this service conductor {{(pid=98572) start /opt/stack/nova/nova/service.py:222}}
Jun 22 17:44:22.701065 np0000003422 nova-conductor[98572]: DEBUG nova.servicegroup.drivers.db [None req-8098fd5a-c251-4cf0-bfd4-fa8e9f87278f None None] DB_Driver: join new ServiceGroup member np0000003422 to the conductor group, service = {{(pid=98572) join /opt/stack/nova/nova/servicegroup/drivers/db.py:44}}
Jun 22 17:44:22.715522 np0000003422 nova-conductor[98582]: DEBUG nova.service [None req-44040033-2655-4ee1-be43-21b6fc3d885a None None] Join ServiceGroup membership for this service conductor {{(pid=98582) start /opt/stack/nova/nova/service.py:222}}
Jun 22 17:44:22.715747 np0000003422 nova-conductor[98582]: DEBUG nova.servicegroup.drivers.db [None req-44040033-2655-4ee1-be43-21b6fc3d885a None None] DB_Driver: join new ServiceGroup member np0000003422 to the conductor group, service = {{(pid=98582) join /opt/stack/nova/nova/servicegroup/drivers/db.py:44}}
Jun 22 17:44:27.708959 np0000003422 nova-conductor[98574]: DEBUG oslo.service.backend._threading.loopingcall [-] Fixed interval looping call 'nova.servicegroup.drivers.db.DbDriver._report_state' sleeping for 119.99 seconds {{(pid=98574) _run_loop /opt/stack/data/venv/lib/python3.12/site-packages/oslo_service/backend/_threading/loopingcall.py:125}}
Jun 22 17:44:27.709495 np0000003422 nova-conductor[98568]: DEBUG oslo.service.backend._threading.loopingcall [-] Fixed interval looping call 'nova.servicegroup.drivers.db.DbDriver._report_state' sleeping for 119.98 seconds {{(pid=98568) _run_loop /opt/stack/data/venv/lib/python3.12/site-packages/oslo_service/backend/_threading/loopingcall.py:125}}
Jun 22 17:44:27.710947 np0000003422 nova-conductor[98572]: DEBUG oslo.service.backend._threading.loopingcall [-] Fixed interval looping call 'nova.servicegroup.drivers.db.DbDriver._report_state' sleeping for 119.99 seconds {{(pid=98572) _run_loop /opt/stack/data/venv/lib/python3.12/site-packages/oslo_service/backend/_threading/loopingcall.py:125}}
Jun 22 17:44:27.726696 np0000003422 nova-conductor[98582]: DEBUG oslo.service.backend._threading.loopingcall [-] Fixed interval looping call 'nova.servicegroup.drivers.db.DbDriver._report_state' sleeping for 119.99 seconds {{(pid=98582) _run_loop /opt/stack/data/venv/lib/python3.12/site-packages/oslo_service/backend/_threading/loopingcall.py:125}}
Jun 22 17:44:30.717839 np0000003422 nova-conductor[98582]: DEBUG oslo.service.backend._threading.loopingcall [None req-158bfab4-e9a1-4588-bcc5-0282e94d299d None None] Dynamic interval looping call 'nova.service.Service.periodic_tasks' sleeping for 60.00 seconds {{(pid=98582) _run_loop /opt/stack/data/venv/lib/python3.12/site-packages/oslo_service/backend/_threading/loopingcall.py:125}}
Jun 22 17:44:31.291919 np0000003422 nova-conductor[97061]: DEBUG dbcounter [-] [97061] Writing DB stats nova_api:SELECT=1 {{(pid=97061) stat_writer /opt/stack/data/venv/lib/python3.12/site-packages/dbcounter.py:115}}
Jun 22 17:44:31.412969 np0000003422 nova-conductor[97061]: DEBUG dbcounter [-] [97061] Writing DB stats nova_cell0:SELECT=1 {{(pid=97061) stat_writer /opt/stack/data/venv/lib/python3.12/site-packages/dbcounter.py:115}}
Jun 22 17:44:31.416806 np0000003422 nova-conductor[97061]: DEBUG dbcounter [-] [97061] Writing DB stats nova_cell1:SELECT=1 {{(pid=97061) stat_writer /opt/stack/data/venv/lib/python3.12/site-packages/dbcounter.py:115}}
Jun 22 17:44:37.701313 np0000003422 nova-conductor[98574]: DEBUG dbcounter [-] [98574] Writing DB stats nova_cell0:SELECT=4,nova_cell0:INSERT=1,nova_cell0:UPDATE=1 {{(pid=98574) stat_writer /opt/stack/data/venv/lib/python3.12/site-packages/dbcounter.py:115}}
Jun 22 17:44:37.707407 np0000003422 nova-conductor[98568]: DEBUG dbcounter [-] [98568] Writing DB stats nova_cell0:SELECT=3,nova_cell0:UPDATE=1 {{(pid=98568) stat_writer /opt/stack/data/venv/lib/python3.12/site-packages/dbcounter.py:115}}
Jun 22 17:44:37.710116 np0000003422 nova-conductor[98572]: DEBUG dbcounter [-] [98572] Writing DB stats nova_cell0:SELECT=4,nova_cell0:INSERT=1 {{(pid=98572) stat_writer /opt/stack/data/venv/lib/python3.12/site-packages/dbcounter.py:115}}
Jun 22 17:44:37.725677 np0000003422 nova-conductor[98582]: DEBUG dbcounter [-] [98582] Writing DB stats nova_cell0:SELECT=3 {{(pid=98582) stat_writer /opt/stack/data/venv/lib/python3.12/site-packages/dbcounter.py:115}}
Jun 22 17:44:49.693313 np0000003422 nova-conductor[98568]: DEBUG oslo.service.backend._threading.loopingcall [None req-2d0a9913-1fa9-4e41-8037-277c38ef8bf4 None None] Dynamic interval looping call 'nova.service.Service.periodic_tasks' sleeping for 60.00 seconds {{(pid=98568) _run_loop /opt/stack/data/venv/lib/python3.12/site-packages/oslo_service/backend/_threading/loopingcall.py:125}}
Jun 22 17:45:15.702985 np0000003422 nova-conductor[98572]: DEBUG oslo.service.backend._threading.loopingcall [None req-6fdf6f6c-8871-450f-a46b-09c4c6075b0e None None] Dynamic interval looping call 'nova.service.Service.periodic_tasks' sleeping for 60.00 seconds {{(pid=98572) _run_loop /opt/stack/data/venv/lib/python3.12/site-packages/oslo_service/backend/_threading/loopingcall.py:125}}
Jun 22 17:45:22.695991 np0000003422 nova-conductor[98574]: DEBUG oslo.service.backend._threading.loopingcall [None req-28d56e67-625a-4ac4-bc30-f405d508f41a None None] Dynamic interval looping call 'nova.service.Service.periodic_tasks' sleeping for 60.00 seconds {{(pid=98574) _run_loop /opt/stack/data/venv/lib/python3.12/site-packages/oslo_service/backend/_threading/loopingcall.py:125}}
Jun 22 17:45:30.718320 np0000003422 nova-conductor[98582]: DEBUG oslo.service.backend._threading.loopingcall [None req-158bfab4-e9a1-4588-bcc5-0282e94d299d None None] Dynamic interval looping call 'nova.service.Service.periodic_tasks' sleeping for 60.00 seconds {{(pid=98582) _run_loop /opt/stack/data/venv/lib/python3.12/site-packages/oslo_service/backend/_threading/loopingcall.py:125}}
Jun 22 17:45:49.693795 np0000003422 nova-conductor[98568]: DEBUG oslo.service.backend._threading.loopingcall [None req-2d0a9913-1fa9-4e41-8037-277c38ef8bf4 None None] Dynamic interval looping call 'nova.service.Service.periodic_tasks' sleeping for 60.00 seconds {{(pid=98568) _run_loop /opt/stack/data/venv/lib/python3.12/site-packages/oslo_service/backend/_threading/loopingcall.py:125}}
Jun 22 17:46:15.703492 np0000003422 nova-conductor[98572]: DEBUG oslo.service.backend._threading.loopingcall [None req-6fdf6f6c-8871-450f-a46b-09c4c6075b0e None None] Dynamic interval looping call 'nova.service.Service.periodic_tasks' sleeping for 60.00 seconds {{(pid=98572) _run_loop /opt/stack/data/venv/lib/python3.12/site-packages/oslo_service/backend/_threading/loopingcall.py:125}}
Jun 22 17:46:22.696532 np0000003422 nova-conductor[98574]: DEBUG oslo.service.backend._threading.loopingcall [None req-28d56e67-625a-4ac4-bc30-f405d508f41a None None] Dynamic interval looping call 'nova.service.Service.periodic_tasks' sleeping for 60.00 seconds {{(pid=98574) _run_loop /opt/stack/data/venv/lib/python3.12/site-packages/oslo_service/backend/_threading/loopingcall.py:125}}
Jun 22 17:46:27.697553 np0000003422 nova-conductor[98568]: DEBUG oslo.service.backend._threading.loopingcall [-] Fixed interval looping call 'nova.servicegroup.drivers.db.DbDriver._report_state' sleeping for 119.99 seconds {{(pid=98568) _run_loop /opt/stack/data/venv/lib/python3.12/site-packages/oslo_service/backend/_threading/loopingcall.py:125}}
Jun 22 17:46:27.702691 np0000003422 nova-conductor[98574]: DEBUG oslo.service.backend._threading.loopingcall [-] Fixed interval looping call 'nova.servicegroup.drivers.db.DbDriver._report_state' sleeping for 120.00 seconds {{(pid=98574) _run_loop /opt/stack/data/venv/lib/python3.12/site-packages/oslo_service/backend/_threading/loopingcall.py:125}}
Jun 22 17:46:27.704550 np0000003422 nova-conductor[98572]: DEBUG oslo.service.backend._threading.loopingcall [-] Fixed interval looping call 'nova.servicegroup.drivers.db.DbDriver._report_state' sleeping for 120.00 seconds {{(pid=98572) _run_loop /opt/stack/data/venv/lib/python3.12/site-packages/oslo_service/backend/_threading/loopingcall.py:125}}
Jun 22 17:46:27.720156 np0000003422 nova-conductor[98582]: DEBUG oslo.service.backend._threading.loopingcall [-] Fixed interval looping call 'nova.servicegroup.drivers.db.DbDriver._report_state' sleeping for 120.00 seconds {{(pid=98582) _run_loop /opt/stack/data/venv/lib/python3.12/site-packages/oslo_service/backend/_threading/loopingcall.py:125}}
Jun 22 17:46:30.719094 np0000003422 nova-conductor[98582]: DEBUG oslo.service.backend._threading.loopingcall [None req-158bfab4-e9a1-4588-bcc5-0282e94d299d None None] Dynamic interval looping call 'nova.service.Service.periodic_tasks' sleeping for 60.00 seconds {{(pid=98582) _run_loop /opt/stack/data/venv/lib/python3.12/site-packages/oslo_service/backend/_threading/loopingcall.py:125}}
Jun 22 17:46:37.692881 np0000003422 nova-conductor[98568]: DEBUG dbcounter [-] [98568] Writing DB stats nova_cell0:SELECT=1,nova_cell0:UPDATE=1 {{(pid=98568) stat_writer /opt/stack/data/venv/lib/python3.12/site-packages/dbcounter.py:115}}
Jun 22 17:46:37.701294 np0000003422 nova-conductor[98574]: DEBUG dbcounter [-] [98574] Writing DB stats nova_cell0:SELECT=1 {{(pid=98574) stat_writer /opt/stack/data/venv/lib/python3.12/site-packages/dbcounter.py:115}}
Jun 22 17:46:37.702737 np0000003422 nova-conductor[98572]: DEBUG dbcounter [-] [98572] Writing DB stats nova_cell0:SELECT=1 {{(pid=98572) stat_writer /opt/stack/data/venv/lib/python3.12/site-packages/dbcounter.py:115}}
Jun 22 17:46:37.719877 np0000003422 nova-conductor[98582]: DEBUG dbcounter [-] [98582] Writing DB stats nova_cell0:SELECT=1 {{(pid=98582) stat_writer /opt/stack/data/venv/lib/python3.12/site-packages/dbcounter.py:115}}
Jun 22 17:46:41.981569 np0000003422 nova-conductor[98568]: DEBUG oslo_db.sqlalchemy.engines [None req-1f215c3b-f359-4d24-8313-676e7328c9c8 tempest-ServersNegativeTestJSON-1195424593 tempest-ServersNegativeTestJSON-1195424593-project-member] Parent process 97061 forked (98568) with an open database connection, which is being discarded and recreated. {{(pid=98568) checkout /opt/stack/data/venv/lib/python3.12/site-packages/oslo_db/sqlalchemy/engines.py:402}}
Jun 22 17:46:42.022320 np0000003422 nova-conductor[98568]: DEBUG dbcounter [-] [98568] Writer thread running {{(pid=98568) stat_writer /opt/stack/data/venv/lib/python3.12/site-packages/dbcounter.py:102}}
Jun 22 17:46:43.046427 np0000003422 nova-conductor[98568]: DEBUG nova.conductor.manager [None req-1f215c3b-f359-4d24-8313-676e7328c9c8 tempest-ServersNegativeTestJSON-1195424593 tempest-ServersNegativeTestJSON-1195424593-project-member] Took 1.02 seconds to select destinations for 1 instance(s). {{(pid=98568) _schedule_instances /opt/stack/nova/nova/conductor/manager.py:968}}
Jun 22 17:46:43.075473 np0000003422 nova-conductor[98568]: DEBUG oslo_concurrency.lockutils [None req-1f215c3b-f359-4d24-8313-676e7328c9c8 tempest-ServersNegativeTestJSON-1195424593 tempest-ServersNegativeTestJSON-1195424593-project-member] Acquiring lock "edead148-6e27-434f-9ebd-831dc830cb04" by "nova.context.set_target_cell..get_or_set_cached_cell_and_set_connections" {{(pid=98568) inner /opt/stack/data/venv/lib/python3.12/site-packages/oslo_concurrency/lockutils.py:511}}
Jun 22 17:46:43.075473 np0000003422 nova-conductor[98568]: DEBUG oslo_concurrency.lockutils [None req-1f215c3b-f359-4d24-8313-676e7328c9c8 tempest-ServersNegativeTestJSON-1195424593 tempest-ServersNegativeTestJSON-1195424593-project-member] Lock "edead148-6e27-434f-9ebd-831dc830cb04" acquired by "nova.context.set_target_cell..get_or_set_cached_cell_and_set_connections" :: waited 0.000s {{(pid=98568) inner /opt/stack/data/venv/lib/python3.12/site-packages/oslo_concurrency/lockutils.py:524}}
Jun 22 17:46:43.075473 np0000003422 nova-conductor[98568]: DEBUG oslo_concurrency.lockutils [None req-1f215c3b-f359-4d24-8313-676e7328c9c8 tempest-ServersNegativeTestJSON-1195424593 tempest-ServersNegativeTestJSON-1195424593-project-member] Lock "edead148-6e27-434f-9ebd-831dc830cb04" "released" by "nova.context.set_target_cell..get_or_set_cached_cell_and_set_connections" :: held 0.001s {{(pid=98568) inner /opt/stack/data/venv/lib/python3.12/site-packages/oslo_concurrency/lockutils.py:543}}
Jun 22 17:46:43.076243 np0000003422 nova-conductor[98568]: INFO dbcounter [None req-1f215c3b-f359-4d24-8313-676e7328c9c8 tempest-ServersNegativeTestJSON-1195424593 tempest-ServersNegativeTestJSON-1195424593-project-member] Registered counter for database nova_cell1
Jun 22 17:46:43.111154 np0000003422 nova-conductor[98568]: DEBUG oslo_db.sqlalchemy.engines [None req-1f215c3b-f359-4d24-8313-676e7328c9c8 tempest-ServersNegativeTestJSON-1195424593 tempest-ServersNegativeTestJSON-1195424593-project-member] MySQL server mode set to STRICT_TRANS_TABLES,STRICT_ALL_TABLES,NO_ZERO_IN_DATE,NO_ZERO_DATE,ERROR_FOR_DIVISION_BY_ZERO,TRADITIONAL,NO_ENGINE_SUBSTITUTION {{(pid=98568) _check_effective_sql_mode /opt/stack/data/venv/lib/python3.12/site-packages/oslo_db/sqlalchemy/engines.py:325}}
Jun 22 17:46:43.117157 np0000003422 nova-conductor[98568]: DEBUG dbcounter [-] [98568] Writer thread running {{(pid=98568) stat_writer /opt/stack/data/venv/lib/python3.12/site-packages/dbcounter.py:102}}
Jun 22 17:46:43.182028 np0000003422 nova-conductor[98568]: INFO nova.utils [None req-1f215c3b-f359-4d24-8313-676e7328c9c8 tempest-ServersNegativeTestJSON-1195424593 tempest-ServersNegativeTestJSON-1195424593-project-member] The cell worker thread pool ForkProcess-1.cell_worker is initialized
Jun 22 17:46:43.182335 np0000003422 nova-conductor[98568]: DEBUG oslo_concurrency.lockutils [None req-1f215c3b-f359-4d24-8313-676e7328c9c8 tempest-ServersNegativeTestJSON-1195424593 tempest-ServersNegativeTestJSON-1195424593-project-member] Acquiring lock "00000000-0000-0000-0000-000000000000" by "nova.context.set_target_cell..get_or_set_cached_cell_and_set_connections" {{(pid=98568) inner /opt/stack/data/venv/lib/python3.12/site-packages/oslo_concurrency/lockutils.py:511}}
Jun 22 17:46:43.182513 np0000003422 nova-conductor[98568]: DEBUG oslo_concurrency.lockutils [None req-1f215c3b-f359-4d24-8313-676e7328c9c8 tempest-ServersNegativeTestJSON-1195424593 tempest-ServersNegativeTestJSON-1195424593-project-member] Lock "00000000-0000-0000-0000-000000000000" acquired by "nova.context.set_target_cell..get_or_set_cached_cell_and_set_connections" :: waited 0.000s {{(pid=98568) inner /opt/stack/data/venv/lib/python3.12/site-packages/oslo_concurrency/lockutils.py:524}}
Jun 22 17:46:43.182927 np0000003422 nova-conductor[98568]: DEBUG oslo_concurrency.lockutils [None req-1f215c3b-f359-4d24-8313-676e7328c9c8 tempest-ServersNegativeTestJSON-1195424593 tempest-ServersNegativeTestJSON-1195424593-project-member] Lock "00000000-0000-0000-0000-000000000000" "released" by "nova.context.set_target_cell..get_or_set_cached_cell_and_set_connections" :: held 0.000s {{(pid=98568) inner /opt/stack/data/venv/lib/python3.12/site-packages/oslo_concurrency/lockutils.py:543}}
Jun 22 17:46:43.183488 np0000003422 nova-conductor[98568]: DEBUG oslo_concurrency.lockutils [None req-1f215c3b-f359-4d24-8313-676e7328c9c8 tempest-ServersNegativeTestJSON-1195424593 tempest-ServersNegativeTestJSON-1195424593-project-member] Acquiring lock "edead148-6e27-434f-9ebd-831dc830cb04" by "nova.context.set_target_cell..get_or_set_cached_cell_and_set_connections" {{(pid=98568) inner /opt/stack/data/venv/lib/python3.12/site-packages/oslo_concurrency/lockutils.py:511}}
Jun 22 17:46:43.184683 np0000003422 nova-conductor[98568]: INFO dbcounter [None req-1f215c3b-f359-4d24-8313-676e7328c9c8 tempest-ServersNegativeTestJSON-1195424593 tempest-ServersNegativeTestJSON-1195424593-project-member] Registered counter for database nova_cell0
Jun 22 17:46:43.185792 np0000003422 nova-conductor[98568]: DEBUG oslo_concurrency.lockutils [None req-1f215c3b-f359-4d24-8313-676e7328c9c8 tempest-ServersNegativeTestJSON-1195424593 tempest-ServersNegativeTestJSON-1195424593-project-member] Lock "edead148-6e27-434f-9ebd-831dc830cb04" acquired by "nova.context.set_target_cell..get_or_set_cached_cell_and_set_connections" :: waited 0.001s {{(pid=98568) inner /opt/stack/data/venv/lib/python3.12/site-packages/oslo_concurrency/lockutils.py:524}}
Jun 22 17:46:43.185941 np0000003422 nova-conductor[98568]: DEBUG oslo_concurrency.lockutils [None req-1f215c3b-f359-4d24-8313-676e7328c9c8 tempest-ServersNegativeTestJSON-1195424593 tempest-ServersNegativeTestJSON-1195424593-project-member] Lock "edead148-6e27-434f-9ebd-831dc830cb04" "released" by "nova.context.set_target_cell..get_or_set_cached_cell_and_set_connections" :: held 0.001s {{(pid=98568) inner /opt/stack/data/venv/lib/python3.12/site-packages/oslo_concurrency/lockutils.py:543}}
Jun 22 17:46:43.228777 np0000003422 nova-conductor[98568]: DEBUG oslo_db.sqlalchemy.engines [None req-1f215c3b-f359-4d24-8313-676e7328c9c8 tempest-ServersNegativeTestJSON-1195424593 tempest-ServersNegativeTestJSON-1195424593-project-member] MySQL server mode set to STRICT_TRANS_TABLES,STRICT_ALL_TABLES,NO_ZERO_IN_DATE,NO_ZERO_DATE,ERROR_FOR_DIVISION_BY_ZERO,TRADITIONAL,NO_ENGINE_SUBSTITUTION {{(pid=98568) _check_effective_sql_mode /opt/stack/data/venv/lib/python3.12/site-packages/oslo_db/sqlalchemy/engines.py:325}}
Jun 22 17:46:43.234701 np0000003422 nova-conductor[98568]: DEBUG dbcounter [-] [98568] Writer thread running {{(pid=98568) stat_writer /opt/stack/data/venv/lib/python3.12/site-packages/dbcounter.py:102}}
Jun 22 17:46:43.249887 np0000003422 nova-conductor[98568]: DEBUG nova.quota [None req-1f215c3b-f359-4d24-8313-676e7328c9c8 tempest-ServersNegativeTestJSON-1195424593 tempest-ServersNegativeTestJSON-1195424593-project-member] Getting quotas for project 8e2d845a78f345898945f1637796cbbc. Resources: {'cores', 'ram', 'instances'} {{(pid=98568) _get_quotas /opt/stack/nova/nova/quota.py:392}}
Jun 22 17:46:43.253453 np0000003422 nova-conductor[98568]: DEBUG nova.quota [None req-1f215c3b-f359-4d24-8313-676e7328c9c8 tempest-ServersNegativeTestJSON-1195424593 tempest-ServersNegativeTestJSON-1195424593-project-member] Getting quotas for user 9fac364a297146a09256d45ae5d0b072 and project 8e2d845a78f345898945f1637796cbbc. Resources: {'cores', 'ram', 'instances'} {{(pid=98568) _get_quotas /opt/stack/nova/nova/quota.py:382}}
Jun 22 17:46:43.258602 np0000003422 nova-conductor[98568]: DEBUG nova.conductor.manager [None req-1f215c3b-f359-4d24-8313-676e7328c9c8 tempest-ServersNegativeTestJSON-1195424593 tempest-ServersNegativeTestJSON-1195424593-project-member] [instance: bf392a0f-5c18-47a1-808a-fbddbc1437c6] Selected host: np0000003422; Selected node: np0000003422; Alternates: [] {{(pid=98568) schedule_and_build_instances /opt/stack/nova/nova/conductor/manager.py:1784}}
Jun 22 17:46:43.259014 np0000003422 nova-conductor[98568]: DEBUG oslo_concurrency.lockutils [None req-1f215c3b-f359-4d24-8313-676e7328c9c8 tempest-ServersNegativeTestJSON-1195424593 tempest-ServersNegativeTestJSON-1195424593-project-member] Acquiring lock "edead148-6e27-434f-9ebd-831dc830cb04" by "nova.context.set_target_cell..get_or_set_cached_cell_and_set_connections" {{(pid=98568) inner /opt/stack/data/venv/lib/python3.12/site-packages/oslo_concurrency/lockutils.py:511}}
Jun 22 17:46:43.259083 np0000003422 nova-conductor[98568]: DEBUG oslo_concurrency.lockutils [None req-1f215c3b-f359-4d24-8313-676e7328c9c8 tempest-ServersNegativeTestJSON-1195424593 tempest-ServersNegativeTestJSON-1195424593-project-member] Lock "edead148-6e27-434f-9ebd-831dc830cb04" acquired by "nova.context.set_target_cell..get_or_set_cached_cell_and_set_connections" :: waited 0.000s {{(pid=98568) inner /opt/stack/data/venv/lib/python3.12/site-packages/oslo_concurrency/lockutils.py:524}}
Jun 22 17:46:43.259189 np0000003422 nova-conductor[98568]: DEBUG oslo_concurrency.lockutils [None req-1f215c3b-f359-4d24-8313-676e7328c9c8 tempest-ServersNegativeTestJSON-1195424593 tempest-ServersNegativeTestJSON-1195424593-project-member] Lock "edead148-6e27-434f-9ebd-831dc830cb04" "released" by "nova.context.set_target_cell..get_or_set_cached_cell_and_set_connections" :: held 0.000s {{(pid=98568) inner /opt/stack/data/venv/lib/python3.12/site-packages/oslo_concurrency/lockutils.py:543}}
Jun 22 17:46:43.268450 np0000003422 nova-conductor[98568]: DEBUG nova.conductor.manager [None req-1f215c3b-f359-4d24-8313-676e7328c9c8 tempest-ServersNegativeTestJSON-1195424593 tempest-ServersNegativeTestJSON-1195424593-project-member] [instance: bf392a0f-5c18-47a1-808a-fbddbc1437c6] block_device_mapping [BlockDeviceMapping(attachment_id=,boot_index=0,connection_info=None,created_at=,delete_on_termination=True,deleted=,deleted_at=,destination_type='local',device_name=None,device_type='disk',disk_bus=None,encrypted=False,encryption_format=None,encryption_options=None,encryption_secret_uuid=None,guest_format=None,id=,image_id='d8354813-80bf-41c7-83b0-7b34fbf836fc',instance=,instance_uuid=,no_device=False,snapshot_id=None,source_type='image',tag=None,updated_at=,uuid=,volume_id=None,volume_size=None,volume_type=None)] {{(pid=98568) _create_block_device_mapping /opt/stack/nova/nova/conductor/manager.py:1529}}
Jun 22 17:46:43.269998 np0000003422 nova-conductor[98568]: DEBUG oslo_concurrency.lockutils [None req-1f215c3b-f359-4d24-8313-676e7328c9c8 tempest-ServersNegativeTestJSON-1195424593 tempest-ServersNegativeTestJSON-1195424593-project-member] Acquiring lock "edead148-6e27-434f-9ebd-831dc830cb04" by "nova.context.set_target_cell..get_or_set_cached_cell_and_set_connections" {{(pid=98568) inner /opt/stack/data/venv/lib/python3.12/site-packages/oslo_concurrency/lockutils.py:511}}
Jun 22 17:46:43.270188 np0000003422 nova-conductor[98568]: DEBUG oslo_concurrency.lockutils [None req-1f215c3b-f359-4d24-8313-676e7328c9c8 tempest-ServersNegativeTestJSON-1195424593 tempest-ServersNegativeTestJSON-1195424593-project-member] Lock "edead148-6e27-434f-9ebd-831dc830cb04" acquired by "nova.context.set_target_cell..get_or_set_cached_cell_and_set_connections" :: waited 0.000s {{(pid=98568) inner /opt/stack/data/venv/lib/python3.12/site-packages/oslo_concurrency/lockutils.py:524}}
Jun 22 17:46:43.270343 np0000003422 nova-conductor[98568]: DEBUG oslo_concurrency.lockutils [None req-1f215c3b-f359-4d24-8313-676e7328c9c8 tempest-ServersNegativeTestJSON-1195424593 tempest-ServersNegativeTestJSON-1195424593-project-member] Lock "edead148-6e27-434f-9ebd-831dc830cb04" "released" by "nova.context.set_target_cell..get_or_set_cached_cell_and_set_connections" :: held 0.000s {{(pid=98568) inner /opt/stack/data/venv/lib/python3.12/site-packages/oslo_concurrency/lockutils.py:543}}
Jun 22 17:46:43.315740 np0000003422 nova-conductor[98568]: DEBUG oslo_concurrency.lockutils [None req-1f215c3b-f359-4d24-8313-676e7328c9c8 tempest-ServersNegativeTestJSON-1195424593 tempest-ServersNegativeTestJSON-1195424593-project-member] Acquiring lock "edead148-6e27-434f-9ebd-831dc830cb04" by "nova.context.set_target_cell..get_or_set_cached_cell_and_set_connections" {{(pid=98568) inner /opt/stack/data/venv/lib/python3.12/site-packages/oslo_concurrency/lockutils.py:511}}
Jun 22 17:46:43.315910 np0000003422 nova-conductor[98568]: DEBUG oslo_concurrency.lockutils [None req-1f215c3b-f359-4d24-8313-676e7328c9c8 tempest-ServersNegativeTestJSON-1195424593 tempest-ServersNegativeTestJSON-1195424593-project-member] Lock "edead148-6e27-434f-9ebd-831dc830cb04" acquired by "nova.context.set_target_cell..get_or_set_cached_cell_and_set_connections" :: waited 0.000s {{(pid=98568) inner /opt/stack/data/venv/lib/python3.12/site-packages/oslo_concurrency/lockutils.py:524}}
Jun 22 17:46:43.316049 np0000003422 nova-conductor[98568]: DEBUG oslo_concurrency.lockutils [None req-1f215c3b-f359-4d24-8313-676e7328c9c8 tempest-ServersNegativeTestJSON-1195424593 tempest-ServersNegativeTestJSON-1195424593-project-member] Lock "edead148-6e27-434f-9ebd-831dc830cb04" "released" by "nova.context.set_target_cell..get_or_set_cached_cell_and_set_connections" :: held 0.000s {{(pid=98568) inner /opt/stack/data/venv/lib/python3.12/site-packages/oslo_concurrency/lockutils.py:543}}
Jun 22 17:46:43.316224 np0000003422 nova-conductor[98568]: DEBUG oslo_concurrency.lockutils [None req-1f215c3b-f359-4d24-8313-676e7328c9c8 tempest-ServersNegativeTestJSON-1195424593 tempest-ServersNegativeTestJSON-1195424593-project-member] Acquiring lock "compute-rpcapi-router" {{(pid=98568) lock /opt/stack/data/venv/lib/python3.12/site-packages/oslo_concurrency/lockutils.py:395}}
