Aug 19 23:54:58.129366 np0000007829 devstack@placement-api.service[89984]: INFO placement.requestlog [req-1bdd1974-2a6b-46c3-9682-1a950a70e490 req-4a356604-5a6a-45c4-961b-acaaec59974a service nova] 10.4.3.13 "GET /placement/allocations/47c55b71-2864-44d3-8f63-2eafd5188f33" status: 200 len: 258 microversion: 1.28
Aug 19 23:54:58.130609 np0000007829 devstack@placement-api.service[89984]: [pid: 89984|app: 0|req: 65/192] 10.4.3.13 () {68 vars in 1492 bytes} [Wed Aug 19 23:54:58 2026] GET /placement/allocations/47c55b71-2864-44d3-8f63-2eafd5188f33 => generated 258 bytes in 12 msecs (HTTP/1.1 200) 8 headers in 296 bytes (1 switches on core 0)
Aug 19 23:54:58.158282 np0000007829 devstack@placement-api.service[89982]: DEBUG placement.requestlog [req-1bdd1974-2a6b-46c3-9682-1a950a70e490 req-0be37bcd-c801-4b2c-a981-99ea3317c62f None None] Starting request: 10.4.3.13 "GET /placement/allocations/6618a537-1904-4c30-b1db-817a97f21c71" {{(pid=89982) __call__ /opt/stack/placement/placement/requestlog.py:55}}
Aug 19 23:54:58.168034 np0000007829 devstack@placement-api.service[89982]: INFO placement.requestlog [req-1bdd1974-2a6b-46c3-9682-1a950a70e490 req-0be37bcd-c801-4b2c-a981-99ea3317c62f service nova] 10.4.3.13 "GET /placement/allocations/6618a537-1904-4c30-b1db-817a97f21c71" status: 200 len: 258 microversion: 1.28
Aug 19 23:54:58.168034 np0000007829 devstack@placement-api.service[89982]: [pid: 89982|app: 0|req: 66/193] 10.4.3.13 () {68 vars in 1492 bytes} [Wed Aug 19 23:54:58 2026] GET /placement/allocations/6618a537-1904-4c30-b1db-817a97f21c71 => generated 258 bytes in 9 msecs (HTTP/1.1 200) 8 headers in 296 bytes (1 switches on core 0)
Aug 19 23:54:58.198087 np0000007829 devstack@placement-api.service[89983]: DEBUG placement.requestlog [req-1bdd1974-2a6b-46c3-9682-1a950a70e490 req-6442a45f-ed3f-422c-a416-815c30ea78a4 None None] Starting request: 10.4.3.13 "GET /placement/allocations/a3e27ca7-6eca-4524-a05f-491774df5f5c" {{(pid=89983) __call__ /opt/stack/placement/placement/requestlog.py:55}}
Aug 19 23:54:58.207841 np0000007829 devstack@placement-api.service[89983]: INFO placement.requestlog [req-1bdd1974-2a6b-46c3-9682-1a950a70e490 req-6442a45f-ed3f-422c-a416-815c30ea78a4 service nova] 10.4.3.13 "GET /placement/allocations/a3e27ca7-6eca-4524-a05f-491774df5f5c" status: 200 len: 258 microversion: 1.28
Aug 19 23:54:58.208519 np0000007829 devstack@placement-api.service[89983]: [pid: 89983|app: 0|req: 63/194] 10.4.3.13 () {68 vars in 1492 bytes} [Wed Aug 19 23:54:58 2026] GET /placement/allocations/a3e27ca7-6eca-4524-a05f-491774df5f5c => generated 258 bytes in 10 msecs (HTTP/1.1 200) 8 headers in 296 bytes (1 switches on core 0)
Aug 19 23:54:58.252490 np0000007829 devstack@placement-api.service[89984]: DEBUG placement.requestlog [req-1bdd1974-2a6b-46c3-9682-1a950a70e490 req-25f5098e-06d0-4c47-bd4b-b8b0f4b9b945 None None] Starting request: 10.4.3.13 "GET /placement/allocations/ecbe98dc-366f-4d4c-bd1e-2d986cd205a9" {{(pid=89984) __call__ /opt/stack/placement/placement/requestlog.py:55}}
Aug 19 23:54:58.262393 np0000007829 devstack@placement-api.service[89984]: INFO placement.requestlog [req-1bdd1974-2a6b-46c3-9682-1a950a70e490 req-25f5098e-06d0-4c47-bd4b-b8b0f4b9b945 service nova] 10.4.3.13 "GET /placement/allocations/ecbe98dc-366f-4d4c-bd1e-2d986cd205a9" status: 200 len: 258 microversion: 1.28
Aug 19 23:54:58.262663 np0000007829 devstack@placement-api.service[89984]: [pid: 89984|app: 0|req: 66/195] 10.4.3.13 () {68 vars in 1492 bytes} [Wed Aug 19 23:54:58 2026] GET /placement/allocations/ecbe98dc-366f-4d4c-bd1e-2d986cd205a9 => generated 258 bytes in 10 msecs (HTTP/1.1 200) 8 headers in 296 bytes (1 switches on core 0)
Aug 19 23:54:58.294842 np0000007829 devstack@placement-api.service[89982]: DEBUG placement.requestlog [req-1bdd1974-2a6b-46c3-9682-1a950a70e490 req-420f34b0-031f-411e-920c-aa904e83495e None None] Starting request: 10.4.3.13 "GET /placement/allocations/8cff8d01-9eb4-479b-a080-940452b802b9" {{(pid=89982) __call__ /opt/stack/placement/placement/requestlog.py:55}}
Aug 19 23:54:58.303494 np0000007829 devstack@placement-api.service[89982]: INFO placement.requestlog [req-1bdd1974-2a6b-46c3-9682-1a950a70e490 req-420f34b0-031f-411e-920c-aa904e83495e service nova] 10.4.3.13 "GET /placement/allocations/8cff8d01-9eb4-479b-a080-940452b802b9" status: 200 len: 244 microversion: 1.28
Aug 19 23:54:58.303494 np0000007829 devstack@placement-api.service[89982]: [pid: 89982|app: 0|req: 67/196] 10.4.3.13 () {68 vars in 1492 bytes} [Wed Aug 19 23:54:58 2026] GET /placement/allocations/8cff8d01-9eb4-479b-a080-940452b802b9 => generated 244 bytes in 9 msecs (HTTP/1.1 200) 8 headers in 296 bytes (1 switches on core 0)
Aug 19 23:54:58.381380 np0000007829 devstack@placement-api.service[89983]: DEBUG placement.requestlog [req-1bdd1974-2a6b-46c3-9682-1a950a70e490 req-277a9bbd-f22e-43ce-afa0-c9d0fe721ce4 None None] Starting request: 10.4.3.13 "DELETE /placement/allocations/ecbe98dc-366f-4d4c-bd1e-2d986cd205a9" {{(pid=89983) __call__ /opt/stack/placement/placement/requestlog.py:55}}
Aug 19 23:54:58.400593 np0000007829 devstack@placement-api.service[89983]: DEBUG placement.handlers.allocation [req-1bdd1974-2a6b-46c3-9682-1a950a70e490 req-277a9bbd-f22e-43ce-afa0-c9d0fe721ce4 service nova] Successfully deleted allocations [, , ] {{(pid=89983) delete_allocations /opt/stack/placement/placement/handlers/allocation.py:627}}
Aug 19 23:54:58.400825 np0000007829 devstack@placement-api.service[89983]: INFO placement.requestlog [req-1bdd1974-2a6b-46c3-9682-1a950a70e490 req-277a9bbd-f22e-43ce-afa0-c9d0fe721ce4 service nova] 10.4.3.13 "DELETE /placement/allocations/ecbe98dc-366f-4d4c-bd1e-2d986cd205a9" status: 204 len: 0 microversion: 1.0
Aug 19 23:54:58.401036 np0000007829 devstack@placement-api.service[89983]: [pid: 89983|app: 0|req: 64/197] 10.4.3.13 () {68 vars in 1470 bytes} [Wed Aug 19 23:54:58 2026] DELETE /placement/allocations/ecbe98dc-366f-4d4c-bd1e-2d986cd205a9 => generated 0 bytes in 20 msecs (HTTP/1.1 204) 5 headers in 198 bytes (1 switches on core 0)
Aug 19 23:55:01.203556 np0000007829 devstack@placement-api.service[89984]: DEBUG placement.requestlog [None req-942e3c0c-4493-4034-ae24-fa123106b312 None None] Starting request: 10.4.3.13 "GET /placement/resource_providers/cb46e603-896a-4a2e-b26e-b3466746a795/aggregates" {{(pid=89984) __call__ /opt/stack/placement/placement/requestlog.py:55}}
Aug 19 23:55:01.204900 np0000007829 devstack@placement-api.service[89982]: DEBUG placement.requestlog [None req-40b154d2-7236-4211-a494-2982489da037 None None] Starting request: 10.4.3.13 "GET /placement/resource_providers/97b11220-66c2-4609-9feb-59dc2eb9a1e8/aggregates" {{(pid=89982) __call__ /opt/stack/placement/placement/requestlog.py:55}}
Aug 19 23:55:01.218163 np0000007829 devstack@placement-api.service[89982]: INFO placement.requestlog [None req-40b154d2-7236-4211-a494-2982489da037 service placement] 10.4.3.13 "GET /placement/resource_providers/97b11220-66c2-4609-9feb-59dc2eb9a1e8/aggregates" status: 404 len: 235 microversion: 1.1
Aug 19 23:55:01.218670 np0000007829 devstack@placement-api.service[89982]: [pid: 89982|app: 0|req: 68/198] 10.4.3.13 () {66 vars in 1467 bytes} [Wed Aug 19 23:55:01 2026] GET /placement/resource_providers/97b11220-66c2-4609-9feb-59dc2eb9a1e8/aggregates => generated 235 bytes in 13 msecs (HTTP/1.1 404) 5 headers in 202 bytes (1 switches on core 0)
Aug 19 23:55:01.221843 np0000007829 devstack@placement-api.service[89984]: INFO placement.requestlog [None req-942e3c0c-4493-4034-ae24-fa123106b312 service placement] 10.4.3.13 "GET /placement/resource_providers/cb46e603-896a-4a2e-b26e-b3466746a795/aggregates" status: 404 len: 235 microversion: 1.1
Aug 19 23:55:01.222286 np0000007829 devstack@placement-api.service[89984]: [pid: 89984|app: 0|req: 67/199] 10.4.3.13 () {66 vars in 1467 bytes} [Wed Aug 19 23:55:01 2026] GET /placement/resource_providers/cb46e603-896a-4a2e-b26e-b3466746a795/aggregates => generated 235 bytes in 19 msecs (HTTP/1.1 404) 5 headers in 202 bytes (1 switches on core 0)
Aug 19 23:55:01.275917 np0000007829 devstack@placement-api.service[89983]: DEBUG placement.requestlog [None req-762a1f50-f9b5-4fcf-ae80-072769f5389f None None] Starting request: 10.4.3.13 "DELETE /placement/resource_providers/cb46e603-896a-4a2e-b26e-b3466746a795" {{(pid=89983) __call__ /opt/stack/placement/placement/requestlog.py:55}}
Aug 19 23:55:01.285438 np0000007829 devstack@placement-api.service[89982]: DEBUG placement.requestlog [None req-388e6ede-5773-4e94-8078-7435288c5ff5 None None] Starting request: 10.4.3.13 "DELETE /placement/resource_providers/97b11220-66c2-4609-9feb-59dc2eb9a1e8" {{(pid=89982) __call__ /opt/stack/placement/placement/requestlog.py:55}}
Aug 19 23:55:01.285689 np0000007829 devstack@placement-api.service[89983]: DEBUG placement.wsgi_wrapper [None req-762a1f50-f9b5-4fcf-ae80-072769f5389f service placement] Placement API returning an error response: No resource provider with uuid cb46e603-896a-4a2e-b26e-b3466746a795 found for delete {{(pid=89983) call_func /opt/stack/placement/placement/wsgi_wrapper.py:31}}
Aug 19 23:55:01.286337 np0000007829 devstack@placement-api.service[89983]: INFO placement.requestlog [None req-762a1f50-f9b5-4fcf-ae80-072769f5389f service placement] 10.4.3.13 "DELETE /placement/resource_providers/cb46e603-896a-4a2e-b26e-b3466746a795" status: 404 len: 246 microversion: 1.1
Aug 19 23:55:01.286629 np0000007829 devstack@placement-api.service[89983]: [pid: 89983|app: 0|req: 65/200] 10.4.3.13 () {68 vars in 1456 bytes} [Wed Aug 19 23:55:01 2026] DELETE /placement/resource_providers/cb46e603-896a-4a2e-b26e-b3466746a795 => generated 246 bytes in 11 msecs (HTTP/1.1 404) 6 headers in 231 bytes (1 switches on core 0)
Aug 19 23:55:01.295288 np0000007829 devstack@placement-api.service[89982]: DEBUG placement.wsgi_wrapper [None req-388e6ede-5773-4e94-8078-7435288c5ff5 service placement] Placement API returning an error response: No resource provider with uuid 97b11220-66c2-4609-9feb-59dc2eb9a1e8 found for delete {{(pid=89982) call_func /opt/stack/placement/placement/wsgi_wrapper.py:31}}
Aug 19 23:55:01.295737 np0000007829 devstack@placement-api.service[89982]: INFO placement.requestlog [None req-388e6ede-5773-4e94-8078-7435288c5ff5 service placement] 10.4.3.13 "DELETE /placement/resource_providers/97b11220-66c2-4609-9feb-59dc2eb9a1e8" status: 404 len: 246 microversion: 1.1
Aug 19 23:55:01.296121 np0000007829 devstack@placement-api.service[89982]: [pid: 89982|app: 0|req: 69/201] 10.4.3.13 () {68 vars in 1456 bytes} [Wed Aug 19 23:55:01 2026] DELETE /placement/resource_providers/97b11220-66c2-4609-9feb-59dc2eb9a1e8 => generated 246 bytes in 12 msecs (HTTP/1.1 404) 6 headers in 231 bytes (1 switches on core 0)
Aug 19 23:55:03.325459 np0000007829 devstack@placement-api.service[89984]: DEBUG placement.requestlog [None req-b4d00f8a-2aec-4107-b311-cd389fe26ae3 None None] Starting request: 10.4.3.13 "GET /placement/resource_providers/94312102-012f-4fa9-8c11-919fb09eab7d/aggregates" {{(pid=89984) __call__ /opt/stack/placement/placement/requestlog.py:55}}
Aug 19 23:55:03.334064 np0000007829 devstack@placement-api.service[89984]: INFO placement.requestlog [None req-b4d00f8a-2aec-4107-b311-cd389fe26ae3 service placement] 10.4.3.13 "GET /placement/resource_providers/94312102-012f-4fa9-8c11-919fb09eab7d/aggregates" status: 404 len: 235 microversion: 1.1
Aug 19 23:55:03.334285 np0000007829 devstack@placement-api.service[89984]: [pid: 89984|app: 0|req: 68/202] 10.4.3.13 () {66 vars in 1467 bytes} [Wed Aug 19 23:55:03 2026] GET /placement/resource_providers/94312102-012f-4fa9-8c11-919fb09eab7d/aggregates => generated 235 bytes in 9 msecs (HTTP/1.1 404) 5 headers in 202 bytes (1 switches on core 0)
Aug 19 23:55:03.377024 np0000007829 devstack@placement-api.service[89983]: DEBUG placement.requestlog [None req-20f238b7-d2e8-4294-b045-3cf7c9eed621 None None] Starting request: 10.4.3.13 "DELETE /placement/resource_providers/94312102-012f-4fa9-8c11-919fb09eab7d" {{(pid=89983) __call__ /opt/stack/placement/placement/requestlog.py:55}}
Aug 19 23:55:03.384075 np0000007829 devstack@placement-api.service[89983]: DEBUG placement.wsgi_wrapper [None req-20f238b7-d2e8-4294-b045-3cf7c9eed621 service placement] Placement API returning an error response: No resource provider with uuid 94312102-012f-4fa9-8c11-919fb09eab7d found for delete {{(pid=89983) call_func /opt/stack/placement/placement/wsgi_wrapper.py:31}}
Aug 19 23:55:03.384735 np0000007829 devstack@placement-api.service[89983]: INFO placement.requestlog [None req-20f238b7-d2e8-4294-b045-3cf7c9eed621 service placement] 10.4.3.13 "DELETE /placement/resource_providers/94312102-012f-4fa9-8c11-919fb09eab7d" status: 404 len: 246 microversion: 1.1
Aug 19 23:55:03.385054 np0000007829 devstack@placement-api.service[89983]: [pid: 89983|app: 0|req: 66/203] 10.4.3.13 () {68 vars in 1456 bytes} [Wed Aug 19 23:55:03 2026] DELETE /placement/resource_providers/94312102-012f-4fa9-8c11-919fb09eab7d => generated 246 bytes in 8 msecs (HTTP/1.1 404) 6 headers in 231 bytes (1 switches on core 0)
Aug 19 23:55:05.436874 np0000007829 devstack@placement-api.service[89982]: DEBUG placement.requestlog [None req-57f06c67-1978-459d-b8b0-53b741726146 None None] Starting request: 10.4.3.13 "GET /placement/resource_providers/d3a4580d-18d6-46de-895c-8a56e57ecf41/aggregates" {{(pid=89982) __call__ /opt/stack/placement/placement/requestlog.py:55}}
Aug 19 23:55:05.444251 np0000007829 devstack@placement-api.service[89982]: INFO placement.requestlog [None req-57f06c67-1978-459d-b8b0-53b741726146 service placement] 10.4.3.13 "GET /placement/resource_providers/d3a4580d-18d6-46de-895c-8a56e57ecf41/aggregates" status: 404 len: 235 microversion: 1.1
Aug 19 23:55:05.445753 np0000007829 devstack@placement-api.service[89982]: [pid: 89982|app: 0|req: 70/204] 10.4.3.13 () {66 vars in 1467 bytes} [Wed Aug 19 23:55:05 2026] GET /placement/resource_providers/d3a4580d-18d6-46de-895c-8a56e57ecf41/aggregates => generated 235 bytes in 8 msecs (HTTP/1.1 404) 5 headers in 202 bytes (1 switches on core 0)
Aug 19 23:55:05.491572 np0000007829 devstack@placement-api.service[89984]: DEBUG placement.requestlog [None req-647388fa-a1e8-46da-8aef-8a7d6cf61c67 None None] Starting request: 10.4.3.13 "DELETE /placement/resource_providers/d3a4580d-18d6-46de-895c-8a56e57ecf41" {{(pid=89984) __call__ /opt/stack/placement/placement/requestlog.py:55}}
Aug 19 23:55:05.499460 np0000007829 devstack@placement-api.service[89984]: DEBUG placement.wsgi_wrapper [None req-647388fa-a1e8-46da-8aef-8a7d6cf61c67 service placement] Placement API returning an error response: No resource provider with uuid d3a4580d-18d6-46de-895c-8a56e57ecf41 found for delete {{(pid=89984) call_func /opt/stack/placement/placement/wsgi_wrapper.py:31}}
Aug 19 23:55:05.500231 np0000007829 devstack@placement-api.service[89984]: INFO placement.requestlog [None req-647388fa-a1e8-46da-8aef-8a7d6cf61c67 service placement] 10.4.3.13 "DELETE /placement/resource_providers/d3a4580d-18d6-46de-895c-8a56e57ecf41" status: 404 len: 246 microversion: 1.1
Aug 19 23:55:05.500713 np0000007829 devstack@placement-api.service[89984]: [pid: 89984|app: 0|req: 69/205] 10.4.3.13 () {68 vars in 1456 bytes} [Wed Aug 19 23:55:05 2026] DELETE /placement/resource_providers/d3a4580d-18d6-46de-895c-8a56e57ecf41 => generated 246 bytes in 9 msecs (HTTP/1.1 404) 6 headers in 231 bytes (1 switches on core 0)
Aug 19 23:55:07.539667 np0000007829 devstack@placement-api.service[89983]: DEBUG placement.requestlog [None req-9a4e0f65-dca5-414a-96c4-e0e19fe60f5e None None] Starting request: 10.4.3.13 "GET /placement/resource_providers/397eae44-e928-4bf4-bc22-00e57ac40201/aggregates" {{(pid=89983) __call__ /opt/stack/placement/placement/requestlog.py:55}}
Aug 19 23:55:07.545204 np0000007829 devstack@placement-api.service[89983]: INFO placement.requestlog [None req-9a4e0f65-dca5-414a-96c4-e0e19fe60f5e service placement] 10.4.3.13 "GET /placement/resource_providers/397eae44-e928-4bf4-bc22-00e57ac40201/aggregates" status: 404 len: 235 microversion: 1.1
Aug 19 23:55:07.545543 np0000007829 devstack@placement-api.service[89983]: [pid: 89983|app: 0|req: 67/206] 10.4.3.13 () {66 vars in 1467 bytes} [Wed Aug 19 23:55:07 2026] GET /placement/resource_providers/397eae44-e928-4bf4-bc22-00e57ac40201/aggregates => generated 235 bytes in 6 msecs (HTTP/1.1 404) 5 headers in 202 bytes (1 switches on core 0)
Aug 19 23:55:07.596811 np0000007829 devstack@placement-api.service[89982]: DEBUG placement.requestlog [None req-ea47ea03-dc6e-4b71-b52a-f0bbdfe61990 None None] Starting request: 10.4.3.13 "DELETE /placement/resource_providers/397eae44-e928-4bf4-bc22-00e57ac40201" {{(pid=89982) __call__ /opt/stack/placement/placement/requestlog.py:55}}
Aug 19 23:55:07.602926 np0000007829 devstack@placement-api.service[89982]: DEBUG placement.wsgi_wrapper [None req-ea47ea03-dc6e-4b71-b52a-f0bbdfe61990 service placement] Placement API returning an error response: No resource provider with uuid 397eae44-e928-4bf4-bc22-00e57ac40201 found for delete {{(pid=89982) call_func /opt/stack/placement/placement/wsgi_wrapper.py:31}}
Aug 19 23:55:07.603361 np0000007829 devstack@placement-api.service[89982]: INFO placement.requestlog [None req-ea47ea03-dc6e-4b71-b52a-f0bbdfe61990 service placement] 10.4.3.13 "DELETE /placement/resource_providers/397eae44-e928-4bf4-bc22-00e57ac40201" status: 404 len: 246 microversion: 1.1
Aug 19 23:55:07.603605 np0000007829 devstack@placement-api.service[89982]: [pid: 89982|app: 0|req: 71/207] 10.4.3.13 () {68 vars in 1456 bytes} [Wed Aug 19 23:55:07 2026] DELETE /placement/resource_providers/397eae44-e928-4bf4-bc22-00e57ac40201 => generated 246 bytes in 7 msecs (HTTP/1.1 404) 6 headers in 231 bytes (1 switches on core 0)
Aug 19 23:55:07.663852 np0000007829 devstack@placement-api.service[89984]: DEBUG placement.requestlog [None req-d1daa511-6e52-4255-8623-b7ac1243ecf5 None None] Starting request: 10.4.3.13 "GET /placement/resource_providers/2af2211d-39bb-4a1b-bdeb-10fa751a183d/aggregates" {{(pid=89984) __call__ /opt/stack/placement/placement/requestlog.py:55}}
Aug 19 23:55:07.676288 np0000007829 devstack@placement-api.service[89984]: INFO placement.requestlog [None req-d1daa511-6e52-4255-8623-b7ac1243ecf5 service placement] 10.4.3.13 "GET /placement/resource_providers/2af2211d-39bb-4a1b-bdeb-10fa751a183d/aggregates" status: 404 len: 235 microversion: 1.1
Aug 19 23:55:07.677394 np0000007829 devstack@placement-api.service[89984]: [pid: 89984|app: 0|req: 70/208] 10.4.3.13 () {66 vars in 1467 bytes} [Wed Aug 19 23:55:07 2026] GET /placement/resource_providers/2af2211d-39bb-4a1b-bdeb-10fa751a183d/aggregates => generated 235 bytes in 14 msecs (HTTP/1.1 404) 5 headers in 202 bytes (1 switches on core 0)
Aug 19 23:55:07.740071 np0000007829 devstack@placement-api.service[89983]: DEBUG placement.requestlog [None req-9a5c848f-1c42-461d-a398-9edc7dab18cb None None] Starting request: 10.4.3.13 "DELETE /placement/resource_providers/2af2211d-39bb-4a1b-bdeb-10fa751a183d" {{(pid=89983) __call__ /opt/stack/placement/placement/requestlog.py:55}}
Aug 19 23:55:07.746513 np0000007829 devstack@placement-api.service[89983]: DEBUG placement.wsgi_wrapper [None req-9a5c848f-1c42-461d-a398-9edc7dab18cb service placement] Placement API returning an error response: No resource provider with uuid 2af2211d-39bb-4a1b-bdeb-10fa751a183d found for delete {{(pid=89983) call_func /opt/stack/placement/placement/wsgi_wrapper.py:31}}
Aug 19 23:55:07.747006 np0000007829 devstack@placement-api.service[89983]: INFO placement.requestlog [None req-9a5c848f-1c42-461d-a398-9edc7dab18cb service placement] 10.4.3.13 "DELETE /placement/resource_providers/2af2211d-39bb-4a1b-bdeb-10fa751a183d" status: 404 len: 246 microversion: 1.1
Aug 19 23:55:07.747215 np0000007829 devstack@placement-api.service[89983]: [pid: 89983|app: 0|req: 68/209] 10.4.3.13 () {68 vars in 1456 bytes} [Wed Aug 19 23:55:07 2026] DELETE /placement/resource_providers/2af2211d-39bb-4a1b-bdeb-10fa751a183d => generated 246 bytes in 7 msecs (HTTP/1.1 404) 6 headers in 231 bytes (1 switches on core 0)
Aug 19 23:55:09.785384 np0000007829 devstack@placement-api.service[89982]: DEBUG placement.requestlog [None req-0ab2578d-8b0c-45c9-baa1-b5f9cb3da55d None None] Starting request: 10.4.3.13 "GET /placement/resource_providers/b996e307-1625-4f38-88ee-b85050fe5555/aggregates" {{(pid=89982) __call__ /opt/stack/placement/placement/requestlog.py:55}}
Aug 19 23:55:09.791041 np0000007829 devstack@placement-api.service[89982]: INFO placement.requestlog [None req-0ab2578d-8b0c-45c9-baa1-b5f9cb3da55d service placement] 10.4.3.13 "GET /placement/resource_providers/b996e307-1625-4f38-88ee-b85050fe5555/aggregates" status: 404 len: 235 microversion: 1.1
Aug 19 23:55:09.791237 np0000007829 devstack@placement-api.service[89982]: [pid: 89982|app: 0|req: 72/210] 10.4.3.13 () {66 vars in 1467 bytes} [Wed Aug 19 23:55:09 2026] GET /placement/resource_providers/b996e307-1625-4f38-88ee-b85050fe5555/aggregates => generated 235 bytes in 6 msecs (HTTP/1.1 404) 5 headers in 202 bytes (1 switches on core 0)
Aug 19 23:55:09.835492 np0000007829 devstack@placement-api.service[89984]: DEBUG placement.requestlog [None req-f7416ecf-35d4-4798-b89d-50f205f07977 None None] Starting request: 10.4.3.13 "DELETE /placement/resource_providers/b996e307-1625-4f38-88ee-b85050fe5555" {{(pid=89984) __call__ /opt/stack/placement/placement/requestlog.py:55}}
Aug 19 23:55:09.851506 np0000007829 devstack@placement-api.service[89984]: DEBUG placement.wsgi_wrapper [None req-f7416ecf-35d4-4798-b89d-50f205f07977 service placement] Placement API returning an error response: No resource provider with uuid b996e307-1625-4f38-88ee-b85050fe5555 found for delete {{(pid=89984) call_func /opt/stack/placement/placement/wsgi_wrapper.py:31}}
Aug 19 23:55:09.852081 np0000007829 devstack@placement-api.service[89984]: INFO placement.requestlog [None req-f7416ecf-35d4-4798-b89d-50f205f07977 service placement] 10.4.3.13 "DELETE /placement/resource_providers/b996e307-1625-4f38-88ee-b85050fe5555" status: 404 len: 246 microversion: 1.1
Aug 19 23:55:09.852720 np0000007829 devstack@placement-api.service[89984]: [pid: 89984|app: 0|req: 71/211] 10.4.3.13 () {68 vars in 1456 bytes} [Wed Aug 19 23:55:09 2026] DELETE /placement/resource_providers/b996e307-1625-4f38-88ee-b85050fe5555 => generated 246 bytes in 17 msecs (HTTP/1.1 404) 6 headers in 231 bytes (1 switches on core 0)
Aug 19 23:55:11.449062 np0000007829 devstack@placement-api.service[89983]: DEBUG placement.requestlog [req-82da591a-639f-40cb-84db-7d564922513e req-07b14d8e-1536-4cbe-8c84-2ba2d77b42ce None None] Starting request: 10.4.3.13 "GET /placement/allocation_candidates?limit=1000&resources=DISK_GB%3A1%2CMEMORY_MB%3A192%2CVCPU%3A1&root_required=%21COMPUTE_STATUS_DISABLED" {{(pid=89983) __call__ /opt/stack/placement/placement/requestlog.py:55}}
Aug 19 23:55:11.484388 np0000007829 devstack@placement-api.service[89983]: DEBUG placement.objects.research_context [req-82da591a-639f-40cb-84db-7d564922513e req-07b14d8e-1536-4cbe-8c84-2ba2d77b42ce service nova] getting providers with 1 DISK_GB {{(pid=89983) __init__ /opt/stack/placement/placement/objects/research_context.py:137}}
Aug 19 23:55:11.490833 np0000007829 devstack@placement-api.service[89983]: DEBUG placement.objects.research_context [req-82da591a-639f-40cb-84db-7d564922513e req-07b14d8e-1536-4cbe-8c84-2ba2d77b42ce service nova] getting providers with 192 MEMORY_MB {{(pid=89983) __init__ /opt/stack/placement/placement/objects/research_context.py:137}}
Aug 19 23:55:11.493568 np0000007829 devstack@placement-api.service[89983]: DEBUG placement.objects.research_context [req-82da591a-639f-40cb-84db-7d564922513e req-07b14d8e-1536-4cbe-8c84-2ba2d77b42ce service nova] getting providers with 1 VCPU {{(pid=89983) __init__ /opt/stack/placement/placement/objects/research_context.py:137}}
Aug 19 23:55:11.500345 np0000007829 devstack@placement-api.service[89983]: DEBUG placement.objects.research_context [req-82da591a-639f-40cb-84db-7d564922513e req-07b14d8e-1536-4cbe-8c84-2ba2d77b42ce service nova] found 1 providers with available 1 DISK_GB {{(pid=89983) get_provider_ids_matching /opt/stack/placement/placement/objects/research_context.py:566}}
Aug 19 23:55:11.500478 np0000007829 devstack@placement-api.service[89983]: DEBUG placement.objects.research_context [req-82da591a-639f-40cb-84db-7d564922513e req-07b14d8e-1536-4cbe-8c84-2ba2d77b42ce service nova] found 1 providers with available 192 MEMORY_MB {{(pid=89983) get_provider_ids_matching /opt/stack/placement/placement/objects/research_context.py:566}}
Aug 19 23:55:11.500549 np0000007829 devstack@placement-api.service[89983]: DEBUG placement.objects.research_context [req-82da591a-639f-40cb-84db-7d564922513e req-07b14d8e-1536-4cbe-8c84-2ba2d77b42ce service nova] found 1 providers after filtering by previous result {{(pid=89983) get_provider_ids_matching /opt/stack/placement/placement/objects/research_context.py:597}}
Aug 19 23:55:11.500648 np0000007829 devstack@placement-api.service[89983]: DEBUG placement.objects.research_context [req-82da591a-639f-40cb-84db-7d564922513e req-07b14d8e-1536-4cbe-8c84-2ba2d77b42ce service nova] found 1 providers with available 1 VCPU {{(pid=89983) get_provider_ids_matching /opt/stack/placement/placement/objects/research_context.py:566}}
Aug 19 23:55:11.500737 np0000007829 devstack@placement-api.service[89983]: DEBUG placement.objects.research_context [req-82da591a-639f-40cb-84db-7d564922513e req-07b14d8e-1536-4cbe-8c84-2ba2d77b42ce service nova] found 1 providers after filtering by previous result {{(pid=89983) get_provider_ids_matching /opt/stack/placement/placement/objects/research_context.py:597}}
Aug 19 23:55:11.506612 np0000007829 devstack@placement-api.service[89983]: DEBUG placement.objects.allocation_candidate [req-82da591a-639f-40cb-84db-7d564922513e req-07b14d8e-1536-4cbe-8c84-2ba2d77b42ce service nova] RequestGroup(use_same_provider=False, resources={DISK_GB:1, MEMORY_MB:192, VCPU:1}, traits=(), aggregates=[]) (suffix '') returned 1 matches {{(pid=89983) _get_by_requests /opt/stack/placement/placement/objects/allocation_candidate.py:158}}
Aug 19 23:55:11.506861 np0000007829 devstack@placement-api.service[89983]: DEBUG placement.objects.allocation_candidate [req-82da591a-639f-40cb-84db-7d564922513e req-07b14d8e-1536-4cbe-8c84-2ba2d77b42ce service nova] Merging candidates yields 1 allocation requests and 1 provider summaries {{(pid=89983) _merge_candidates /opt/stack/placement/placement/objects/allocation_candidate.py:973}}
Aug 19 23:55:11.507781 np0000007829 devstack@placement-api.service[89983]: INFO placement.requestlog [req-82da591a-639f-40cb-84db-7d564922513e req-07b14d8e-1536-4cbe-8c84-2ba2d77b42ce service nova] 10.4.3.13 "GET /placement/allocation_candidates?limit=1000&resources=DISK_GB%3A1%2CMEMORY_MB%3A192%2CVCPU%3A1&root_required=%21COMPUTE_STATUS_DISABLED" status: 200 len: 2493 microversion: 1.36
Aug 19 23:55:11.508273 np0000007829 devstack@placement-api.service[89983]: [pid: 89983|app: 0|req: 69/212] 10.4.3.13 () {68 vars in 1618 bytes} [Wed Aug 19 23:55:11 2026] GET /placement/allocation_candidates?limit=1000&resources=DISK_GB%3A1%2CMEMORY_MB%3A192%2CVCPU%3A1&root_required=%21COMPUTE_STATUS_DISABLED => generated 2493 bytes in 59 msecs (HTTP/1.1 200) 8 headers in 297 bytes (1 switches on core 0)
Aug 19 23:55:11.591717 np0000007829 devstack@placement-api.service[89982]: DEBUG placement.requestlog [req-82da591a-639f-40cb-84db-7d564922513e req-ec3a675a-8528-4749-b89a-18d109c52bf3 None None] Starting request: 10.4.3.13 "GET /placement/allocations/eea6ad21-1afe-462a-8d98-acb31cabe602" {{(pid=89982) __call__ /opt/stack/placement/placement/requestlog.py:55}}
Aug 19 23:55:11.599791 np0000007829 devstack@placement-api.service[89982]: INFO placement.requestlog [req-82da591a-639f-40cb-84db-7d564922513e req-ec3a675a-8528-4749-b89a-18d109c52bf3 service nova] 10.4.3.13 "GET /placement/allocations/eea6ad21-1afe-462a-8d98-acb31cabe602" status: 200 len: 19 microversion: 1.28
Aug 19 23:55:11.600062 np0000007829 devstack@placement-api.service[89982]: [pid: 89982|app: 0|req: 73/213] 10.4.3.13 () {68 vars in 1494 bytes} [Wed Aug 19 23:55:11 2026] GET /placement/allocations/eea6ad21-1afe-462a-8d98-acb31cabe602 => generated 19 bytes in 9 msecs (HTTP/1.1 200) 8 headers in 295 bytes (1 switches on core 0)
Aug 19 23:55:11.665059 np0000007829 devstack@placement-api.service[89984]: DEBUG placement.requestlog [req-82da591a-639f-40cb-84db-7d564922513e req-4ae9cebf-4f2e-4559-a1d2-77711fa26cc8 None None] Starting request: 10.4.3.13 "PUT /placement/allocations/eea6ad21-1afe-462a-8d98-acb31cabe602" {{(pid=89984) __call__ /opt/stack/placement/placement/requestlog.py:55}}
Aug 19 23:55:11.723455 np0000007829 devstack@placement-api.service[89984]: DEBUG placement.handlers.allocation [req-82da591a-639f-40cb-84db-7d564922513e req-4ae9cebf-4f2e-4559-a1d2-77711fa26cc8 service nova] Successfully wrote allocations [, , ] {{(pid=89984) _update_consumers_and_create_allocations /opt/stack/placement/placement/handlers/allocation.py:462}}
Aug 19 23:55:11.726626 np0000007829 devstack@placement-api.service[89984]: INFO placement.requestlog [req-82da591a-639f-40cb-84db-7d564922513e req-4ae9cebf-4f2e-4559-a1d2-77711fa26cc8 service nova] 10.4.3.13 "PUT /placement/allocations/eea6ad21-1afe-462a-8d98-acb31cabe602" status: 204 len: 0 microversion: 1.36
Aug 19 23:55:11.726626 np0000007829 devstack@placement-api.service[89984]: [pid: 89984|app: 0|req: 72/214] 10.4.3.13 () {72 vars in 1547 bytes} [Wed Aug 19 23:55:11 2026] PUT /placement/allocations/eea6ad21-1afe-462a-8d98-acb31cabe602 => generated 0 bytes in 62 msecs (HTTP/1.1 204) 5 headers in 199 bytes (1 switches on core 0)
Aug 19 23:55:11.931410 np0000007829 devstack@placement-api.service[89983]: DEBUG placement.requestlog [req-ac42ae8e-5d8a-4a27-bacb-0c7b4171f48e req-0a0fa4de-609a-4762-b8be-9f6445e56501 None None] Starting request: 10.4.3.13 "GET /placement/allocations/a3e27ca7-6eca-4524-a05f-491774df5f5c" {{(pid=89983) __call__ /opt/stack/placement/placement/requestlog.py:55}}
Aug 19 23:55:11.972382 np0000007829 devstack@placement-api.service[89982]: DEBUG placement.requestlog [req-82da591a-639f-40cb-84db-7d564922513e req-cb55e1bf-381e-4159-a218-70c2379fa122 None None] Starting request: 10.4.3.13 "GET /placement/allocations/eea6ad21-1afe-462a-8d98-acb31cabe602" {{(pid=89982) __call__ /opt/stack/placement/placement/requestlog.py:55}}
Aug 19 23:55:11.987238 np0000007829 devstack@placement-api.service[89982]: INFO placement.requestlog [req-82da591a-639f-40cb-84db-7d564922513e req-cb55e1bf-381e-4159-a218-70c2379fa122 service nova] 10.4.3.13 "GET /placement/allocations/eea6ad21-1afe-462a-8d98-acb31cabe602" status: 200 len: 258 microversion: 1.28
Aug 19 23:55:11.988611 np0000007829 devstack@placement-api.service[89982]: [pid: 89982|app: 0|req: 74/215] 10.4.3.13 () {68 vars in 1492 bytes} [Wed Aug 19 23:55:11 2026] GET /placement/allocations/eea6ad21-1afe-462a-8d98-acb31cabe602 => generated 258 bytes in 17 msecs (HTTP/1.1 200) 8 headers in 296 bytes (1 switches on core 0)
Aug 19 23:55:12.134782 np0000007829 devstack@placement-api.service[89984]: DEBUG placement.requestlog [req-82da591a-639f-40cb-84db-7d564922513e req-9c58a96a-33b0-4efd-a3a5-f499c82aed01 None None] Starting request: 10.4.3.13 "GET /placement/resource_providers/1bcbb267-841e-46fb-acde-1928763ce83b/allocations" {{(pid=89984) __call__ /opt/stack/placement/placement/requestlog.py:55}}
Aug 19 23:55:12.147129 np0000007829 devstack@placement-api.service[89984]: INFO placement.requestlog [req-82da591a-639f-40cb-84db-7d564922513e req-9c58a96a-33b0-4efd-a3a5-f499c82aed01 service nova] 10.4.3.13 "GET /placement/resource_providers/1bcbb267-841e-46fb-acde-1928763ce83b/allocations" status: 200 len: 725 microversion: 1.0
Aug 19 23:55:12.147498 np0000007829 devstack@placement-api.service[89984]: [pid: 89984|app: 0|req: 73/216] 10.4.3.13 () {66 vars in 1505 bytes} [Wed Aug 19 23:55:12 2026] GET /placement/resource_providers/1bcbb267-841e-46fb-acde-1928763ce83b/allocations => generated 725 bytes in 13 msecs (HTTP/1.1 200) 6 headers in 224 bytes (1 switches on core 0)
Aug 19 23:55:12.198056 np0000007829 devstack@placement-api.service[89982]: DEBUG placement.requestlog [req-82da591a-639f-40cb-84db-7d564922513e req-9529bca4-3987-4d92-880b-50cf99569ca3 None None] Starting request: 10.4.3.13 "GET /placement/allocations/c426ac56-2e24-408b-b480-da705baab7ec" {{(pid=89982) __call__ /opt/stack/placement/placement/requestlog.py:55}}
Aug 19 23:55:12.205928 np0000007829 devstack@placement-api.service[89983]: INFO placement.requestlog [req-ac42ae8e-5d8a-4a27-bacb-0c7b4171f48e req-0a0fa4de-609a-4762-b8be-9f6445e56501 service nova] 10.4.3.13 "GET /placement/allocations/a3e27ca7-6eca-4524-a05f-491774df5f5c" status: 200 len: 258 microversion: 1.28
Aug 19 23:55:12.206201 np0000007829 devstack@placement-api.service[89983]: [pid: 89983|app: 0|req: 70/217] 10.4.3.13 () {68 vars in 1494 bytes} [Wed Aug 19 23:55:11 2026] GET /placement/allocations/a3e27ca7-6eca-4524-a05f-491774df5f5c => generated 258 bytes in 275 msecs (HTTP/1.1 200) 8 headers in 296 bytes (1 switches on core 0)
Aug 19 23:55:12.218339 np0000007829 devstack@placement-api.service[89982]: INFO placement.requestlog [req-82da591a-639f-40cb-84db-7d564922513e req-9529bca4-3987-4d92-880b-50cf99569ca3 service nova] 10.4.3.13 "GET /placement/allocations/c426ac56-2e24-408b-b480-da705baab7ec" status: 200 len: 258 microversion: 1.28
Aug 19 23:55:12.218875 np0000007829 devstack@placement-api.service[89982]: [pid: 89982|app: 0|req: 75/218] 10.4.3.13 () {68 vars in 1492 bytes} [Wed Aug 19 23:55:12 2026] GET /placement/allocations/c426ac56-2e24-408b-b480-da705baab7ec => generated 258 bytes in 21 msecs (HTTP/1.1 200) 8 headers in 296 bytes (1 switches on core 0)
Aug 19 23:55:12.242922 np0000007829 devstack@placement-api.service[89984]: DEBUG placement.requestlog [req-ac42ae8e-5d8a-4a27-bacb-0c7b4171f48e req-939f9cf7-d45c-4004-8605-6d3c036c4861 None None] Starting request: 10.4.3.13 "GET /placement/allocations/a3e27ca7-6eca-4524-a05f-491774df5f5c" {{(pid=89984) __call__ /opt/stack/placement/placement/requestlog.py:55}}
Aug 19 23:55:12.251929 np0000007829 devstack@placement-api.service[89984]: INFO placement.requestlog [req-ac42ae8e-5d8a-4a27-bacb-0c7b4171f48e req-939f9cf7-d45c-4004-8605-6d3c036c4861 service nova] 10.4.3.13 "GET /placement/allocations/a3e27ca7-6eca-4524-a05f-491774df5f5c" status: 200 len: 258 microversion: 1.28
Aug 19 23:55:12.252303 np0000007829 devstack@placement-api.service[89984]: [pid: 89984|app: 0|req: 74/219] 10.4.3.13 () {68 vars in 1494 bytes} [Wed Aug 19 23:55:12 2026] GET /placement/allocations/a3e27ca7-6eca-4524-a05f-491774df5f5c => generated 258 bytes in 10 msecs (HTTP/1.1 200) 8 headers in 296 bytes (1 switches on core 0)
Aug 19 23:55:12.260349 np0000007829 devstack@placement-api.service[89983]: DEBUG placement.requestlog [req-82da591a-639f-40cb-84db-7d564922513e req-39387c6a-58ad-4018-a17e-ce34fcbf072c None None] Starting request: 10.4.3.13 "GET /placement/allocations/2d19c941-5068-4c2c-b0de-d46a45fb7773" {{(pid=89983) __call__ /opt/stack/placement/placement/requestlog.py:55}}
Aug 19 23:55:12.271151 np0000007829 devstack@placement-api.service[89983]: INFO placement.requestlog [req-82da591a-639f-40cb-84db-7d564922513e req-39387c6a-58ad-4018-a17e-ce34fcbf072c service nova] 10.4.3.13 "GET /placement/allocations/2d19c941-5068-4c2c-b0de-d46a45fb7773" status: 200 len: 244 microversion: 1.28
Aug 19 23:55:12.271391 np0000007829 devstack@placement-api.service[89983]: [pid: 89983|app: 0|req: 71/220] 10.4.3.13 () {68 vars in 1492 bytes} [Wed Aug 19 23:55:12 2026] GET /placement/allocations/2d19c941-5068-4c2c-b0de-d46a45fb7773 => generated 244 bytes in 12 msecs (HTTP/1.1 200) 8 headers in 296 bytes (1 switches on core 0)
Aug 19 23:55:12.310347 np0000007829 devstack@placement-api.service[89984]: DEBUG placement.requestlog [req-ac42ae8e-5d8a-4a27-bacb-0c7b4171f48e req-3682ec13-d6b0-4458-bcaf-e1d0937a6d1f None None] Starting request: 10.4.3.13 "GET /placement/allocations/c68d8b2d-1991-4a2a-832e-9446843b53f0" {{(pid=89984) __call__ /opt/stack/placement/placement/requestlog.py:55}}
Aug 19 23:55:12.310458 np0000007829 devstack@placement-api.service[89982]: DEBUG placement.requestlog [req-82da591a-639f-40cb-84db-7d564922513e req-d7bc67d0-faf0-444e-a807-e236b9f9f838 None None] Starting request: 10.4.3.13 "GET /placement/allocations/47c55b71-2864-44d3-8f63-2eafd5188f33" {{(pid=89982) __call__ /opt/stack/placement/placement/requestlog.py:55}}
Aug 19 23:55:12.316649 np0000007829 devstack@placement-api.service[89984]: INFO placement.requestlog [req-ac42ae8e-5d8a-4a27-bacb-0c7b4171f48e req-3682ec13-d6b0-4458-bcaf-e1d0937a6d1f service nova] 10.4.3.13 "GET /placement/allocations/c68d8b2d-1991-4a2a-832e-9446843b53f0" status: 200 len: 19 microversion: 1.28
Aug 19 23:55:12.317070 np0000007829 devstack@placement-api.service[89984]: [pid: 89984|app: 0|req: 75/221] 10.4.3.13 () {68 vars in 1494 bytes} [Wed Aug 19 23:55:12 2026] GET /placement/allocations/c68d8b2d-1991-4a2a-832e-9446843b53f0 => generated 19 bytes in 7 msecs (HTTP/1.1 200) 8 headers in 295 bytes (1 switches on core 0)
Aug 19 23:55:12.323481 np0000007829 devstack@placement-api.service[89982]: INFO placement.requestlog [req-82da591a-639f-40cb-84db-7d564922513e req-d7bc67d0-faf0-444e-a807-e236b9f9f838 service nova] 10.4.3.13 "GET /placement/allocations/47c55b71-2864-44d3-8f63-2eafd5188f33" status: 200 len: 258 microversion: 1.28
Aug 19 23:55:12.323916 np0000007829 devstack@placement-api.service[89982]: [pid: 89982|app: 0|req: 76/222] 10.4.3.13 () {68 vars in 1492 bytes} [Wed Aug 19 23:55:12 2026] GET /placement/allocations/47c55b71-2864-44d3-8f63-2eafd5188f33 => generated 258 bytes in 13 msecs (HTTP/1.1 200) 8 headers in 296 bytes (1 switches on core 0)
Aug 19 23:55:12.347553 np0000007829 devstack@placement-api.service[89983]: DEBUG placement.requestlog [req-ac42ae8e-5d8a-4a27-bacb-0c7b4171f48e req-60f71492-e759-45ad-a600-8ca28d8f04e8 None None] Starting request: 10.4.3.13 "POST /placement/allocations" {{(pid=89983) __call__ /opt/stack/placement/placement/requestlog.py:55}}
Aug 19 23:55:12.355594 np0000007829 devstack@placement-api.service[89984]: DEBUG placement.requestlog [req-82da591a-639f-40cb-84db-7d564922513e req-dbb99f9a-b103-4587-ac2d-a39adbe4fd71 None None] Starting request: 10.4.3.13 "GET /placement/allocations/eea6ad21-1afe-462a-8d98-acb31cabe602" {{(pid=89984) __call__ /opt/stack/placement/placement/requestlog.py:55}}
Aug 19 23:55:12.364917 np0000007829 devstack@placement-api.service[89984]: INFO placement.requestlog [req-82da591a-639f-40cb-84db-7d564922513e req-dbb99f9a-b103-4587-ac2d-a39adbe4fd71 service nova] 10.4.3.13 "GET /placement/allocations/eea6ad21-1afe-462a-8d98-acb31cabe602" status: 200 len: 258 microversion: 1.28
Aug 19 23:55:12.365431 np0000007829 devstack@placement-api.service[89984]: [pid: 89984|app: 0|req: 76/223] 10.4.3.13 () {68 vars in 1492 bytes} [Wed Aug 19 23:55:12 2026] GET /placement/allocations/eea6ad21-1afe-462a-8d98-acb31cabe602 => generated 258 bytes in 10 msecs (HTTP/1.1 200) 8 headers in 296 bytes (1 switches on core 0)
Aug 19 23:55:12.408496 np0000007829 devstack@placement-api.service[89982]: DEBUG placement.requestlog [req-82da591a-639f-40cb-84db-7d564922513e req-5c33a87d-4590-49fd-a119-f599bb041afd None None] Starting request: 10.4.3.13 "GET /placement/allocations/6618a537-1904-4c30-b1db-817a97f21c71" {{(pid=89982) __call__ /opt/stack/placement/placement/requestlog.py:55}}
Aug 19 23:55:12.413949 np0000007829 devstack@placement-api.service[89983]: DEBUG placement.handlers.allocation [req-ac42ae8e-5d8a-4a27-bacb-0c7b4171f48e req-60f71492-e759-45ad-a600-8ca28d8f04e8 service nova] Successfully wrote allocations [, , , , , ] {{(pid=89983) _update_consumers_and_create_allocations /opt/stack/placement/placement/handlers/allocation.py:572}}
Aug 19 23:55:12.420877 np0000007829 devstack@placement-api.service[89982]: INFO placement.requestlog [req-82da591a-639f-40cb-84db-7d564922513e req-5c33a87d-4590-49fd-a119-f599bb041afd service nova] 10.4.3.13 "GET /placement/allocations/6618a537-1904-4c30-b1db-817a97f21c71" status: 200 len: 258 microversion: 1.28
Aug 19 23:55:12.421145 np0000007829 devstack@placement-api.service[89982]: [pid: 89982|app: 0|req: 77/224] 10.4.3.13 () {68 vars in 1492 bytes} [Wed Aug 19 23:55:12 2026] GET /placement/allocations/6618a537-1904-4c30-b1db-817a97f21c71 => generated 258 bytes in 13 msecs (HTTP/1.1 200) 8 headers in 296 bytes (1 switches on core 0)
Aug 19 23:55:12.421248 np0000007829 devstack@placement-api.service[89983]: INFO placement.requestlog [req-ac42ae8e-5d8a-4a27-bacb-0c7b4171f48e req-60f71492-e759-45ad-a600-8ca28d8f04e8 service nova] 10.4.3.13 "POST /placement/allocations" status: 204 len: 0 microversion: 1.28
Aug 19 23:55:12.421506 np0000007829 devstack@placement-api.service[89983]: [pid: 89983|app: 0|req: 72/225] 10.4.3.13 () {72 vars in 1437 bytes} [Wed Aug 19 23:55:12 2026] POST /placement/allocations => generated 0 bytes in 74 msecs (HTTP/1.1 204) 5 headers in 199 bytes (1 switches on core 0)
Aug 19 23:55:12.454879 np0000007829 devstack@placement-api.service[89984]: DEBUG placement.requestlog [req-82da591a-639f-40cb-84db-7d564922513e req-a889c042-9c29-45b4-bc69-812cdea56d29 None None] Starting request: 10.4.3.13 "GET /placement/allocations/a3e27ca7-6eca-4524-a05f-491774df5f5c" {{(pid=89984) __call__ /opt/stack/placement/placement/requestlog.py:55}}
Aug 19 23:55:12.461998 np0000007829 devstack@placement-api.service[89984]: INFO placement.requestlog [req-82da591a-639f-40cb-84db-7d564922513e req-a889c042-9c29-45b4-bc69-812cdea56d29 service nova] 10.4.3.13 "GET /placement/allocations/a3e27ca7-6eca-4524-a05f-491774df5f5c" status: 200 len: 19 microversion: 1.28
Aug 19 23:55:12.462506 np0000007829 devstack@placement-api.service[89984]: [pid: 89984|app: 0|req: 77/226] 10.4.3.13 () {68 vars in 1492 bytes} [Wed Aug 19 23:55:12 2026] GET /placement/allocations/a3e27ca7-6eca-4524-a05f-491774df5f5c => generated 19 bytes in 8 msecs (HTTP/1.1 200) 8 headers in 295 bytes (1 switches on core 0)
Aug 19 23:55:12.493685 np0000007829 devstack@placement-api.service[89982]: DEBUG placement.requestlog [req-82da591a-639f-40cb-84db-7d564922513e req-89d6c0eb-9f3d-46ff-91dd-8d0f5eb645e2 None None] Starting request: 10.4.3.13 "GET /placement/allocations/8cff8d01-9eb4-479b-a080-940452b802b9" {{(pid=89982) __call__ /opt/stack/placement/placement/requestlog.py:55}}
Aug 19 23:55:12.503416 np0000007829 devstack@placement-api.service[89982]: INFO placement.requestlog [req-82da591a-639f-40cb-84db-7d564922513e req-89d6c0eb-9f3d-46ff-91dd-8d0f5eb645e2 service nova] 10.4.3.13 "GET /placement/allocations/8cff8d01-9eb4-479b-a080-940452b802b9" status: 200 len: 244 microversion: 1.28
Aug 19 23:55:12.503851 np0000007829 devstack@placement-api.service[89982]: [pid: 89982|app: 0|req: 78/227] 10.4.3.13 () {68 vars in 1492 bytes} [Wed Aug 19 23:55:12 2026] GET /placement/allocations/8cff8d01-9eb4-479b-a080-940452b802b9 => generated 244 bytes in 10 msecs (HTTP/1.1 200) 8 headers in 296 bytes (1 switches on core 0)
Aug 19 23:55:12.613965 np0000007829 devstack@placement-api.service[89983]: DEBUG placement.requestlog [req-ac42ae8e-5d8a-4a27-bacb-0c7b4171f48e req-7226f9eb-593e-4d07-b25b-498fecf6b237 None None] Starting request: 10.4.3.13 "GET /placement/allocation_candidates?limit=1000&resources=DISK_GB%3A1%2CMEMORY_MB%3A256%2CVCPU%3A1&root_required=%21COMPUTE_STATUS_DISABLED" {{(pid=89983) __call__ /opt/stack/placement/placement/requestlog.py:55}}
Aug 19 23:55:12.635314 np0000007829 devstack@placement-api.service[89983]: DEBUG placement.objects.research_context [req-ac42ae8e-5d8a-4a27-bacb-0c7b4171f48e req-7226f9eb-593e-4d07-b25b-498fecf6b237 service nova] getting providers with 1 DISK_GB {{(pid=89983) __init__ /opt/stack/placement/placement/objects/research_context.py:137}}
Aug 19 23:55:12.640799 np0000007829 devstack@placement-api.service[89983]: DEBUG placement.objects.research_context [req-ac42ae8e-5d8a-4a27-bacb-0c7b4171f48e req-7226f9eb-593e-4d07-b25b-498fecf6b237 service nova] getting providers with 256 MEMORY_MB {{(pid=89983) __init__ /opt/stack/placement/placement/objects/research_context.py:137}}
Aug 19 23:55:12.643557 np0000007829 devstack@placement-api.service[89983]: DEBUG placement.objects.research_context [req-ac42ae8e-5d8a-4a27-bacb-0c7b4171f48e req-7226f9eb-593e-4d07-b25b-498fecf6b237 service nova] getting providers with 1 VCPU {{(pid=89983) __init__ /opt/stack/placement/placement/objects/research_context.py:137}}
Aug 19 23:55:12.649181 np0000007829 devstack@placement-api.service[89983]: DEBUG placement.objects.research_context [req-ac42ae8e-5d8a-4a27-bacb-0c7b4171f48e req-7226f9eb-593e-4d07-b25b-498fecf6b237 service nova] found 1 providers with available 1 DISK_GB {{(pid=89983) get_provider_ids_matching /opt/stack/placement/placement/objects/research_context.py:566}}
Aug 19 23:55:12.649275 np0000007829 devstack@placement-api.service[89983]: DEBUG placement.objects.research_context [req-ac42ae8e-5d8a-4a27-bacb-0c7b4171f48e req-7226f9eb-593e-4d07-b25b-498fecf6b237 service nova] found 1 providers with available 256 MEMORY_MB {{(pid=89983) get_provider_ids_matching /opt/stack/placement/placement/objects/research_context.py:566}}
Aug 19 23:55:12.649364 np0000007829 devstack@placement-api.service[89983]: DEBUG placement.objects.research_context [req-ac42ae8e-5d8a-4a27-bacb-0c7b4171f48e req-7226f9eb-593e-4d07-b25b-498fecf6b237 service nova] found 1 providers after filtering by previous result {{(pid=89983) get_provider_ids_matching /opt/stack/placement/placement/objects/research_context.py:597}}
Aug 19 23:55:12.649418 np0000007829 devstack@placement-api.service[89983]: DEBUG placement.objects.research_context [req-ac42ae8e-5d8a-4a27-bacb-0c7b4171f48e req-7226f9eb-593e-4d07-b25b-498fecf6b237 service nova] found 1 providers with available 1 VCPU {{(pid=89983) get_provider_ids_matching /opt/stack/placement/placement/objects/research_context.py:566}}
Aug 19 23:55:12.649510 np0000007829 devstack@placement-api.service[89983]: DEBUG placement.objects.research_context [req-ac42ae8e-5d8a-4a27-bacb-0c7b4171f48e req-7226f9eb-593e-4d07-b25b-498fecf6b237 service nova] found 1 providers after filtering by previous result {{(pid=89983) get_provider_ids_matching /opt/stack/placement/placement/objects/research_context.py:597}}
Aug 19 23:55:12.659116 np0000007829 devstack@placement-api.service[89983]: DEBUG placement.objects.allocation_candidate [req-ac42ae8e-5d8a-4a27-bacb-0c7b4171f48e req-7226f9eb-593e-4d07-b25b-498fecf6b237 service nova] RequestGroup(use_same_provider=False, resources={DISK_GB:1, MEMORY_MB:256, VCPU:1}, traits=(), aggregates=[]) (suffix '') returned 1 matches {{(pid=89983) _get_by_requests /opt/stack/placement/placement/objects/allocation_candidate.py:158}}
Aug 19 23:55:12.659314 np0000007829 devstack@placement-api.service[89983]: DEBUG placement.objects.allocation_candidate [req-ac42ae8e-5d8a-4a27-bacb-0c7b4171f48e req-7226f9eb-593e-4d07-b25b-498fecf6b237 service nova] Merging candidates yields 1 allocation requests and 1 provider summaries {{(pid=89983) _merge_candidates /opt/stack/placement/placement/objects/allocation_candidate.py:973}}
Aug 19 23:55:12.667255 np0000007829 devstack@placement-api.service[89983]: INFO placement.requestlog [req-ac42ae8e-5d8a-4a27-bacb-0c7b4171f48e req-7226f9eb-593e-4d07-b25b-498fecf6b237 service nova] 10.4.3.13 "GET /placement/allocation_candidates?limit=1000&resources=DISK_GB%3A1%2CMEMORY_MB%3A256%2CVCPU%3A1&root_required=%21COMPUTE_STATUS_DISABLED" status: 200 len: 2493 microversion: 1.36
Aug 19 23:55:12.667490 np0000007829 devstack@placement-api.service[89983]: [pid: 89983|app: 0|req: 73/228] 10.4.3.13 () {68 vars in 1618 bytes} [Wed Aug 19 23:55:12 2026] GET /placement/allocation_candidates?limit=1000&resources=DISK_GB%3A1%2CMEMORY_MB%3A256%2CVCPU%3A1&root_required=%21COMPUTE_STATUS_DISABLED => generated 2493 bytes in 54 msecs (HTTP/1.1 200) 8 headers in 297 bytes (1 switches on core 0)
Aug 19 23:55:12.776360 np0000007829 devstack@placement-api.service[89984]: DEBUG placement.requestlog [req-ac42ae8e-5d8a-4a27-bacb-0c7b4171f48e req-66d659f9-9324-4fd9-beb6-79d4e53e4c1e None None] Starting request: 10.4.3.13 "GET /placement/allocations/a3e27ca7-6eca-4524-a05f-491774df5f5c" {{(pid=89984) __call__ /opt/stack/placement/placement/requestlog.py:55}}
Aug 19 23:55:12.788112 np0000007829 devstack@placement-api.service[89984]: INFO placement.requestlog [req-ac42ae8e-5d8a-4a27-bacb-0c7b4171f48e req-66d659f9-9324-4fd9-beb6-79d4e53e4c1e service nova] 10.4.3.13 "GET /placement/allocations/a3e27ca7-6eca-4524-a05f-491774df5f5c" status: 200 len: 19 microversion: 1.28
Aug 19 23:55:12.788309 np0000007829 devstack@placement-api.service[89984]: [pid: 89984|app: 0|req: 78/229] 10.4.3.13 () {68 vars in 1494 bytes} [Wed Aug 19 23:55:12 2026] GET /placement/allocations/a3e27ca7-6eca-4524-a05f-491774df5f5c => generated 19 bytes in 12 msecs (HTTP/1.1 200) 8 headers in 295 bytes (1 switches on core 0)
Aug 19 23:55:12.818225 np0000007829 devstack@placement-api.service[89982]: DEBUG placement.requestlog [req-ac42ae8e-5d8a-4a27-bacb-0c7b4171f48e req-4ba9bc21-831b-4557-9bc5-8f30272eab13 None None] Starting request: 10.4.3.13 "PUT /placement/allocations/a3e27ca7-6eca-4524-a05f-491774df5f5c" {{(pid=89982) __call__ /opt/stack/placement/placement/requestlog.py:55}}
Aug 19 23:55:12.873422 np0000007829 devstack@placement-api.service[89982]: DEBUG placement.handlers.allocation [req-ac42ae8e-5d8a-4a27-bacb-0c7b4171f48e req-4ba9bc21-831b-4557-9bc5-8f30272eab13 service nova] Successfully wrote allocations [, , ] {{(pid=89982) _update_consumers_and_create_allocations /opt/stack/placement/placement/handlers/allocation.py:462}}
