Aug 13 22:50:34.480235 np0000007280 devstack@g-api.service[99772]: DEBUG glance_store.location [-] Registering scheme filesystem with {'store': , 'location_class': , 'store_entry': 'file'} {{(pid=99772) register_scheme_map /opt/stack/data/venv/lib/python3.12/site-packages/glance_store/location.py:146}}
Aug 13 22:50:34.480281 np0000007280 devstack@g-api.service[99772]: DEBUG glance_store.backend [-] Attempting to import store swift {{(pid=99772) _load_store /opt/stack/data/venv/lib/python3.12/site-packages/glance_store/backend.py:215}}
Aug 13 22:50:34.480483 np0000007280 devstack@g-api.service[99772]: WARNING oslo_config.cfg [-] Deprecated: Option "default_store" from group "glance_store" is deprecated for removal (
Aug 13 22:50:34.480483 np0000007280 devstack@g-api.service[99772]: This option is deprecated against new config option
Aug 13 22:50:34.480483 np0000007280 devstack@g-api.service[99772]: ``default_backend`` which acts similar to ``default_store`` config
Aug 13 22:50:34.480483 np0000007280 devstack@g-api.service[99772]: option.
Aug 13 22:50:34.480483 np0000007280 devstack@g-api.service[99772]: This option is scheduled for removal in the U development
Aug 13 22:50:34.480483 np0000007280 devstack@g-api.service[99772]: cycle.
Aug 13 22:50:34.480483 np0000007280 devstack@g-api.service[99772]: ). Its value may be silently ignored in the future.
Aug 13 22:50:34.481677 np0000007280 devstack@g-api.service[99772]: DEBUG glance_store.capabilities [-] Store glance_store._drivers.swift.store.SingleTenantStore doesn't support updating dynamic storage capabilities. Please overwrite 'update_capabilities' method of the store to implement updating logics if needed. {{(pid=99772) update_capabilities /opt/stack/data/venv/lib/python3.12/site-packages/glance_store/capabilities.py:91}}
Aug 13 22:50:34.481745 np0000007280 devstack@g-api.service[99772]: DEBUG glance_store.backend [-] Registering store swift with schemes ('swift+https', 'swift', 'swift+http', 'swift+config') {{(pid=99772) create_stores /opt/stack/data/venv/lib/python3.12/site-packages/glance_store/backend.py:261}}
Aug 13 22:50:34.481813 np0000007280 devstack@g-api.service[99772]: DEBUG glance_store.driver [-] Late loading location class glance_store._drivers.swift.store.StoreLocation {{(pid=99772) get_store_location_class /opt/stack/data/venv/lib/python3.12/site-packages/glance_store/driver.py:134}}
Aug 13 22:50:34.481866 np0000007280 devstack@g-api.service[99772]: DEBUG glance_store.location [-] Registering scheme swift+https with {'store': , 'location_class': , 'store_entry': 'swift'} {{(pid=99772) register_scheme_map /opt/stack/data/venv/lib/python3.12/site-packages/glance_store/location.py:146}}
Aug 13 22:50:34.481917 np0000007280 devstack@g-api.service[99772]: DEBUG glance_store.location [-] Registering scheme swift with {'store': , 'location_class': , 'store_entry': 'swift'} {{(pid=99772) register_scheme_map /opt/stack/data/venv/lib/python3.12/site-packages/glance_store/location.py:146}}
Aug 13 22:50:34.481979 np0000007280 devstack@g-api.service[99772]: DEBUG glance_store.location [-] Registering scheme swift+http with {'store': , 'location_class': , 'store_entry': 'swift'} {{(pid=99772) register_scheme_map /opt/stack/data/venv/lib/python3.12/site-packages/glance_store/location.py:146}}
Aug 13 22:50:34.482026 np0000007280 devstack@g-api.service[99772]: DEBUG glance_store.location [-] Registering scheme swift+config with {'store': , 'location_class': , 'store_entry': 'swift'} {{(pid=99772) register_scheme_map /opt/stack/data/venv/lib/python3.12/site-packages/glance_store/location.py:146}}
Aug 13 22:50:34.482127 np0000007280 devstack@g-api.service[99772]: DEBUG glance_store.backend [-] Attempting to import store swift {{(pid=99772) _load_store /opt/stack/data/venv/lib/python3.12/site-packages/glance_store/backend.py:215}}
Aug 13 22:50:34.483174 np0000007280 devstack@g-api.service[99772]: DEBUG glance_store.capabilities [-] Store glance_store._drivers.swift.store.SingleTenantStore doesn't support updating dynamic storage capabilities. Please overwrite 'update_capabilities' method of the store to implement updating logics if needed. {{(pid=99772) update_capabilities /opt/stack/data/venv/lib/python3.12/site-packages/glance_store/capabilities.py:91}}
Aug 13 22:50:34.483248 np0000007280 devstack@g-api.service[99772]: DEBUG glance_store.driver [-] Late loading location class glance_store._drivers.swift.store.StoreLocation {{(pid=99772) get_store_location_class /opt/stack/data/venv/lib/python3.12/site-packages/glance_store/driver.py:134}}
Aug 13 22:50:34.483313 np0000007280 devstack@g-api.service[99772]: DEBUG glance_store.location [-] Registering scheme swift+https with {'store': , 'location_class': , 'store_entry': 'swift'} {{(pid=99772) register_scheme_map /opt/stack/data/venv/lib/python3.12/site-packages/glance_store/location.py:146}}
Aug 13 22:50:34.483400 np0000007280 devstack@g-api.service[99772]: DEBUG glance_store.location [-] Registering scheme swift+https with {'store': , 'location_class': , 'store_entry': 'swift'} {{(pid=99772) register_scheme_map /opt/stack/data/venv/lib/python3.12/site-packages/glance_store/location.py:146}}
Aug 13 22:50:34.483471 np0000007280 devstack@g-api.service[99772]: DEBUG glance_store.location [-] Registering scheme swift with {'store': , 'location_class': , 'store_entry': 'swift'} {{(pid=99772) register_scheme_map /opt/stack/data/venv/lib/python3.12/site-packages/glance_store/location.py:146}}
Aug 13 22:50:34.483527 np0000007280 devstack@g-api.service[99772]: DEBUG glance_store.location [-] Registering scheme swift+https with {'store': , 'location_class': , 'store_entry': 'swift'} {{(pid=99772) register_scheme_map /opt/stack/data/venv/lib/python3.12/site-packages/glance_store/location.py:146}}
Aug 13 22:50:34.483577 np0000007280 devstack@g-api.service[99772]: DEBUG glance_store.location [-] Registering scheme swift with {'store': , 'location_class': , 'store_entry': 'swift'} {{(pid=99772) register_scheme_map /opt/stack/data/venv/lib/python3.12/site-packages/glance_store/location.py:146}}
Aug 13 22:50:34.483635 np0000007280 devstack@g-api.service[99772]: DEBUG glance_store.location [-] Registering scheme swift+http with {'store': , 'location_class': , 'store_entry': 'swift'} {{(pid=99772) register_scheme_map /opt/stack/data/venv/lib/python3.12/site-packages/glance_store/location.py:146}}
Aug 13 22:50:34.483694 np0000007280 devstack@g-api.service[99772]: DEBUG glance_store.location [-] Registering scheme swift+https with {'store': , 'location_class': , 'store_entry': 'swift'} {{(pid=99772) register_scheme_map /opt/stack/data/venv/lib/python3.12/site-packages/glance_store/location.py:146}}
Aug 13 22:50:34.483761 np0000007280 devstack@g-api.service[99772]: DEBUG glance_store.location [-] Registering scheme swift with {'store': , 'location_class': , 'store_entry': 'swift'} {{(pid=99772) register_scheme_map /opt/stack/data/venv/lib/python3.12/site-packages/glance_store/location.py:146}}
Aug 13 22:50:34.483820 np0000007280 devstack@g-api.service[99772]: DEBUG glance_store.location [-] Registering scheme swift+http with {'store': , 'location_class': , 'store_entry': 'swift'} {{(pid=99772) register_scheme_map /opt/stack/data/venv/lib/python3.12/site-packages/glance_store/location.py:146}}
Aug 13 22:50:34.483866 np0000007280 devstack@g-api.service[99772]: DEBUG glance_store.location [-] Registering scheme swift+config with {'store': , 'location_class': , 'store_entry': 'swift'} {{(pid=99772) register_scheme_map /opt/stack/data/venv/lib/python3.12/site-packages/glance_store/location.py:146}}
Aug 13 22:50:34.484138 np0000007280 devstack@g-api.service[99772]: DEBUG glance.sqlite_migration [-] SQLite caching database not located, skipping migration {{(pid=99772) get_db_path /opt/stack/glance/glance/sqlite_migration.py:68}}
Aug 13 22:50:34.484350 np0000007280 devstack@g-api.service[99772]: WARNING glance.common.wsgi_app [-] Import methods are enabled but staging directory /tmp/staging/ does not exist; Imports will fail!
Aug 13 22:50:34.528309 np0000007280 devstack@g-api.service[99771]: DEBUG glance.common.config [None req-a244008e-b229-4cde-89f9-65a604e92135 None None] Loading glance-api-keystone+cachemanagement from /etc/glance/glance-api-paste.ini {{(pid=99771) load_paste_app /opt/stack/glance/glance/common/config.py:772}}
Aug 13 22:50:34.537442 np0000007280 devstack@g-api.service[99770]: DEBUG glance.common.config [None req-11901244-6a44-47d4-bb73-dc7b804bea6f None None] Loading glance-api-keystone+cachemanagement from /etc/glance/glance-api-paste.ini {{(pid=99770) load_paste_app /opt/stack/glance/glance/common/config.py:772}}
Aug 13 22:50:34.622968 np0000007280 devstack@g-api.service[99772]: DEBUG glance.common.config [None req-e03ab638-ce93-4166-bdaa-6f12221837a8 None None] Loading glance-api-keystone+cachemanagement from /etc/glance/glance-api-paste.ini {{(pid=99772) load_paste_app /opt/stack/glance/glance/common/config.py:772}}
Aug 13 22:50:35.140982 np0000007280 devstack@g-api.service[99771]: INFO glance.image_cache [None req-a244008e-b229-4cde-89f9-65a604e92135 None None] Image cache loaded driver 'centralized_db'.
Aug 13 22:50:35.150898 np0000007280 devstack@g-api.service[99772]: INFO glance.image_cache [None req-e03ab638-ce93-4166-bdaa-6f12221837a8 None None] Image cache loaded driver 'centralized_db'.
Aug 13 22:50:35.154037 np0000007280 devstack@g-api.service[99770]: INFO glance.image_cache [None req-11901244-6a44-47d4-bb73-dc7b804bea6f None None] Image cache loaded driver 'centralized_db'.
Aug 13 22:50:35.187528 np0000007280 devstack@g-api.service[99771]: INFO dbcounter [None req-a244008e-b229-4cde-89f9-65a604e92135 None None] Registered counter for database glance
Aug 13 22:50:35.199788 np0000007280 devstack@g-api.service[99772]: INFO dbcounter [None req-e03ab638-ce93-4166-bdaa-6f12221837a8 None None] Registered counter for database glance
Aug 13 22:50:35.207221 np0000007280 devstack@g-api.service[99770]: INFO dbcounter [None req-11901244-6a44-47d4-bb73-dc7b804bea6f None None] Registered counter for database glance
Aug 13 22:50:35.224377 np0000007280 devstack@g-api.service[99771]: DEBUG oslo_db.sqlalchemy.engines [None req-a244008e-b229-4cde-89f9-65a604e92135 None None] MySQL server mode set to STRICT_TRANS_TABLES,STRICT_ALL_TABLES,NO_ZERO_IN_DATE,NO_ZERO_DATE,ERROR_FOR_DIVISION_BY_ZERO,TRADITIONAL,NO_ENGINE_SUBSTITUTION {{(pid=99771) _check_effective_sql_mode /opt/stack/data/venv/lib/python3.12/site-packages/oslo_db/sqlalchemy/engines.py:325}}
Aug 13 22:50:35.240878 np0000007280 devstack@g-api.service[99772]: DEBUG oslo_db.sqlalchemy.engines [None req-e03ab638-ce93-4166-bdaa-6f12221837a8 None None] MySQL server mode set to STRICT_TRANS_TABLES,STRICT_ALL_TABLES,NO_ZERO_IN_DATE,NO_ZERO_DATE,ERROR_FOR_DIVISION_BY_ZERO,TRADITIONAL,NO_ENGINE_SUBSTITUTION {{(pid=99772) _check_effective_sql_mode /opt/stack/data/venv/lib/python3.12/site-packages/oslo_db/sqlalchemy/engines.py:325}}
Aug 13 22:50:35.250144 np0000007280 devstack@g-api.service[99770]: DEBUG oslo_db.sqlalchemy.engines [None req-11901244-6a44-47d4-bb73-dc7b804bea6f None None] MySQL server mode set to STRICT_TRANS_TABLES,STRICT_ALL_TABLES,NO_ZERO_IN_DATE,NO_ZERO_DATE,ERROR_FOR_DIVISION_BY_ZERO,TRADITIONAL,NO_ENGINE_SUBSTITUTION {{(pid=99770) _check_effective_sql_mode /opt/stack/data/venv/lib/python3.12/site-packages/oslo_db/sqlalchemy/engines.py:325}}
Aug 13 22:50:35.330298 np0000007280 devstack@g-api.service[99771]: DEBUG dbcounter [-] [99771] Writer thread running {{(pid=99771) stat_writer /opt/stack/data/venv/lib/python3.12/site-packages/dbcounter.py:102}}
Aug 13 22:50:35.340853 np0000007280 devstack@g-api.service[99771]: INFO glance.image_cache [None req-a244008e-b229-4cde-89f9-65a604e92135 None None] Image cache loaded driver 'centralized_db'.
Aug 13 22:50:35.347431 np0000007280 devstack@g-api.service[99771]: DEBUG glance.image_cache.drivers.centralized_db [None req-a244008e-b229-4cde-89f9-65a604e92135 None None] Node reference is already recorded, ignoring it {{(pid=99771) configure /opt/stack/glance/glance/image_cache/drivers/centralized_db.py:71}}
Aug 13 22:50:35.352119 np0000007280 devstack@g-api.service[99771]: DEBUG glance.api.v2.cached_images [None req-a244008e-b229-4cde-89f9-65a604e92135 None None] Started cache worker thread {{(pid=99771) __init__ /opt/stack/glance/glance/api/v2/cached_images.py:71}}
Aug 13 22:50:35.352885 np0000007280 devstack@g-api.service[99771]: INFO glance.image_cache [None req-a244008e-b229-4cde-89f9-65a604e92135 None None] Image cache loaded driver 'centralized_db'.
Aug 13 22:50:35.354007 np0000007280 devstack@g-api.service[99772]: DEBUG dbcounter [-] [99772] Writer thread running {{(pid=99772) stat_writer /opt/stack/data/venv/lib/python3.12/site-packages/dbcounter.py:102}}
Aug 13 22:50:35.356228 np0000007280 devstack@g-api.service[99772]: DEBUG glance.image_cache.drivers.centralized_db [None req-e03ab638-ce93-4166-bdaa-6f12221837a8 None None] Node reference is already recorded, ignoring it {{(pid=99772) configure /opt/stack/glance/glance/image_cache/drivers/centralized_db.py:71}}
Aug 13 22:50:35.356968 np0000007280 devstack@g-api.service[99770]: DEBUG dbcounter [-] [99770] Writer thread running {{(pid=99770) stat_writer /opt/stack/data/venv/lib/python3.12/site-packages/dbcounter.py:102}}
Aug 13 22:50:35.358925 np0000007280 devstack@g-api.service[99771]: DEBUG glance.image_cache.drivers.centralized_db [None req-a244008e-b229-4cde-89f9-65a604e92135 None None] Node reference is already recorded, ignoring it {{(pid=99771) configure /opt/stack/glance/glance/image_cache/drivers/centralized_db.py:71}}
Aug 13 22:50:35.359601 np0000007280 devstack@g-api.service[99770]: DEBUG glance.image_cache.drivers.centralized_db [None req-11901244-6a44-47d4-bb73-dc7b804bea6f None None] Node reference is already recorded, ignoring it {{(pid=99770) configure /opt/stack/glance/glance/image_cache/drivers/centralized_db.py:71}}
Aug 13 22:50:35.361174 np0000007280 devstack@g-api.service[99772]: INFO glance.image_cache [None req-e03ab638-ce93-4166-bdaa-6f12221837a8 None None] Image cache loaded driver 'centralized_db'.
Aug 13 22:50:35.364399 np0000007280 devstack@g-api.service[99771]: INFO glance.api.middleware.cache_manage [None req-a244008e-b229-4cde-89f9-65a604e92135 None None] Initialized image cache management middleware
Aug 13 22:50:35.364552 np0000007280 devstack@g-api.service[99771]: INFO glance.image_cache [None req-a244008e-b229-4cde-89f9-65a604e92135 None None] Image cache loaded driver 'centralized_db'.
Aug 13 22:50:35.364780 np0000007280 devstack@g-api.service[99770]: INFO glance.image_cache [None req-11901244-6a44-47d4-bb73-dc7b804bea6f None None] Image cache loaded driver 'centralized_db'.
Aug 13 22:50:35.368131 np0000007280 devstack@g-api.service[99772]: DEBUG glance.image_cache.drivers.centralized_db [None req-e03ab638-ce93-4166-bdaa-6f12221837a8 None None] Node reference is already recorded, ignoring it {{(pid=99772) configure /opt/stack/glance/glance/image_cache/drivers/centralized_db.py:71}}
Aug 13 22:50:35.370585 np0000007280 devstack@g-api.service[99771]: DEBUG glance.image_cache.drivers.centralized_db [None req-a244008e-b229-4cde-89f9-65a604e92135 None None] Node reference is already recorded, ignoring it {{(pid=99771) configure /opt/stack/glance/glance/image_cache/drivers/centralized_db.py:71}}
Aug 13 22:50:35.370652 np0000007280 devstack@g-api.service[99770]: DEBUG glance.image_cache.drivers.centralized_db [None req-11901244-6a44-47d4-bb73-dc7b804bea6f None None] Node reference is already recorded, ignoring it {{(pid=99770) configure /opt/stack/glance/glance/image_cache/drivers/centralized_db.py:71}}
Aug 13 22:50:35.372958 np0000007280 devstack@g-api.service[99772]: DEBUG glance.api.v2.cached_images [None req-e03ab638-ce93-4166-bdaa-6f12221837a8 None None] Started cache worker thread {{(pid=99772) __init__ /opt/stack/glance/glance/api/v2/cached_images.py:71}}
Aug 13 22:50:35.373536 np0000007280 devstack@g-api.service[99772]: INFO glance.image_cache [None req-e03ab638-ce93-4166-bdaa-6f12221837a8 None None] Image cache loaded driver 'centralized_db'.
Aug 13 22:50:35.373949 np0000007280 devstack@g-api.service[99771]: INFO glance.api.middleware.cache [None req-a244008e-b229-4cde-89f9-65a604e92135 None None] Initialized image cache middleware
Aug 13 22:50:35.375173 np0000007280 devstack@g-api.service[99770]: DEBUG glance.api.v2.cached_images [None req-11901244-6a44-47d4-bb73-dc7b804bea6f None None] Started cache worker thread {{(pid=99770) __init__ /opt/stack/glance/glance/api/v2/cached_images.py:71}}
Aug 13 22:50:35.375973 np0000007280 devstack@g-api.service[99770]: INFO glance.image_cache [None req-11901244-6a44-47d4-bb73-dc7b804bea6f None None] Image cache loaded driver 'centralized_db'.
Aug 13 22:50:35.379401 np0000007280 devstack@g-api.service[99772]: DEBUG glance.image_cache.drivers.centralized_db [None req-e03ab638-ce93-4166-bdaa-6f12221837a8 None None] Node reference is already recorded, ignoring it {{(pid=99772) configure /opt/stack/glance/glance/image_cache/drivers/centralized_db.py:71}}
Aug 13 22:50:35.382739 np0000007280 devstack@g-api.service[99770]: DEBUG glance.image_cache.drivers.centralized_db [None req-11901244-6a44-47d4-bb73-dc7b804bea6f None None] Node reference is already recorded, ignoring it {{(pid=99770) configure /opt/stack/glance/glance/image_cache/drivers/centralized_db.py:71}}
Aug 13 22:50:35.383848 np0000007280 devstack@g-api.service[99771]: DEBUG glance.common.config [None req-a244008e-b229-4cde-89f9-65a604e92135 None None] ******************************************************************************** {{(pid=99771) log_opt_values /opt/stack/data/venv/lib/python3.12/site-packages/oslo_config/cfg.py:3533}}
Aug 13 22:50:35.383933 np0000007280 devstack@g-api.service[99771]: DEBUG glance.common.config [None req-a244008e-b229-4cde-89f9-65a604e92135 None None] Configuration options gathered from: {{(pid=99771) log_opt_values /opt/stack/data/venv/lib/python3.12/site-packages/oslo_config/cfg.py:3534}}
Aug 13 22:50:35.384247 np0000007280 devstack@g-api.service[99771]: DEBUG glance.common.config [None req-a244008e-b229-4cde-89f9-65a604e92135 None None] command line args: [] {{(pid=99771) log_opt_values /opt/stack/data/venv/lib/python3.12/site-packages/oslo_config/cfg.py:3535}}
Aug 13 22:50:35.384398 np0000007280 devstack@g-api.service[99771]: DEBUG glance.common.config [None req-a244008e-b229-4cde-89f9-65a604e92135 None None] config files: ['/etc/glance/glance-image-import.conf', '/etc/glance/glance-api.conf'] {{(pid=99771) log_opt_values /opt/stack/data/venv/lib/python3.12/site-packages/oslo_config/cfg.py:3536}}
Aug 13 22:50:35.384486 np0000007280 devstack@g-api.service[99771]: DEBUG glance.common.config [None req-a244008e-b229-4cde-89f9-65a604e92135 None None] ================================================================================ {{(pid=99771) log_opt_values /opt/stack/data/venv/lib/python3.12/site-packages/oslo_config/cfg.py:3541}}
Aug 13 22:50:35.384652 np0000007280 devstack@g-api.service[99771]: DEBUG glance.common.config [None req-a244008e-b229-4cde-89f9-65a604e92135 None None] allow_anonymous_access = False {{(pid=99771) log_opt_values /opt/stack/data/venv/lib/python3.12/site-packages/oslo_config/cfg.py:3549}}
Aug 13 22:50:35.384795 np0000007280 devstack@g-api.service[99771]: DEBUG glance.common.config [None req-a244008e-b229-4cde-89f9-65a604e92135 None None] api_limit_max = 1000 {{(pid=99771) log_opt_values /opt/stack/data/venv/lib/python3.12/site-packages/oslo_config/cfg.py:3549}}
Aug 13 22:50:35.384925 np0000007280 devstack@g-api.service[99771]: DEBUG glance.common.config [None req-a244008e-b229-4cde-89f9-65a604e92135 None None] config_dir = [] {{(pid=99771) log_opt_values /opt/stack/data/venv/lib/python3.12/site-packages/oslo_config/cfg.py:3549}}
Aug 13 22:50:35.384997 np0000007280 devstack@g-api.service[99772]: INFO glance.api.middleware.cache_manage [None req-e03ab638-ce93-4166-bdaa-6f12221837a8 None None] Initialized image cache management middleware
Aug 13 22:50:35.385037 np0000007280 devstack@g-api.service[99771]: DEBUG glance.common.config [None req-a244008e-b229-4cde-89f9-65a604e92135 None None] config_file = ['/etc/glance/glance-image-import.conf', '/etc/glance/glance-api.conf'] {{(pid=99771) log_opt_values /opt/stack/data/venv/lib/python3.12/site-packages/oslo_config/cfg.py:3549}}
Aug 13 22:50:35.385131 np0000007280 devstack@g-api.service[99772]: INFO glance.image_cache [None req-e03ab638-ce93-4166-bdaa-6f12221837a8 None None] Image cache loaded driver 'centralized_db'.
Aug 13 22:50:35.385175 np0000007280 devstack@g-api.service[99771]: DEBUG glance.common.config [None req-a244008e-b229-4cde-89f9-65a604e92135 None None] config_source = [] {{(pid=99771) log_opt_values /opt/stack/data/venv/lib/python3.12/site-packages/oslo_config/cfg.py:3549}}
Aug 13 22:50:35.385292 np0000007280 devstack@g-api.service[99771]: DEBUG glance.common.config [None req-a244008e-b229-4cde-89f9-65a604e92135 None None] control_exchange = glance {{(pid=99771) log_opt_values /opt/stack/data/venv/lib/python3.12/site-packages/oslo_config/cfg.py:3549}}
Aug 13 22:50:35.385381 np0000007280 devstack@g-api.service[99771]: DEBUG glance.common.config [None req-a244008e-b229-4cde-89f9-65a604e92135 None None] debug = True {{(pid=99771) log_opt_values /opt/stack/data/venv/lib/python3.12/site-packages/oslo_config/cfg.py:3549}}
Aug 13 22:50:35.385615 np0000007280 devstack@g-api.service[99771]: DEBUG glance.common.config [None req-a244008e-b229-4cde-89f9-65a604e92135 None None] default_log_levels = ['amqp=WARN', 'boto=WARN', 'sqlalchemy=WARN', 'suds=INFO', 'oslo.messaging=INFO', 'oslo_messaging=INFO', 'iso8601=WARN', 'requests.packages.urllib3.connectionpool=WARN', 'urllib3.connectionpool=WARN', 'websocket=WARN', 'requests.packages.urllib3.util.retry=WARN', 'urllib3.util.retry=WARN', 'keystonemiddleware=WARN', 'routes.middleware=WARN', 'stevedore=WARN', 'taskflow=WARN', 'keystoneauth=WARN', 'oslo.cache=INFO', 'oslo_policy=INFO', 'dogpile.core.dogpile=INFO'] {{(pid=99771) log_opt_values /opt/stack/data/venv/lib/python3.12/site-packages/oslo_config/cfg.py:3549}}
Aug 13 22:50:35.385755 np0000007280 devstack@g-api.service[99771]: DEBUG glance.common.config [None req-a244008e-b229-4cde-89f9-65a604e92135 None None] default_publisher_id = image.localhost {{(pid=99771) log_opt_values /opt/stack/data/venv/lib/python3.12/site-packages/oslo_config/cfg.py:3549}}
Aug 13 22:50:35.385941 np0000007280 devstack@g-api.service[99771]: DEBUG glance.common.config [None req-a244008e-b229-4cde-89f9-65a604e92135 None None] delayed_delete = False {{(pid=99771) log_opt_values /opt/stack/data/venv/lib/python3.12/site-packages/oslo_config/cfg.py:3549}}
Aug 13 22:50:35.386033 np0000007280 devstack@g-api.service[99771]: DEBUG glance.common.config [None req-a244008e-b229-4cde-89f9-65a604e92135 None None] digest_algorithm = sha256 {{(pid=99771) log_opt_values /opt/stack/data/venv/lib/python3.12/site-packages/oslo_config/cfg.py:3549}}
Aug 13 22:50:35.386174 np0000007280 devstack@g-api.service[99771]: DEBUG glance.common.config [None req-a244008e-b229-4cde-89f9-65a604e92135 None None] disabled_notifications = [] {{(pid=99771) log_opt_values /opt/stack/data/venv/lib/python3.12/site-packages/oslo_config/cfg.py:3549}}
Aug 13 22:50:35.386295 np0000007280 devstack@g-api.service[99771]: DEBUG glance.common.config [None req-a244008e-b229-4cde-89f9-65a604e92135 None None] do_secure_hash = True {{(pid=99771) log_opt_values /opt/stack/data/venv/lib/python3.12/site-packages/oslo_config/cfg.py:3549}}
Aug 13 22:50:35.386426 np0000007280 devstack@g-api.service[99771]: DEBUG glance.common.config [None req-a244008e-b229-4cde-89f9-65a604e92135 None None] enabled_backends = None {{(pid=99771) log_opt_values /opt/stack/data/venv/lib/python3.12/site-packages/oslo_config/cfg.py:3549}}
Aug 13 22:50:35.386581 np0000007280 devstack@g-api.service[99771]: DEBUG glance.common.config [None req-a244008e-b229-4cde-89f9-65a604e92135 None None] enabled_import_methods = ['glance-direct', 'web-download', 'copy-image'] {{(pid=99771) log_opt_values /opt/stack/data/venv/lib/python3.12/site-packages/oslo_config/cfg.py:3549}}
Aug 13 22:50:35.386699 np0000007280 devstack@g-api.service[99771]: DEBUG glance.common.config [None req-a244008e-b229-4cde-89f9-65a604e92135 None None] fatal_deprecations = False {{(pid=99771) log_opt_values /opt/stack/data/venv/lib/python3.12/site-packages/oslo_config/cfg.py:3549}}
Aug 13 22:50:35.386856 np0000007280 devstack@g-api.service[99771]: DEBUG glance.common.config [None req-a244008e-b229-4cde-89f9-65a604e92135 None None] hashing_algorithm = sha512 {{(pid=99771) log_opt_values /opt/stack/data/venv/lib/python3.12/site-packages/oslo_config/cfg.py:3549}}
Aug 13 22:50:35.386981 np0000007280 devstack@g-api.service[99771]: DEBUG glance.common.config [None req-a244008e-b229-4cde-89f9-65a604e92135 None None] http_retries = 3 {{(pid=99771) log_opt_values /opt/stack/data/venv/lib/python3.12/site-packages/oslo_config/cfg.py:3549}}
Aug 13 22:50:35.387115 np0000007280 devstack@g-api.service[99771]: DEBUG glance.common.config [None req-a244008e-b229-4cde-89f9-65a604e92135 None None] image_cache_dir = /opt/stack/data/glance/cache/ {{(pid=99771) log_opt_values /opt/stack/data/venv/lib/python3.12/site-packages/oslo_config/cfg.py:3549}}
Aug 13 22:50:35.387247 np0000007280 devstack@g-api.service[99771]: DEBUG glance.common.config [None req-a244008e-b229-4cde-89f9-65a604e92135 None None] image_cache_driver = centralized_db {{(pid=99771) log_opt_values /opt/stack/data/venv/lib/python3.12/site-packages/oslo_config/cfg.py:3549}}
Aug 13 22:50:35.387356 np0000007280 devstack@g-api.service[99770]: INFO glance.api.middleware.cache_manage [None req-11901244-6a44-47d4-bb73-dc7b804bea6f None None] Initialized image cache management middleware
Aug 13 22:50:35.387399 np0000007280 devstack@g-api.service[99771]: DEBUG glance.common.config [None req-a244008e-b229-4cde-89f9-65a604e92135 None None] image_cache_max_size = 10737418240 {{(pid=99771) log_opt_values /opt/stack/data/venv/lib/python3.12/site-packages/oslo_config/cfg.py:3549}}
Aug 13 22:50:35.387502 np0000007280 devstack@g-api.service[99771]: DEBUG glance.common.config [None req-a244008e-b229-4cde-89f9-65a604e92135 None None] image_cache_sqlite_db = cache.db {{(pid=99771) log_opt_values /opt/stack/data/venv/lib/python3.12/site-packages/oslo_config/cfg.py:3549}}
Aug 13 22:50:35.387542 np0000007280 devstack@g-api.service[99770]: INFO glance.image_cache [None req-11901244-6a44-47d4-bb73-dc7b804bea6f None None] Image cache loaded driver 'centralized_db'.
Aug 13 22:50:35.387646 np0000007280 devstack@g-api.service[99771]: DEBUG glance.common.config [None req-a244008e-b229-4cde-89f9-65a604e92135 None None] image_cache_stall_time = 86400 {{(pid=99771) log_opt_values /opt/stack/data/venv/lib/python3.12/site-packages/oslo_config/cfg.py:3549}}
Aug 13 22:50:35.387776 np0000007280 devstack@g-api.service[99771]: DEBUG glance.common.config [None req-a244008e-b229-4cde-89f9-65a604e92135 None None] image_location_quota = 10 {{(pid=99771) log_opt_values /opt/stack/data/venv/lib/python3.12/site-packages/oslo_config/cfg.py:3549}}
Aug 13 22:50:35.387905 np0000007280 devstack@g-api.service[99771]: DEBUG glance.common.config [None req-a244008e-b229-4cde-89f9-65a604e92135 None None] image_member_quota = 128 {{(pid=99771) log_opt_values /opt/stack/data/venv/lib/python3.12/site-packages/oslo_config/cfg.py:3549}}
Aug 13 22:50:35.388027 np0000007280 devstack@g-api.service[99771]: DEBUG glance.common.config [None req-a244008e-b229-4cde-89f9-65a604e92135 None None] image_property_quota = 128 {{(pid=99771) log_opt_values /opt/stack/data/venv/lib/python3.12/site-packages/oslo_config/cfg.py:3549}}
Aug 13 22:50:35.388150 np0000007280 devstack@g-api.service[99771]: DEBUG glance.common.config [None req-a244008e-b229-4cde-89f9-65a604e92135 None None] image_size_cap = 1099511627776 {{(pid=99771) log_opt_values /opt/stack/data/venv/lib/python3.12/site-packages/oslo_config/cfg.py:3549}}
Aug 13 22:50:35.388273 np0000007280 devstack@g-api.service[99771]: DEBUG glance.common.config [None req-a244008e-b229-4cde-89f9-65a604e92135 None None] image_tag_quota = 128 {{(pid=99771) log_opt_values /opt/stack/data/venv/lib/python3.12/site-packages/oslo_config/cfg.py:3549}}
Aug 13 22:50:35.388406 np0000007280 devstack@g-api.service[99771]: DEBUG glance.common.config [None req-a244008e-b229-4cde-89f9-65a604e92135 None None] instance_format = [instance: %(uuid)s] {{(pid=99771) log_opt_values /opt/stack/data/venv/lib/python3.12/site-packages/oslo_config/cfg.py:3549}}
Aug 13 22:50:35.388551 np0000007280 devstack@g-api.service[99771]: DEBUG glance.common.config [None req-a244008e-b229-4cde-89f9-65a604e92135 None None] instance_uuid_format = [instance: %(uuid)s] {{(pid=99771) log_opt_values /opt/stack/data/venv/lib/python3.12/site-packages/oslo_config/cfg.py:3549}}
Aug 13 22:50:35.388700 np0000007280 devstack@g-api.service[99771]: DEBUG glance.common.config [None req-a244008e-b229-4cde-89f9-65a604e92135 None None] limit_param_default = 25 {{(pid=99771) log_opt_values /opt/stack/data/venv/lib/python3.12/site-packages/oslo_config/cfg.py:3549}}
Aug 13 22:50:35.388854 np0000007280 devstack@g-api.service[99771]: DEBUG glance.common.config [None req-a244008e-b229-4cde-89f9-65a604e92135 None None] log_color = False {{(pid=99771) log_opt_values /opt/stack/data/venv/lib/python3.12/site-packages/oslo_config/cfg.py:3549}}
Aug 13 22:50:35.388990 np0000007280 devstack@g-api.service[99771]: DEBUG glance.common.config [None req-a244008e-b229-4cde-89f9-65a604e92135 None None] log_config_append = None {{(pid=99771) log_opt_values /opt/stack/data/venv/lib/python3.12/site-packages/oslo_config/cfg.py:3549}}
Aug 13 22:50:35.389141 np0000007280 devstack@g-api.service[99771]: DEBUG glance.common.config [None req-a244008e-b229-4cde-89f9-65a604e92135 None None] log_date_format = %Y-%m-%d %H:%M:%S {{(pid=99771) log_opt_values /opt/stack/data/venv/lib/python3.12/site-packages/oslo_config/cfg.py:3549}}
Aug 13 22:50:35.389269 np0000007280 devstack@g-api.service[99771]: DEBUG glance.common.config [None req-a244008e-b229-4cde-89f9-65a604e92135 None None] log_dir = None {{(pid=99771) log_opt_values /opt/stack/data/venv/lib/python3.12/site-packages/oslo_config/cfg.py:3549}}
Aug 13 22:50:35.389403 np0000007280 devstack@g-api.service[99771]: DEBUG glance.common.config [None req-a244008e-b229-4cde-89f9-65a604e92135 None None] log_file = None {{(pid=99771) log_opt_values /opt/stack/data/venv/lib/python3.12/site-packages/oslo_config/cfg.py:3549}}
Aug 13 22:50:35.389556 np0000007280 devstack@g-api.service[99771]: DEBUG glance.common.config [None req-a244008e-b229-4cde-89f9-65a604e92135 None None] log_rotate_interval = 1 {{(pid=99771) log_opt_values /opt/stack/data/venv/lib/python3.12/site-packages/oslo_config/cfg.py:3549}}
Aug 13 22:50:35.389741 np0000007280 devstack@g-api.service[99771]: DEBUG glance.common.config [None req-a244008e-b229-4cde-89f9-65a604e92135 None None] log_rotate_interval_type = days {{(pid=99771) log_opt_values /opt/stack/data/venv/lib/python3.12/site-packages/oslo_config/cfg.py:3549}}
Aug 13 22:50:35.389891 np0000007280 devstack@g-api.service[99771]: DEBUG glance.common.config [None req-a244008e-b229-4cde-89f9-65a604e92135 None None] log_rotation_type = none {{(pid=99771) log_opt_values /opt/stack/data/venv/lib/python3.12/site-packages/oslo_config/cfg.py:3549}}
Aug 13 22:50:35.390016 np0000007280 devstack@g-api.service[99771]: DEBUG glance.common.config [None req-a244008e-b229-4cde-89f9-65a604e92135 None None] logging_context_format_string = %(color)s%(levelname)s %(name)s [%(global_request_id)s %(request_id)s %(project_name)s %(user_name)s%(color)s] %(instance)s%(color)s%(message)s {{(pid=99771) log_opt_values /opt/stack/data/venv/lib/python3.12/site-packages/oslo_config/cfg.py:3549}}
Aug 13 22:50:35.390125 np0000007280 devstack@g-api.service[99771]: DEBUG glance.common.config [None req-a244008e-b229-4cde-89f9-65a604e92135 None None] logging_debug_format_suffix = {{(pid=%(process)d) %(funcName)s %(pathname)s:%(lineno)d}} {{(pid=99771) log_opt_values /opt/stack/data/venv/lib/python3.12/site-packages/oslo_config/cfg.py:3549}}
Aug 13 22:50:35.390270 np0000007280 devstack@g-api.service[99771]: DEBUG glance.common.config [None req-a244008e-b229-4cde-89f9-65a604e92135 None None] logging_default_format_string = %(color)s%(levelname)s %(name)s [-%(color)s] %(instance)s%(color)s%(message)s {{(pid=99771) log_opt_values /opt/stack/data/venv/lib/python3.12/site-packages/oslo_config/cfg.py:3549}}
Aug 13 22:50:35.390402 np0000007280 devstack@g-api.service[99771]: DEBUG glance.common.config [None req-a244008e-b229-4cde-89f9-65a604e92135 None None] logging_exception_prefix = ERROR %(name)s %(instance)s {{(pid=99771) log_opt_values /opt/stack/data/venv/lib/python3.12/site-packages/oslo_config/cfg.py:3549}}
Aug 13 22:50:35.390499 np0000007280 devstack@g-api.service[99771]: DEBUG glance.common.config [None req-a244008e-b229-4cde-89f9-65a604e92135 None None] logging_user_identity_format = %(user)s %(project)s %(domain)s %(system_scope)s %(user_domain)s %(project_domain)s {{(pid=99771) log_opt_values /opt/stack/data/venv/lib/python3.12/site-packages/oslo_config/cfg.py:3549}}
Aug 13 22:50:35.390643 np0000007280 devstack@g-api.service[99771]: DEBUG glance.common.config [None req-a244008e-b229-4cde-89f9-65a604e92135 None None] max_logfile_count = 30 {{(pid=99771) log_opt_values /opt/stack/data/venv/lib/python3.12/site-packages/oslo_config/cfg.py:3549}}
Aug 13 22:50:35.390808 np0000007280 devstack@g-api.service[99771]: DEBUG glance.common.config [None req-a244008e-b229-4cde-89f9-65a604e92135 None None] max_logfile_size_mb = 200 {{(pid=99771) log_opt_values /opt/stack/data/venv/lib/python3.12/site-packages/oslo_config/cfg.py:3549}}
Aug 13 22:50:35.390948 np0000007280 devstack@g-api.service[99771]: DEBUG glance.common.config [None req-a244008e-b229-4cde-89f9-65a604e92135 None None] max_request_id_length = 64 {{(pid=99771) log_opt_values /opt/stack/data/venv/lib/python3.12/site-packages/oslo_config/cfg.py:3549}}
Aug 13 22:50:35.391099 np0000007280 devstack@g-api.service[99771]: DEBUG glance.common.config [None req-a244008e-b229-4cde-89f9-65a604e92135 None None] metadata_encryption_key = **** {{(pid=99771) log_opt_values /opt/stack/data/venv/lib/python3.12/site-packages/oslo_config/cfg.py:3549}}
Aug 13 22:50:35.391237 np0000007280 devstack@g-api.service[99771]: DEBUG glance.common.config [None req-a244008e-b229-4cde-89f9-65a604e92135 None None] node_staging_uri = file:///tmp/staging/ {{(pid=99771) log_opt_values /opt/stack/data/venv/lib/python3.12/site-packages/oslo_config/cfg.py:3549}}
Aug 13 22:50:35.391272 np0000007280 devstack@g-api.service[99772]: DEBUG glance.image_cache.drivers.centralized_db [None req-e03ab638-ce93-4166-bdaa-6f12221837a8 None None] Node reference is already recorded, ignoring it {{(pid=99772) configure /opt/stack/glance/glance/image_cache/drivers/centralized_db.py:71}}
Aug 13 22:50:35.391365 np0000007280 devstack@g-api.service[99771]: DEBUG glance.common.config [None req-a244008e-b229-4cde-89f9-65a604e92135 None None] property_protection_file = None {{(pid=99771) log_opt_values /opt/stack/data/venv/lib/python3.12/site-packages/oslo_config/cfg.py:3549}}
Aug 13 22:50:35.391497 np0000007280 devstack@g-api.service[99771]: DEBUG glance.common.config [None req-a244008e-b229-4cde-89f9-65a604e92135 None None] property_protection_rule_format = roles {{(pid=99771) log_opt_values /opt/stack/data/venv/lib/python3.12/site-packages/oslo_config/cfg.py:3549}}
Aug 13 22:50:35.391637 np0000007280 devstack@g-api.service[99771]: DEBUG glance.common.config [None req-a244008e-b229-4cde-89f9-65a604e92135 None None] public_endpoint = https://10.4.3.63/image {{(pid=99771) log_opt_values /opt/stack/data/venv/lib/python3.12/site-packages/oslo_config/cfg.py:3549}}
Aug 13 22:50:35.391776 np0000007280 devstack@g-api.service[99771]: DEBUG glance.common.config [None req-a244008e-b229-4cde-89f9-65a604e92135 None None] publish_errors = False {{(pid=99771) log_opt_values /opt/stack/data/venv/lib/python3.12/site-packages/oslo_config/cfg.py:3549}}
Aug 13 22:50:35.391907 np0000007280 devstack@g-api.service[99771]: DEBUG glance.common.config [None req-a244008e-b229-4cde-89f9-65a604e92135 None None] pydev_worker_debug_host = None {{(pid=99771) log_opt_values /opt/stack/data/venv/lib/python3.12/site-packages/oslo_config/cfg.py:3549}}
Aug 13 22:50:35.392038 np0000007280 devstack@g-api.service[99771]: DEBUG glance.common.config [None req-a244008e-b229-4cde-89f9-65a604e92135 None None] pydev_worker_debug_port = 5678 {{(pid=99771) log_opt_values /opt/stack/data/venv/lib/python3.12/site-packages/oslo_config/cfg.py:3549}}
Aug 13 22:50:35.392167 np0000007280 devstack@g-api.service[99771]: DEBUG glance.common.config [None req-a244008e-b229-4cde-89f9-65a604e92135 None None] rate_limit_burst = 0 {{(pid=99771) log_opt_values /opt/stack/data/venv/lib/python3.12/site-packages/oslo_config/cfg.py:3549}}
Aug 13 22:50:35.392297 np0000007280 devstack@g-api.service[99771]: DEBUG glance.common.config [None req-a244008e-b229-4cde-89f9-65a604e92135 None None] rate_limit_except_level = CRITICAL {{(pid=99771) log_opt_values /opt/stack/data/venv/lib/python3.12/site-packages/oslo_config/cfg.py:3549}}
Aug 13 22:50:35.392420 np0000007280 devstack@g-api.service[99771]: DEBUG glance.common.config [None req-a244008e-b229-4cde-89f9-65a604e92135 None None] rate_limit_interval = 0 {{(pid=99771) log_opt_values /opt/stack/data/venv/lib/python3.12/site-packages/oslo_config/cfg.py:3549}}
Aug 13 22:50:35.392543 np0000007280 devstack@g-api.service[99771]: DEBUG glance.common.config [None req-a244008e-b229-4cde-89f9-65a604e92135 None None] scrub_pool_size = 1 {{(pid=99771) log_opt_values /opt/stack/data/venv/lib/python3.12/site-packages/oslo_config/cfg.py:3549}}
Aug 13 22:50:35.392679 np0000007280 devstack@g-api.service[99771]: DEBUG glance.common.config [None req-a244008e-b229-4cde-89f9-65a604e92135 None None] scrub_time = 0 {{(pid=99771) log_opt_values /opt/stack/data/venv/lib/python3.12/site-packages/oslo_config/cfg.py:3549}}
Aug 13 22:50:35.392820 np0000007280 devstack@g-api.service[99771]: DEBUG glance.common.config [None req-a244008e-b229-4cde-89f9-65a604e92135 None None] shell_completion = None {{(pid=99771) log_opt_values /opt/stack/data/venv/lib/python3.12/site-packages/oslo_config/cfg.py:3549}}
Aug 13 22:50:35.392957 np0000007280 devstack@g-api.service[99771]: DEBUG glance.common.config [None req-a244008e-b229-4cde-89f9-65a604e92135 None None] show_image_direct_url = False {{(pid=99771) log_opt_values /opt/stack/data/venv/lib/python3.12/site-packages/oslo_config/cfg.py:3549}}
Aug 13 22:50:35.393221 np0000007280 devstack@g-api.service[99771]: WARNING oslo_config.cfg [None req-a244008e-b229-4cde-89f9-65a604e92135 None None] Deprecated: Option "show_multiple_locations" from group "DEFAULT" is deprecated for removal (Use of this option, deprecated since Newton, is a security risk and will be removed once we figure out a way to satisfy those use cases that currently require it. An earlier announcement that the same functionality can be achieved with greater granularity by using policies is incorrect. You cannot work around this option via policy configuration at the present time, though that is the direction we believe the fix will take. Please keep an eye on the Glance release notes to stay up to date on progress in addressing this issue.). Its value may be silently ignored in the future.
Aug 13 22:50:35.393363 np0000007280 devstack@g-api.service[99771]: DEBUG glance.common.config [None req-a244008e-b229-4cde-89f9-65a604e92135 None None] show_multiple_locations = False {{(pid=99771) log_opt_values /opt/stack/data/venv/lib/python3.12/site-packages/oslo_config/cfg.py:3549}}
Aug 13 22:50:35.393498 np0000007280 devstack@g-api.service[99771]: DEBUG glance.common.config [None req-a244008e-b229-4cde-89f9-65a604e92135 None None] syslog_log_facility = LOG_USER {{(pid=99771) log_opt_values /opt/stack/data/venv/lib/python3.12/site-packages/oslo_config/cfg.py:3549}}
Aug 13 22:50:35.393648 np0000007280 devstack@g-api.service[99771]: DEBUG glance.common.config [None req-a244008e-b229-4cde-89f9-65a604e92135 None None] transport_url = **** {{(pid=99771) log_opt_values /opt/stack/data/venv/lib/python3.12/site-packages/oslo_config/cfg.py:3549}}
Aug 13 22:50:35.393771 np0000007280 devstack@g-api.service[99771]: DEBUG glance.common.config [None req-a244008e-b229-4cde-89f9-65a604e92135 None None] use_journal = False {{(pid=99771) log_opt_values /opt/stack/data/venv/lib/python3.12/site-packages/oslo_config/cfg.py:3549}}
Aug 13 22:50:35.393908 np0000007280 devstack@g-api.service[99771]: DEBUG glance.common.config [None req-a244008e-b229-4cde-89f9-65a604e92135 None None] use_json = False {{(pid=99771) log_opt_values /opt/stack/data/venv/lib/python3.12/site-packages/oslo_config/cfg.py:3549}}
Aug 13 22:50:35.394049 np0000007280 devstack@g-api.service[99771]: DEBUG glance.common.config [None req-a244008e-b229-4cde-89f9-65a604e92135 None None] use_keystone_limits = True {{(pid=99771) log_opt_values /opt/stack/data/venv/lib/python3.12/site-packages/oslo_config/cfg.py:3549}}
Aug 13 22:50:35.394172 np0000007280 devstack@g-api.service[99771]: DEBUG glance.common.config [None req-a244008e-b229-4cde-89f9-65a604e92135 None None] use_stderr = False {{(pid=99771) log_opt_values /opt/stack/data/venv/lib/python3.12/site-packages/oslo_config/cfg.py:3549}}
Aug 13 22:50:35.394301 np0000007280 devstack@g-api.service[99771]: DEBUG glance.common.config [None req-a244008e-b229-4cde-89f9-65a604e92135 None None] use_syslog = False {{(pid=99771) log_opt_values /opt/stack/data/venv/lib/python3.12/site-packages/oslo_config/cfg.py:3549}}
Aug 13 22:50:35.394434 np0000007280 devstack@g-api.service[99771]: DEBUG glance.common.config [None req-a244008e-b229-4cde-89f9-65a604e92135 None None] user_storage_quota = 0 {{(pid=99771) log_opt_values /opt/stack/data/venv/lib/python3.12/site-packages/oslo_config/cfg.py:3549}}
Aug 13 22:50:35.394559 np0000007280 devstack@g-api.service[99771]: DEBUG glance.common.config [None req-a244008e-b229-4cde-89f9-65a604e92135 None None] worker_self_reference_url = http://127.0.0.1:60999 {{(pid=99771) log_opt_values /opt/stack/data/venv/lib/python3.12/site-packages/oslo_config/cfg.py:3549}}
Aug 13 22:50:35.394711 np0000007280 devstack@g-api.service[99771]: DEBUG glance.common.config [None req-a244008e-b229-4cde-89f9-65a604e92135 None None] oslo_concurrency.disable_process_locking = False {{(pid=99771) log_opt_values /opt/stack/data/venv/lib/python3.12/site-packages/oslo_config/cfg.py:3560}}
Aug 13 22:50:35.394774 np0000007280 devstack@g-api.service[99772]: INFO glance.api.middleware.cache [None req-e03ab638-ce93-4166-bdaa-6f12221837a8 None None] Initialized image cache middleware
Aug 13 22:50:35.394870 np0000007280 devstack@g-api.service[99771]: DEBUG glance.common.config [None req-a244008e-b229-4cde-89f9-65a604e92135 None None] oslo_concurrency.lock_path = /opt/stack/data/glance/locks {{(pid=99771) log_opt_values /opt/stack/data/venv/lib/python3.12/site-packages/oslo_config/cfg.py:3560}}
Aug 13 22:50:35.395010 np0000007280 devstack@g-api.service[99771]: DEBUG glance.common.config [None req-a244008e-b229-4cde-89f9-65a604e92135 None None] oslo_middleware.enable_proxy_headers_parsing = False {{(pid=99771) log_opt_values /opt/stack/data/venv/lib/python3.12/site-packages/oslo_config/cfg.py:3560}}
Aug 13 22:50:35.395142 np0000007280 devstack@g-api.service[99771]: DEBUG glance.common.config [None req-a244008e-b229-4cde-89f9-65a604e92135 None None] oslo_middleware.http_basic_auth_user_file = /etc/htpasswd {{(pid=99771) log_opt_values /opt/stack/data/venv/lib/python3.12/site-packages/oslo_config/cfg.py:3560}}
Aug 13 22:50:35.395274 np0000007280 devstack@g-api.service[99771]: DEBUG glance.common.config [None req-a244008e-b229-4cde-89f9-65a604e92135 None None] paste_deploy.config_file = None {{(pid=99771) log_opt_values /opt/stack/data/venv/lib/python3.12/site-packages/oslo_config/cfg.py:3560}}
Aug 13 22:50:35.395307 np0000007280 devstack@g-api.service[99770]: DEBUG glance.image_cache.drivers.centralized_db [None req-11901244-6a44-47d4-bb73-dc7b804bea6f None None] Node reference is already recorded, ignoring it {{(pid=99770) configure /opt/stack/glance/glance/image_cache/drivers/centralized_db.py:71}}
Aug 13 22:50:35.395409 np0000007280 devstack@g-api.service[99771]: DEBUG glance.common.config [None req-a244008e-b229-4cde-89f9-65a604e92135 None None] paste_deploy.flavor = keystone+cachemanagement {{(pid=99771) log_opt_values /opt/stack/data/venv/lib/python3.12/site-packages/oslo_config/cfg.py:3560}}
Aug 13 22:50:35.395592 np0000007280 devstack@g-api.service[99771]: DEBUG glance.common.config [None req-a244008e-b229-4cde-89f9-65a604e92135 None None] image_format.container_formats = ['ami', 'ari', 'aki', 'bare', 'ovf', 'ova', 'docker', 'compressed'] {{(pid=99771) log_opt_values /opt/stack/data/venv/lib/python3.12/site-packages/oslo_config/cfg.py:3560}}
Aug 13 22:50:35.395803 np0000007280 devstack@g-api.service[99771]: DEBUG glance.common.config [None req-a244008e-b229-4cde-89f9-65a604e92135 None None] image_format.disk_formats = ['ami', 'ari', 'aki', 'vhd', 'vhdx', 'vmdk', 'raw', 'qcow2', 'vdi', 'iso', 'ploop'] {{(pid=99771) log_opt_values /opt/stack/data/venv/lib/python3.12/site-packages/oslo_config/cfg.py:3560}}
Aug 13 22:50:35.395932 np0000007280 devstack@g-api.service[99771]: DEBUG glance.common.config [None req-a244008e-b229-4cde-89f9-65a604e92135 None None] image_format.gpt_safety_checks_nonfatal = [] {{(pid=99771) log_opt_values /opt/stack/data/venv/lib/python3.12/site-packages/oslo_config/cfg.py:3560}}
Aug 13 22:50:35.396072 np0000007280 devstack@g-api.service[99771]: DEBUG glance.common.config [None req-a244008e-b229-4cde-89f9-65a604e92135 None None] image_format.require_image_format_match = True {{(pid=99771) log_opt_values /opt/stack/data/venv/lib/python3.12/site-packages/oslo_config/cfg.py:3560}}
Aug 13 22:50:35.396217 np0000007280 devstack@g-api.service[99771]: DEBUG glance.common.config [None req-a244008e-b229-4cde-89f9-65a604e92135 None None] image_format.vmdk_allowed_types = ['streamOptimized', 'monolithicSparse'] {{(pid=99771) log_opt_values /opt/stack/data/venv/lib/python3.12/site-packages/oslo_config/cfg.py:3560}}
Aug 13 22:50:35.396358 np0000007280 devstack@g-api.service[99771]: DEBUG glance.common.config [None req-a244008e-b229-4cde-89f9-65a604e92135 None None] task.task_executor = taskflow {{(pid=99771) log_opt_values /opt/stack/data/venv/lib/python3.12/site-packages/oslo_config/cfg.py:3560}}
Aug 13 22:50:35.396486 np0000007280 devstack@g-api.service[99771]: DEBUG glance.common.config [None req-a244008e-b229-4cde-89f9-65a604e92135 None None] task.task_time_to_live = 48 {{(pid=99771) log_opt_values /opt/stack/data/venv/lib/python3.12/site-packages/oslo_config/cfg.py:3560}}
Aug 13 22:50:35.396610 np0000007280 devstack@g-api.service[99771]: DEBUG glance.common.config [None req-a244008e-b229-4cde-89f9-65a604e92135 None None] task.work_dir = None {{(pid=99771) log_opt_values /opt/stack/data/venv/lib/python3.12/site-packages/oslo_config/cfg.py:3560}}
Aug 13 22:50:35.396776 np0000007280 devstack@g-api.service[99771]: DEBUG glance.common.config [None req-a244008e-b229-4cde-89f9-65a604e92135 None None] wsgi.python_interpreter = /opt/stack/data/venv/bin/python3 {{(pid=99771) log_opt_values /opt/stack/data/venv/lib/python3.12/site-packages/oslo_config/cfg.py:3560}}
Aug 13 22:50:35.396903 np0000007280 devstack@g-api.service[99771]: DEBUG glance.common.config [None req-a244008e-b229-4cde-89f9-65a604e92135 None None] wsgi.task_pool_threads = 16 {{(pid=99771) log_opt_values /opt/stack/data/venv/lib/python3.12/site-packages/oslo_config/cfg.py:3560}}
Aug 13 22:50:35.397039 np0000007280 devstack@g-api.service[99771]: DEBUG glance.common.config [None req-a244008e-b229-4cde-89f9-65a604e92135 None None] import_filtering_opts.allowed_hosts = [] {{(pid=99771) log_opt_values /opt/stack/data/venv/lib/python3.12/site-packages/oslo_config/cfg.py:3560}}
Aug 13 22:50:35.397183 np0000007280 devstack@g-api.service[99771]: DEBUG glance.common.config [None req-a244008e-b229-4cde-89f9-65a604e92135 None None] import_filtering_opts.allowed_ports = [80, 443] {{(pid=99771) log_opt_values /opt/stack/data/venv/lib/python3.12/site-packages/oslo_config/cfg.py:3560}}
Aug 13 22:50:35.397332 np0000007280 devstack@g-api.service[99771]: DEBUG glance.common.config [None req-a244008e-b229-4cde-89f9-65a604e92135 None None] import_filtering_opts.allowed_schemes = ['http', 'https'] {{(pid=99771) log_opt_values /opt/stack/data/venv/lib/python3.12/site-packages/oslo_config/cfg.py:3560}}
Aug 13 22:50:35.397455 np0000007280 devstack@g-api.service[99771]: DEBUG glance.common.config [None req-a244008e-b229-4cde-89f9-65a604e92135 None None] import_filtering_opts.disallowed_hosts = [] {{(pid=99771) log_opt_values /opt/stack/data/venv/lib/python3.12/site-packages/oslo_config/cfg.py:3560}}
Aug 13 22:50:35.397583 np0000007280 devstack@g-api.service[99771]: DEBUG glance.common.config [None req-a244008e-b229-4cde-89f9-65a604e92135 None None] import_filtering_opts.disallowed_ports = [] {{(pid=99771) log_opt_values /opt/stack/data/venv/lib/python3.12/site-packages/oslo_config/cfg.py:3560}}
Aug 13 22:50:35.397718 np0000007280 devstack@g-api.service[99771]: DEBUG glance.common.config [None req-a244008e-b229-4cde-89f9-65a604e92135 None None] import_filtering_opts.disallowed_schemes = [] {{(pid=99771) log_opt_values /opt/stack/data/venv/lib/python3.12/site-packages/oslo_config/cfg.py:3560}}
Aug 13 22:50:35.397874 np0000007280 devstack@g-api.service[99771]: DEBUG glance.common.config [None req-a244008e-b229-4cde-89f9-65a604e92135 None None] oslo_messaging_metrics.metrics_buffer_size = 1000 {{(pid=99771) log_opt_values /opt/stack/data/venv/lib/python3.12/site-packages/oslo_config/cfg.py:3560}}
