Aug 13 22:50:12.881871 np0000007280 nova-scheduler[93381]: DEBUG cotyledon.oslo_config_glue [-] oslo_messaging_rabbit.rabbit_quorum_max_memory_length = 0 {{(pid=93381) log_opt_values /opt/stack/data/venv/lib/python3.12/site-packages/oslo_config/cfg.py:3560}}
Aug 13 22:50:12.881871 np0000007280 nova-scheduler[93381]: DEBUG cotyledon.oslo_config_glue [-] oslo_messaging_rabbit.rabbit_quorum_queue = False {{(pid=93381) log_opt_values /opt/stack/data/venv/lib/python3.12/site-packages/oslo_config/cfg.py:3560}}
Aug 13 22:50:12.881871 np0000007280 nova-scheduler[93381]: DEBUG cotyledon.oslo_config_glue [-] oslo_messaging_rabbit.rabbit_retry_backoff = 2 {{(pid=93381) log_opt_values /opt/stack/data/venv/lib/python3.12/site-packages/oslo_config/cfg.py:3560}}
Aug 13 22:50:12.881871 np0000007280 nova-scheduler[93381]: DEBUG cotyledon.oslo_config_glue [-] oslo_messaging_rabbit.rabbit_retry_interval = 1 {{(pid=93381) log_opt_values /opt/stack/data/venv/lib/python3.12/site-packages/oslo_config/cfg.py:3560}}
Aug 13 22:50:12.881871 np0000007280 nova-scheduler[93381]: DEBUG cotyledon.oslo_config_glue [-] oslo_messaging_rabbit.rabbit_stream_fanout = False {{(pid=93381) log_opt_values /opt/stack/data/venv/lib/python3.12/site-packages/oslo_config/cfg.py:3560}}
Aug 13 22:50:12.882024 np0000007280 nova-scheduler[93381]: DEBUG cotyledon.oslo_config_glue [-] oslo_messaging_rabbit.rabbit_transient_queues_ttl = 1800 {{(pid=93381) log_opt_values /opt/stack/data/venv/lib/python3.12/site-packages/oslo_config/cfg.py:3560}}
Aug 13 22:50:12.882024 np0000007280 nova-scheduler[93381]: DEBUG cotyledon.oslo_config_glue [-] oslo_messaging_rabbit.rabbit_transient_quorum_queue = False {{(pid=93381) log_opt_values /opt/stack/data/venv/lib/python3.12/site-packages/oslo_config/cfg.py:3560}}
Aug 13 22:50:12.882024 np0000007280 nova-scheduler[93381]: DEBUG cotyledon.oslo_config_glue [-] oslo_messaging_rabbit.rpc_conn_pool_size = 30 {{(pid=93381) log_opt_values /opt/stack/data/venv/lib/python3.12/site-packages/oslo_config/cfg.py:3560}}
Aug 13 22:50:12.882024 np0000007280 nova-scheduler[93381]: DEBUG cotyledon.oslo_config_glue [-] oslo_messaging_rabbit.ssl = False {{(pid=93381) log_opt_values /opt/stack/data/venv/lib/python3.12/site-packages/oslo_config/cfg.py:3560}}
Aug 13 22:50:12.882024 np0000007280 nova-scheduler[93381]: DEBUG cotyledon.oslo_config_glue [-] oslo_messaging_rabbit.ssl_ca_file = {{(pid=93381) log_opt_values /opt/stack/data/venv/lib/python3.12/site-packages/oslo_config/cfg.py:3560}}
Aug 13 22:50:12.882024 np0000007280 nova-scheduler[93381]: DEBUG cotyledon.oslo_config_glue [-] oslo_messaging_rabbit.ssl_cert_file = {{(pid=93381) log_opt_values /opt/stack/data/venv/lib/python3.12/site-packages/oslo_config/cfg.py:3560}}
Aug 13 22:50:12.882024 np0000007280 nova-scheduler[93381]: DEBUG cotyledon.oslo_config_glue [-] oslo_messaging_rabbit.ssl_enforce_fips_mode = False {{(pid=93381) log_opt_values /opt/stack/data/venv/lib/python3.12/site-packages/oslo_config/cfg.py:3560}}
Aug 13 22:50:12.882024 np0000007280 nova-scheduler[93381]: DEBUG cotyledon.oslo_config_glue [-] oslo_messaging_rabbit.ssl_enforce_hostname_verification = True {{(pid=93381) log_opt_values /opt/stack/data/venv/lib/python3.12/site-packages/oslo_config/cfg.py:3560}}
Aug 13 22:50:12.882024 np0000007280 nova-scheduler[93381]: DEBUG cotyledon.oslo_config_glue [-] oslo_messaging_rabbit.ssl_key_file = {{(pid=93381) log_opt_values /opt/stack/data/venv/lib/python3.12/site-packages/oslo_config/cfg.py:3560}}
Aug 13 22:50:12.882192 np0000007280 nova-scheduler[93381]: DEBUG cotyledon.oslo_config_glue [-] oslo_messaging_rabbit.ssl_version = {{(pid=93381) log_opt_values /opt/stack/data/venv/lib/python3.12/site-packages/oslo_config/cfg.py:3560}}
Aug 13 22:50:12.882192 np0000007280 nova-scheduler[93381]: DEBUG cotyledon.oslo_config_glue [-] oslo_messaging_rabbit.use_queue_manager = False {{(pid=93381) log_opt_values /opt/stack/data/venv/lib/python3.12/site-packages/oslo_config/cfg.py:3560}}
Aug 13 22:50:12.882192 np0000007280 nova-scheduler[93381]: DEBUG cotyledon.oslo_config_glue [-] oslo_messaging_notifications.driver = ['messagingv2'] {{(pid=93381) log_opt_values /opt/stack/data/venv/lib/python3.12/site-packages/oslo_config/cfg.py:3560}}
Aug 13 22:50:12.882192 np0000007280 nova-scheduler[93381]: DEBUG cotyledon.oslo_config_glue [-] oslo_messaging_notifications.retry = -1 {{(pid=93381) log_opt_values /opt/stack/data/venv/lib/python3.12/site-packages/oslo_config/cfg.py:3560}}
Aug 13 22:50:12.882192 np0000007280 nova-scheduler[93381]: DEBUG cotyledon.oslo_config_glue [-] oslo_messaging_notifications.topics = ['notifications'] {{(pid=93381) log_opt_values /opt/stack/data/venv/lib/python3.12/site-packages/oslo_config/cfg.py:3560}}
Aug 13 22:50:12.882192 np0000007280 nova-scheduler[93381]: DEBUG cotyledon.oslo_config_glue [-] oslo_messaging_notifications.transport_url = **** {{(pid=93381) log_opt_values /opt/stack/data/venv/lib/python3.12/site-packages/oslo_config/cfg.py:3560}}
Aug 13 22:50:12.882192 np0000007280 nova-scheduler[93381]: DEBUG cotyledon.oslo_config_glue [-] oslo_limit.auth_section = None {{(pid=93381) log_opt_values /opt/stack/data/venv/lib/python3.12/site-packages/oslo_config/cfg.py:3560}}
Aug 13 22:50:12.882192 np0000007280 nova-scheduler[93381]: DEBUG cotyledon.oslo_config_glue [-] oslo_limit.auth_type = None {{(pid=93381) log_opt_values /opt/stack/data/venv/lib/python3.12/site-packages/oslo_config/cfg.py:3560}}
Aug 13 22:50:12.882192 np0000007280 nova-scheduler[93381]: DEBUG cotyledon.oslo_config_glue [-] oslo_limit.cafile = None {{(pid=93381) log_opt_values /opt/stack/data/venv/lib/python3.12/site-packages/oslo_config/cfg.py:3560}}
Aug 13 22:50:12.882369 np0000007280 nova-scheduler[93381]: DEBUG cotyledon.oslo_config_glue [-] oslo_limit.certfile = None {{(pid=93381) log_opt_values /opt/stack/data/venv/lib/python3.12/site-packages/oslo_config/cfg.py:3560}}
Aug 13 22:50:12.882369 np0000007280 nova-scheduler[93381]: DEBUG cotyledon.oslo_config_glue [-] oslo_limit.collect_timing = False {{(pid=93381) log_opt_values /opt/stack/data/venv/lib/python3.12/site-packages/oslo_config/cfg.py:3560}}
Aug 13 22:50:12.882369 np0000007280 nova-scheduler[93381]: DEBUG cotyledon.oslo_config_glue [-] oslo_limit.connect_retries = None {{(pid=93381) log_opt_values /opt/stack/data/venv/lib/python3.12/site-packages/oslo_config/cfg.py:3560}}
Aug 13 22:50:12.882369 np0000007280 nova-scheduler[93381]: DEBUG cotyledon.oslo_config_glue [-] oslo_limit.connect_retry_delay = None {{(pid=93381) log_opt_values /opt/stack/data/venv/lib/python3.12/site-packages/oslo_config/cfg.py:3560}}
Aug 13 22:50:12.882369 np0000007280 nova-scheduler[93381]: DEBUG cotyledon.oslo_config_glue [-] oslo_limit.endpoint_id = None {{(pid=93381) log_opt_values /opt/stack/data/venv/lib/python3.12/site-packages/oslo_config/cfg.py:3560}}
Aug 13 22:50:12.882369 np0000007280 nova-scheduler[93381]: DEBUG cotyledon.oslo_config_glue [-] oslo_limit.endpoint_interface = public {{(pid=93381) log_opt_values /opt/stack/data/venv/lib/python3.12/site-packages/oslo_config/cfg.py:3560}}
Aug 13 22:50:12.882369 np0000007280 nova-scheduler[93381]: DEBUG cotyledon.oslo_config_glue [-] oslo_limit.endpoint_override = None {{(pid=93381) log_opt_values /opt/stack/data/venv/lib/python3.12/site-packages/oslo_config/cfg.py:3560}}
Aug 13 22:50:12.882369 np0000007280 nova-scheduler[93381]: DEBUG cotyledon.oslo_config_glue [-] oslo_limit.endpoint_region_name = None {{(pid=93381) log_opt_values /opt/stack/data/venv/lib/python3.12/site-packages/oslo_config/cfg.py:3560}}
Aug 13 22:50:12.882369 np0000007280 nova-scheduler[93381]: DEBUG cotyledon.oslo_config_glue [-] oslo_limit.endpoint_service_name = None {{(pid=93381) log_opt_values /opt/stack/data/venv/lib/python3.12/site-packages/oslo_config/cfg.py:3560}}
Aug 13 22:50:12.882539 np0000007280 nova-scheduler[93381]: DEBUG cotyledon.oslo_config_glue [-] oslo_limit.endpoint_service_type = None {{(pid=93381) log_opt_values /opt/stack/data/venv/lib/python3.12/site-packages/oslo_config/cfg.py:3560}}
Aug 13 22:50:12.882539 np0000007280 nova-scheduler[93381]: DEBUG cotyledon.oslo_config_glue [-] oslo_limit.insecure = False {{(pid=93381) log_opt_values /opt/stack/data/venv/lib/python3.12/site-packages/oslo_config/cfg.py:3560}}
Aug 13 22:50:12.882539 np0000007280 nova-scheduler[93381]: DEBUG cotyledon.oslo_config_glue [-] oslo_limit.keyfile = None {{(pid=93381) log_opt_values /opt/stack/data/venv/lib/python3.12/site-packages/oslo_config/cfg.py:3560}}
Aug 13 22:50:12.882539 np0000007280 nova-scheduler[93381]: DEBUG cotyledon.oslo_config_glue [-] oslo_limit.max_version = None {{(pid=93381) log_opt_values /opt/stack/data/venv/lib/python3.12/site-packages/oslo_config/cfg.py:3560}}
Aug 13 22:50:12.882539 np0000007280 nova-scheduler[93381]: DEBUG cotyledon.oslo_config_glue [-] oslo_limit.min_version = None {{(pid=93381) log_opt_values /opt/stack/data/venv/lib/python3.12/site-packages/oslo_config/cfg.py:3560}}
Aug 13 22:50:12.882539 np0000007280 nova-scheduler[93381]: DEBUG cotyledon.oslo_config_glue [-] oslo_limit.region_name = None {{(pid=93381) log_opt_values /opt/stack/data/venv/lib/python3.12/site-packages/oslo_config/cfg.py:3560}}
Aug 13 22:50:12.882659 np0000007280 nova-scheduler[93386]: INFO dbcounter [None req-12412917-7f18-4f6e-a49f-223bbf5c7717 None None] Registered counter for database nova_cell0
Aug 13 22:50:12.882688 np0000007280 nova-scheduler[93381]: DEBUG cotyledon.oslo_config_glue [-] oslo_limit.retriable_status_codes = None {{(pid=93381) log_opt_values /opt/stack/data/venv/lib/python3.12/site-packages/oslo_config/cfg.py:3560}}
Aug 13 22:50:12.882688 np0000007280 nova-scheduler[93381]: DEBUG cotyledon.oslo_config_glue [-] oslo_limit.service_name = None {{(pid=93381) log_opt_values /opt/stack/data/venv/lib/python3.12/site-packages/oslo_config/cfg.py:3560}}
Aug 13 22:50:12.882688 np0000007280 nova-scheduler[93381]: DEBUG cotyledon.oslo_config_glue [-] oslo_limit.service_type = None {{(pid=93381) log_opt_values /opt/stack/data/venv/lib/python3.12/site-packages/oslo_config/cfg.py:3560}}
Aug 13 22:50:12.882688 np0000007280 nova-scheduler[93381]: DEBUG cotyledon.oslo_config_glue [-] oslo_limit.split_loggers = False {{(pid=93381) log_opt_values /opt/stack/data/venv/lib/python3.12/site-packages/oslo_config/cfg.py:3560}}
Aug 13 22:50:12.882688 np0000007280 nova-scheduler[93381]: DEBUG cotyledon.oslo_config_glue [-] oslo_limit.status_code_retries = None {{(pid=93381) log_opt_values /opt/stack/data/venv/lib/python3.12/site-packages/oslo_config/cfg.py:3560}}
Aug 13 22:50:12.882688 np0000007280 nova-scheduler[93381]: DEBUG cotyledon.oslo_config_glue [-] oslo_limit.status_code_retry_delay = None {{(pid=93381) log_opt_values /opt/stack/data/venv/lib/python3.12/site-packages/oslo_config/cfg.py:3560}}
Aug 13 22:50:12.882688 np0000007280 nova-scheduler[93381]: DEBUG cotyledon.oslo_config_glue [-] oslo_limit.timeout = None {{(pid=93381) log_opt_values /opt/stack/data/venv/lib/python3.12/site-packages/oslo_config/cfg.py:3560}}
Aug 13 22:50:12.882688 np0000007280 nova-scheduler[93381]: DEBUG cotyledon.oslo_config_glue [-] oslo_limit.valid_interfaces = None {{(pid=93381) log_opt_values /opt/stack/data/venv/lib/python3.12/site-packages/oslo_config/cfg.py:3560}}
Aug 13 22:50:12.882688 np0000007280 nova-scheduler[93381]: DEBUG cotyledon.oslo_config_glue [-] oslo_limit.version = None {{(pid=93381) log_opt_values /opt/stack/data/venv/lib/python3.12/site-packages/oslo_config/cfg.py:3560}}
Aug 13 22:50:12.882905 np0000007280 nova-scheduler[93381]: DEBUG cotyledon.oslo_config_glue [-] oslo_reports.file_event_handler = None {{(pid=93381) log_opt_values /opt/stack/data/venv/lib/python3.12/site-packages/oslo_config/cfg.py:3560}}
Aug 13 22:50:12.882905 np0000007280 nova-scheduler[93381]: DEBUG cotyledon.oslo_config_glue [-] oslo_reports.file_event_handler_interval = 1 {{(pid=93381) log_opt_values /opt/stack/data/venv/lib/python3.12/site-packages/oslo_config/cfg.py:3560}}
Aug 13 22:50:12.882905 np0000007280 nova-scheduler[93381]: DEBUG cotyledon.oslo_config_glue [-] oslo_reports.log_dir = None {{(pid=93381) log_opt_values /opt/stack/data/venv/lib/python3.12/site-packages/oslo_config/cfg.py:3560}}
Aug 13 22:50:12.882905 np0000007280 nova-scheduler[93381]: DEBUG cotyledon.oslo_config_glue [-] ******************************************************************************** {{(pid=93381) log_opt_values /opt/stack/data/venv/lib/python3.12/site-packages/oslo_config/cfg.py:3567}}
Aug 13 22:50:12.882905 np0000007280 nova-scheduler[93381]: DEBUG cotyledon._service_worker [-] Run service ServiceWrapper(1) [93381] {{(pid=93381) wait_forever /opt/stack/data/venv/lib/python3.12/site-packages/cotyledon/_service_worker.py:218}}
Aug 13 22:50:12.882905 np0000007280 nova-scheduler[93381]: INFO nova.service [-] Starting scheduler node (version 33.1.0)
Aug 13 22:50:12.882905 np0000007280 nova-scheduler[93381]: INFO dbcounter [None req-573cc6ee-eac7-4314-8b5b-a999941b76e3 None None] Registered counter for database nova_cell0
Aug 13 22:50:12.890644 np0000007280 nova-scheduler[93379]: DEBUG oslo_db.sqlalchemy.engines [None req-62640bbd-3607-48c2-83e0-2df9beb571a9 None None] MySQL server mode set to STRICT_TRANS_TABLES,STRICT_ALL_TABLES,NO_ZERO_IN_DATE,NO_ZERO_DATE,ERROR_FOR_DIVISION_BY_ZERO,TRADITIONAL,NO_ENGINE_SUBSTITUTION {{(pid=93379) _check_effective_sql_mode /opt/stack/data/venv/lib/python3.12/site-packages/oslo_db/sqlalchemy/engines.py:325}}
Aug 13 22:50:12.901175 np0000007280 nova-scheduler[93381]: DEBUG oslo_db.sqlalchemy.engines [None req-573cc6ee-eac7-4314-8b5b-a999941b76e3 None None] MySQL server mode set to STRICT_TRANS_TABLES,STRICT_ALL_TABLES,NO_ZERO_IN_DATE,NO_ZERO_DATE,ERROR_FOR_DIVISION_BY_ZERO,TRADITIONAL,NO_ENGINE_SUBSTITUTION {{(pid=93381) _check_effective_sql_mode /opt/stack/data/venv/lib/python3.12/site-packages/oslo_db/sqlalchemy/engines.py:325}}
Aug 13 22:50:12.901855 np0000007280 nova-scheduler[93379]: DEBUG dbcounter [-] [93379] Writer thread running {{(pid=93379) stat_writer /opt/stack/data/venv/lib/python3.12/site-packages/dbcounter.py:102}}
Aug 13 22:50:12.904402 np0000007280 nova-scheduler[93386]: DEBUG oslo_db.sqlalchemy.engines [None req-12412917-7f18-4f6e-a49f-223bbf5c7717 None None] MySQL server mode set to STRICT_TRANS_TABLES,STRICT_ALL_TABLES,NO_ZERO_IN_DATE,NO_ZERO_DATE,ERROR_FOR_DIVISION_BY_ZERO,TRADITIONAL,NO_ENGINE_SUBSTITUTION {{(pid=93386) _check_effective_sql_mode /opt/stack/data/venv/lib/python3.12/site-packages/oslo_db/sqlalchemy/engines.py:325}}
Aug 13 22:50:12.912464 np0000007280 nova-scheduler[93381]: DEBUG dbcounter [-] [93381] Writer thread running {{(pid=93381) stat_writer /opt/stack/data/venv/lib/python3.12/site-packages/dbcounter.py:102}}
Aug 13 22:50:12.914266 np0000007280 nova-scheduler[93386]: DEBUG dbcounter [-] [93386] Writer thread running {{(pid=93386) stat_writer /opt/stack/data/venv/lib/python3.12/site-packages/dbcounter.py:102}}
Aug 13 22:50:12.918166 np0000007280 nova-scheduler[93379]: DEBUG nova.service [None req-62640bbd-3607-48c2-83e0-2df9beb571a9 None None] Creating RPC server for service: nova-scheduler on topic: scheduler {{(pid=93379) start /opt/stack/nova/nova/service.py:196}}
Aug 13 22:50:12.929378 np0000007280 nova-scheduler[93381]: DEBUG nova.service [None req-573cc6ee-eac7-4314-8b5b-a999941b76e3 None None] Creating RPC server for service: nova-scheduler on topic: scheduler {{(pid=93381) start /opt/stack/nova/nova/service.py:196}}
Aug 13 22:50:12.929491 np0000007280 nova-scheduler[93386]: DEBUG nova.service [None req-12412917-7f18-4f6e-a49f-223bbf5c7717 None None] Creating RPC server for service: nova-scheduler on topic: scheduler {{(pid=93386) start /opt/stack/nova/nova/service.py:196}}
Aug 13 22:50:12.944489 np0000007280 nova-scheduler[93379]: DEBUG nova.service [None req-62640bbd-3607-48c2-83e0-2df9beb571a9 None None] Join ServiceGroup membership for this service scheduler {{(pid=93379) start /opt/stack/nova/nova/service.py:222}}
Aug 13 22:50:12.944693 np0000007280 nova-scheduler[93379]: DEBUG nova.servicegroup.drivers.db [None req-62640bbd-3607-48c2-83e0-2df9beb571a9 None None] DB_Driver: join new ServiceGroup member np0000007280 to the scheduler group, service = {{(pid=93379) join /opt/stack/nova/nova/servicegroup/drivers/db.py:44}}
Aug 13 22:50:12.948451 np0000007280 nova-scheduler[93381]: DEBUG nova.service [None req-573cc6ee-eac7-4314-8b5b-a999941b76e3 None None] Join ServiceGroup membership for this service scheduler {{(pid=93381) start /opt/stack/nova/nova/service.py:222}}
Aug 13 22:50:12.948715 np0000007280 nova-scheduler[93381]: DEBUG nova.servicegroup.drivers.db [None req-573cc6ee-eac7-4314-8b5b-a999941b76e3 None None] DB_Driver: join new ServiceGroup member np0000007280 to the scheduler group, service = {{(pid=93381) join /opt/stack/nova/nova/servicegroup/drivers/db.py:44}}
Aug 13 22:50:12.949605 np0000007280 nova-scheduler[93386]: DEBUG nova.service [None req-12412917-7f18-4f6e-a49f-223bbf5c7717 None None] Join ServiceGroup membership for this service scheduler {{(pid=93386) start /opt/stack/nova/nova/service.py:222}}
Aug 13 22:50:12.949886 np0000007280 nova-scheduler[93386]: DEBUG nova.servicegroup.drivers.db [None req-12412917-7f18-4f6e-a49f-223bbf5c7717 None None] DB_Driver: join new ServiceGroup member np0000007280 to the scheduler group, service = {{(pid=93386) join /opt/stack/nova/nova/servicegroup/drivers/db.py:44}}
Aug 13 22:50:17.958359 np0000007280 nova-scheduler[93379]: DEBUG oslo.service.backend._threading.loopingcall [-] Fixed interval looping call 'nova.servicegroup.drivers.db.DbDriver._report_state' sleeping for 119.99 seconds {{(pid=93379) _run_loop /opt/stack/data/venv/lib/python3.12/site-packages/oslo_service/backend/_threading/loopingcall.py:125}}
Aug 13 22:50:17.960301 np0000007280 nova-scheduler[93381]: DEBUG oslo.service.backend._threading.loopingcall [-] Fixed interval looping call 'nova.servicegroup.drivers.db.DbDriver._report_state' sleeping for 119.99 seconds {{(pid=93381) _run_loop /opt/stack/data/venv/lib/python3.12/site-packages/oslo_service/backend/_threading/loopingcall.py:125}}
Aug 13 22:50:17.961225 np0000007280 nova-scheduler[93386]: DEBUG oslo.service.backend._threading.loopingcall [-] Fixed interval looping call 'nova.servicegroup.drivers.db.DbDriver._report_state' sleeping for 119.99 seconds {{(pid=93386) _run_loop /opt/stack/data/venv/lib/python3.12/site-packages/oslo_service/backend/_threading/loopingcall.py:125}}
Aug 13 22:50:21.480300 np0000007280 nova-scheduler[92184]: DEBUG dbcounter [-] [92184] Writing DB stats nova_api:SELECT=3 {{(pid=92184) stat_writer /opt/stack/data/venv/lib/python3.12/site-packages/dbcounter.py:115}}
Aug 13 22:50:21.611226 np0000007280 nova-scheduler[92184]: DEBUG dbcounter [-] [92184] Writing DB stats nova_cell0:SELECT=1 {{(pid=92184) stat_writer /opt/stack/data/venv/lib/python3.12/site-packages/dbcounter.py:115}}
Aug 13 22:50:21.617252 np0000007280 nova-scheduler[92184]: DEBUG dbcounter [-] [92184] Writing DB stats nova_cell1:SELECT=1 {{(pid=92184) stat_writer /opt/stack/data/venv/lib/python3.12/site-packages/dbcounter.py:115}}
Aug 13 22:50:27.956329 np0000007280 nova-scheduler[93379]: DEBUG dbcounter [-] [93379] Writing DB stats nova_cell0:SELECT=4,nova_cell0:INSERT=1,nova_cell0:UPDATE=1 {{(pid=93379) stat_writer /opt/stack/data/venv/lib/python3.12/site-packages/dbcounter.py:115}}
Aug 13 22:50:27.958568 np0000007280 nova-scheduler[93386]: DEBUG dbcounter [-] [93386] Writing DB stats nova_cell0:SELECT=4,nova_cell0:INSERT=1,nova_cell0:UPDATE=1 {{(pid=93386) stat_writer /opt/stack/data/venv/lib/python3.12/site-packages/dbcounter.py:115}}
Aug 13 22:50:27.959955 np0000007280 nova-scheduler[93381]: DEBUG dbcounter [-] [93381] Writing DB stats nova_cell0:SELECT=4,nova_cell0:INSERT=1,nova_cell0:UPDATE=1 {{(pid=93381) stat_writer /opt/stack/data/venv/lib/python3.12/site-packages/dbcounter.py:115}}
Aug 13 22:50:28.951995 np0000007280 nova-scheduler[93386]: DEBUG oslo.service.backend._threading.loopingcall [None req-6bd3b2eb-e467-4f87-9158-9bb51a0db322 None None] Dynamic interval looping call 'nova.service.Service.periodic_tasks' sleeping for 60.00 seconds {{(pid=93386) _run_loop /opt/stack/data/venv/lib/python3.12/site-packages/oslo_service/backend/_threading/loopingcall.py:125}}
Aug 13 22:50:30.947267 np0000007280 nova-scheduler[93379]: DEBUG oslo.service.backend._threading.loopingcall [None req-ada378d4-1302-45d0-90ba-3cc6c5b52d68 None None] Dynamic interval looping call 'nova.service.Service.periodic_tasks' sleeping for 60.00 seconds {{(pid=93379) _run_loop /opt/stack/data/venv/lib/python3.12/site-packages/oslo_service/backend/_threading/loopingcall.py:125}}
Aug 13 22:51:12.950712 np0000007280 nova-scheduler[93381]: DEBUG oslo.service.backend._threading.loopingcall [None req-c84249f6-6c5f-4eba-b76f-f8f748f2fc60 None None] Dynamic interval looping call 'nova.service.Service.periodic_tasks' sleeping for 60.00 seconds {{(pid=93381) _run_loop /opt/stack/data/venv/lib/python3.12/site-packages/oslo_service/backend/_threading/loopingcall.py:125}}
Aug 13 22:51:28.952449 np0000007280 nova-scheduler[93386]: DEBUG oslo.service.backend._threading.loopingcall [None req-6bd3b2eb-e467-4f87-9158-9bb51a0db322 None None] Dynamic interval looping call 'nova.service.Service.periodic_tasks' sleeping for 60.00 seconds {{(pid=93386) _run_loop /opt/stack/data/venv/lib/python3.12/site-packages/oslo_service/backend/_threading/loopingcall.py:125}}
Aug 13 22:51:30.947695 np0000007280 nova-scheduler[93379]: DEBUG oslo.service.backend._threading.loopingcall [None req-ada378d4-1302-45d0-90ba-3cc6c5b52d68 None None] Dynamic interval looping call 'nova.service.Service.periodic_tasks' sleeping for 60.00 seconds {{(pid=93379) _run_loop /opt/stack/data/venv/lib/python3.12/site-packages/oslo_service/backend/_threading/loopingcall.py:125}}
Aug 13 22:52:12.951184 np0000007280 nova-scheduler[93381]: DEBUG oslo.service.backend._threading.loopingcall [None req-c84249f6-6c5f-4eba-b76f-f8f748f2fc60 None None] Dynamic interval looping call 'nova.service.Service.periodic_tasks' sleeping for 60.00 seconds {{(pid=93381) _run_loop /opt/stack/data/venv/lib/python3.12/site-packages/oslo_service/backend/_threading/loopingcall.py:125}}
Aug 13 22:52:17.958119 np0000007280 nova-scheduler[93381]: DEBUG oslo.service.backend._threading.loopingcall [-] Fixed interval looping call 'nova.servicegroup.drivers.db.DbDriver._report_state' sleeping for 119.99 seconds {{(pid=93381) _run_loop /opt/stack/data/venv/lib/python3.12/site-packages/oslo_service/backend/_threading/loopingcall.py:125}}
Aug 13 22:52:17.958633 np0000007280 nova-scheduler[93379]: DEBUG oslo.service.backend._threading.loopingcall [-] Fixed interval looping call 'nova.servicegroup.drivers.db.DbDriver._report_state' sleeping for 119.99 seconds {{(pid=93379) _run_loop /opt/stack/data/venv/lib/python3.12/site-packages/oslo_service/backend/_threading/loopingcall.py:125}}
Aug 13 22:52:17.958946 np0000007280 nova-scheduler[93386]: DEBUG oslo.service.backend._threading.loopingcall [-] Fixed interval looping call 'nova.servicegroup.drivers.db.DbDriver._report_state' sleeping for 119.99 seconds {{(pid=93386) _run_loop /opt/stack/data/venv/lib/python3.12/site-packages/oslo_service/backend/_threading/loopingcall.py:125}}
Aug 13 22:52:27.954583 np0000007280 nova-scheduler[93381]: DEBUG dbcounter [-] [93381] Writing DB stats nova_cell0:SELECT=1,nova_cell0:UPDATE=1 {{(pid=93381) stat_writer /opt/stack/data/venv/lib/python3.12/site-packages/dbcounter.py:115}}
Aug 13 22:52:27.955607 np0000007280 nova-scheduler[93379]: DEBUG dbcounter [-] [93379] Writing DB stats nova_cell0:SELECT=1,nova_cell0:UPDATE=1 {{(pid=93379) stat_writer /opt/stack/data/venv/lib/python3.12/site-packages/dbcounter.py:115}}
Aug 13 22:52:27.956006 np0000007280 nova-scheduler[93386]: DEBUG dbcounter [-] [93386] Writing DB stats nova_cell0:SELECT=1,nova_cell0:UPDATE=1 {{(pid=93386) stat_writer /opt/stack/data/venv/lib/python3.12/site-packages/dbcounter.py:115}}
Aug 13 22:52:28.953070 np0000007280 nova-scheduler[93386]: DEBUG oslo.service.backend._threading.loopingcall [None req-6bd3b2eb-e467-4f87-9158-9bb51a0db322 None None] Dynamic interval looping call 'nova.service.Service.periodic_tasks' sleeping for 60.00 seconds {{(pid=93386) _run_loop /opt/stack/data/venv/lib/python3.12/site-packages/oslo_service/backend/_threading/loopingcall.py:125}}
Aug 13 22:52:30.948273 np0000007280 nova-scheduler[93379]: DEBUG oslo.service.backend._threading.loopingcall [None req-ada378d4-1302-45d0-90ba-3cc6c5b52d68 None None] Dynamic interval looping call 'nova.service.Service.periodic_tasks' sleeping for 60.00 seconds {{(pid=93379) _run_loop /opt/stack/data/venv/lib/python3.12/site-packages/oslo_service/backend/_threading/loopingcall.py:125}}
Aug 13 22:52:52.864302 np0000007280 nova-scheduler[93379]: DEBUG nova.scheduler.manager [None req-8afd7d01-234b-4fa0-a1e7-6e8a3177b023 tempest-DeleteServersTestJSON-430149214 tempest-DeleteServersTestJSON-430149214-project-member] Starting to schedule for instances: ['35c6d29f-f873-402b-91f2-9c9e691f0e3a'] {{(pid=93379) select_destinations /opt/stack/nova/nova/scheduler/manager.py:209}}
Aug 13 22:52:52.866661 np0000007280 nova-scheduler[93379]: DEBUG nova.scheduler.request_filter [None req-8afd7d01-234b-4fa0-a1e7-6e8a3177b023 tempest-DeleteServersTestJSON-430149214 tempest-DeleteServersTestJSON-430149214-project-member] compute_status_filter request filter added forbidden trait COMPUTE_STATUS_DISABLED {{(pid=93379) compute_status_filter /opt/stack/nova/nova/scheduler/request_filter.py:253}}
Aug 13 22:52:52.866661 np0000007280 nova-scheduler[93379]: DEBUG nova.scheduler.request_filter [None req-8afd7d01-234b-4fa0-a1e7-6e8a3177b023 tempest-DeleteServersTestJSON-430149214 tempest-DeleteServersTestJSON-430149214-project-member] Request filter 'compute_status_filter' took 0.0 seconds {{(pid=93379) wrapper /opt/stack/nova/nova/scheduler/request_filter.py:46}}
Aug 13 22:52:52.866661 np0000007280 nova-scheduler[93379]: DEBUG nova.scheduler.request_filter [None req-8afd7d01-234b-4fa0-a1e7-6e8a3177b023 tempest-DeleteServersTestJSON-430149214 tempest-DeleteServersTestJSON-430149214-project-member] Request filter 'accelerators_filter' took 0.0 seconds {{(pid=93379) wrapper /opt/stack/nova/nova/scheduler/request_filter.py:46}}
Aug 13 22:52:52.866661 np0000007280 nova-scheduler[93379]: DEBUG nova.scheduler.request_filter [None req-8afd7d01-234b-4fa0-a1e7-6e8a3177b023 tempest-DeleteServersTestJSON-430149214 tempest-DeleteServersTestJSON-430149214-project-member] Request filter 'packed_virtqueue_filter' took 0.0 seconds {{(pid=93379) wrapper /opt/stack/nova/nova/scheduler/request_filter.py:46}}
Aug 13 22:52:52.866661 np0000007280 nova-scheduler[93379]: DEBUG nova.scheduler.request_filter [None req-8afd7d01-234b-4fa0-a1e7-6e8a3177b023 tempest-DeleteServersTestJSON-430149214 tempest-DeleteServersTestJSON-430149214-project-member] Request filter 'remote_managed_ports_filter' took 0.0 seconds {{(pid=93379) wrapper /opt/stack/nova/nova/scheduler/request_filter.py:46}}
Aug 13 22:52:52.867047 np0000007280 nova-scheduler[93379]: DEBUG nova.scheduler.request_filter [None req-8afd7d01-234b-4fa0-a1e7-6e8a3177b023 tempest-DeleteServersTestJSON-430149214 tempest-DeleteServersTestJSON-430149214-project-member] ephemeral_encryption_filter skipped {{(pid=93379) ephemeral_encryption_filter /opt/stack/nova/nova/scheduler/request_filter.py:426}}
Aug 13 22:52:52.867047 np0000007280 nova-scheduler[93379]: DEBUG nova.scheduler.request_filter [None req-8afd7d01-234b-4fa0-a1e7-6e8a3177b023 tempest-DeleteServersTestJSON-430149214 tempest-DeleteServersTestJSON-430149214-project-member] virtio_sound_filter skipped {{(pid=93379) virtio_sound_filter /opt/stack/nova/nova/scheduler/request_filter.py:460}}
Aug 13 22:52:52.867047 np0000007280 nova-scheduler[93379]: DEBUG nova.scheduler.request_filter [None req-8afd7d01-234b-4fa0-a1e7-6e8a3177b023 tempest-DeleteServersTestJSON-430149214 tempest-DeleteServersTestJSON-430149214-project-member] tpm_secret_security_filter skipped {{(pid=93379) tpm_secret_security_filter /opt/stack/nova/nova/scheduler/request_filter.py:477}}
Aug 13 22:52:53.753915 np0000007280 nova-scheduler[93379]: INFO nova.utils [None req-8afd7d01-234b-4fa0-a1e7-6e8a3177b023 tempest-DeleteServersTestJSON-430149214 tempest-DeleteServersTestJSON-430149214-project-member] The cell worker thread pool ForkProcess-1.cell_worker is initialized
Aug 13 22:52:53.754330 np0000007280 nova-scheduler[93379]: DEBUG oslo_concurrency.lockutils [None req-8afd7d01-234b-4fa0-a1e7-6e8a3177b023 tempest-DeleteServersTestJSON-430149214 tempest-DeleteServersTestJSON-430149214-project-member] Acquiring lock "072a7df4-34ec-4519-b23d-1e6e4d1dba8f" by "nova.context.set_target_cell..get_or_set_cached_cell_and_set_connections" {{(pid=93379) inner /opt/stack/data/venv/lib/python3.12/site-packages/oslo_concurrency/lockutils.py:512}}
Aug 13 22:52:53.754599 np0000007280 nova-scheduler[93379]: DEBUG oslo_concurrency.lockutils [None req-8afd7d01-234b-4fa0-a1e7-6e8a3177b023 tempest-DeleteServersTestJSON-430149214 tempest-DeleteServersTestJSON-430149214-project-member] Lock "072a7df4-34ec-4519-b23d-1e6e4d1dba8f" acquired by "nova.context.set_target_cell..get_or_set_cached_cell_and_set_connections" :: waited 0.000s {{(pid=93379) inner /opt/stack/data/venv/lib/python3.12/site-packages/oslo_concurrency/lockutils.py:525}}
Aug 13 22:52:53.756391 np0000007280 nova-scheduler[93379]: DEBUG oslo_concurrency.lockutils [None req-8afd7d01-234b-4fa0-a1e7-6e8a3177b023 tempest-DeleteServersTestJSON-430149214 tempest-DeleteServersTestJSON-430149214-project-member] Lock "072a7df4-34ec-4519-b23d-1e6e4d1dba8f" "released" by "nova.context.set_target_cell..get_or_set_cached_cell_and_set_connections" :: held 0.002s {{(pid=93379) inner /opt/stack/data/venv/lib/python3.12/site-packages/oslo_concurrency/lockutils.py:544}}
Aug 13 22:52:53.757901 np0000007280 nova-scheduler[93379]: INFO dbcounter [None req-8afd7d01-234b-4fa0-a1e7-6e8a3177b023 tempest-DeleteServersTestJSON-430149214 tempest-DeleteServersTestJSON-430149214-project-member] Registered counter for database nova_cell1
Aug 13 22:52:53.789560 np0000007280 nova-scheduler[93379]: DEBUG oslo_db.sqlalchemy.engines [None req-8afd7d01-234b-4fa0-a1e7-6e8a3177b023 tempest-DeleteServersTestJSON-430149214 tempest-DeleteServersTestJSON-430149214-project-member] MySQL server mode set to STRICT_TRANS_TABLES,STRICT_ALL_TABLES,NO_ZERO_IN_DATE,NO_ZERO_DATE,ERROR_FOR_DIVISION_BY_ZERO,TRADITIONAL,NO_ENGINE_SUBSTITUTION {{(pid=93379) _check_effective_sql_mode /opt/stack/data/venv/lib/python3.12/site-packages/oslo_db/sqlalchemy/engines.py:325}}
Aug 13 22:52:53.796041 np0000007280 nova-scheduler[93379]: DEBUG dbcounter [-] [93379] Writer thread running {{(pid=93379) stat_writer /opt/stack/data/venv/lib/python3.12/site-packages/dbcounter.py:102}}
Aug 13 22:52:53.810968 np0000007280 nova-scheduler[93379]: DEBUG oslo_db.sqlalchemy.engines [None req-8afd7d01-234b-4fa0-a1e7-6e8a3177b023 tempest-DeleteServersTestJSON-430149214 tempest-DeleteServersTestJSON-430149214-project-member] Parent process 92184 forked (93379) with an open database connection, which is being discarded and recreated. {{(pid=93379) checkout /opt/stack/data/venv/lib/python3.12/site-packages/oslo_db/sqlalchemy/engines.py:402}}
Aug 13 22:52:53.853327 np0000007280 nova-scheduler[93379]: DEBUG dbcounter [-] [93379] Writer thread running {{(pid=93379) stat_writer /opt/stack/data/venv/lib/python3.12/site-packages/dbcounter.py:102}}
Aug 13 22:52:53.856573 np0000007280 nova-scheduler[93379]: DEBUG oslo_concurrency.lockutils [None req-8afd7d01-234b-4fa0-a1e7-6e8a3177b023 tempest-DeleteServersTestJSON-430149214 tempest-DeleteServersTestJSON-430149214-project-member] Acquiring lock "072a7df4-34ec-4519-b23d-1e6e4d1dba8f" by "nova.context.set_target_cell..get_or_set_cached_cell_and_set_connections" {{(pid=93379) inner /opt/stack/data/venv/lib/python3.12/site-packages/oslo_concurrency/lockutils.py:512}}
Aug 13 22:52:53.856814 np0000007280 nova-scheduler[93379]: DEBUG oslo_concurrency.lockutils [None req-8afd7d01-234b-4fa0-a1e7-6e8a3177b023 tempest-DeleteServersTestJSON-430149214 tempest-DeleteServersTestJSON-430149214-project-member] Lock "072a7df4-34ec-4519-b23d-1e6e4d1dba8f" acquired by "nova.context.set_target_cell..get_or_set_cached_cell_and_set_connections" :: waited 0.000s {{(pid=93379) inner /opt/stack/data/venv/lib/python3.12/site-packages/oslo_concurrency/lockutils.py:525}}
Aug 13 22:52:53.857092 np0000007280 nova-scheduler[93379]: DEBUG oslo_concurrency.lockutils [None req-8afd7d01-234b-4fa0-a1e7-6e8a3177b023 tempest-DeleteServersTestJSON-430149214 tempest-DeleteServersTestJSON-430149214-project-member] Lock "072a7df4-34ec-4519-b23d-1e6e4d1dba8f" "released" by "nova.context.set_target_cell..get_or_set_cached_cell_and_set_connections" :: held 0.000s {{(pid=93379) inner /opt/stack/data/venv/lib/python3.12/site-packages/oslo_concurrency/lockutils.py:544}}
Aug 13 22:52:53.860902 np0000007280 nova-scheduler[93379]: DEBUG oslo_concurrency.lockutils [None req-8afd7d01-234b-4fa0-a1e7-6e8a3177b023 tempest-DeleteServersTestJSON-430149214 tempest-DeleteServersTestJSON-430149214-project-member] Acquiring lock "np0000007280-np0000007280" by "nova.scheduler.host_manager.HostState.update.._locked_update" {{(pid=93379) inner /opt/stack/data/venv/lib/python3.12/site-packages/oslo_concurrency/lockutils.py:512}}
Aug 13 22:52:53.861050 np0000007280 nova-scheduler[93379]: DEBUG oslo_concurrency.lockutils [None req-8afd7d01-234b-4fa0-a1e7-6e8a3177b023 tempest-DeleteServersTestJSON-430149214 tempest-DeleteServersTestJSON-430149214-project-member] Lock "np0000007280-np0000007280" acquired by "nova.scheduler.host_manager.HostState.update.._locked_update" :: waited 0.000s {{(pid=93379) inner /opt/stack/data/venv/lib/python3.12/site-packages/oslo_concurrency/lockutils.py:525}}
Aug 13 22:52:53.861929 np0000007280 nova-scheduler[93379]: DEBUG nova.scheduler.host_manager [None req-8afd7d01-234b-4fa0-a1e7-6e8a3177b023 tempest-DeleteServersTestJSON-430149214 tempest-DeleteServersTestJSON-430149214-project-member] Update host state from compute node: ComputeNode(cpu_allocation_ratio=4.0,cpu_info='{"arch": "x86_64", "model": "EPYC-Milan", "vendor": "AMD", "topology": {"cells": 1, "sockets": 16, "cores": 1, "threads": 1}, "maxphysaddr": {"mode": "emulate", "bits": 40}, "features": ["umip", "xsaves", "hypervisor", "pclmuldq", "topoext", "v-vmsave-vmload", "pku", "fsgsbase", "aes", "perfctr_core", "pse", "fpu", "cmp_legacy", "null-sel-clr-base", "avx", "pdpe1gb", "virt-ssbd", "nx", "wbnoinvd", "xsave", "cr8legacy", "ssbd", "clflushopt", "pause-filter", "fxsr_opt", "cx8", "sse", "mca", "pae", "abm", "amd-psfd", "rdrand", "npt", "pge", "svm", "clflush", "pat", "lfence-always-serializing", "mtrr", "x2apic", "spec-ctrl", "svme-addr-chk", "invpcid", "ibrs", "bmi2", "apic", "fxsr", "mds-no", "popcnt", "adx", "cmov", "f16c", "vmcb-clean", "flushbyasid", "vaes", "sep", "cx16", "fma", "sse4a", "no-nested-data-bp", "pfthreshold", "sse4.1", "mce", "rdctl-no", "fsrm", "avx2", "clzero", "pschange-mc-no", "sse4.2", "lbrv", "de", "mmx", "tsc-scale", "vme", "tsc_adjust", "arat", "sse2", "xgetbv1", "lahf_lm", "vpclmulqdq", "stibp", "amd-stibp", "bmi1", "erms", "syscall", "amd-ssbd", "sha-ni", "3dnowprefetch", "tsc", "osvw", "misalignsse", "movbe", "gds-no", "msr", "rdseed", "rdtscp", "stibp-always-on", "xsaveopt", "nrip-save", "smep", "pse36", "rdpid", "pni", "smap", "tsc-deadline", "ibpb", "lm", "vgif", "skip-l1dfl-vmentry", "pcid", "xsaveerptr", "mmxext", "clwb", "arch-capabilities", "xsavec", "ssse3"]}',created_at=2026-08-13T22:50:34Z,current_workload=0,deleted=False,deleted_at=None,disk_allocation_ratio=1.0,disk_available_least=73,free_disk_gb=95,free_ram_mb=62765,host='np0000007280',host_ip=10.4.3.63,hypervisor_hostname='np0000007280',hypervisor_type='QEMU',hypervisor_version=8002002,id=1,local_gb=95,local_gb_used=0,mapped=1,memory_mb=63277,memory_mb_used=512,metrics='[]',numa_topology='{"nova_object.name": "NUMATopology", "nova_object.namespace": "nova", "nova_object.version": "1.2", "nova_object.data": {"cells": [{"nova_object.name": "NUMACell", "nova_object.namespace": "nova", "nova_object.version": "1.5", "nova_object.data": {"id": 0, "cpuset": [0, 1, 2, 3, 4, 5, 6, 7, 8, 9, 10, 11, 12, 13, 14, 15], "pcpuset": [0, 1, 2, 3, 4, 5, 6, 7, 8, 9, 10, 11, 12, 13, 14, 15], "memory": 63277, "cpu_usage": 0, "memory_usage": 0, "pinned_cpus": [], "siblings": [[6], [12], [2], [15], [5], [11], [8], [14], [4], [1], [7], [10], [0], [13], [3], [9]], "mempages": [{"nova_object.name": "NUMAPagesTopology", "nova_object.namespace": "nova", "nova_object.version": "1.1", "nova_object.data": {"size_kb": 4, "total": 16177928, "used": 0, "reserved": 0}, "nova_object.changes": ["used", "reserved", "size_kb", "total"]}, {"nova_object.name": "NUMAPagesTopology", "nova_object.namespace": "nova", "nova_object.version": "1.1", "nova_object.data": {"size_kb": 2048, "total": 41, "used": 0, "reserved": 0}, "nova_object.changes": ["used", "reserved", "size_kb", "total"]}, {"nova_object.name": "NUMAPagesTopology", "nova_object.namespace": "nova", "nova_object.version": "1.1", "nova_object.data": {"size_kb": 1048576, "total": 0, "used": 0, "reserved": 0}, "nova_object.changes": ["used", "reserved", "size_kb", "total"]}], "network_metadata": {"nova_object.name": "NetworkMetadata", "nova_object.namespace": "nova", "nova_object.version": "1.0", "nova_object.data": {"physnets": [], "tunneled": false}, "nova_object.changes": ["physnets", "tunneled"]}, "socket": null}, "nova_object.changes": ["id", "memory", "network_metadata", "pcpuset", "pinned_cpus", "mempages", "memory_usage", "siblings", "cpu_usage", "cpuset", "socket"]}]}, "nova_object.changes": ["cells"]}',pci_device_pools=PciDevicePoolList,ram_allocation_ratio=1.0,running_vms=0,service_id=3,stats={failed_builds='0',uptime=' 22:52:21 up 13 min, 2 users, load average: 1.21, 1.26, 0.74
Aug 13 22:52:53.861929 np0000007280 nova-scheduler[93379]: '},supported_hv_specs=[HVSpec,HVSpec,HVSpec,HVSpec,HVSpec,HVSpec,HVSpec,HVSpec,HVSpec,HVSpec,HVSpec,HVSpec,HVSpec,HVSpec,HVSpec,HVSpec,HVSpec,HVSpec,HVSpec,HVSpec,HVSpec,HVSpec,HVSpec,HVSpec,HVSpec],updated_at=2026-08-13T22:52:21Z,uuid=b6668918-19c3-49db-a2e1-7475a5a9f824,vcpus=16,vcpus_used=0) {{(pid=93379) _locked_update /opt/stack/nova/nova/scheduler/host_manager.py:168}}
Aug 13 22:52:53.862636 np0000007280 nova-scheduler[93379]: DEBUG nova.scheduler.host_manager [None req-8afd7d01-234b-4fa0-a1e7-6e8a3177b023 tempest-DeleteServersTestJSON-430149214 tempest-DeleteServersTestJSON-430149214-project-member] Update host state with aggregates: [] {{(pid=93379) _locked_update /opt/stack/nova/nova/scheduler/host_manager.py:171}}
Aug 13 22:52:53.862746 np0000007280 nova-scheduler[93379]: DEBUG nova.scheduler.host_manager [None req-8afd7d01-234b-4fa0-a1e7-6e8a3177b023 tempest-DeleteServersTestJSON-430149214 tempest-DeleteServersTestJSON-430149214-project-member] Update host state with service dict: {'id': 3, 'uuid': '7021b6e1-e907-4f23-a230-44a46d05151a', 'host': 'np0000007280', 'binary': 'nova-compute', 'topic': 'compute', 'report_count': 2, 'disabled': False, 'disabled_reason': None, 'last_seen_up': datetime.datetime(2026, 8, 13, 22, 52, 40, tzinfo=datetime.timezone.utc), 'forced_down': False, 'version': 72, 'created_at': datetime.datetime(2026, 8, 13, 22, 50, 34, tzinfo=datetime.timezone.utc), 'updated_at': datetime.datetime(2026, 8, 13, 22, 52, 40, tzinfo=datetime.timezone.utc), 'deleted_at': None, 'deleted': False} {{(pid=93379) _locked_update /opt/stack/nova/nova/scheduler/host_manager.py:174}}
Aug 13 22:52:53.862829 np0000007280 nova-scheduler[93379]: DEBUG nova.scheduler.host_manager [None req-8afd7d01-234b-4fa0-a1e7-6e8a3177b023 tempest-DeleteServersTestJSON-430149214 tempest-DeleteServersTestJSON-430149214-project-member] Update host state with instances: [] {{(pid=93379) _locked_update /opt/stack/nova/nova/scheduler/host_manager.py:177}}
Aug 13 22:52:53.864033 np0000007280 nova-scheduler[93379]: DEBUG oslo_concurrency.lockutils [None req-8afd7d01-234b-4fa0-a1e7-6e8a3177b023 tempest-DeleteServersTestJSON-430149214 tempest-DeleteServersTestJSON-430149214-project-member] Lock "np0000007280-np0000007280" "released" by "nova.scheduler.host_manager.HostState.update.._locked_update" :: held 0.002s {{(pid=93379) inner /opt/stack/data/venv/lib/python3.12/site-packages/oslo_concurrency/lockutils.py:544}}
Aug 13 22:52:53.866161 np0000007280 nova-scheduler[93379]: DEBUG nova.filters [None req-8afd7d01-234b-4fa0-a1e7-6e8a3177b023 tempest-DeleteServersTestJSON-430149214 tempest-DeleteServersTestJSON-430149214-project-member] Starting with 1 host(s) {{(pid=93379) get_filtered_objects /opt/stack/nova/nova/filters.py:70}}
Aug 13 22:52:53.866596 np0000007280 nova-scheduler[93379]: DEBUG nova.filters [None req-8afd7d01-234b-4fa0-a1e7-6e8a3177b023 tempest-DeleteServersTestJSON-430149214 tempest-DeleteServersTestJSON-430149214-project-member] Filter ComputeFilter returned 1 host(s) {{(pid=93379) get_filtered_objects /opt/stack/nova/nova/filters.py:102}}
Aug 13 22:52:53.866679 np0000007280 nova-scheduler[93379]: DEBUG nova.filters [None req-8afd7d01-234b-4fa0-a1e7-6e8a3177b023 tempest-DeleteServersTestJSON-430149214 tempest-DeleteServersTestJSON-430149214-project-member] Filter ComputeCapabilitiesFilter returned 1 host(s) {{(pid=93379) get_filtered_objects /opt/stack/nova/nova/filters.py:102}}
Aug 13 22:52:53.866962 np0000007280 nova-scheduler[93379]: DEBUG nova.filters [None req-8afd7d01-234b-4fa0-a1e7-6e8a3177b023 tempest-DeleteServersTestJSON-430149214 tempest-DeleteServersTestJSON-430149214-project-member] Filter ImagePropertiesFilter returned 1 host(s) {{(pid=93379) get_filtered_objects /opt/stack/nova/nova/filters.py:102}}
Aug 13 22:52:53.867101 np0000007280 nova-scheduler[93379]: DEBUG nova.filters [None req-8afd7d01-234b-4fa0-a1e7-6e8a3177b023 tempest-DeleteServersTestJSON-430149214 tempest-DeleteServersTestJSON-430149214-project-member] Filter ServerGroupAntiAffinityFilter returned 1 host(s) {{(pid=93379) get_filtered_objects /opt/stack/nova/nova/filters.py:102}}
Aug 13 22:52:53.867265 np0000007280 nova-scheduler[93379]: DEBUG nova.filters [None req-8afd7d01-234b-4fa0-a1e7-6e8a3177b023 tempest-DeleteServersTestJSON-430149214 tempest-DeleteServersTestJSON-430149214-project-member] Filter ServerGroupAffinityFilter returned 1 host(s) {{(pid=93379) get_filtered_objects /opt/stack/nova/nova/filters.py:102}}
Aug 13 22:52:53.867390 np0000007280 nova-scheduler[93379]: DEBUG nova.filters [None req-8afd7d01-234b-4fa0-a1e7-6e8a3177b023 tempest-DeleteServersTestJSON-430149214 tempest-DeleteServersTestJSON-430149214-project-member] Filter SameHostFilter returned 1 host(s) {{(pid=93379) get_filtered_objects /opt/stack/nova/nova/filters.py:102}}
Aug 13 22:52:53.867615 np0000007280 nova-scheduler[93379]: DEBUG nova.filters [None req-8afd7d01-234b-4fa0-a1e7-6e8a3177b023 tempest-DeleteServersTestJSON-430149214 tempest-DeleteServersTestJSON-430149214-project-member] Filter DifferentHostFilter returned 1 host(s) {{(pid=93379) get_filtered_objects /opt/stack/nova/nova/filters.py:102}}
Aug 13 22:52:53.867677 np0000007280 nova-scheduler[93379]: DEBUG nova.scheduler.manager [None req-8afd7d01-234b-4fa0-a1e7-6e8a3177b023 tempest-DeleteServersTestJSON-430149214 tempest-DeleteServersTestJSON-430149214-project-member] Filtered [(np0000007280, np0000007280) ram: 62765MB disk: 74752MB io_ops: 0 instances: 0, allocation_candidates: 1] {{(pid=93379) _get_sorted_hosts /opt/stack/nova/nova/scheduler/manager.py:742}}
Aug 13 22:52:53.867866 np0000007280 nova-scheduler[93379]: DEBUG nova.scheduler.manager [None req-8afd7d01-234b-4fa0-a1e7-6e8a3177b023 tempest-DeleteServersTestJSON-430149214 tempest-DeleteServersTestJSON-430149214-project-member] Weighed [WeighedHost [host: (np0000007280, np0000007280) ram: 62765MB disk: 74752MB io_ops: 0 instances: 0, allocation_candidates: 1, weight: 0.0]] {{(pid=93379) _get_sorted_hosts /opt/stack/nova/nova/scheduler/manager.py:764}}
Aug 13 22:52:53.868029 np0000007280 nova-scheduler[93379]: DEBUG nova.scheduler.utils [None req-8afd7d01-234b-4fa0-a1e7-6e8a3177b023 tempest-DeleteServersTestJSON-430149214 tempest-DeleteServersTestJSON-430149214-project-member] Attempting to claim resources in the placement API for instance 35c6d29f-f873-402b-91f2-9c9e691f0e3a {{(pid=93379) claim_resources /opt/stack/nova/nova/scheduler/utils.py:1345}}
Aug 13 22:52:54.052173 np0000007280 nova-scheduler[93379]: DEBUG nova.scheduler.manager [None req-8afd7d01-234b-4fa0-a1e7-6e8a3177b023 tempest-DeleteServersTestJSON-430149214 tempest-DeleteServersTestJSON-430149214-project-member] [instance: 35c6d29f-f873-402b-91f2-9c9e691f0e3a] Selected host: (np0000007280, np0000007280) ram: 62765MB disk: 74752MB io_ops: 0 instances: 0, allocation_candidates: 1 {{(pid=93379) _consume_selected_host /opt/stack/nova/nova/scheduler/manager.py:624}}
Aug 13 22:52:54.052536 np0000007280 nova-scheduler[93379]: DEBUG oslo_concurrency.lockutils [None req-8afd7d01-234b-4fa0-a1e7-6e8a3177b023 tempest-DeleteServersTestJSON-430149214 tempest-DeleteServersTestJSON-430149214-project-member] Acquiring lock "np0000007280-np0000007280" by "nova.scheduler.host_manager.HostState.consume_from_request.._locked" {{(pid=93379) inner /opt/stack/data/venv/lib/python3.12/site-packages/oslo_concurrency/lockutils.py:512}}
Aug 13 22:52:54.052740 np0000007280 nova-scheduler[93379]: DEBUG oslo_concurrency.lockutils [None req-8afd7d01-234b-4fa0-a1e7-6e8a3177b023 tempest-DeleteServersTestJSON-430149214 tempest-DeleteServersTestJSON-430149214-project-member] Lock "np0000007280-np0000007280" acquired by "nova.scheduler.host_manager.HostState.consume_from_request.._locked" :: waited 0.000s {{(pid=93379) inner /opt/stack/data/venv/lib/python3.12/site-packages/oslo_concurrency/lockutils.py:525}}
Aug 13 22:52:54.052958 np0000007280 nova-scheduler[93379]: DEBUG oslo_concurrency.lockutils [None req-8afd7d01-234b-4fa0-a1e7-6e8a3177b023 tempest-DeleteServersTestJSON-430149214 tempest-DeleteServersTestJSON-430149214-project-member] Lock "np0000007280-np0000007280" "released" by "nova.scheduler.host_manager.HostState.consume_from_request.._locked" :: held 0.000s {{(pid=93379) inner /opt/stack/data/venv/lib/python3.12/site-packages/oslo_concurrency/lockutils.py:544}}
Aug 13 22:52:55.752720 np0000007280 nova-scheduler[93381]: DEBUG nova.scheduler.manager [None req-a3d31f93-e140-4433-bbbf-4a2214d72ba4 tempest-ServerStableDeviceRescueTest-1374595935 tempest-ServerStableDeviceRescueTest-1374595935-project-member] Starting to schedule for instances: ['e8aadac7-42ac-43e0-9810-b864de257fb4'] {{(pid=93381) select_destinations /opt/stack/nova/nova/scheduler/manager.py:209}}
Aug 13 22:52:55.753322 np0000007280 nova-scheduler[93381]: DEBUG nova.scheduler.request_filter [None req-a3d31f93-e140-4433-bbbf-4a2214d72ba4 tempest-ServerStableDeviceRescueTest-1374595935 tempest-ServerStableDeviceRescueTest-1374595935-project-member] compute_status_filter request filter added forbidden trait COMPUTE_STATUS_DISABLED {{(pid=93381) compute_status_filter /opt/stack/nova/nova/scheduler/request_filter.py:253}}
Aug 13 22:52:55.756303 np0000007280 nova-scheduler[93381]: DEBUG nova.scheduler.request_filter [None req-a3d31f93-e140-4433-bbbf-4a2214d72ba4 tempest-ServerStableDeviceRescueTest-1374595935 tempest-ServerStableDeviceRescueTest-1374595935-project-member] Request filter 'compute_status_filter' took 0.0 seconds {{(pid=93381) wrapper /opt/stack/nova/nova/scheduler/request_filter.py:46}}
Aug 13 22:52:55.756619 np0000007280 nova-scheduler[93381]: DEBUG nova.scheduler.request_filter [None req-a3d31f93-e140-4433-bbbf-4a2214d72ba4 tempest-ServerStableDeviceRescueTest-1374595935 tempest-ServerStableDeviceRescueTest-1374595935-project-member] Request filter 'accelerators_filter' took 0.0 seconds {{(pid=93381) wrapper /opt/stack/nova/nova/scheduler/request_filter.py:46}}
Aug 13 22:52:55.756890 np0000007280 nova-scheduler[93381]: DEBUG nova.scheduler.request_filter [None req-a3d31f93-e140-4433-bbbf-4a2214d72ba4 tempest-ServerStableDeviceRescueTest-1374595935 tempest-ServerStableDeviceRescueTest-1374595935-project-member] Request filter 'packed_virtqueue_filter' took 0.0 seconds {{(pid=93381) wrapper /opt/stack/nova/nova/scheduler/request_filter.py:46}}
Aug 13 22:52:55.757217 np0000007280 nova-scheduler[93381]: DEBUG nova.scheduler.request_filter [None req-a3d31f93-e140-4433-bbbf-4a2214d72ba4 tempest-ServerStableDeviceRescueTest-1374595935 tempest-ServerStableDeviceRescueTest-1374595935-project-member] Request filter 'remote_managed_ports_filter' took 0.0 seconds {{(pid=93381) wrapper /opt/stack/nova/nova/scheduler/request_filter.py:46}}
Aug 13 22:52:55.757359 np0000007280 nova-scheduler[93381]: DEBUG nova.scheduler.request_filter [None req-a3d31f93-e140-4433-bbbf-4a2214d72ba4 tempest-ServerStableDeviceRescueTest-1374595935 tempest-ServerStableDeviceRescueTest-1374595935-project-member] ephemeral_encryption_filter skipped {{(pid=93381) ephemeral_encryption_filter /opt/stack/nova/nova/scheduler/request_filter.py:426}}
Aug 13 22:52:55.757510 np0000007280 nova-scheduler[93381]: DEBUG nova.scheduler.request_filter [None req-a3d31f93-e140-4433-bbbf-4a2214d72ba4 tempest-ServerStableDeviceRescueTest-1374595935 tempest-ServerStableDeviceRescueTest-1374595935-project-member] virtio_sound_filter skipped {{(pid=93381) virtio_sound_filter /opt/stack/nova/nova/scheduler/request_filter.py:460}}
Aug 13 22:52:55.757623 np0000007280 nova-scheduler[93381]: DEBUG nova.scheduler.request_filter [None req-a3d31f93-e140-4433-bbbf-4a2214d72ba4 tempest-ServerStableDeviceRescueTest-1374595935 tempest-ServerStableDeviceRescueTest-1374595935-project-member] tpm_secret_security_filter skipped {{(pid=93381) tpm_secret_security_filter /opt/stack/nova/nova/scheduler/request_filter.py:477}}
