Jun 26 15:33:47.864641 np0000003746 devstack@g-api.service[99524]: DEBUG glance_store.location [-] Registering scheme filesystem with {'store': , 'location_class': , 'store_entry': 'file'} {{(pid=99524) register_scheme_map /opt/stack/data/venv/lib/python3.12/site-packages/glance_store/location.py:146}}
Jun 26 15:33:47.864725 np0000003746 devstack@g-api.service[99524]: DEBUG glance_store.backend [-] Attempting to import store swift {{(pid=99524) _load_store /opt/stack/data/venv/lib/python3.12/site-packages/glance_store/backend.py:215}}
Jun 26 15:33:47.864878 np0000003746 devstack@g-api.service[99524]: WARNING oslo_config.cfg [-] Deprecated: Option "default_store" from group "glance_store" is deprecated for removal (
Jun 26 15:33:47.864878 np0000003746 devstack@g-api.service[99524]: This option is deprecated against new config option
Jun 26 15:33:47.864878 np0000003746 devstack@g-api.service[99524]: ``default_backend`` which acts similar to ``default_store`` config
Jun 26 15:33:47.864878 np0000003746 devstack@g-api.service[99524]: option.
Jun 26 15:33:47.864878 np0000003746 devstack@g-api.service[99524]: This option is scheduled for removal in the U development
Jun 26 15:33:47.864878 np0000003746 devstack@g-api.service[99524]: cycle.
Jun 26 15:33:47.864878 np0000003746 devstack@g-api.service[99524]: ). Its value may be silently ignored in the future.
Jun 26 15:33:47.866025 np0000003746 devstack@g-api.service[99524]: DEBUG glance_store.capabilities [-] Store glance_store._drivers.swift.store.SingleTenantStore doesn't support updating dynamic storage capabilities. Please overwrite 'update_capabilities' method of the store to implement updating logics if needed. {{(pid=99524) update_capabilities /opt/stack/data/venv/lib/python3.12/site-packages/glance_store/capabilities.py:91}}
Jun 26 15:33:47.866144 np0000003746 devstack@g-api.service[99524]: DEBUG glance_store.backend [-] Registering store swift with schemes ('swift+https', 'swift', 'swift+http', 'swift+config') {{(pid=99524) create_stores /opt/stack/data/venv/lib/python3.12/site-packages/glance_store/backend.py:261}}
Jun 26 15:33:47.866144 np0000003746 devstack@g-api.service[99524]: DEBUG glance_store.driver [-] Late loading location class glance_store._drivers.swift.store.StoreLocation {{(pid=99524) get_store_location_class /opt/stack/data/venv/lib/python3.12/site-packages/glance_store/driver.py:134}}
Jun 26 15:33:47.866344 np0000003746 devstack@g-api.service[99524]: DEBUG glance_store.location [-] Registering scheme swift+https with {'store': , 'location_class': , 'store_entry': 'swift'} {{(pid=99524) register_scheme_map /opt/stack/data/venv/lib/python3.12/site-packages/glance_store/location.py:146}}
Jun 26 15:33:47.866344 np0000003746 devstack@g-api.service[99524]: DEBUG glance_store.location [-] Registering scheme swift with {'store': , 'location_class': , 'store_entry': 'swift'} {{(pid=99524) register_scheme_map /opt/stack/data/venv/lib/python3.12/site-packages/glance_store/location.py:146}}
Jun 26 15:33:47.866344 np0000003746 devstack@g-api.service[99524]: DEBUG glance_store.location [-] Registering scheme swift+http with {'store': , 'location_class': , 'store_entry': 'swift'} {{(pid=99524) register_scheme_map /opt/stack/data/venv/lib/python3.12/site-packages/glance_store/location.py:146}}
Jun 26 15:33:47.866344 np0000003746 devstack@g-api.service[99524]: DEBUG glance_store.location [-] Registering scheme swift+config with {'store': , 'location_class': , 'store_entry': 'swift'} {{(pid=99524) register_scheme_map /opt/stack/data/venv/lib/python3.12/site-packages/glance_store/location.py:146}}
Jun 26 15:33:47.866518 np0000003746 devstack@g-api.service[99524]: DEBUG glance_store.backend [-] Attempting to import store swift {{(pid=99524) _load_store /opt/stack/data/venv/lib/python3.12/site-packages/glance_store/backend.py:215}}
Jun 26 15:33:47.867458 np0000003746 devstack@g-api.service[99524]: DEBUG glance_store.capabilities [-] Store glance_store._drivers.swift.store.SingleTenantStore doesn't support updating dynamic storage capabilities. Please overwrite 'update_capabilities' method of the store to implement updating logics if needed. {{(pid=99524) update_capabilities /opt/stack/data/venv/lib/python3.12/site-packages/glance_store/capabilities.py:91}}
Jun 26 15:33:47.867508 np0000003746 devstack@g-api.service[99524]: DEBUG glance_store.driver [-] Late loading location class glance_store._drivers.swift.store.StoreLocation {{(pid=99524) get_store_location_class /opt/stack/data/venv/lib/python3.12/site-packages/glance_store/driver.py:134}}
Jun 26 15:33:47.867569 np0000003746 devstack@g-api.service[99524]: DEBUG glance_store.location [-] Registering scheme swift+https with {'store': , 'location_class': , 'store_entry': 'swift'} {{(pid=99524) register_scheme_map /opt/stack/data/venv/lib/python3.12/site-packages/glance_store/location.py:146}}
Jun 26 15:33:47.867612 np0000003746 devstack@g-api.service[99524]: DEBUG glance_store.location [-] Registering scheme swift+https with {'store': , 'location_class': , 'store_entry': 'swift'} {{(pid=99524) register_scheme_map /opt/stack/data/venv/lib/python3.12/site-packages/glance_store/location.py:146}}
Jun 26 15:33:47.867654 np0000003746 devstack@g-api.service[99524]: DEBUG glance_store.location [-] Registering scheme swift with {'store': , 'location_class': , 'store_entry': 'swift'} {{(pid=99524) register_scheme_map /opt/stack/data/venv/lib/python3.12/site-packages/glance_store/location.py:146}}
Jun 26 15:33:47.867713 np0000003746 devstack@g-api.service[99524]: DEBUG glance_store.location [-] Registering scheme swift+https with {'store': , 'location_class': , 'store_entry': 'swift'} {{(pid=99524) register_scheme_map /opt/stack/data/venv/lib/python3.12/site-packages/glance_store/location.py:146}}
Jun 26 15:33:47.867758 np0000003746 devstack@g-api.service[99524]: DEBUG glance_store.location [-] Registering scheme swift with {'store': , 'location_class': , 'store_entry': 'swift'} {{(pid=99524) register_scheme_map /opt/stack/data/venv/lib/python3.12/site-packages/glance_store/location.py:146}}
Jun 26 15:33:47.867799 np0000003746 devstack@g-api.service[99524]: DEBUG glance_store.location [-] Registering scheme swift+http with {'store': , 'location_class': , 'store_entry': 'swift'} {{(pid=99524) register_scheme_map /opt/stack/data/venv/lib/python3.12/site-packages/glance_store/location.py:146}}
Jun 26 15:33:47.867839 np0000003746 devstack@g-api.service[99524]: DEBUG glance_store.location [-] Registering scheme swift+https with {'store': , 'location_class': , 'store_entry': 'swift'} {{(pid=99524) register_scheme_map /opt/stack/data/venv/lib/python3.12/site-packages/glance_store/location.py:146}}
Jun 26 15:33:47.867894 np0000003746 devstack@g-api.service[99524]: DEBUG glance_store.location [-] Registering scheme swift with {'store': , 'location_class': , 'store_entry': 'swift'} {{(pid=99524) register_scheme_map /opt/stack/data/venv/lib/python3.12/site-packages/glance_store/location.py:146}}
Jun 26 15:33:47.867986 np0000003746 devstack@g-api.service[99524]: DEBUG glance_store.location [-] Registering scheme swift+http with {'store': , 'location_class': , 'store_entry': 'swift'} {{(pid=99524) register_scheme_map /opt/stack/data/venv/lib/python3.12/site-packages/glance_store/location.py:146}}
Jun 26 15:33:47.868028 np0000003746 devstack@g-api.service[99524]: DEBUG glance_store.location [-] Registering scheme swift+config with {'store': , 'location_class': , 'store_entry': 'swift'} {{(pid=99524) register_scheme_map /opt/stack/data/venv/lib/python3.12/site-packages/glance_store/location.py:146}}
Jun 26 15:33:47.868315 np0000003746 devstack@g-api.service[99524]: DEBUG glance.sqlite_migration [-] SQLite caching database not located, skipping migration {{(pid=99524) get_db_path /opt/stack/glance/glance/sqlite_migration.py:68}}
Jun 26 15:33:47.868500 np0000003746 devstack@g-api.service[99524]: WARNING glance.common.wsgi_app [-] Import methods are enabled but staging directory /tmp/staging/ does not exist; Imports will fail!
Jun 26 15:33:47.972645 np0000003746 devstack@g-api.service[99526]: DEBUG glance.common.config [None req-c4e95b00-5b1f-44e0-80d5-6f1a49b6719f None None] Loading glance-api-keystone+cachemanagement from /etc/glance/glance-api-paste.ini {{(pid=99526) load_paste_app /opt/stack/glance/glance/common/config.py:759}}
Jun 26 15:33:47.974113 np0000003746 devstack@g-api.service[99525]: DEBUG glance.common.config [None req-ca59ebed-fef3-4483-8e8f-c735ab6ce0b7 None None] Loading glance-api-keystone+cachemanagement from /etc/glance/glance-api-paste.ini {{(pid=99525) load_paste_app /opt/stack/glance/glance/common/config.py:759}}
Jun 26 15:33:48.016144 np0000003746 devstack@g-api.service[99524]: DEBUG glance.common.config [None req-403c1c5d-27a6-46a1-bfd1-4159b9354b7a None None] Loading glance-api-keystone+cachemanagement from /etc/glance/glance-api-paste.ini {{(pid=99524) load_paste_app /opt/stack/glance/glance/common/config.py:759}}
Jun 26 15:33:48.641636 np0000003746 devstack@g-api.service[99524]: INFO glance.image_cache [None req-403c1c5d-27a6-46a1-bfd1-4159b9354b7a None None] Image cache loaded driver 'centralized_db'.
Jun 26 15:33:48.644195 np0000003746 devstack@g-api.service[99526]: INFO glance.image_cache [None req-c4e95b00-5b1f-44e0-80d5-6f1a49b6719f None None] Image cache loaded driver 'centralized_db'.
Jun 26 15:33:48.645551 np0000003746 devstack@g-api.service[99525]: INFO glance.image_cache [None req-ca59ebed-fef3-4483-8e8f-c735ab6ce0b7 None None] Image cache loaded driver 'centralized_db'.
Jun 26 15:33:48.687440 np0000003746 devstack@g-api.service[99526]: INFO dbcounter [None req-c4e95b00-5b1f-44e0-80d5-6f1a49b6719f None None] Registered counter for database glance
Jun 26 15:33:48.688049 np0000003746 devstack@g-api.service[99524]: INFO dbcounter [None req-403c1c5d-27a6-46a1-bfd1-4159b9354b7a None None] Registered counter for database glance
Jun 26 15:33:48.689313 np0000003746 devstack@g-api.service[99525]: INFO dbcounter [None req-ca59ebed-fef3-4483-8e8f-c735ab6ce0b7 None None] Registered counter for database glance
Jun 26 15:33:48.726793 np0000003746 devstack@g-api.service[99524]: DEBUG oslo_db.sqlalchemy.engines [None req-403c1c5d-27a6-46a1-bfd1-4159b9354b7a None None] MySQL server mode set to STRICT_TRANS_TABLES,STRICT_ALL_TABLES,NO_ZERO_IN_DATE,NO_ZERO_DATE,ERROR_FOR_DIVISION_BY_ZERO,TRADITIONAL,NO_ENGINE_SUBSTITUTION {{(pid=99524) _check_effective_sql_mode /opt/stack/data/venv/lib/python3.12/site-packages/oslo_db/sqlalchemy/engines.py:325}}
Jun 26 15:33:48.727440 np0000003746 devstack@g-api.service[99525]: DEBUG oslo_db.sqlalchemy.engines [None req-ca59ebed-fef3-4483-8e8f-c735ab6ce0b7 None None] MySQL server mode set to STRICT_TRANS_TABLES,STRICT_ALL_TABLES,NO_ZERO_IN_DATE,NO_ZERO_DATE,ERROR_FOR_DIVISION_BY_ZERO,TRADITIONAL,NO_ENGINE_SUBSTITUTION {{(pid=99525) _check_effective_sql_mode /opt/stack/data/venv/lib/python3.12/site-packages/oslo_db/sqlalchemy/engines.py:325}}
Jun 26 15:33:48.730676 np0000003746 devstack@g-api.service[99526]: DEBUG oslo_db.sqlalchemy.engines [None req-c4e95b00-5b1f-44e0-80d5-6f1a49b6719f None None] MySQL server mode set to STRICT_TRANS_TABLES,STRICT_ALL_TABLES,NO_ZERO_IN_DATE,NO_ZERO_DATE,ERROR_FOR_DIVISION_BY_ZERO,TRADITIONAL,NO_ENGINE_SUBSTITUTION {{(pid=99526) _check_effective_sql_mode /opt/stack/data/venv/lib/python3.12/site-packages/oslo_db/sqlalchemy/engines.py:325}}
Jun 26 15:33:48.746799 np0000003746 devstack@g-api.service[99525]: DEBUG dbcounter [-] [99525] Writer thread running {{(pid=99525) stat_writer /opt/stack/data/venv/lib/python3.12/site-packages/dbcounter.py:102}}
Jun 26 15:33:48.750550 np0000003746 devstack@g-api.service[99524]: DEBUG dbcounter [-] [99524] Writer thread running {{(pid=99524) stat_writer /opt/stack/data/venv/lib/python3.12/site-packages/dbcounter.py:102}}
Jun 26 15:33:48.751783 np0000003746 devstack@g-api.service[99526]: DEBUG dbcounter [-] [99526] Writer thread running {{(pid=99526) stat_writer /opt/stack/data/venv/lib/python3.12/site-packages/dbcounter.py:102}}
Jun 26 15:33:48.753764 np0000003746 devstack@g-api.service[99524]: DEBUG glance.image_cache.drivers.centralized_db [None req-403c1c5d-27a6-46a1-bfd1-4159b9354b7a None None] Node reference is already recorded, ignoring it {{(pid=99524) configure /opt/stack/glance/glance/image_cache/drivers/centralized_db.py:71}}
Jun 26 15:33:48.754485 np0000003746 devstack@g-api.service[99526]: DEBUG glance.image_cache.drivers.centralized_db [None req-c4e95b00-5b1f-44e0-80d5-6f1a49b6719f None None] Node reference is already recorded, ignoring it {{(pid=99526) configure /opt/stack/glance/glance/image_cache/drivers/centralized_db.py:71}}
Jun 26 15:33:48.758835 np0000003746 devstack@g-api.service[99525]: INFO glance.image_cache [None req-ca59ebed-fef3-4483-8e8f-c735ab6ce0b7 None None] Image cache loaded driver 'centralized_db'.
Jun 26 15:33:48.759317 np0000003746 devstack@g-api.service[99524]: INFO glance.image_cache [None req-403c1c5d-27a6-46a1-bfd1-4159b9354b7a None None] Image cache loaded driver 'centralized_db'.
Jun 26 15:33:48.761937 np0000003746 devstack@g-api.service[99526]: INFO glance.image_cache [None req-c4e95b00-5b1f-44e0-80d5-6f1a49b6719f None None] Image cache loaded driver 'centralized_db'.
Jun 26 15:33:48.770061 np0000003746 devstack@g-api.service[99524]: DEBUG glance.image_cache.drivers.centralized_db [None req-403c1c5d-27a6-46a1-bfd1-4159b9354b7a None None] Node reference is already recorded, ignoring it {{(pid=99524) configure /opt/stack/glance/glance/image_cache/drivers/centralized_db.py:71}}
Jun 26 15:33:48.855402 np0000003746 devstack@g-api.service[99525]: DEBUG glance.image_cache.drivers.centralized_db [None req-ca59ebed-fef3-4483-8e8f-c735ab6ce0b7 None None] Node reference is already recorded, ignoring it {{(pid=99525) configure /opt/stack/glance/glance/image_cache/drivers/centralized_db.py:71}}
Jun 26 15:33:48.859635 np0000003746 devstack@g-api.service[99525]: DEBUG glance.api.v2.cached_images [None req-ca59ebed-fef3-4483-8e8f-c735ab6ce0b7 None None] Started cache worker thread {{(pid=99525) __init__ /opt/stack/glance/glance/api/v2/cached_images.py:69}}
Jun 26 15:33:48.860230 np0000003746 devstack@g-api.service[99525]: INFO glance.image_cache [None req-ca59ebed-fef3-4483-8e8f-c735ab6ce0b7 None None] Image cache loaded driver 'centralized_db'.
Jun 26 15:33:48.866675 np0000003746 devstack@g-api.service[99525]: DEBUG glance.image_cache.drivers.centralized_db [None req-ca59ebed-fef3-4483-8e8f-c735ab6ce0b7 None None] Node reference is already recorded, ignoring it {{(pid=99525) configure /opt/stack/glance/glance/image_cache/drivers/centralized_db.py:71}}
Jun 26 15:33:48.871089 np0000003746 devstack@g-api.service[99525]: INFO glance.api.middleware.cache_manage [None req-ca59ebed-fef3-4483-8e8f-c735ab6ce0b7 None None] Initialized image cache management middleware
Jun 26 15:33:48.871271 np0000003746 devstack@g-api.service[99525]: INFO glance.image_cache [None req-ca59ebed-fef3-4483-8e8f-c735ab6ce0b7 None None] Image cache loaded driver 'centralized_db'.
Jun 26 15:33:48.873272 np0000003746 devstack@g-api.service[99526]: DEBUG glance.image_cache.drivers.centralized_db [None req-c4e95b00-5b1f-44e0-80d5-6f1a49b6719f None None] Node reference is already recorded, ignoring it {{(pid=99526) configure /opt/stack/glance/glance/image_cache/drivers/centralized_db.py:71}}
Jun 26 15:33:48.877418 np0000003746 devstack@g-api.service[99525]: DEBUG glance.image_cache.drivers.centralized_db [None req-ca59ebed-fef3-4483-8e8f-c735ab6ce0b7 None None] Node reference is already recorded, ignoring it {{(pid=99525) configure /opt/stack/glance/glance/image_cache/drivers/centralized_db.py:71}}
Jun 26 15:33:48.878204 np0000003746 devstack@g-api.service[99526]: DEBUG glance.api.v2.cached_images [None req-c4e95b00-5b1f-44e0-80d5-6f1a49b6719f None None] Started cache worker thread {{(pid=99526) __init__ /opt/stack/glance/glance/api/v2/cached_images.py:69}}
Jun 26 15:33:48.878812 np0000003746 devstack@g-api.service[99526]: INFO glance.image_cache [None req-c4e95b00-5b1f-44e0-80d5-6f1a49b6719f None None] Image cache loaded driver 'centralized_db'.
Jun 26 15:33:48.880505 np0000003746 devstack@g-api.service[99524]: DEBUG glance.api.v2.cached_images [None req-403c1c5d-27a6-46a1-bfd1-4159b9354b7a None None] Started cache worker thread {{(pid=99524) __init__ /opt/stack/glance/glance/api/v2/cached_images.py:69}}
Jun 26 15:33:48.881376 np0000003746 devstack@g-api.service[99525]: INFO glance.api.middleware.cache [None req-ca59ebed-fef3-4483-8e8f-c735ab6ce0b7 None None] Initialized image cache middleware
Jun 26 15:33:48.881624 np0000003746 devstack@g-api.service[99524]: INFO glance.image_cache [None req-403c1c5d-27a6-46a1-bfd1-4159b9354b7a None None] Image cache loaded driver 'centralized_db'.
Jun 26 15:33:48.886572 np0000003746 devstack@g-api.service[99526]: DEBUG glance.image_cache.drivers.centralized_db [None req-c4e95b00-5b1f-44e0-80d5-6f1a49b6719f None None] Node reference is already recorded, ignoring it {{(pid=99526) configure /opt/stack/glance/glance/image_cache/drivers/centralized_db.py:71}}
Jun 26 15:33:48.891753 np0000003746 devstack@g-api.service[99526]: INFO glance.api.middleware.cache_manage [None req-c4e95b00-5b1f-44e0-80d5-6f1a49b6719f None None] Initialized image cache management middleware
Jun 26 15:33:48.891917 np0000003746 devstack@g-api.service[99526]: INFO glance.image_cache [None req-c4e95b00-5b1f-44e0-80d5-6f1a49b6719f None None] Image cache loaded driver 'centralized_db'.
Jun 26 15:33:48.893121 np0000003746 devstack@g-api.service[99525]: DEBUG glance.common.config [None req-ca59ebed-fef3-4483-8e8f-c735ab6ce0b7 None None] ******************************************************************************** {{(pid=99525) log_opt_values /opt/stack/data/venv/lib/python3.12/site-packages/oslo_config/cfg.py:3226}}
Jun 26 15:33:48.893260 np0000003746 devstack@g-api.service[99525]: DEBUG glance.common.config [None req-ca59ebed-fef3-4483-8e8f-c735ab6ce0b7 None None] Configuration options gathered from: {{(pid=99525) log_opt_values /opt/stack/data/venv/lib/python3.12/site-packages/oslo_config/cfg.py:3227}}
Jun 26 15:33:48.893583 np0000003746 devstack@g-api.service[99525]: DEBUG glance.common.config [None req-ca59ebed-fef3-4483-8e8f-c735ab6ce0b7 None None] command line args: [] {{(pid=99525) log_opt_values /opt/stack/data/venv/lib/python3.12/site-packages/oslo_config/cfg.py:3228}}
Jun 26 15:33:48.893643 np0000003746 devstack@g-api.service[99524]: DEBUG glance.image_cache.drivers.centralized_db [None req-403c1c5d-27a6-46a1-bfd1-4159b9354b7a None None] Node reference is already recorded, ignoring it {{(pid=99524) configure /opt/stack/glance/glance/image_cache/drivers/centralized_db.py:71}}
Jun 26 15:33:48.893760 np0000003746 devstack@g-api.service[99525]: DEBUG glance.common.config [None req-ca59ebed-fef3-4483-8e8f-c735ab6ce0b7 None None] config files: ['/etc/glance/glance-image-import.conf', '/etc/glance/glance-api.conf'] {{(pid=99525) log_opt_values /opt/stack/data/venv/lib/python3.12/site-packages/oslo_config/cfg.py:3229}}
Jun 26 15:33:48.893874 np0000003746 devstack@g-api.service[99525]: DEBUG glance.common.config [None req-ca59ebed-fef3-4483-8e8f-c735ab6ce0b7 None None] ================================================================================ {{(pid=99525) log_opt_values /opt/stack/data/venv/lib/python3.12/site-packages/oslo_config/cfg.py:3234}}
Jun 26 15:33:48.894053 np0000003746 devstack@g-api.service[99525]: DEBUG glance.common.config [None req-ca59ebed-fef3-4483-8e8f-c735ab6ce0b7 None None] allow_anonymous_access = False {{(pid=99525) log_opt_values /opt/stack/data/venv/lib/python3.12/site-packages/oslo_config/cfg.py:3242}}
Jun 26 15:33:48.894275 np0000003746 devstack@g-api.service[99525]: DEBUG glance.common.config [None req-ca59ebed-fef3-4483-8e8f-c735ab6ce0b7 None None] api_limit_max = 1000 {{(pid=99525) log_opt_values /opt/stack/data/venv/lib/python3.12/site-packages/oslo_config/cfg.py:3242}}
Jun 26 15:33:48.894357 np0000003746 devstack@g-api.service[99525]: DEBUG glance.common.config [None req-ca59ebed-fef3-4483-8e8f-c735ab6ce0b7 None None] backlog = 4096 {{(pid=99525) log_opt_values /opt/stack/data/venv/lib/python3.12/site-packages/oslo_config/cfg.py:3242}}
Jun 26 15:33:48.894542 np0000003746 devstack@g-api.service[99525]: DEBUG glance.common.config [None req-ca59ebed-fef3-4483-8e8f-c735ab6ce0b7 None None] bind_host = 0.0.0.0 {{(pid=99525) log_opt_values /opt/stack/data/venv/lib/python3.12/site-packages/oslo_config/cfg.py:3242}}
Jun 26 15:33:48.894692 np0000003746 devstack@g-api.service[99525]: DEBUG glance.common.config [None req-ca59ebed-fef3-4483-8e8f-c735ab6ce0b7 None None] bind_port = 19292 {{(pid=99525) log_opt_values /opt/stack/data/venv/lib/python3.12/site-packages/oslo_config/cfg.py:3242}}
Jun 26 15:33:48.894830 np0000003746 devstack@g-api.service[99525]: DEBUG glance.common.config [None req-ca59ebed-fef3-4483-8e8f-c735ab6ce0b7 None None] client_socket_timeout = 900 {{(pid=99525) log_opt_values /opt/stack/data/venv/lib/python3.12/site-packages/oslo_config/cfg.py:3242}}
Jun 26 15:33:48.894981 np0000003746 devstack@g-api.service[99525]: DEBUG glance.common.config [None req-ca59ebed-fef3-4483-8e8f-c735ab6ce0b7 None None] config_dir = [] {{(pid=99525) log_opt_values /opt/stack/data/venv/lib/python3.12/site-packages/oslo_config/cfg.py:3242}}
Jun 26 15:33:48.895114 np0000003746 devstack@g-api.service[99525]: DEBUG glance.common.config [None req-ca59ebed-fef3-4483-8e8f-c735ab6ce0b7 None None] config_file = ['/etc/glance/glance-image-import.conf', '/etc/glance/glance-api.conf'] {{(pid=99525) log_opt_values /opt/stack/data/venv/lib/python3.12/site-packages/oslo_config/cfg.py:3242}}
Jun 26 15:33:48.895271 np0000003746 devstack@g-api.service[99525]: DEBUG glance.common.config [None req-ca59ebed-fef3-4483-8e8f-c735ab6ce0b7 None None] config_source = [] {{(pid=99525) log_opt_values /opt/stack/data/venv/lib/python3.12/site-packages/oslo_config/cfg.py:3242}}
Jun 26 15:33:48.895425 np0000003746 devstack@g-api.service[99525]: DEBUG glance.common.config [None req-ca59ebed-fef3-4483-8e8f-c735ab6ce0b7 None None] control_exchange = glance {{(pid=99525) log_opt_values /opt/stack/data/venv/lib/python3.12/site-packages/oslo_config/cfg.py:3242}}
Jun 26 15:33:48.895529 np0000003746 devstack@g-api.service[99525]: DEBUG glance.common.config [None req-ca59ebed-fef3-4483-8e8f-c735ab6ce0b7 None None] debug = True {{(pid=99525) log_opt_values /opt/stack/data/venv/lib/python3.12/site-packages/oslo_config/cfg.py:3242}}
Jun 26 15:33:48.895767 np0000003746 devstack@g-api.service[99525]: DEBUG glance.common.config [None req-ca59ebed-fef3-4483-8e8f-c735ab6ce0b7 None None] default_log_levels = ['amqp=WARN', 'boto=WARN', 'sqlalchemy=WARN', 'suds=INFO', 'oslo.messaging=INFO', 'oslo_messaging=INFO', 'iso8601=WARN', 'requests.packages.urllib3.connectionpool=WARN', 'urllib3.connectionpool=WARN', 'websocket=WARN', 'requests.packages.urllib3.util.retry=WARN', 'urllib3.util.retry=WARN', 'keystonemiddleware=WARN', 'routes.middleware=WARN', 'stevedore=WARN', 'taskflow=WARN', 'keystoneauth=WARN', 'oslo.cache=INFO', 'oslo_policy=INFO', 'dogpile.core.dogpile=INFO'] {{(pid=99525) log_opt_values /opt/stack/data/venv/lib/python3.12/site-packages/oslo_config/cfg.py:3242}}
Jun 26 15:33:48.895908 np0000003746 devstack@g-api.service[99525]: DEBUG glance.common.config [None req-ca59ebed-fef3-4483-8e8f-c735ab6ce0b7 None None] default_publisher_id = image.localhost {{(pid=99525) log_opt_values /opt/stack/data/venv/lib/python3.12/site-packages/oslo_config/cfg.py:3242}}
Jun 26 15:33:48.896076 np0000003746 devstack@g-api.service[99525]: DEBUG glance.common.config [None req-ca59ebed-fef3-4483-8e8f-c735ab6ce0b7 None None] delayed_delete = False {{(pid=99525) log_opt_values /opt/stack/data/venv/lib/python3.12/site-packages/oslo_config/cfg.py:3242}}
Jun 26 15:33:48.896222 np0000003746 devstack@g-api.service[99525]: DEBUG glance.common.config [None req-ca59ebed-fef3-4483-8e8f-c735ab6ce0b7 None None] digest_algorithm = sha256 {{(pid=99525) log_opt_values /opt/stack/data/venv/lib/python3.12/site-packages/oslo_config/cfg.py:3242}}
Jun 26 15:33:48.896367 np0000003746 devstack@g-api.service[99525]: DEBUG glance.common.config [None req-ca59ebed-fef3-4483-8e8f-c735ab6ce0b7 None None] disabled_notifications = [] {{(pid=99525) log_opt_values /opt/stack/data/venv/lib/python3.12/site-packages/oslo_config/cfg.py:3242}}
Jun 26 15:33:48.896504 np0000003746 devstack@g-api.service[99525]: DEBUG glance.common.config [None req-ca59ebed-fef3-4483-8e8f-c735ab6ce0b7 None None] do_secure_hash = True {{(pid=99525) log_opt_values /opt/stack/data/venv/lib/python3.12/site-packages/oslo_config/cfg.py:3242}}
Jun 26 15:33:48.896640 np0000003746 devstack@g-api.service[99525]: DEBUG glance.common.config [None req-ca59ebed-fef3-4483-8e8f-c735ab6ce0b7 None None] enabled_backends = None {{(pid=99525) log_opt_values /opt/stack/data/venv/lib/python3.12/site-packages/oslo_config/cfg.py:3242}}
Jun 26 15:33:48.896826 np0000003746 devstack@g-api.service[99525]: DEBUG glance.common.config [None req-ca59ebed-fef3-4483-8e8f-c735ab6ce0b7 None None] enabled_import_methods = ['glance-direct', 'web-download', 'copy-image'] {{(pid=99525) log_opt_values /opt/stack/data/venv/lib/python3.12/site-packages/oslo_config/cfg.py:3242}}
Jun 26 15:33:48.896977 np0000003746 devstack@g-api.service[99525]: DEBUG glance.common.config [None req-ca59ebed-fef3-4483-8e8f-c735ab6ce0b7 None None] fatal_deprecations = False {{(pid=99525) log_opt_values /opt/stack/data/venv/lib/python3.12/site-packages/oslo_config/cfg.py:3242}}
Jun 26 15:33:48.897130 np0000003746 devstack@g-api.service[99525]: DEBUG glance.common.config [None req-ca59ebed-fef3-4483-8e8f-c735ab6ce0b7 None None] hashing_algorithm = sha512 {{(pid=99525) log_opt_values /opt/stack/data/venv/lib/python3.12/site-packages/oslo_config/cfg.py:3242}}
Jun 26 15:33:48.897268 np0000003746 devstack@g-api.service[99525]: DEBUG glance.common.config [None req-ca59ebed-fef3-4483-8e8f-c735ab6ce0b7 None None] http_keepalive = True {{(pid=99525) log_opt_values /opt/stack/data/venv/lib/python3.12/site-packages/oslo_config/cfg.py:3242}}
Jun 26 15:33:48.897407 np0000003746 devstack@g-api.service[99525]: DEBUG glance.common.config [None req-ca59ebed-fef3-4483-8e8f-c735ab6ce0b7 None None] http_retries = 3 {{(pid=99525) log_opt_values /opt/stack/data/venv/lib/python3.12/site-packages/oslo_config/cfg.py:3242}}
Jun 26 15:33:48.897552 np0000003746 devstack@g-api.service[99525]: DEBUG glance.common.config [None req-ca59ebed-fef3-4483-8e8f-c735ab6ce0b7 None None] image_cache_dir = /opt/stack/data/glance/cache/ {{(pid=99525) log_opt_values /opt/stack/data/venv/lib/python3.12/site-packages/oslo_config/cfg.py:3242}}
Jun 26 15:33:48.897696 np0000003746 devstack@g-api.service[99525]: DEBUG glance.common.config [None req-ca59ebed-fef3-4483-8e8f-c735ab6ce0b7 None None] image_cache_driver = centralized_db {{(pid=99525) log_opt_values /opt/stack/data/venv/lib/python3.12/site-packages/oslo_config/cfg.py:3242}}
Jun 26 15:33:48.897831 np0000003746 devstack@g-api.service[99525]: DEBUG glance.common.config [None req-ca59ebed-fef3-4483-8e8f-c735ab6ce0b7 None None] image_cache_max_size = 10737418240 {{(pid=99525) log_opt_values /opt/stack/data/venv/lib/python3.12/site-packages/oslo_config/cfg.py:3242}}
Jun 26 15:33:48.897983 np0000003746 devstack@g-api.service[99525]: DEBUG glance.common.config [None req-ca59ebed-fef3-4483-8e8f-c735ab6ce0b7 None None] image_cache_sqlite_db = cache.db {{(pid=99525) log_opt_values /opt/stack/data/venv/lib/python3.12/site-packages/oslo_config/cfg.py:3242}}
Jun 26 15:33:48.898139 np0000003746 devstack@g-api.service[99525]: DEBUG glance.common.config [None req-ca59ebed-fef3-4483-8e8f-c735ab6ce0b7 None None] image_cache_stall_time = 86400 {{(pid=99525) log_opt_values /opt/stack/data/venv/lib/python3.12/site-packages/oslo_config/cfg.py:3242}}
Jun 26 15:33:48.898275 np0000003746 devstack@g-api.service[99525]: DEBUG glance.common.config [None req-ca59ebed-fef3-4483-8e8f-c735ab6ce0b7 None None] image_location_quota = 10 {{(pid=99525) log_opt_values /opt/stack/data/venv/lib/python3.12/site-packages/oslo_config/cfg.py:3242}}
Jun 26 15:33:48.898411 np0000003746 devstack@g-api.service[99525]: DEBUG glance.common.config [None req-ca59ebed-fef3-4483-8e8f-c735ab6ce0b7 None None] image_member_quota = 128 {{(pid=99525) log_opt_values /opt/stack/data/venv/lib/python3.12/site-packages/oslo_config/cfg.py:3242}}
Jun 26 15:33:48.898547 np0000003746 devstack@g-api.service[99525]: DEBUG glance.common.config [None req-ca59ebed-fef3-4483-8e8f-c735ab6ce0b7 None None] image_property_quota = 128 {{(pid=99525) log_opt_values /opt/stack/data/venv/lib/python3.12/site-packages/oslo_config/cfg.py:3242}}
Jun 26 15:33:48.898681 np0000003746 devstack@g-api.service[99525]: DEBUG glance.common.config [None req-ca59ebed-fef3-4483-8e8f-c735ab6ce0b7 None None] image_size_cap = 1099511627776 {{(pid=99525) log_opt_values /opt/stack/data/venv/lib/python3.12/site-packages/oslo_config/cfg.py:3242}}
Jun 26 15:33:48.898814 np0000003746 devstack@g-api.service[99525]: DEBUG glance.common.config [None req-ca59ebed-fef3-4483-8e8f-c735ab6ce0b7 None None] image_tag_quota = 128 {{(pid=99525) log_opt_values /opt/stack/data/venv/lib/python3.12/site-packages/oslo_config/cfg.py:3242}}
Jun 26 15:33:48.898963 np0000003746 devstack@g-api.service[99525]: DEBUG glance.common.config [None req-ca59ebed-fef3-4483-8e8f-c735ab6ce0b7 None None] instance_format = [instance: %(uuid)s] {{(pid=99525) log_opt_values /opt/stack/data/venv/lib/python3.12/site-packages/oslo_config/cfg.py:3242}}
Jun 26 15:33:48.899119 np0000003746 devstack@g-api.service[99525]: DEBUG glance.common.config [None req-ca59ebed-fef3-4483-8e8f-c735ab6ce0b7 None None] instance_uuid_format = [instance: %(uuid)s] {{(pid=99525) log_opt_values /opt/stack/data/venv/lib/python3.12/site-packages/oslo_config/cfg.py:3242}}
Jun 26 15:33:48.899259 np0000003746 devstack@g-api.service[99525]: DEBUG glance.common.config [None req-ca59ebed-fef3-4483-8e8f-c735ab6ce0b7 None None] limit_param_default = 25 {{(pid=99525) log_opt_values /opt/stack/data/venv/lib/python3.12/site-packages/oslo_config/cfg.py:3242}}
Jun 26 15:33:48.899404 np0000003746 devstack@g-api.service[99525]: DEBUG glance.common.config [None req-ca59ebed-fef3-4483-8e8f-c735ab6ce0b7 None None] log_color = False {{(pid=99525) log_opt_values /opt/stack/data/venv/lib/python3.12/site-packages/oslo_config/cfg.py:3242}}
Jun 26 15:33:48.899570 np0000003746 devstack@g-api.service[99525]: DEBUG glance.common.config [None req-ca59ebed-fef3-4483-8e8f-c735ab6ce0b7 None None] log_config_append = None {{(pid=99525) log_opt_values /opt/stack/data/venv/lib/python3.12/site-packages/oslo_config/cfg.py:3242}}
Jun 26 15:33:48.899698 np0000003746 devstack@g-api.service[99525]: DEBUG glance.common.config [None req-ca59ebed-fef3-4483-8e8f-c735ab6ce0b7 None None] log_date_format = %Y-%m-%d %H:%M:%S {{(pid=99525) log_opt_values /opt/stack/data/venv/lib/python3.12/site-packages/oslo_config/cfg.py:3242}}
Jun 26 15:33:48.899829 np0000003746 devstack@g-api.service[99525]: DEBUG glance.common.config [None req-ca59ebed-fef3-4483-8e8f-c735ab6ce0b7 None None] log_dir = None {{(pid=99525) log_opt_values /opt/stack/data/venv/lib/python3.12/site-packages/oslo_config/cfg.py:3242}}
Jun 26 15:33:48.899965 np0000003746 devstack@g-api.service[99526]: DEBUG glance.image_cache.drivers.centralized_db [None req-c4e95b00-5b1f-44e0-80d5-6f1a49b6719f None None] Node reference is already recorded, ignoring it {{(pid=99526) configure /opt/stack/glance/glance/image_cache/drivers/centralized_db.py:71}}
Jun 26 15:33:48.900018 np0000003746 devstack@g-api.service[99525]: DEBUG glance.common.config [None req-ca59ebed-fef3-4483-8e8f-c735ab6ce0b7 None None] log_file = None {{(pid=99525) log_opt_values /opt/stack/data/venv/lib/python3.12/site-packages/oslo_config/cfg.py:3242}}
Jun 26 15:33:48.900108 np0000003746 devstack@g-api.service[99525]: DEBUG glance.common.config [None req-ca59ebed-fef3-4483-8e8f-c735ab6ce0b7 None None] log_rotate_interval = 1 {{(pid=99525) log_opt_values /opt/stack/data/venv/lib/python3.12/site-packages/oslo_config/cfg.py:3242}}
Jun 26 15:33:48.900246 np0000003746 devstack@g-api.service[99525]: DEBUG glance.common.config [None req-ca59ebed-fef3-4483-8e8f-c735ab6ce0b7 None None] log_rotate_interval_type = days {{(pid=99525) log_opt_values /opt/stack/data/venv/lib/python3.12/site-packages/oslo_config/cfg.py:3242}}
Jun 26 15:33:48.900379 np0000003746 devstack@g-api.service[99525]: DEBUG glance.common.config [None req-ca59ebed-fef3-4483-8e8f-c735ab6ce0b7 None None] log_rotation_type = none {{(pid=99525) log_opt_values /opt/stack/data/venv/lib/python3.12/site-packages/oslo_config/cfg.py:3242}}
Jun 26 15:33:48.900488 np0000003746 devstack@g-api.service[99525]: DEBUG glance.common.config [None req-ca59ebed-fef3-4483-8e8f-c735ab6ce0b7 None None] logging_context_format_string = %(color)s%(levelname)s %(name)s [%(global_request_id)s %(request_id)s %(project_name)s %(user_name)s%(color)s] %(instance)s%(color)s%(message)s {{(pid=99525) log_opt_values /opt/stack/data/venv/lib/python3.12/site-packages/oslo_config/cfg.py:3242}}
Jun 26 15:33:48.900589 np0000003746 devstack@g-api.service[99525]: DEBUG glance.common.config [None req-ca59ebed-fef3-4483-8e8f-c735ab6ce0b7 None None] logging_debug_format_suffix = {{(pid=%(process)d) %(funcName)s %(pathname)s:%(lineno)d}} {{(pid=99525) log_opt_values /opt/stack/data/venv/lib/python3.12/site-packages/oslo_config/cfg.py:3242}}
Jun 26 15:33:48.900722 np0000003746 devstack@g-api.service[99525]: DEBUG glance.common.config [None req-ca59ebed-fef3-4483-8e8f-c735ab6ce0b7 None None] logging_default_format_string = %(color)s%(levelname)s %(name)s [-%(color)s] %(instance)s%(color)s%(message)s {{(pid=99525) log_opt_values /opt/stack/data/venv/lib/python3.12/site-packages/oslo_config/cfg.py:3242}}
Jun 26 15:33:48.900852 np0000003746 devstack@g-api.service[99525]: DEBUG glance.common.config [None req-ca59ebed-fef3-4483-8e8f-c735ab6ce0b7 None None] logging_exception_prefix = ERROR %(name)s %(instance)s {{(pid=99525) log_opt_values /opt/stack/data/venv/lib/python3.12/site-packages/oslo_config/cfg.py:3242}}
Jun 26 15:33:48.900956 np0000003746 devstack@g-api.service[99525]: DEBUG glance.common.config [None req-ca59ebed-fef3-4483-8e8f-c735ab6ce0b7 None None] logging_user_identity_format = %(user)s %(project)s %(domain)s %(system_scope)s %(user_domain)s %(project_domain)s {{(pid=99525) log_opt_values /opt/stack/data/venv/lib/python3.12/site-packages/oslo_config/cfg.py:3242}}
Jun 26 15:33:48.901104 np0000003746 devstack@g-api.service[99525]: DEBUG glance.common.config [None req-ca59ebed-fef3-4483-8e8f-c735ab6ce0b7 None None] max_header_line = 16384 {{(pid=99525) log_opt_values /opt/stack/data/venv/lib/python3.12/site-packages/oslo_config/cfg.py:3242}}
Jun 26 15:33:48.901231 np0000003746 devstack@g-api.service[99525]: DEBUG glance.common.config [None req-ca59ebed-fef3-4483-8e8f-c735ab6ce0b7 None None] max_logfile_count = 30 {{(pid=99525) log_opt_values /opt/stack/data/venv/lib/python3.12/site-packages/oslo_config/cfg.py:3242}}
Jun 26 15:33:48.901356 np0000003746 devstack@g-api.service[99525]: DEBUG glance.common.config [None req-ca59ebed-fef3-4483-8e8f-c735ab6ce0b7 None None] max_logfile_size_mb = 200 {{(pid=99525) log_opt_values /opt/stack/data/venv/lib/python3.12/site-packages/oslo_config/cfg.py:3242}}
Jun 26 15:33:48.901497 np0000003746 devstack@g-api.service[99525]: DEBUG glance.common.config [None req-ca59ebed-fef3-4483-8e8f-c735ab6ce0b7 None None] max_request_id_length = 64 {{(pid=99525) log_opt_values /opt/stack/data/venv/lib/python3.12/site-packages/oslo_config/cfg.py:3242}}
Jun 26 15:33:48.901610 np0000003746 devstack@g-api.service[99525]: DEBUG glance.common.config [None req-ca59ebed-fef3-4483-8e8f-c735ab6ce0b7 None None] metadata_encryption_key = **** {{(pid=99525) log_opt_values /opt/stack/data/venv/lib/python3.12/site-packages/oslo_config/cfg.py:3242}}
Jun 26 15:33:48.901741 np0000003746 devstack@g-api.service[99525]: DEBUG glance.common.config [None req-ca59ebed-fef3-4483-8e8f-c735ab6ce0b7 None None] node_staging_uri = file:///tmp/staging/ {{(pid=99525) log_opt_values /opt/stack/data/venv/lib/python3.12/site-packages/oslo_config/cfg.py:3242}}
Jun 26 15:33:48.901864 np0000003746 devstack@g-api.service[99525]: DEBUG glance.common.config [None req-ca59ebed-fef3-4483-8e8f-c735ab6ce0b7 None None] property_protection_file = None {{(pid=99525) log_opt_values /opt/stack/data/venv/lib/python3.12/site-packages/oslo_config/cfg.py:3242}}
Jun 26 15:33:48.902005 np0000003746 devstack@g-api.service[99525]: DEBUG glance.common.config [None req-ca59ebed-fef3-4483-8e8f-c735ab6ce0b7 None None] property_protection_rule_format = roles {{(pid=99525) log_opt_values /opt/stack/data/venv/lib/python3.12/site-packages/oslo_config/cfg.py:3242}}
Jun 26 15:33:48.902152 np0000003746 devstack@g-api.service[99525]: DEBUG glance.common.config [None req-ca59ebed-fef3-4483-8e8f-c735ab6ce0b7 None None] public_endpoint = https://10.4.3.83/image {{(pid=99525) log_opt_values /opt/stack/data/venv/lib/python3.12/site-packages/oslo_config/cfg.py:3242}}
Jun 26 15:33:48.902274 np0000003746 devstack@g-api.service[99525]: DEBUG glance.common.config [None req-ca59ebed-fef3-4483-8e8f-c735ab6ce0b7 None None] publish_errors = False {{(pid=99525) log_opt_values /opt/stack/data/venv/lib/python3.12/site-packages/oslo_config/cfg.py:3242}}
Jun 26 15:33:48.902441 np0000003746 devstack@g-api.service[99524]: INFO glance.api.middleware.cache_manage [None req-403c1c5d-27a6-46a1-bfd1-4159b9354b7a None None] Initialized image cache management middleware
Jun 26 15:33:48.902608 np0000003746 devstack@g-api.service[99525]: DEBUG glance.common.config [None req-ca59ebed-fef3-4483-8e8f-c735ab6ce0b7 None None] pydev_worker_debug_host = None {{(pid=99525) log_opt_values /opt/stack/data/venv/lib/python3.12/site-packages/oslo_config/cfg.py:3242}}
Jun 26 15:33:48.902608 np0000003746 devstack@g-api.service[99525]: DEBUG glance.common.config [None req-ca59ebed-fef3-4483-8e8f-c735ab6ce0b7 None None] pydev_worker_debug_port = 5678 {{(pid=99525) log_opt_values /opt/stack/data/venv/lib/python3.12/site-packages/oslo_config/cfg.py:3242}}
Jun 26 15:33:48.902664 np0000003746 devstack@g-api.service[99525]: DEBUG glance.common.config [None req-ca59ebed-fef3-4483-8e8f-c735ab6ce0b7 None None] rate_limit_burst = 0 {{(pid=99525) log_opt_values /opt/stack/data/venv/lib/python3.12/site-packages/oslo_config/cfg.py:3242}}
Jun 26 15:33:48.902714 np0000003746 devstack@g-api.service[99524]: INFO glance.image_cache [None req-403c1c5d-27a6-46a1-bfd1-4159b9354b7a None None] Image cache loaded driver 'centralized_db'.
Jun 26 15:33:48.902782 np0000003746 devstack@g-api.service[99525]: DEBUG glance.common.config [None req-ca59ebed-fef3-4483-8e8f-c735ab6ce0b7 None None] rate_limit_except_level = CRITICAL {{(pid=99525) log_opt_values /opt/stack/data/venv/lib/python3.12/site-packages/oslo_config/cfg.py:3242}}
Jun 26 15:33:48.902910 np0000003746 devstack@g-api.service[99525]: DEBUG glance.common.config [None req-ca59ebed-fef3-4483-8e8f-c735ab6ce0b7 None None] rate_limit_interval = 0 {{(pid=99525) log_opt_values /opt/stack/data/venv/lib/python3.12/site-packages/oslo_config/cfg.py:3242}}
Jun 26 15:33:48.903062 np0000003746 devstack@g-api.service[99525]: DEBUG glance.common.config [None req-ca59ebed-fef3-4483-8e8f-c735ab6ce0b7 None None] scrub_pool_size = 1 {{(pid=99525) log_opt_values /opt/stack/data/venv/lib/python3.12/site-packages/oslo_config/cfg.py:3242}}
Jun 26 15:33:48.903199 np0000003746 devstack@g-api.service[99525]: DEBUG glance.common.config [None req-ca59ebed-fef3-4483-8e8f-c735ab6ce0b7 None None] scrub_time = 0 {{(pid=99525) log_opt_values /opt/stack/data/venv/lib/python3.12/site-packages/oslo_config/cfg.py:3242}}
Jun 26 15:33:48.903315 np0000003746 devstack@g-api.service[99525]: DEBUG glance.common.config [None req-ca59ebed-fef3-4483-8e8f-c735ab6ce0b7 None None] shell_completion = None {{(pid=99525) log_opt_values /opt/stack/data/venv/lib/python3.12/site-packages/oslo_config/cfg.py:3242}}
Jun 26 15:33:48.903451 np0000003746 devstack@g-api.service[99525]: DEBUG glance.common.config [None req-ca59ebed-fef3-4483-8e8f-c735ab6ce0b7 None None] show_image_direct_url = False {{(pid=99525) log_opt_values /opt/stack/data/venv/lib/python3.12/site-packages/oslo_config/cfg.py:3242}}
Jun 26 15:33:48.903597 np0000003746 devstack@g-api.service[99526]: INFO glance.api.middleware.cache [None req-c4e95b00-5b1f-44e0-80d5-6f1a49b6719f None None] Initialized image cache middleware
Jun 26 15:33:48.903715 np0000003746 devstack@g-api.service[99525]: WARNING oslo_config.cfg [None req-ca59ebed-fef3-4483-8e8f-c735ab6ce0b7 None None] Deprecated: Option "show_multiple_locations" from group "DEFAULT" is deprecated for removal (Use of this option, deprecated since Newton, is a security risk and will be removed once we figure out a way to satisfy those use cases that currently require it. An earlier announcement that the same functionality can be achieved with greater granularity by using policies is incorrect. You cannot work around this option via policy configuration at the present time, though that is the direction we believe the fix will take. Please keep an eye on the Glance release notes to stay up to date on progress in addressing this issue.). Its value may be silently ignored in the future.
Jun 26 15:33:48.903862 np0000003746 devstack@g-api.service[99525]: DEBUG glance.common.config [None req-ca59ebed-fef3-4483-8e8f-c735ab6ce0b7 None None] show_multiple_locations = False {{(pid=99525) log_opt_values /opt/stack/data/venv/lib/python3.12/site-packages/oslo_config/cfg.py:3242}}
Jun 26 15:33:48.904009 np0000003746 devstack@g-api.service[99525]: DEBUG glance.common.config [None req-ca59ebed-fef3-4483-8e8f-c735ab6ce0b7 None None] syslog_log_facility = LOG_USER {{(pid=99525) log_opt_values /opt/stack/data/venv/lib/python3.12/site-packages/oslo_config/cfg.py:3242}}
Jun 26 15:33:48.904154 np0000003746 devstack@g-api.service[99525]: DEBUG glance.common.config [None req-ca59ebed-fef3-4483-8e8f-c735ab6ce0b7 None None] tcp_keepidle = 600 {{(pid=99525) log_opt_values /opt/stack/data/venv/lib/python3.12/site-packages/oslo_config/cfg.py:3242}}
Jun 26 15:33:48.904288 np0000003746 devstack@g-api.service[99525]: DEBUG glance.common.config [None req-ca59ebed-fef3-4483-8e8f-c735ab6ce0b7 None None] transport_url = **** {{(pid=99525) log_opt_values /opt/stack/data/venv/lib/python3.12/site-packages/oslo_config/cfg.py:3242}}
Jun 26 15:33:48.904410 np0000003746 devstack@g-api.service[99525]: DEBUG glance.common.config [None req-ca59ebed-fef3-4483-8e8f-c735ab6ce0b7 None None] use_journal = False {{(pid=99525) log_opt_values /opt/stack/data/venv/lib/python3.12/site-packages/oslo_config/cfg.py:3242}}
Jun 26 15:33:48.904534 np0000003746 devstack@g-api.service[99525]: DEBUG glance.common.config [None req-ca59ebed-fef3-4483-8e8f-c735ab6ce0b7 None None] use_json = False {{(pid=99525) log_opt_values /opt/stack/data/venv/lib/python3.12/site-packages/oslo_config/cfg.py:3242}}
Jun 26 15:33:48.904663 np0000003746 devstack@g-api.service[99525]: DEBUG glance.common.config [None req-ca59ebed-fef3-4483-8e8f-c735ab6ce0b7 None None] use_keystone_limits = True {{(pid=99525) log_opt_values /opt/stack/data/venv/lib/python3.12/site-packages/oslo_config/cfg.py:3242}}
Jun 26 15:33:48.904791 np0000003746 devstack@g-api.service[99525]: DEBUG glance.common.config [None req-ca59ebed-fef3-4483-8e8f-c735ab6ce0b7 None None] use_stderr = False {{(pid=99525) log_opt_values /opt/stack/data/venv/lib/python3.12/site-packages/oslo_config/cfg.py:3242}}
Jun 26 15:33:48.904930 np0000003746 devstack@g-api.service[99525]: DEBUG glance.common.config [None req-ca59ebed-fef3-4483-8e8f-c735ab6ce0b7 None None] use_syslog = False {{(pid=99525) log_opt_values /opt/stack/data/venv/lib/python3.12/site-packages/oslo_config/cfg.py:3242}}
Jun 26 15:33:48.905111 np0000003746 devstack@g-api.service[99525]: DEBUG glance.common.config [None req-ca59ebed-fef3-4483-8e8f-c735ab6ce0b7 None None] user_storage_quota = 0 {{(pid=99525) log_opt_values /opt/stack/data/venv/lib/python3.12/site-packages/oslo_config/cfg.py:3242}}
Jun 26 15:33:48.905246 np0000003746 devstack@g-api.service[99525]: DEBUG glance.common.config [None req-ca59ebed-fef3-4483-8e8f-c735ab6ce0b7 None None] worker_self_reference_url = http://127.0.0.1:60999 {{(pid=99525) log_opt_values /opt/stack/data/venv/lib/python3.12/site-packages/oslo_config/cfg.py:3242}}
Jun 26 15:33:48.905368 np0000003746 devstack@g-api.service[99525]: DEBUG glance.common.config [None req-ca59ebed-fef3-4483-8e8f-c735ab6ce0b7 None None] workers = None {{(pid=99525) log_opt_values /opt/stack/data/venv/lib/python3.12/site-packages/oslo_config/cfg.py:3242}}
Jun 26 15:33:48.905515 np0000003746 devstack@g-api.service[99525]: DEBUG glance.common.config [None req-ca59ebed-fef3-4483-8e8f-c735ab6ce0b7 None None] oslo_concurrency.disable_process_locking = False {{(pid=99525) log_opt_values /opt/stack/data/venv/lib/python3.12/site-packages/oslo_config/cfg.py:3253}}
Jun 26 15:33:48.905654 np0000003746 devstack@g-api.service[99525]: DEBUG glance.common.config [None req-ca59ebed-fef3-4483-8e8f-c735ab6ce0b7 None None] oslo_concurrency.lock_path = /opt/stack/data/glance/locks {{(pid=99525) log_opt_values /opt/stack/data/venv/lib/python3.12/site-packages/oslo_config/cfg.py:3253}}
Jun 26 15:33:48.905791 np0000003746 devstack@g-api.service[99525]: DEBUG glance.common.config [None req-ca59ebed-fef3-4483-8e8f-c735ab6ce0b7 None None] oslo_middleware.enable_proxy_headers_parsing = False {{(pid=99525) log_opt_values /opt/stack/data/venv/lib/python3.12/site-packages/oslo_config/cfg.py:3253}}
Jun 26 15:33:48.905925 np0000003746 devstack@g-api.service[99525]: DEBUG glance.common.config [None req-ca59ebed-fef3-4483-8e8f-c735ab6ce0b7 None None] oslo_middleware.http_basic_auth_user_file = /etc/htpasswd {{(pid=99525) log_opt_values /opt/stack/data/venv/lib/python3.12/site-packages/oslo_config/cfg.py:3253}}
Jun 26 15:33:48.906082 np0000003746 devstack@g-api.service[99525]: DEBUG glance.common.config [None req-ca59ebed-fef3-4483-8e8f-c735ab6ce0b7 None None] paste_deploy.config_file = None {{(pid=99525) log_opt_values /opt/stack/data/venv/lib/python3.12/site-packages/oslo_config/cfg.py:3253}}
Jun 26 15:33:48.906224 np0000003746 devstack@g-api.service[99525]: DEBUG glance.common.config [None req-ca59ebed-fef3-4483-8e8f-c735ab6ce0b7 None None] paste_deploy.flavor = keystone+cachemanagement {{(pid=99525) log_opt_values /opt/stack/data/venv/lib/python3.12/site-packages/oslo_config/cfg.py:3253}}
Jun 26 15:33:48.906402 np0000003746 devstack@g-api.service[99525]: DEBUG glance.common.config [None req-ca59ebed-fef3-4483-8e8f-c735ab6ce0b7 None None] image_format.container_formats = ['ami', 'ari', 'aki', 'bare', 'ovf', 'ova', 'docker', 'compressed'] {{(pid=99525) log_opt_values /opt/stack/data/venv/lib/python3.12/site-packages/oslo_config/cfg.py:3253}}
Jun 26 15:33:48.906587 np0000003746 devstack@g-api.service[99525]: DEBUG glance.common.config [None req-ca59ebed-fef3-4483-8e8f-c735ab6ce0b7 None None] image_format.disk_formats = ['ami', 'ari', 'aki', 'vhd', 'vhdx', 'vmdk', 'raw', 'qcow2', 'vdi', 'iso', 'ploop'] {{(pid=99525) log_opt_values /opt/stack/data/venv/lib/python3.12/site-packages/oslo_config/cfg.py:3253}}
Jun 26 15:33:48.906716 np0000003746 devstack@g-api.service[99525]: DEBUG glance.common.config [None req-ca59ebed-fef3-4483-8e8f-c735ab6ce0b7 None None] image_format.gpt_safety_checks_nonfatal = [] {{(pid=99525) log_opt_values /opt/stack/data/venv/lib/python3.12/site-packages/oslo_config/cfg.py:3253}}
Jun 26 15:33:48.906852 np0000003746 devstack@g-api.service[99525]: DEBUG glance.common.config [None req-ca59ebed-fef3-4483-8e8f-c735ab6ce0b7 None None] image_format.require_image_format_match = True {{(pid=99525) log_opt_values /opt/stack/data/venv/lib/python3.12/site-packages/oslo_config/cfg.py:3253}}
Jun 26 15:33:48.907002 np0000003746 devstack@g-api.service[99525]: DEBUG glance.common.config [None req-ca59ebed-fef3-4483-8e8f-c735ab6ce0b7 None None] image_format.vmdk_allowed_types = ['streamOptimized', 'monolithicSparse'] {{(pid=99525) log_opt_values /opt/stack/data/venv/lib/python3.12/site-packages/oslo_config/cfg.py:3253}}
Jun 26 15:33:48.907167 np0000003746 devstack@g-api.service[99525]: DEBUG glance.common.config [None req-ca59ebed-fef3-4483-8e8f-c735ab6ce0b7 None None] task.task_executor = taskflow {{(pid=99525) log_opt_values /opt/stack/data/venv/lib/python3.12/site-packages/oslo_config/cfg.py:3253}}
Jun 26 15:33:48.907308 np0000003746 devstack@g-api.service[99525]: DEBUG glance.common.config [None req-ca59ebed-fef3-4483-8e8f-c735ab6ce0b7 None None] task.task_time_to_live = 48 {{(pid=99525) log_opt_values /opt/stack/data/venv/lib/python3.12/site-packages/oslo_config/cfg.py:3253}}
Jun 26 15:33:48.907433 np0000003746 devstack@g-api.service[99525]: DEBUG glance.common.config [None req-ca59ebed-fef3-4483-8e8f-c735ab6ce0b7 None None] task.work_dir = None {{(pid=99525) log_opt_values /opt/stack/data/venv/lib/python3.12/site-packages/oslo_config/cfg.py:3253}}
Jun 26 15:33:48.907573 np0000003746 devstack@g-api.service[99525]: DEBUG glance.common.config [None req-ca59ebed-fef3-4483-8e8f-c735ab6ce0b7 None None] wsgi.python_interpreter = /opt/stack/data/venv/bin/python3 {{(pid=99525) log_opt_values /opt/stack/data/venv/lib/python3.12/site-packages/oslo_config/cfg.py:3253}}
Jun 26 15:33:48.907701 np0000003746 devstack@g-api.service[99525]: DEBUG glance.common.config [None req-ca59ebed-fef3-4483-8e8f-c735ab6ce0b7 None None] wsgi.task_pool_threads = 16 {{(pid=99525) log_opt_values /opt/stack/data/venv/lib/python3.12/site-packages/oslo_config/cfg.py:3253}}
