Jun 26 15:33:25.529186 np0000003746 nova-scheduler[93264]: DEBUG cotyledon.oslo_config_glue [-] oslo_limit.cafile = None {{(pid=93264) log_opt_values /opt/stack/data/venv/lib/python3.12/site-packages/oslo_config/cfg.py:3253}}
Jun 26 15:33:25.529186 np0000003746 nova-scheduler[93264]: DEBUG cotyledon.oslo_config_glue [-] oslo_limit.certfile = None {{(pid=93264) log_opt_values /opt/stack/data/venv/lib/python3.12/site-packages/oslo_config/cfg.py:3253}}
Jun 26 15:33:25.529366 np0000003746 nova-scheduler[93264]: DEBUG cotyledon.oslo_config_glue [-] oslo_limit.collect_timing = False {{(pid=93264) log_opt_values /opt/stack/data/venv/lib/python3.12/site-packages/oslo_config/cfg.py:3253}}
Jun 26 15:33:25.529366 np0000003746 nova-scheduler[93264]: DEBUG cotyledon.oslo_config_glue [-] oslo_limit.connect_retries = None {{(pid=93264) log_opt_values /opt/stack/data/venv/lib/python3.12/site-packages/oslo_config/cfg.py:3253}}
Jun 26 15:33:25.529366 np0000003746 nova-scheduler[93264]: DEBUG cotyledon.oslo_config_glue [-] oslo_limit.connect_retry_delay = None {{(pid=93264) log_opt_values /opt/stack/data/venv/lib/python3.12/site-packages/oslo_config/cfg.py:3253}}
Jun 26 15:33:25.529366 np0000003746 nova-scheduler[93264]: DEBUG cotyledon.oslo_config_glue [-] oslo_limit.endpoint_id = None {{(pid=93264) log_opt_values /opt/stack/data/venv/lib/python3.12/site-packages/oslo_config/cfg.py:3253}}
Jun 26 15:33:25.529366 np0000003746 nova-scheduler[93264]: DEBUG cotyledon.oslo_config_glue [-] oslo_limit.endpoint_interface = public {{(pid=93264) log_opt_values /opt/stack/data/venv/lib/python3.12/site-packages/oslo_config/cfg.py:3253}}
Jun 26 15:33:25.529366 np0000003746 nova-scheduler[93264]: DEBUG cotyledon.oslo_config_glue [-] oslo_limit.endpoint_override = None {{(pid=93264) log_opt_values /opt/stack/data/venv/lib/python3.12/site-packages/oslo_config/cfg.py:3253}}
Jun 26 15:33:25.529366 np0000003746 nova-scheduler[93264]: DEBUG cotyledon.oslo_config_glue [-] oslo_limit.endpoint_region_name = None {{(pid=93264) log_opt_values /opt/stack/data/venv/lib/python3.12/site-packages/oslo_config/cfg.py:3253}}
Jun 26 15:33:25.529366 np0000003746 nova-scheduler[93264]: DEBUG cotyledon.oslo_config_glue [-] oslo_limit.endpoint_service_name = None {{(pid=93264) log_opt_values /opt/stack/data/venv/lib/python3.12/site-packages/oslo_config/cfg.py:3253}}
Jun 26 15:33:25.529366 np0000003746 nova-scheduler[93264]: DEBUG cotyledon.oslo_config_glue [-] oslo_limit.endpoint_service_type = None {{(pid=93264) log_opt_values /opt/stack/data/venv/lib/python3.12/site-packages/oslo_config/cfg.py:3253}}
Jun 26 15:33:25.529567 np0000003746 nova-scheduler[93264]: DEBUG cotyledon.oslo_config_glue [-] oslo_limit.insecure = False {{(pid=93264) log_opt_values /opt/stack/data/venv/lib/python3.12/site-packages/oslo_config/cfg.py:3253}}
Jun 26 15:33:25.529567 np0000003746 nova-scheduler[93264]: DEBUG cotyledon.oslo_config_glue [-] oslo_limit.keyfile = None {{(pid=93264) log_opt_values /opt/stack/data/venv/lib/python3.12/site-packages/oslo_config/cfg.py:3253}}
Jun 26 15:33:25.529567 np0000003746 nova-scheduler[93264]: DEBUG cotyledon.oslo_config_glue [-] oslo_limit.max_version = None {{(pid=93264) log_opt_values /opt/stack/data/venv/lib/python3.12/site-packages/oslo_config/cfg.py:3253}}
Jun 26 15:33:25.529567 np0000003746 nova-scheduler[93264]: DEBUG cotyledon.oslo_config_glue [-] oslo_limit.min_version = None {{(pid=93264) log_opt_values /opt/stack/data/venv/lib/python3.12/site-packages/oslo_config/cfg.py:3253}}
Jun 26 15:33:25.529567 np0000003746 nova-scheduler[93264]: DEBUG cotyledon.oslo_config_glue [-] oslo_limit.region_name = None {{(pid=93264) log_opt_values /opt/stack/data/venv/lib/python3.12/site-packages/oslo_config/cfg.py:3253}}
Jun 26 15:33:25.529567 np0000003746 nova-scheduler[93264]: DEBUG cotyledon.oslo_config_glue [-] oslo_limit.retriable_status_codes = None {{(pid=93264) log_opt_values /opt/stack/data/venv/lib/python3.12/site-packages/oslo_config/cfg.py:3253}}
Jun 26 15:33:25.529567 np0000003746 nova-scheduler[93264]: DEBUG cotyledon.oslo_config_glue [-] oslo_limit.service_name = None {{(pid=93264) log_opt_values /opt/stack/data/venv/lib/python3.12/site-packages/oslo_config/cfg.py:3253}}
Jun 26 15:33:25.529567 np0000003746 nova-scheduler[93264]: DEBUG cotyledon.oslo_config_glue [-] oslo_limit.service_type = None {{(pid=93264) log_opt_values /opt/stack/data/venv/lib/python3.12/site-packages/oslo_config/cfg.py:3253}}
Jun 26 15:33:25.529567 np0000003746 nova-scheduler[93264]: DEBUG cotyledon.oslo_config_glue [-] oslo_limit.split_loggers = False {{(pid=93264) log_opt_values /opt/stack/data/venv/lib/python3.12/site-packages/oslo_config/cfg.py:3253}}
Jun 26 15:33:25.529787 np0000003746 nova-scheduler[93264]: DEBUG cotyledon.oslo_config_glue [-] oslo_limit.status_code_retries = None {{(pid=93264) log_opt_values /opt/stack/data/venv/lib/python3.12/site-packages/oslo_config/cfg.py:3253}}
Jun 26 15:33:25.529787 np0000003746 nova-scheduler[93264]: DEBUG cotyledon.oslo_config_glue [-] oslo_limit.status_code_retry_delay = None {{(pid=93264) log_opt_values /opt/stack/data/venv/lib/python3.12/site-packages/oslo_config/cfg.py:3253}}
Jun 26 15:33:25.529787 np0000003746 nova-scheduler[93264]: DEBUG cotyledon.oslo_config_glue [-] oslo_limit.timeout = None {{(pid=93264) log_opt_values /opt/stack/data/venv/lib/python3.12/site-packages/oslo_config/cfg.py:3253}}
Jun 26 15:33:25.529787 np0000003746 nova-scheduler[93264]: DEBUG cotyledon.oslo_config_glue [-] oslo_limit.valid_interfaces = None {{(pid=93264) log_opt_values /opt/stack/data/venv/lib/python3.12/site-packages/oslo_config/cfg.py:3253}}
Jun 26 15:33:25.529787 np0000003746 nova-scheduler[93264]: DEBUG cotyledon.oslo_config_glue [-] oslo_limit.version = None {{(pid=93264) log_opt_values /opt/stack/data/venv/lib/python3.12/site-packages/oslo_config/cfg.py:3253}}
Jun 26 15:33:25.529787 np0000003746 nova-scheduler[93264]: DEBUG cotyledon.oslo_config_glue [-] oslo_reports.file_event_handler = None {{(pid=93264) log_opt_values /opt/stack/data/venv/lib/python3.12/site-packages/oslo_config/cfg.py:3253}}
Jun 26 15:33:25.529787 np0000003746 nova-scheduler[93264]: DEBUG cotyledon.oslo_config_glue [-] oslo_reports.file_event_handler_interval = 1 {{(pid=93264) log_opt_values /opt/stack/data/venv/lib/python3.12/site-packages/oslo_config/cfg.py:3253}}
Jun 26 15:33:25.529787 np0000003746 nova-scheduler[93264]: DEBUG cotyledon.oslo_config_glue [-] oslo_reports.log_dir = None {{(pid=93264) log_opt_values /opt/stack/data/venv/lib/python3.12/site-packages/oslo_config/cfg.py:3253}}
Jun 26 15:33:25.529787 np0000003746 nova-scheduler[93264]: DEBUG cotyledon.oslo_config_glue [-] ******************************************************************************** {{(pid=93264) log_opt_values /opt/stack/data/venv/lib/python3.12/site-packages/oslo_config/cfg.py:3260}}
Jun 26 15:33:25.529972 np0000003746 nova-scheduler[93264]: DEBUG cotyledon._service_worker [-] Run service ServiceWrapper(1) [93264] {{(pid=93264) wait_forever /opt/stack/data/venv/lib/python3.12/site-packages/cotyledon/_service_worker.py:218}}
Jun 26 15:33:25.529972 np0000003746 nova-scheduler[93264]: INFO nova.service [-] Starting scheduler node (version 33.1.0)
Jun 26 15:33:25.529972 np0000003746 nova-scheduler[93264]: INFO dbcounter [None req-1ac6f093-8d6f-408e-998c-c27bacc98295 None None] Registered counter for database nova_cell0
Jun 26 15:33:25.530072 np0000003746 nova-scheduler[93262]: DEBUG oslo_db.sqlalchemy.engines [None req-b9092c74-09dd-4e1e-ba21-6a078994a5be None None] MySQL server mode set to STRICT_TRANS_TABLES,STRICT_ALL_TABLES,NO_ZERO_IN_DATE,NO_ZERO_DATE,ERROR_FOR_DIVISION_BY_ZERO,TRADITIONAL,NO_ENGINE_SUBSTITUTION {{(pid=93262) _check_effective_sql_mode /opt/stack/data/venv/lib/python3.12/site-packages/oslo_db/sqlalchemy/engines.py:325}}
Jun 26 15:33:25.530072 np0000003746 nova-scheduler[93262]: DEBUG dbcounter [-] [93262] Writer thread running {{(pid=93262) stat_writer /opt/stack/data/venv/lib/python3.12/site-packages/dbcounter.py:102}}
Jun 26 15:33:25.536549 np0000003746 nova-scheduler[93266]: DEBUG oslo_db.sqlalchemy.engines [None req-7c131f72-be7a-41ac-8f09-cd136a1d9f07 None None] MySQL server mode set to STRICT_TRANS_TABLES,STRICT_ALL_TABLES,NO_ZERO_IN_DATE,NO_ZERO_DATE,ERROR_FOR_DIVISION_BY_ZERO,TRADITIONAL,NO_ENGINE_SUBSTITUTION {{(pid=93266) _check_effective_sql_mode /opt/stack/data/venv/lib/python3.12/site-packages/oslo_db/sqlalchemy/engines.py:325}}
Jun 26 15:33:25.546096 np0000003746 nova-scheduler[93264]: DEBUG oslo_db.sqlalchemy.engines [None req-1ac6f093-8d6f-408e-998c-c27bacc98295 None None] MySQL server mode set to STRICT_TRANS_TABLES,STRICT_ALL_TABLES,NO_ZERO_IN_DATE,NO_ZERO_DATE,ERROR_FOR_DIVISION_BY_ZERO,TRADITIONAL,NO_ENGINE_SUBSTITUTION {{(pid=93264) _check_effective_sql_mode /opt/stack/data/venv/lib/python3.12/site-packages/oslo_db/sqlalchemy/engines.py:325}}
Jun 26 15:33:25.546492 np0000003746 nova-scheduler[93266]: DEBUG dbcounter [-] [93266] Writer thread running {{(pid=93266) stat_writer /opt/stack/data/venv/lib/python3.12/site-packages/dbcounter.py:102}}
Jun 26 15:33:25.547073 np0000003746 nova-scheduler[93262]: DEBUG nova.service [None req-b9092c74-09dd-4e1e-ba21-6a078994a5be None None] Creating RPC server for service: nova-scheduler on topic: scheduler {{(pid=93262) start /opt/stack/nova/nova/service.py:196}}
Jun 26 15:33:25.549296 np0000003746 nova-scheduler[93266]: DEBUG nova.service [None req-7c131f72-be7a-41ac-8f09-cd136a1d9f07 None None] Creating RPC server for service: nova-scheduler on topic: scheduler {{(pid=93266) start /opt/stack/nova/nova/service.py:196}}
Jun 26 15:33:25.555904 np0000003746 nova-scheduler[93264]: DEBUG dbcounter [-] [93264] Writer thread running {{(pid=93264) stat_writer /opt/stack/data/venv/lib/python3.12/site-packages/dbcounter.py:102}}
Jun 26 15:33:25.559271 np0000003746 nova-scheduler[93264]: DEBUG nova.service [None req-1ac6f093-8d6f-408e-998c-c27bacc98295 None None] Creating RPC server for service: nova-scheduler on topic: scheduler {{(pid=93264) start /opt/stack/nova/nova/service.py:196}}
Jun 26 15:33:25.574390 np0000003746 nova-scheduler[93262]: DEBUG nova.service [None req-b9092c74-09dd-4e1e-ba21-6a078994a5be None None] Join ServiceGroup membership for this service scheduler {{(pid=93262) start /opt/stack/nova/nova/service.py:222}}
Jun 26 15:33:25.574482 np0000003746 nova-scheduler[93262]: DEBUG nova.servicegroup.drivers.db [None req-b9092c74-09dd-4e1e-ba21-6a078994a5be None None] DB_Driver: join new ServiceGroup member np0000003746 to the scheduler group, service = {{(pid=93262) join /opt/stack/nova/nova/servicegroup/drivers/db.py:44}}
Jun 26 15:33:25.576626 np0000003746 nova-scheduler[93264]: DEBUG nova.service [None req-1ac6f093-8d6f-408e-998c-c27bacc98295 None None] Join ServiceGroup membership for this service scheduler {{(pid=93264) start /opt/stack/nova/nova/service.py:222}}
Jun 26 15:33:25.576818 np0000003746 nova-scheduler[93264]: DEBUG nova.servicegroup.drivers.db [None req-1ac6f093-8d6f-408e-998c-c27bacc98295 None None] DB_Driver: join new ServiceGroup member np0000003746 to the scheduler group, service = {{(pid=93264) join /opt/stack/nova/nova/servicegroup/drivers/db.py:44}}
Jun 26 15:33:25.582332 np0000003746 nova-scheduler[93266]: DEBUG nova.service [None req-7c131f72-be7a-41ac-8f09-cd136a1d9f07 None None] Join ServiceGroup membership for this service scheduler {{(pid=93266) start /opt/stack/nova/nova/service.py:222}}
Jun 26 15:33:25.582516 np0000003746 nova-scheduler[93266]: DEBUG nova.servicegroup.drivers.db [None req-7c131f72-be7a-41ac-8f09-cd136a1d9f07 None None] DB_Driver: join new ServiceGroup member np0000003746 to the scheduler group, service = {{(pid=93266) join /opt/stack/nova/nova/servicegroup/drivers/db.py:44}}
Jun 26 15:33:30.616594 np0000003746 nova-scheduler[93264]: DEBUG oslo.service.backend._threading.loopingcall [-] Fixed interval looping call 'nova.servicegroup.drivers.db.DbDriver._report_state' sleeping for 119.96 seconds {{(pid=93264) _run_loop /opt/stack/data/venv/lib/python3.12/site-packages/oslo_service/backend/_threading/loopingcall.py:125}}
Jun 26 15:33:30.616884 np0000003746 nova-scheduler[93262]: DEBUG oslo.service.backend._threading.loopingcall [-] Fixed interval looping call 'nova.servicegroup.drivers.db.DbDriver._report_state' sleeping for 119.96 seconds {{(pid=93262) _run_loop /opt/stack/data/venv/lib/python3.12/site-packages/oslo_service/backend/_threading/loopingcall.py:125}}
Jun 26 15:33:30.617157 np0000003746 nova-scheduler[93266]: DEBUG oslo.service.backend._threading.loopingcall [-] Fixed interval looping call 'nova.servicegroup.drivers.db.DbDriver._report_state' sleeping for 119.97 seconds {{(pid=93266) _run_loop /opt/stack/data/venv/lib/python3.12/site-packages/oslo_service/backend/_threading/loopingcall.py:125}}
Jun 26 15:33:31.584499 np0000003746 nova-scheduler[93266]: DEBUG oslo.service.backend._threading.loopingcall [None req-80b789a3-5d06-441c-8c84-417c24061318 None None] Dynamic interval looping call 'nova.service.Service.periodic_tasks' sleeping for 60.00 seconds {{(pid=93266) _run_loop /opt/stack/data/venv/lib/python3.12/site-packages/oslo_service/backend/_threading/loopingcall.py:125}}
Jun 26 15:33:34.137056 np0000003746 nova-scheduler[92065]: DEBUG dbcounter [-] [92065] Writing DB stats nova_api:SELECT=3 {{(pid=92065) stat_writer /opt/stack/data/venv/lib/python3.12/site-packages/dbcounter.py:115}}
Jun 26 15:33:34.261983 np0000003746 nova-scheduler[92065]: DEBUG dbcounter [-] [92065] Writing DB stats nova_cell0:SELECT=1 {{(pid=92065) stat_writer /opt/stack/data/venv/lib/python3.12/site-packages/dbcounter.py:115}}
Jun 26 15:33:34.266399 np0000003746 nova-scheduler[92065]: DEBUG dbcounter [-] [92065] Writing DB stats nova_cell1:SELECT=1 {{(pid=92065) stat_writer /opt/stack/data/venv/lib/python3.12/site-packages/dbcounter.py:115}}
Jun 26 15:33:40.585987 np0000003746 nova-scheduler[93262]: DEBUG dbcounter [-] [93262] Writing DB stats nova_cell0:SELECT=4,nova_cell0:INSERT=1,nova_cell0:UPDATE=1 {{(pid=93262) stat_writer /opt/stack/data/venv/lib/python3.12/site-packages/dbcounter.py:115}}
Jun 26 15:33:40.591255 np0000003746 nova-scheduler[93264]: DEBUG dbcounter [-] [93264] Writing DB stats nova_cell0:SELECT=3,nova_cell0:UPDATE=1 {{(pid=93264) stat_writer /opt/stack/data/venv/lib/python3.12/site-packages/dbcounter.py:115}}
Jun 26 15:33:40.599748 np0000003746 nova-scheduler[93266]: DEBUG dbcounter [-] [93266] Writing DB stats nova_cell0:SELECT=3,nova_cell0:UPDATE=1 {{(pid=93266) stat_writer /opt/stack/data/venv/lib/python3.12/site-packages/dbcounter.py:115}}
Jun 26 15:33:47.578978 np0000003746 nova-scheduler[93264]: DEBUG oslo.service.backend._threading.loopingcall [None req-f950c034-1581-42d8-af07-a33edb8ea493 None None] Dynamic interval looping call 'nova.service.Service.periodic_tasks' sleeping for 60.00 seconds {{(pid=93264) _run_loop /opt/stack/data/venv/lib/python3.12/site-packages/oslo_service/backend/_threading/loopingcall.py:125}}
Jun 26 15:33:51.576519 np0000003746 nova-scheduler[93262]: DEBUG oslo.service.backend._threading.loopingcall [None req-92f1d7cf-938c-4ee8-9d0c-271d45eee3eb None None] Dynamic interval looping call 'nova.service.Service.periodic_tasks' sleeping for 60.00 seconds {{(pid=93262) _run_loop /opt/stack/data/venv/lib/python3.12/site-packages/oslo_service/backend/_threading/loopingcall.py:125}}
Jun 26 15:34:31.584990 np0000003746 nova-scheduler[93266]: DEBUG oslo.service.backend._threading.loopingcall [None req-80b789a3-5d06-441c-8c84-417c24061318 None None] Dynamic interval looping call 'nova.service.Service.periodic_tasks' sleeping for 60.00 seconds {{(pid=93266) _run_loop /opt/stack/data/venv/lib/python3.12/site-packages/oslo_service/backend/_threading/loopingcall.py:125}}
Jun 26 15:34:47.579464 np0000003746 nova-scheduler[93264]: DEBUG oslo.service.backend._threading.loopingcall [None req-f950c034-1581-42d8-af07-a33edb8ea493 None None] Dynamic interval looping call 'nova.service.Service.periodic_tasks' sleeping for 60.00 seconds {{(pid=93264) _run_loop /opt/stack/data/venv/lib/python3.12/site-packages/oslo_service/backend/_threading/loopingcall.py:125}}
Jun 26 15:34:51.576967 np0000003746 nova-scheduler[93262]: DEBUG oslo.service.backend._threading.loopingcall [None req-92f1d7cf-938c-4ee8-9d0c-271d45eee3eb None None] Dynamic interval looping call 'nova.service.Service.periodic_tasks' sleeping for 60.00 seconds {{(pid=93262) _run_loop /opt/stack/data/venv/lib/python3.12/site-packages/oslo_service/backend/_threading/loopingcall.py:125}}
Jun 26 15:35:30.582181 np0000003746 nova-scheduler[93264]: DEBUG oslo.service.backend._threading.loopingcall [-] Fixed interval looping call 'nova.servicegroup.drivers.db.DbDriver._report_state' sleeping for 119.99 seconds {{(pid=93264) _run_loop /opt/stack/data/venv/lib/python3.12/site-packages/oslo_service/backend/_threading/loopingcall.py:125}}
Jun 26 15:35:30.583209 np0000003746 nova-scheduler[93262]: DEBUG oslo.service.backend._threading.loopingcall [-] Fixed interval looping call 'nova.servicegroup.drivers.db.DbDriver._report_state' sleeping for 120.00 seconds {{(pid=93262) _run_loop /opt/stack/data/venv/lib/python3.12/site-packages/oslo_service/backend/_threading/loopingcall.py:125}}
Jun 26 15:35:30.589870 np0000003746 nova-scheduler[93266]: DEBUG oslo.service.backend._threading.loopingcall [-] Fixed interval looping call 'nova.servicegroup.drivers.db.DbDriver._report_state' sleeping for 120.00 seconds {{(pid=93266) _run_loop /opt/stack/data/venv/lib/python3.12/site-packages/oslo_service/backend/_threading/loopingcall.py:125}}
Jun 26 15:35:31.585516 np0000003746 nova-scheduler[93266]: DEBUG oslo.service.backend._threading.loopingcall [None req-80b789a3-5d06-441c-8c84-417c24061318 None None] Dynamic interval looping call 'nova.service.Service.periodic_tasks' sleeping for 60.00 seconds {{(pid=93266) _run_loop /opt/stack/data/venv/lib/python3.12/site-packages/oslo_service/backend/_threading/loopingcall.py:125}}
Jun 26 15:35:40.578832 np0000003746 nova-scheduler[93264]: DEBUG dbcounter [-] [93264] Writing DB stats nova_cell0:SELECT=1,nova_cell0:UPDATE=1 {{(pid=93264) stat_writer /opt/stack/data/venv/lib/python3.12/site-packages/dbcounter.py:115}}
Jun 26 15:35:40.581107 np0000003746 nova-scheduler[93262]: DEBUG dbcounter [-] [93262] Writing DB stats nova_cell0:SELECT=1,nova_cell0:UPDATE=1 {{(pid=93262) stat_writer /opt/stack/data/venv/lib/python3.12/site-packages/dbcounter.py:115}}
Jun 26 15:35:40.588282 np0000003746 nova-scheduler[93266]: DEBUG dbcounter [-] [93266] Writing DB stats nova_cell0:SELECT=1 {{(pid=93266) stat_writer /opt/stack/data/venv/lib/python3.12/site-packages/dbcounter.py:115}}
Jun 26 15:35:47.579860 np0000003746 nova-scheduler[93264]: DEBUG oslo.service.backend._threading.loopingcall [None req-f950c034-1581-42d8-af07-a33edb8ea493 None None] Dynamic interval looping call 'nova.service.Service.periodic_tasks' sleeping for 60.00 seconds {{(pid=93264) _run_loop /opt/stack/data/venv/lib/python3.12/site-packages/oslo_service/backend/_threading/loopingcall.py:125}}
Jun 26 15:35:51.577417 np0000003746 nova-scheduler[93262]: DEBUG oslo.service.backend._threading.loopingcall [None req-92f1d7cf-938c-4ee8-9d0c-271d45eee3eb None None] Dynamic interval looping call 'nova.service.Service.periodic_tasks' sleeping for 60.00 seconds {{(pid=93262) _run_loop /opt/stack/data/venv/lib/python3.12/site-packages/oslo_service/backend/_threading/loopingcall.py:125}}
Jun 26 15:36:09.295820 np0000003746 nova-scheduler[93262]: DEBUG nova.scheduler.manager [None req-ffaa1600-c675-406b-a65b-64bbc6c1a936 tempest-DeleteServersTestJSON-1115302314 tempest-DeleteServersTestJSON-1115302314-project-member] Starting to schedule for instances: ['c6b3bc3d-8ffe-4c0d-b39f-b3919dea7d32'] {{(pid=93262) select_destinations /opt/stack/nova/nova/scheduler/manager.py:210}}
Jun 26 15:36:09.296498 np0000003746 nova-scheduler[93262]: DEBUG nova.scheduler.request_filter [None req-ffaa1600-c675-406b-a65b-64bbc6c1a936 tempest-DeleteServersTestJSON-1115302314 tempest-DeleteServersTestJSON-1115302314-project-member] compute_status_filter request filter added forbidden trait COMPUTE_STATUS_DISABLED {{(pid=93262) compute_status_filter /opt/stack/nova/nova/scheduler/request_filter.py:253}}
Jun 26 15:36:09.296600 np0000003746 nova-scheduler[93262]: DEBUG nova.scheduler.request_filter [None req-ffaa1600-c675-406b-a65b-64bbc6c1a936 tempest-DeleteServersTestJSON-1115302314 tempest-DeleteServersTestJSON-1115302314-project-member] Request filter 'compute_status_filter' took 0.0 seconds {{(pid=93262) wrapper /opt/stack/nova/nova/scheduler/request_filter.py:46}}
Jun 26 15:36:09.296777 np0000003746 nova-scheduler[93262]: DEBUG nova.scheduler.request_filter [None req-ffaa1600-c675-406b-a65b-64bbc6c1a936 tempest-DeleteServersTestJSON-1115302314 tempest-DeleteServersTestJSON-1115302314-project-member] Request filter 'accelerators_filter' took 0.0 seconds {{(pid=93262) wrapper /opt/stack/nova/nova/scheduler/request_filter.py:46}}
Jun 26 15:36:09.296955 np0000003746 nova-scheduler[93262]: DEBUG nova.scheduler.request_filter [None req-ffaa1600-c675-406b-a65b-64bbc6c1a936 tempest-DeleteServersTestJSON-1115302314 tempest-DeleteServersTestJSON-1115302314-project-member] Request filter 'packed_virtqueue_filter' took 0.0 seconds {{(pid=93262) wrapper /opt/stack/nova/nova/scheduler/request_filter.py:46}}
Jun 26 15:36:09.297272 np0000003746 nova-scheduler[93262]: DEBUG nova.scheduler.request_filter [None req-ffaa1600-c675-406b-a65b-64bbc6c1a936 tempest-DeleteServersTestJSON-1115302314 tempest-DeleteServersTestJSON-1115302314-project-member] Request filter 'remote_managed_ports_filter' took 0.0 seconds {{(pid=93262) wrapper /opt/stack/nova/nova/scheduler/request_filter.py:46}}
Jun 26 15:36:09.297703 np0000003746 nova-scheduler[93262]: DEBUG nova.scheduler.request_filter [None req-ffaa1600-c675-406b-a65b-64bbc6c1a936 tempest-DeleteServersTestJSON-1115302314 tempest-DeleteServersTestJSON-1115302314-project-member] ephemeral_encryption_filter skipped {{(pid=93262) ephemeral_encryption_filter /opt/stack/nova/nova/scheduler/request_filter.py:426}}
Jun 26 15:36:09.297847 np0000003746 nova-scheduler[93262]: DEBUG nova.scheduler.request_filter [None req-ffaa1600-c675-406b-a65b-64bbc6c1a936 tempest-DeleteServersTestJSON-1115302314 tempest-DeleteServersTestJSON-1115302314-project-member] virtio_sound_filter skipped {{(pid=93262) virtio_sound_filter /opt/stack/nova/nova/scheduler/request_filter.py:460}}
Jun 26 15:36:09.297978 np0000003746 nova-scheduler[93262]: DEBUG nova.scheduler.request_filter [None req-ffaa1600-c675-406b-a65b-64bbc6c1a936 tempest-DeleteServersTestJSON-1115302314 tempest-DeleteServersTestJSON-1115302314-project-member] tpm_secret_security_filter skipped {{(pid=93262) tpm_secret_security_filter /opt/stack/nova/nova/scheduler/request_filter.py:477}}
Jun 26 15:36:09.796612 np0000003746 nova-scheduler[93262]: INFO nova.utils [None req-ffaa1600-c675-406b-a65b-64bbc6c1a936 tempest-DeleteServersTestJSON-1115302314 tempest-DeleteServersTestJSON-1115302314-project-member] The cell worker thread pool ForkProcess-1.cell_worker is initialized
Jun 26 15:36:09.796920 np0000003746 nova-scheduler[93262]: DEBUG oslo_concurrency.lockutils [None req-ffaa1600-c675-406b-a65b-64bbc6c1a936 tempest-DeleteServersTestJSON-1115302314 tempest-DeleteServersTestJSON-1115302314-project-member] Acquiring lock "f6ccb917-b426-421f-8d9c-b28ca78071f3" by "nova.context.set_target_cell..get_or_set_cached_cell_and_set_connections" {{(pid=93262) inner /opt/stack/data/venv/lib/python3.12/site-packages/oslo_concurrency/lockutils.py:511}}
Jun 26 15:36:09.797209 np0000003746 nova-scheduler[93262]: DEBUG oslo_concurrency.lockutils [None req-ffaa1600-c675-406b-a65b-64bbc6c1a936 tempest-DeleteServersTestJSON-1115302314 tempest-DeleteServersTestJSON-1115302314-project-member] Lock "f6ccb917-b426-421f-8d9c-b28ca78071f3" acquired by "nova.context.set_target_cell..get_or_set_cached_cell_and_set_connections" :: waited 0.000s {{(pid=93262) inner /opt/stack/data/venv/lib/python3.12/site-packages/oslo_concurrency/lockutils.py:524}}
Jun 26 15:36:09.799114 np0000003746 nova-scheduler[93262]: DEBUG oslo_concurrency.lockutils [None req-ffaa1600-c675-406b-a65b-64bbc6c1a936 tempest-DeleteServersTestJSON-1115302314 tempest-DeleteServersTestJSON-1115302314-project-member] Lock "f6ccb917-b426-421f-8d9c-b28ca78071f3" "released" by "nova.context.set_target_cell..get_or_set_cached_cell_and_set_connections" :: held 0.002s {{(pid=93262) inner /opt/stack/data/venv/lib/python3.12/site-packages/oslo_concurrency/lockutils.py:543}}
Jun 26 15:36:09.801073 np0000003746 nova-scheduler[93262]: INFO dbcounter [None req-ffaa1600-c675-406b-a65b-64bbc6c1a936 tempest-DeleteServersTestJSON-1115302314 tempest-DeleteServersTestJSON-1115302314-project-member] Registered counter for database nova_cell1
Jun 26 15:36:09.829937 np0000003746 nova-scheduler[93262]: DEBUG oslo_db.sqlalchemy.engines [None req-ffaa1600-c675-406b-a65b-64bbc6c1a936 tempest-DeleteServersTestJSON-1115302314 tempest-DeleteServersTestJSON-1115302314-project-member] MySQL server mode set to STRICT_TRANS_TABLES,STRICT_ALL_TABLES,NO_ZERO_IN_DATE,NO_ZERO_DATE,ERROR_FOR_DIVISION_BY_ZERO,TRADITIONAL,NO_ENGINE_SUBSTITUTION {{(pid=93262) _check_effective_sql_mode /opt/stack/data/venv/lib/python3.12/site-packages/oslo_db/sqlalchemy/engines.py:325}}
Jun 26 15:36:09.835276 np0000003746 nova-scheduler[93262]: DEBUG dbcounter [-] [93262] Writer thread running {{(pid=93262) stat_writer /opt/stack/data/venv/lib/python3.12/site-packages/dbcounter.py:102}}
Jun 26 15:36:09.849866 np0000003746 nova-scheduler[93262]: DEBUG oslo_db.sqlalchemy.engines [None req-ffaa1600-c675-406b-a65b-64bbc6c1a936 tempest-DeleteServersTestJSON-1115302314 tempest-DeleteServersTestJSON-1115302314-project-member] Parent process 92065 forked (93262) with an open database connection, which is being discarded and recreated. {{(pid=93262) checkout /opt/stack/data/venv/lib/python3.12/site-packages/oslo_db/sqlalchemy/engines.py:402}}
Jun 26 15:36:09.885902 np0000003746 nova-scheduler[93262]: DEBUG dbcounter [-] [93262] Writer thread running {{(pid=93262) stat_writer /opt/stack/data/venv/lib/python3.12/site-packages/dbcounter.py:102}}
Jun 26 15:36:09.888467 np0000003746 nova-scheduler[93262]: DEBUG oslo_concurrency.lockutils [None req-ffaa1600-c675-406b-a65b-64bbc6c1a936 tempest-DeleteServersTestJSON-1115302314 tempest-DeleteServersTestJSON-1115302314-project-member] Acquiring lock "f6ccb917-b426-421f-8d9c-b28ca78071f3" by "nova.context.set_target_cell..get_or_set_cached_cell_and_set_connections" {{(pid=93262) inner /opt/stack/data/venv/lib/python3.12/site-packages/oslo_concurrency/lockutils.py:511}}
Jun 26 15:36:09.888640 np0000003746 nova-scheduler[93262]: DEBUG oslo_concurrency.lockutils [None req-ffaa1600-c675-406b-a65b-64bbc6c1a936 tempest-DeleteServersTestJSON-1115302314 tempest-DeleteServersTestJSON-1115302314-project-member] Lock "f6ccb917-b426-421f-8d9c-b28ca78071f3" acquired by "nova.context.set_target_cell..get_or_set_cached_cell_and_set_connections" :: waited 0.000s {{(pid=93262) inner /opt/stack/data/venv/lib/python3.12/site-packages/oslo_concurrency/lockutils.py:524}}
Jun 26 15:36:09.888754 np0000003746 nova-scheduler[93262]: DEBUG oslo_concurrency.lockutils [None req-ffaa1600-c675-406b-a65b-64bbc6c1a936 tempest-DeleteServersTestJSON-1115302314 tempest-DeleteServersTestJSON-1115302314-project-member] Lock "f6ccb917-b426-421f-8d9c-b28ca78071f3" "released" by "nova.context.set_target_cell..get_or_set_cached_cell_and_set_connections" :: held 0.000s {{(pid=93262) inner /opt/stack/data/venv/lib/python3.12/site-packages/oslo_concurrency/lockutils.py:543}}
Jun 26 15:36:09.891693 np0000003746 nova-scheduler[93262]: DEBUG oslo_concurrency.lockutils [None req-ffaa1600-c675-406b-a65b-64bbc6c1a936 tempest-DeleteServersTestJSON-1115302314 tempest-DeleteServersTestJSON-1115302314-project-member] Acquiring lock "('np0000003746', 'np0000003746')" by "nova.scheduler.host_manager.HostState.update.._locked_update" {{(pid=93262) inner /opt/stack/data/venv/lib/python3.12/site-packages/oslo_concurrency/lockutils.py:511}}
Jun 26 15:36:09.891855 np0000003746 nova-scheduler[93262]: DEBUG oslo_concurrency.lockutils [None req-ffaa1600-c675-406b-a65b-64bbc6c1a936 tempest-DeleteServersTestJSON-1115302314 tempest-DeleteServersTestJSON-1115302314-project-member] Lock "('np0000003746', 'np0000003746')" acquired by "nova.scheduler.host_manager.HostState.update.._locked_update" :: waited 0.000s {{(pid=93262) inner /opt/stack/data/venv/lib/python3.12/site-packages/oslo_concurrency/lockutils.py:524}}
Jun 26 15:36:09.892803 np0000003746 nova-scheduler[93262]: DEBUG nova.scheduler.host_manager [None req-ffaa1600-c675-406b-a65b-64bbc6c1a936 tempest-DeleteServersTestJSON-1115302314 tempest-DeleteServersTestJSON-1115302314-project-member] Update host state from compute node: ComputeNode(cpu_allocation_ratio=4.0,cpu_info='{"arch": "x86_64", "model": "EPYC-Milan", "vendor": "AMD", "topology": {"cells": 1, "sockets": 16, "cores": 1, "threads": 1}, "maxphysaddr": {"mode": "emulate", "bits": 40}, "features": ["npt", "lm", "xsaveopt", "mmx", "mtrr", "misalignsse", "mmxext", "clwb", "cmp_legacy", "fxsr_opt", "smap", "cr8legacy", "xsaves", "rdseed", "gds-no", "clzero", "ssse3", "invpcid", "avx2", "lfence-always-serializing", "rdrand", "pge", "vme", "stibp", "flushbyasid", "fxsr", "umip", "apic", "tsc-deadline", "null-sel-clr-base", "pse", "adx", "movbe", "tsc", "vaes", "xsavec", "fma", "pat", "ibpb", "skip-l1dfl-vmentry", "sse4a", "syscall", "ibrs", "clflushopt", "lbrv", "wbnoinvd", "topoext", "fpu", "vmcb-clean", "pku", "rdctl-no", "ssbd", "xsave", "tsc-scale", "mce", "xgetbv1", "avx", "hypervisor", "sse2", "vgif", "tsc_adjust", "pause-filter", "clflush", "rdtscp", "sse4.2", "x2apic", "pschange-mc-no", "osvw", "no-nested-data-bp", "arch-capabilities", "mca", "amd-stibp", "nrip-save", "stibp-always-on", "sep", "mds-no", "fsgsbase", "spec-ctrl", "sse4.1", "de", "pclmuldq", "pni", "abm", "v-vmsave-vmload", "erms", "popcnt", "cx8", "f16c", "sse", "pae", "perfctr_core", "3dnowprefetch", "nx", "pfthreshold", "msr", "sha-ni", "cmov", "amd-ssbd", "cx16", "virt-ssbd", "xsaveerptr", "bmi2", "pse36", "vpclmulqdq", "aes", "svm", "svme-addr-chk", "rdpid", "bmi1", "arat", "lahf_lm", "smep", "pcid", "fsrm", "pdpe1gb", "amd-psfd"]}',created_at=2026-06-26T15:33:52Z,current_workload=0,deleted=False,deleted_at=None,disk_allocation_ratio=1.0,disk_available_least=73,free_disk_gb=95,free_ram_mb=62765,host='np0000003746',host_ip=10.4.3.83,hypervisor_hostname='np0000003746',hypervisor_type='QEMU',hypervisor_version=8002002,id=1,local_gb=95,local_gb_used=0,mapped=1,memory_mb=63277,memory_mb_used=512,metrics='[]',numa_topology='{"nova_object.name": "NUMATopology", "nova_object.namespace": "nova", "nova_object.version": "1.2", "nova_object.data": {"cells": [{"nova_object.name": "NUMACell", "nova_object.namespace": "nova", "nova_object.version": "1.5", "nova_object.data": {"id": 0, "cpuset": [0, 1, 2, 3, 4, 5, 6, 7, 8, 9, 10, 11, 12, 13, 14, 15], "pcpuset": [0, 1, 2, 3, 4, 5, 6, 7, 8, 9, 10, 11, 12, 13, 14, 15], "memory": 63277, "cpu_usage": 0, "memory_usage": 0, "pinned_cpus": [], "siblings": [[6], [12], [2], [15], [5], [11], [8], [14], [4], [1], [7], [10], [0], [13], [3], [9]], "mempages": [{"nova_object.name": "NUMAPagesTopology", "nova_object.namespace": "nova", "nova_object.version": "1.1", "nova_object.data": {"size_kb": 4, "total": 16177930, "used": 0, "reserved": 0}, "nova_object.changes": ["size_kb", "used", "reserved", "total"]}, {"nova_object.name": "NUMAPagesTopology", "nova_object.namespace": "nova", "nova_object.version": "1.1", "nova_object.data": {"size_kb": 2048, "total": 41, "used": 0, "reserved": 0}, "nova_object.changes": ["size_kb", "used", "reserved", "total"]}, {"nova_object.name": "NUMAPagesTopology", "nova_object.namespace": "nova", "nova_object.version": "1.1", "nova_object.data": {"size_kb": 1048576, "total": 0, "used": 0, "reserved": 0}, "nova_object.changes": ["size_kb", "used", "reserved", "total"]}], "network_metadata": {"nova_object.name": "NetworkMetadata", "nova_object.namespace": "nova", "nova_object.version": "1.0", "nova_object.data": {"physnets": [], "tunneled": false}, "nova_object.changes": ["tunneled", "physnets"]}, "socket": null}, "nova_object.changes": ["network_metadata", "siblings", "socket", "memory", "pinned_cpus", "id", "memory_usage", "pcpuset", "cpuset", "mempages", "cpu_usage"]}]}, "nova_object.changes": ["cells"]}',pci_device_pools=PciDevicePoolList,ram_allocation_ratio=1.0,running_vms=0,service_id=3,stats={failed_builds='0',uptime=' 15:35:36 up 14 min, 2 users, load average: 1.11, 1.52, 0.90
Jun 26 15:36:09.892803 np0000003746 nova-scheduler[93262]: '},supported_hv_specs=[HVSpec,HVSpec,HVSpec,HVSpec,HVSpec,HVSpec,HVSpec,HVSpec,HVSpec,HVSpec,HVSpec,HVSpec,HVSpec,HVSpec,HVSpec,HVSpec,HVSpec,HVSpec,HVSpec,HVSpec,HVSpec,HVSpec,HVSpec,HVSpec,HVSpec],updated_at=2026-06-26T15:35:38Z,uuid=4bf2868d-4139-43bc-8b0c-67c64e4e8d4d,vcpus=16,vcpus_used=0) {{(pid=93262) _locked_update /opt/stack/nova/nova/scheduler/host_manager.py:168}}
Jun 26 15:36:09.893533 np0000003746 nova-scheduler[93262]: DEBUG nova.scheduler.host_manager [None req-ffaa1600-c675-406b-a65b-64bbc6c1a936 tempest-DeleteServersTestJSON-1115302314 tempest-DeleteServersTestJSON-1115302314-project-member] Update host state with aggregates: [] {{(pid=93262) _locked_update /opt/stack/nova/nova/scheduler/host_manager.py:171}}
Jun 26 15:36:09.893659 np0000003746 nova-scheduler[93262]: DEBUG nova.scheduler.host_manager [None req-ffaa1600-c675-406b-a65b-64bbc6c1a936 tempest-DeleteServersTestJSON-1115302314 tempest-DeleteServersTestJSON-1115302314-project-member] Update host state with service dict: {'id': 3, 'uuid': '89ca01ae-39a3-4aac-b5f8-d0d5aae6d9de', 'host': 'np0000003746', 'binary': 'nova-compute', 'topic': 'compute', 'report_count': 2, 'disabled': False, 'disabled_reason': None, 'last_seen_up': datetime.datetime(2026, 6, 26, 15, 36, 1, tzinfo=datetime.timezone.utc), 'forced_down': False, 'version': 72, 'created_at': datetime.datetime(2026, 6, 26, 15, 33, 51, tzinfo=datetime.timezone.utc), 'updated_at': datetime.datetime(2026, 6, 26, 15, 36, 1, tzinfo=datetime.timezone.utc), 'deleted_at': None, 'deleted': False} {{(pid=93262) _locked_update /opt/stack/nova/nova/scheduler/host_manager.py:174}}
Jun 26 15:36:09.893770 np0000003746 nova-scheduler[93262]: DEBUG nova.scheduler.host_manager [None req-ffaa1600-c675-406b-a65b-64bbc6c1a936 tempest-DeleteServersTestJSON-1115302314 tempest-DeleteServersTestJSON-1115302314-project-member] Update host state with instances: [] {{(pid=93262) _locked_update /opt/stack/nova/nova/scheduler/host_manager.py:177}}
Jun 26 15:36:09.893870 np0000003746 nova-scheduler[93262]: DEBUG oslo_concurrency.lockutils [None req-ffaa1600-c675-406b-a65b-64bbc6c1a936 tempest-DeleteServersTestJSON-1115302314 tempest-DeleteServersTestJSON-1115302314-project-member] Lock "('np0000003746', 'np0000003746')" "released" by "nova.scheduler.host_manager.HostState.update.._locked_update" :: held 0.002s {{(pid=93262) inner /opt/stack/data/venv/lib/python3.12/site-packages/oslo_concurrency/lockutils.py:543}}
Jun 26 15:36:09.894273 np0000003746 nova-scheduler[93262]: DEBUG nova.filters [None req-ffaa1600-c675-406b-a65b-64bbc6c1a936 tempest-DeleteServersTestJSON-1115302314 tempest-DeleteServersTestJSON-1115302314-project-member] Starting with 1 host(s) {{(pid=93262) get_filtered_objects /opt/stack/nova/nova/filters.py:70}}
Jun 26 15:36:09.894493 np0000003746 nova-scheduler[93262]: DEBUG nova.filters [None req-ffaa1600-c675-406b-a65b-64bbc6c1a936 tempest-DeleteServersTestJSON-1115302314 tempest-DeleteServersTestJSON-1115302314-project-member] Filter ComputeFilter returned 1 host(s) {{(pid=93262) get_filtered_objects /opt/stack/nova/nova/filters.py:102}}
Jun 26 15:36:09.894646 np0000003746 nova-scheduler[93262]: DEBUG nova.filters [None req-ffaa1600-c675-406b-a65b-64bbc6c1a936 tempest-DeleteServersTestJSON-1115302314 tempest-DeleteServersTestJSON-1115302314-project-member] Filter ComputeCapabilitiesFilter returned 1 host(s) {{(pid=93262) get_filtered_objects /opt/stack/nova/nova/filters.py:102}}
Jun 26 15:36:09.894852 np0000003746 nova-scheduler[93262]: DEBUG nova.filters [None req-ffaa1600-c675-406b-a65b-64bbc6c1a936 tempest-DeleteServersTestJSON-1115302314 tempest-DeleteServersTestJSON-1115302314-project-member] Filter ImagePropertiesFilter returned 1 host(s) {{(pid=93262) get_filtered_objects /opt/stack/nova/nova/filters.py:102}}
Jun 26 15:36:09.894969 np0000003746 nova-scheduler[93262]: DEBUG nova.filters [None req-ffaa1600-c675-406b-a65b-64bbc6c1a936 tempest-DeleteServersTestJSON-1115302314 tempest-DeleteServersTestJSON-1115302314-project-member] Filter ServerGroupAntiAffinityFilter returned 1 host(s) {{(pid=93262) get_filtered_objects /opt/stack/nova/nova/filters.py:102}}
Jun 26 15:36:09.895129 np0000003746 nova-scheduler[93262]: DEBUG nova.filters [None req-ffaa1600-c675-406b-a65b-64bbc6c1a936 tempest-DeleteServersTestJSON-1115302314 tempest-DeleteServersTestJSON-1115302314-project-member] Filter ServerGroupAffinityFilter returned 1 host(s) {{(pid=93262) get_filtered_objects /opt/stack/nova/nova/filters.py:102}}
Jun 26 15:36:09.895292 np0000003746 nova-scheduler[93262]: DEBUG nova.filters [None req-ffaa1600-c675-406b-a65b-64bbc6c1a936 tempest-DeleteServersTestJSON-1115302314 tempest-DeleteServersTestJSON-1115302314-project-member] Filter SameHostFilter returned 1 host(s) {{(pid=93262) get_filtered_objects /opt/stack/nova/nova/filters.py:102}}
Jun 26 15:36:09.895334 np0000003746 nova-scheduler[93262]: DEBUG nova.filters [None req-ffaa1600-c675-406b-a65b-64bbc6c1a936 tempest-DeleteServersTestJSON-1115302314 tempest-DeleteServersTestJSON-1115302314-project-member] Filter DifferentHostFilter returned 1 host(s) {{(pid=93262) get_filtered_objects /opt/stack/nova/nova/filters.py:102}}
Jun 26 15:36:09.896199 np0000003746 nova-scheduler[93262]: DEBUG nova.scheduler.manager [None req-ffaa1600-c675-406b-a65b-64bbc6c1a936 tempest-DeleteServersTestJSON-1115302314 tempest-DeleteServersTestJSON-1115302314-project-member] Filtered [(np0000003746, np0000003746) ram: 62765MB disk: 74752MB io_ops: 0 instances: 0, allocation_candidates: 1] {{(pid=93262) _get_sorted_hosts /opt/stack/nova/nova/scheduler/manager.py:743}}
Jun 26 15:36:09.896199 np0000003746 nova-scheduler[93262]: DEBUG nova.scheduler.manager [None req-ffaa1600-c675-406b-a65b-64bbc6c1a936 tempest-DeleteServersTestJSON-1115302314 tempest-DeleteServersTestJSON-1115302314-project-member] Weighed [WeighedHost [host: (np0000003746, np0000003746) ram: 62765MB disk: 74752MB io_ops: 0 instances: 0, allocation_candidates: 1, weight: 0.0]] {{(pid=93262) _get_sorted_hosts /opt/stack/nova/nova/scheduler/manager.py:765}}
Jun 26 15:36:09.896199 np0000003746 nova-scheduler[93262]: DEBUG nova.scheduler.utils [None req-ffaa1600-c675-406b-a65b-64bbc6c1a936 tempest-DeleteServersTestJSON-1115302314 tempest-DeleteServersTestJSON-1115302314-project-member] Attempting to claim resources in the placement API for instance c6b3bc3d-8ffe-4c0d-b39f-b3919dea7d32 {{(pid=93262) claim_resources /opt/stack/nova/nova/scheduler/utils.py:1345}}
Jun 26 15:36:10.064907 np0000003746 nova-scheduler[93262]: DEBUG nova.scheduler.manager [None req-ffaa1600-c675-406b-a65b-64bbc6c1a936 tempest-DeleteServersTestJSON-1115302314 tempest-DeleteServersTestJSON-1115302314-project-member] [instance: c6b3bc3d-8ffe-4c0d-b39f-b3919dea7d32] Selected host: (np0000003746, np0000003746) ram: 62765MB disk: 74752MB io_ops: 0 instances: 0, allocation_candidates: 1 {{(pid=93262) _consume_selected_host /opt/stack/nova/nova/scheduler/manager.py:625}}
Jun 26 15:36:10.065276 np0000003746 nova-scheduler[93262]: DEBUG oslo_concurrency.lockutils [None req-ffaa1600-c675-406b-a65b-64bbc6c1a936 tempest-DeleteServersTestJSON-1115302314 tempest-DeleteServersTestJSON-1115302314-project-member] Acquiring lock "('np0000003746', 'np0000003746')" by "nova.scheduler.host_manager.HostState.consume_from_request.._locked" {{(pid=93262) inner /opt/stack/data/venv/lib/python3.12/site-packages/oslo_concurrency/lockutils.py:511}}
Jun 26 15:36:10.065479 np0000003746 nova-scheduler[93262]: DEBUG oslo_concurrency.lockutils [None req-ffaa1600-c675-406b-a65b-64bbc6c1a936 tempest-DeleteServersTestJSON-1115302314 tempest-DeleteServersTestJSON-1115302314-project-member] Lock "('np0000003746', 'np0000003746')" acquired by "nova.scheduler.host_manager.HostState.consume_from_request.._locked" :: waited 0.000s {{(pid=93262) inner /opt/stack/data/venv/lib/python3.12/site-packages/oslo_concurrency/lockutils.py:524}}
Jun 26 15:36:10.065684 np0000003746 nova-scheduler[93262]: DEBUG oslo_concurrency.lockutils [None req-ffaa1600-c675-406b-a65b-64bbc6c1a936 tempest-DeleteServersTestJSON-1115302314 tempest-DeleteServersTestJSON-1115302314-project-member] Lock "('np0000003746', 'np0000003746')" "released" by "nova.scheduler.host_manager.HostState.consume_from_request.._locked" :: held 0.000s {{(pid=93262) inner /opt/stack/data/venv/lib/python3.12/site-packages/oslo_concurrency/lockutils.py:543}}
Jun 26 15:36:14.937556 np0000003746 nova-scheduler[93264]: DEBUG nova.scheduler.manager [None req-99a66136-77d5-46c1-94a7-52e8d12c2cdf tempest-ServerBootFromVolumeStableRescueTest-1625089122 tempest-ServerBootFromVolumeStableRescueTest-1625089122-project-member] Starting to schedule for instances: ['0193bc50-85e0-46d7-b81c-0715400e1dd1'] {{(pid=93264) select_destinations /opt/stack/nova/nova/scheduler/manager.py:210}}
Jun 26 15:36:14.940903 np0000003746 nova-scheduler[93264]: DEBUG nova.scheduler.request_filter [None req-99a66136-77d5-46c1-94a7-52e8d12c2cdf tempest-ServerBootFromVolumeStableRescueTest-1625089122 tempest-ServerBootFromVolumeStableRescueTest-1625089122-project-member] compute_status_filter request filter added forbidden trait COMPUTE_STATUS_DISABLED {{(pid=93264) compute_status_filter /opt/stack/nova/nova/scheduler/request_filter.py:253}}
Jun 26 15:36:14.941162 np0000003746 nova-scheduler[93264]: DEBUG nova.scheduler.request_filter [None req-99a66136-77d5-46c1-94a7-52e8d12c2cdf tempest-ServerBootFromVolumeStableRescueTest-1625089122 tempest-ServerBootFromVolumeStableRescueTest-1625089122-project-member] Request filter 'compute_status_filter' took 0.0 seconds {{(pid=93264) wrapper /opt/stack/nova/nova/scheduler/request_filter.py:46}}
Jun 26 15:36:14.943194 np0000003746 nova-scheduler[93264]: DEBUG nova.scheduler.request_filter [None req-99a66136-77d5-46c1-94a7-52e8d12c2cdf tempest-ServerBootFromVolumeStableRescueTest-1625089122 tempest-ServerBootFromVolumeStableRescueTest-1625089122-project-member] Request filter 'accelerators_filter' took 0.0 seconds {{(pid=93264) wrapper /opt/stack/nova/nova/scheduler/request_filter.py:46}}
Jun 26 15:36:14.943509 np0000003746 nova-scheduler[93264]: DEBUG nova.scheduler.request_filter [None req-99a66136-77d5-46c1-94a7-52e8d12c2cdf tempest-ServerBootFromVolumeStableRescueTest-1625089122 tempest-ServerBootFromVolumeStableRescueTest-1625089122-project-member] Request filter 'packed_virtqueue_filter' took 0.0 seconds {{(pid=93264) wrapper /opt/stack/nova/nova/scheduler/request_filter.py:46}}
Jun 26 15:36:14.944262 np0000003746 nova-scheduler[93264]: DEBUG nova.scheduler.request_filter [None req-99a66136-77d5-46c1-94a7-52e8d12c2cdf tempest-ServerBootFromVolumeStableRescueTest-1625089122 tempest-ServerBootFromVolumeStableRescueTest-1625089122-project-member] Request filter 'remote_managed_ports_filter' took 0.0 seconds {{(pid=93264) wrapper /opt/stack/nova/nova/scheduler/request_filter.py:46}}
Jun 26 15:36:14.944511 np0000003746 nova-scheduler[93264]: DEBUG nova.scheduler.request_filter [None req-99a66136-77d5-46c1-94a7-52e8d12c2cdf tempest-ServerBootFromVolumeStableRescueTest-1625089122 tempest-ServerBootFromVolumeStableRescueTest-1625089122-project-member] ephemeral_encryption_filter skipped {{(pid=93264) ephemeral_encryption_filter /opt/stack/nova/nova/scheduler/request_filter.py:426}}
Jun 26 15:36:14.944720 np0000003746 nova-scheduler[93264]: DEBUG nova.scheduler.request_filter [None req-99a66136-77d5-46c1-94a7-52e8d12c2cdf tempest-ServerBootFromVolumeStableRescueTest-1625089122 tempest-ServerBootFromVolumeStableRescueTest-1625089122-project-member] virtio_sound_filter skipped {{(pid=93264) virtio_sound_filter /opt/stack/nova/nova/scheduler/request_filter.py:460}}
Jun 26 15:36:14.944930 np0000003746 nova-scheduler[93264]: DEBUG nova.scheduler.request_filter [None req-99a66136-77d5-46c1-94a7-52e8d12c2cdf tempest-ServerBootFromVolumeStableRescueTest-1625089122 tempest-ServerBootFromVolumeStableRescueTest-1625089122-project-member] tpm_secret_security_filter skipped {{(pid=93264) tpm_secret_security_filter /opt/stack/nova/nova/scheduler/request_filter.py:477}}
Jun 26 15:36:15.031647 np0000003746 nova-scheduler[93264]: INFO nova.utils [None req-99a66136-77d5-46c1-94a7-52e8d12c2cdf tempest-ServerBootFromVolumeStableRescueTest-1625089122 tempest-ServerBootFromVolumeStableRescueTest-1625089122-project-member] The cell worker thread pool ForkProcess-2.cell_worker is initialized
Jun 26 15:36:15.032062 np0000003746 nova-scheduler[93264]: DEBUG oslo_concurrency.lockutils [None req-99a66136-77d5-46c1-94a7-52e8d12c2cdf tempest-ServerBootFromVolumeStableRescueTest-1625089122 tempest-ServerBootFromVolumeStableRescueTest-1625089122-project-member] Acquiring lock "f6ccb917-b426-421f-8d9c-b28ca78071f3" by "nova.context.set_target_cell..get_or_set_cached_cell_and_set_connections" {{(pid=93264) inner /opt/stack/data/venv/lib/python3.12/site-packages/oslo_concurrency/lockutils.py:511}}
Jun 26 15:36:15.032280 np0000003746 nova-scheduler[93264]: DEBUG oslo_concurrency.lockutils [None req-99a66136-77d5-46c1-94a7-52e8d12c2cdf tempest-ServerBootFromVolumeStableRescueTest-1625089122 tempest-ServerBootFromVolumeStableRescueTest-1625089122-project-member] Lock "f6ccb917-b426-421f-8d9c-b28ca78071f3" acquired by "nova.context.set_target_cell..get_or_set_cached_cell_and_set_connections" :: waited 0.000s {{(pid=93264) inner /opt/stack/data/venv/lib/python3.12/site-packages/oslo_concurrency/lockutils.py:524}}
Jun 26 15:36:15.033848 np0000003746 nova-scheduler[93264]: DEBUG oslo_concurrency.lockutils [None req-99a66136-77d5-46c1-94a7-52e8d12c2cdf tempest-ServerBootFromVolumeStableRescueTest-1625089122 tempest-ServerBootFromVolumeStableRescueTest-1625089122-project-member] Lock "f6ccb917-b426-421f-8d9c-b28ca78071f3" "released" by "nova.context.set_target_cell..get_or_set_cached_cell_and_set_connections" :: held 0.001s {{(pid=93264) inner /opt/stack/data/venv/lib/python3.12/site-packages/oslo_concurrency/lockutils.py:543}}
Jun 26 15:36:15.035301 np0000003746 nova-scheduler[93264]: INFO dbcounter [None req-99a66136-77d5-46c1-94a7-52e8d12c2cdf tempest-ServerBootFromVolumeStableRescueTest-1625089122 tempest-ServerBootFromVolumeStableRescueTest-1625089122-project-member] Registered counter for database nova_cell1
Jun 26 15:36:15.071340 np0000003746 nova-scheduler[93264]: DEBUG oslo_db.sqlalchemy.engines [None req-99a66136-77d5-46c1-94a7-52e8d12c2cdf tempest-ServerBootFromVolumeStableRescueTest-1625089122 tempest-ServerBootFromVolumeStableRescueTest-1625089122-project-member] MySQL server mode set to STRICT_TRANS_TABLES,STRICT_ALL_TABLES,NO_ZERO_IN_DATE,NO_ZERO_DATE,ERROR_FOR_DIVISION_BY_ZERO,TRADITIONAL,NO_ENGINE_SUBSTITUTION {{(pid=93264) _check_effective_sql_mode /opt/stack/data/venv/lib/python3.12/site-packages/oslo_db/sqlalchemy/engines.py:325}}
Jun 26 15:36:15.071340 np0000003746 nova-scheduler[93264]: DEBUG dbcounter [-] [93264] Writer thread running {{(pid=93264) stat_writer /opt/stack/data/venv/lib/python3.12/site-packages/dbcounter.py:102}}
Jun 26 15:36:15.115836 np0000003746 nova-scheduler[93264]: DEBUG dbcounter [-] [93264] Writer thread running {{(pid=93264) stat_writer /opt/stack/data/venv/lib/python3.12/site-packages/dbcounter.py:102}}
Jun 26 15:36:15.118853 np0000003746 nova-scheduler[93264]: DEBUG oslo_concurrency.lockutils [None req-99a66136-77d5-46c1-94a7-52e8d12c2cdf tempest-ServerBootFromVolumeStableRescueTest-1625089122 tempest-ServerBootFromVolumeStableRescueTest-1625089122-project-member] Acquiring lock "f6ccb917-b426-421f-8d9c-b28ca78071f3" by "nova.context.set_target_cell..get_or_set_cached_cell_and_set_connections" {{(pid=93264) inner /opt/stack/data/venv/lib/python3.12/site-packages/oslo_concurrency/lockutils.py:511}}
Jun 26 15:36:15.119067 np0000003746 nova-scheduler[93264]: DEBUG oslo_concurrency.lockutils [None req-99a66136-77d5-46c1-94a7-52e8d12c2cdf tempest-ServerBootFromVolumeStableRescueTest-1625089122 tempest-ServerBootFromVolumeStableRescueTest-1625089122-project-member] Lock "f6ccb917-b426-421f-8d9c-b28ca78071f3" acquired by "nova.context.set_target_cell..get_or_set_cached_cell_and_set_connections" :: waited 0.000s {{(pid=93264) inner /opt/stack/data/venv/lib/python3.12/site-packages/oslo_concurrency/lockutils.py:524}}
Jun 26 15:36:15.119297 np0000003746 nova-scheduler[93264]: DEBUG oslo_concurrency.lockutils [None req-99a66136-77d5-46c1-94a7-52e8d12c2cdf tempest-ServerBootFromVolumeStableRescueTest-1625089122 tempest-ServerBootFromVolumeStableRescueTest-1625089122-project-member] Lock "f6ccb917-b426-421f-8d9c-b28ca78071f3" "released" by "nova.context.set_target_cell..get_or_set_cached_cell_and_set_connections" :: held 0.000s {{(pid=93264) inner /opt/stack/data/venv/lib/python3.12/site-packages/oslo_concurrency/lockutils.py:543}}
Jun 26 15:36:15.122027 np0000003746 nova-scheduler[93264]: DEBUG oslo_concurrency.lockutils [None req-99a66136-77d5-46c1-94a7-52e8d12c2cdf tempest-ServerBootFromVolumeStableRescueTest-1625089122 tempest-ServerBootFromVolumeStableRescueTest-1625089122-project-member] Acquiring lock "('np0000003746', 'np0000003746')" by "nova.scheduler.host_manager.HostState.update.._locked_update" {{(pid=93264) inner /opt/stack/data/venv/lib/python3.12/site-packages/oslo_concurrency/lockutils.py:511}}
