Jun 26 15:32:59.442689 np0000003746 devstack@neutron-api.service[87464]: DEBUG neutron.api.extensions [None req-e05d7efa-d9f3-41ab-8d1d-caedbe1d1ba2 None None] Ext name="Subnet service types" alias="subnet-service-types" description="Provides ability to set the subnet service_types field" updated="2016-03-15T18:00:00-00:00" {{(pid=87464) _check_extension /opt/stack/neutron/neutron/api/extensions.py:415}}
Jun 26 15:32:59.442930 np0000003746 devstack@neutron-api.service[87464]: INFO neutron.api.extensions [None req-e05d7efa-d9f3-41ab-8d1d-caedbe1d1ba2 None None] Loaded extension: subnet-service-types
Jun 26 15:32:59.443264 np0000003746 devstack@neutron-api.service[87464]: DEBUG neutron.api.extensions [None req-e05d7efa-d9f3-41ab-8d1d-caedbe1d1ba2 None None] Loading extension file: subnetallocation.py {{(pid=87464) _load_all_extensions_from_path /opt/stack/neutron/neutron/api/extensions.py:449}}
Jun 26 15:32:59.443661 np0000003746 devstack@neutron-api.service[87464]: DEBUG neutron.api.extensions [None req-e05d7efa-d9f3-41ab-8d1d-caedbe1d1ba2 None None] Ext name="Subnet Allocation" alias="subnet_allocation" description="Enables allocation of subnets from a subnet pool" updated="2015-03-30T10:00:00-00:00" {{(pid=87464) _check_extension /opt/stack/neutron/neutron/api/extensions.py:415}}
Jun 26 15:32:59.444060 np0000003746 devstack@neutron-api.service[87464]: INFO neutron.api.extensions [None req-e05d7efa-d9f3-41ab-8d1d-caedbe1d1ba2 None None] Loaded extension: subnet_allocation
Jun 26 15:32:59.444465 np0000003746 devstack@neutron-api.service[87464]: DEBUG neutron.api.extensions [None req-e05d7efa-d9f3-41ab-8d1d-caedbe1d1ba2 None None] Loading extension file: subnetpool_prefix_ops.py {{(pid=87464) _load_all_extensions_from_path /opt/stack/neutron/neutron/api/extensions.py:449}}
Jun 26 15:32:59.444978 np0000003746 devstack@neutron-api.service[87464]: DEBUG neutron.api.extensions [None req-e05d7efa-d9f3-41ab-8d1d-caedbe1d1ba2 None None] Ext name="Subnet Pool Prefix Operations" alias="subnetpool-prefix-ops" description="Provides support for adjusting the prefix list of subnet pools" updated="2019-02-08T10:00:00-00:00" {{(pid=87464) _check_extension /opt/stack/neutron/neutron/api/extensions.py:415}}
Jun 26 15:32:59.445308 np0000003746 devstack@neutron-api.service[87464]: INFO neutron.api.extensions [None req-e05d7efa-d9f3-41ab-8d1d-caedbe1d1ba2 None None] Loaded extension: subnetpool-prefix-ops
Jun 26 15:32:59.445487 np0000003746 devstack@neutron-api.service[87464]: DEBUG neutron.api.extensions [None req-e05d7efa-d9f3-41ab-8d1d-caedbe1d1ba2 None None] Loading extension file: tag_creation.py {{(pid=87464) _load_all_extensions_from_path /opt/stack/neutron/neutron/api/extensions.py:449}}
Jun 26 15:32:59.445851 np0000003746 devstack@neutron-api.service[87464]: DEBUG neutron.api.extensions [None req-e05d7efa-d9f3-41ab-8d1d-caedbe1d1ba2 None None] Ext name="Tag creation extension" alias="tag-creation" description="Allow to create multiple tags for a resource" updated="2024-23-07T10:00:00-00:00" {{(pid=87464) _check_extension /opt/stack/neutron/neutron/api/extensions.py:415}}
Jun 26 15:32:59.446131 np0000003746 devstack@neutron-api.service[87464]: INFO neutron.api.extensions [None req-e05d7efa-d9f3-41ab-8d1d-caedbe1d1ba2 None None] Loaded extension: tag-creation
Jun 26 15:32:59.446333 np0000003746 devstack@neutron-api.service[87464]: DEBUG neutron.api.extensions [None req-e05d7efa-d9f3-41ab-8d1d-caedbe1d1ba2 None None] Loading extension file: tag_ports_during_bulk_creation.py {{(pid=87464) _load_all_extensions_from_path /opt/stack/neutron/neutron/api/extensions.py:449}}
Jun 26 15:32:59.446736 np0000003746 devstack@neutron-api.service[87464]: DEBUG neutron.api.extensions [None req-e05d7efa-d9f3-41ab-8d1d-caedbe1d1ba2 None None] Ext name="Tag Ports During Bulk Creation" alias="tag-ports-during-bulk-creation" description="Allow to tag ports during bulk creation" updated="2019-12-29T19:00:00-00:00" {{(pid=87464) _check_extension /opt/stack/neutron/neutron/api/extensions.py:415}}
Jun 26 15:32:59.447016 np0000003746 devstack@neutron-api.service[87464]: INFO neutron.api.extensions [None req-e05d7efa-d9f3-41ab-8d1d-caedbe1d1ba2 None None] Extension tag-ports-during-bulk-creation not supported by any of loaded plugins
Jun 26 15:32:59.447250 np0000003746 devstack@neutron-api.service[87464]: DEBUG neutron.api.extensions [None req-e05d7efa-d9f3-41ab-8d1d-caedbe1d1ba2 None None] Loading extension file: tagging.py {{(pid=87464) _load_all_extensions_from_path /opt/stack/neutron/neutron/api/extensions.py:449}}
Jun 26 15:32:59.448455 np0000003746 devstack@neutron-api.service[87464]: DEBUG neutron.api.extensions [None req-e05d7efa-d9f3-41ab-8d1d-caedbe1d1ba2 None None] Ext name="Tag support for resources with standard attribute: port, subnet, subnetpool, network, security_group, router, floatingip, policy, trunk, network_segment_range" alias="standard-attr-tag" description="Enables to set tag on resources with standard attribute." updated="2017-01-01T00:00:00-00:00" {{(pid=87464) _check_extension /opt/stack/neutron/neutron/api/extensions.py:415}}
Jun 26 15:32:59.448701 np0000003746 devstack@neutron-api.service[87464]: INFO neutron.api.extensions [None req-e05d7efa-d9f3-41ab-8d1d-caedbe1d1ba2 None None] Loaded extension: standard-attr-tag
Jun 26 15:32:59.448868 np0000003746 devstack@neutron-api.service[87464]: DEBUG neutron.api.extensions [None req-e05d7efa-d9f3-41ab-8d1d-caedbe1d1ba2 None None] Loading extension file: timestamp.py {{(pid=87464) _load_all_extensions_from_path /opt/stack/neutron/neutron/api/extensions.py:449}}
Jun 26 15:32:59.449314 np0000003746 devstack@neutron-api.service[87464]: DEBUG neutron.api.extensions [None req-e05d7efa-d9f3-41ab-8d1d-caedbe1d1ba2 None None] Ext name="Resource timestamps" alias="standard-attr-timestamp" description="Adds created_at and updated_at fields to all Neutron resources that have Neutron standard attributes." updated="2016-09-12T10:00:00-00:00" {{(pid=87464) _check_extension /opt/stack/neutron/neutron/api/extensions.py:415}}
Jun 26 15:32:59.449548 np0000003746 devstack@neutron-api.service[87464]: INFO neutron.api.extensions [None req-e05d7efa-d9f3-41ab-8d1d-caedbe1d1ba2 None None] Loaded extension: standard-attr-timestamp
Jun 26 15:32:59.449744 np0000003746 devstack@neutron-api.service[87464]: DEBUG neutron.api.extensions [None req-e05d7efa-d9f3-41ab-8d1d-caedbe1d1ba2 None None] Loading extension file: trunk.py {{(pid=87464) _load_all_extensions_from_path /opt/stack/neutron/neutron/api/extensions.py:449}}
Jun 26 15:32:59.450184 np0000003746 devstack@neutron-api.service[87464]: DEBUG neutron.api.extensions [None req-e05d7efa-d9f3-41ab-8d1d-caedbe1d1ba2 None None] Ext name="Trunk Extension" alias="trunk" description="Provides support for trunk ports" updated="2016-01-01T10:00:00-00:00" {{(pid=87464) _check_extension /opt/stack/neutron/neutron/api/extensions.py:415}}
Jun 26 15:32:59.450475 np0000003746 devstack@neutron-api.service[87464]: INFO neutron.api.extensions [None req-e05d7efa-d9f3-41ab-8d1d-caedbe1d1ba2 None None] Extension trunk not supported by any of loaded plugins
Jun 26 15:32:59.450663 np0000003746 devstack@neutron-api.service[87464]: DEBUG neutron.api.extensions [None req-e05d7efa-d9f3-41ab-8d1d-caedbe1d1ba2 None None] Loading extension file: trunk_details.py {{(pid=87464) _load_all_extensions_from_path /opt/stack/neutron/neutron/api/extensions.py:449}}
Jun 26 15:32:59.451114 np0000003746 devstack@neutron-api.service[87464]: DEBUG neutron.api.extensions [None req-e05d7efa-d9f3-41ab-8d1d-caedbe1d1ba2 None None] Ext name="Trunk port details" alias="trunk-details" description="Expose trunk port details" updated="2016-01-01T10:00:00-00:00" {{(pid=87464) _check_extension /opt/stack/neutron/neutron/api/extensions.py:415}}
Jun 26 15:32:59.451418 np0000003746 devstack@neutron-api.service[87464]: INFO neutron.api.extensions [None req-e05d7efa-d9f3-41ab-8d1d-caedbe1d1ba2 None None] Extension trunk-details not supported by any of loaded plugins
Jun 26 15:32:59.451654 np0000003746 devstack@neutron-api.service[87464]: DEBUG neutron.api.extensions [None req-e05d7efa-d9f3-41ab-8d1d-caedbe1d1ba2 None None] Loading extension file: uplink_status_propagation.py {{(pid=87464) _load_all_extensions_from_path /opt/stack/neutron/neutron/api/extensions.py:449}}
Jun 26 15:32:59.452071 np0000003746 devstack@neutron-api.service[87464]: DEBUG neutron.api.extensions [None req-e05d7efa-d9f3-41ab-8d1d-caedbe1d1ba2 None None] Ext name="Uplink status propagation extension" alias="uplink-status-propagation" description="Provides ability to propagate port uplink status." updated="2018-05-31T18:00:00-00:00" {{(pid=87464) _check_extension /opt/stack/neutron/neutron/api/extensions.py:415}}
Jun 26 15:32:59.452357 np0000003746 devstack@neutron-api.service[87464]: INFO neutron.api.extensions [None req-e05d7efa-d9f3-41ab-8d1d-caedbe1d1ba2 None None] Extension uplink-status-propagation not supported by any of loaded plugins
Jun 26 15:32:59.452487 np0000003746 devstack@neutron-api.service[87464]: DEBUG neutron.api.extensions [None req-e05d7efa-d9f3-41ab-8d1d-caedbe1d1ba2 None None] Loading extension file: uplink_status_propagation_updatable.py {{(pid=87464) _load_all_extensions_from_path /opt/stack/neutron/neutron/api/extensions.py:449}}
Jun 26 15:32:59.452808 np0000003746 devstack@neutron-api.service[87464]: DEBUG neutron.api.extensions [None req-e05d7efa-d9f3-41ab-8d1d-caedbe1d1ba2 None None] Ext name="Uplink status propagation updatable extension" alias="uplink-status-propagation-updatable" description="Provides ability to update the port uplink status." updated="2024-09-03T18:00:00-00:00" {{(pid=87464) _check_extension /opt/stack/neutron/neutron/api/extensions.py:415}}
Jun 26 15:32:59.453081 np0000003746 devstack@neutron-api.service[87464]: INFO neutron.api.extensions [None req-e05d7efa-d9f3-41ab-8d1d-caedbe1d1ba2 None None] Extension uplink-status-propagation-updatable not supported by any of loaded plugins
Jun 26 15:32:59.453305 np0000003746 devstack@neutron-api.service[87464]: DEBUG neutron.api.extensions [None req-e05d7efa-d9f3-41ab-8d1d-caedbe1d1ba2 None None] Loading extension file: vlantransparent.py {{(pid=87464) _load_all_extensions_from_path /opt/stack/neutron/neutron/api/extensions.py:449}}
Jun 26 15:32:59.454238 np0000003746 devstack@neutron-api.service[87464]: DEBUG neutron.api.extensions [None req-e05d7efa-d9f3-41ab-8d1d-caedbe1d1ba2 None None] Ext name="Vlantransparent" alias="vlan-transparent" description="Provides Vlan Transparent Networks" updated="2015-03-23T09:00:00-00:00" {{(pid=87464) _check_extension /opt/stack/neutron/neutron/api/extensions.py:415}}
Jun 26 15:32:59.454474 np0000003746 devstack@neutron-api.service[87464]: INFO neutron.api.extensions [None req-e05d7efa-d9f3-41ab-8d1d-caedbe1d1ba2 None None] Loaded extension: vlan-transparent
Jun 26 15:32:59.456741 np0000003746 devstack@neutron-api.service[87464]: INFO neutron.quota.resource_registry [None req-e05d7efa-d9f3-41ab-8d1d-caedbe1d1ba2 None None] Creating instance of TrackedResource for resource:network
Jun 26 15:32:59.457109 np0000003746 devstack@neutron-api.service[87464]: INFO neutron.quota.resource_registry [None req-e05d7efa-d9f3-41ab-8d1d-caedbe1d1ba2 None None] Creating instance of TrackedResource for resource:subnet
Jun 26 15:32:59.457299 np0000003746 devstack@neutron-api.service[87464]: INFO neutron.quota.resource_registry [None req-e05d7efa-d9f3-41ab-8d1d-caedbe1d1ba2 None None] Creating instance of TrackedResource for resource:subnetpool
Jun 26 15:32:59.457489 np0000003746 devstack@neutron-api.service[87464]: INFO neutron.quota.resource_registry [None req-e05d7efa-d9f3-41ab-8d1d-caedbe1d1ba2 None None] Creating instance of TrackedResource for resource:port
Jun 26 15:32:59.458886 np0000003746 devstack@neutron-api.service[87464]: INFO neutron.quota.resource_registry [None req-e05d7efa-d9f3-41ab-8d1d-caedbe1d1ba2 None None] Creating instance of CountableResource for resource:router_route
Jun 26 15:32:59.459148 np0000003746 devstack@neutron-api.service[87464]: DEBUG neutron.api.v2.resource_helper [None req-e05d7efa-d9f3-41ab-8d1d-caedbe1d1ba2 None None] Service L3_ROUTER_NAT assigned prefix: {{(pid=87464) build_resource_info /opt/stack/neutron/neutron/api/v2/resource_helper.py:77}}
Jun 26 15:32:59.459579 np0000003746 devstack@neutron-api.service[87464]: DEBUG neutron.api.v2.resource_helper [None req-e05d7efa-d9f3-41ab-8d1d-caedbe1d1ba2 None None] Service FLAVORS assigned prefix: {{(pid=87464) build_resource_info /opt/stack/neutron/neutron/api/v2/resource_helper.py:77}}
Jun 26 15:32:59.460894 np0000003746 devstack@neutron-api.service[87464]: DEBUG neutron.api.v2.resource_helper [None req-e05d7efa-d9f3-41ab-8d1d-caedbe1d1ba2 None None] Service L3_ROUTER_NAT assigned prefix: {{(pid=87464) build_resource_info /opt/stack/neutron/neutron/api/v2/resource_helper.py:77}}
Jun 26 15:32:59.461682 np0000003746 devstack@neutron-api.service[87464]: DEBUG neutron.api.v2.resource_helper [None req-e05d7efa-d9f3-41ab-8d1d-caedbe1d1ba2 None None] Service L3_ROUTER_NAT assigned prefix: {{(pid=87464) build_resource_info /opt/stack/neutron/neutron/api/v2/resource_helper.py:77}}
Jun 26 15:32:59.461880 np0000003746 devstack@neutron-api.service[87464]: INFO neutron.quota.resource_registry [None req-e05d7efa-d9f3-41ab-8d1d-caedbe1d1ba2 None None] Creating instance of TrackedResource for resource:router
Jun 26 15:32:59.462416 np0000003746 devstack@neutron-api.service[87464]: INFO neutron.quota.resource_registry [None req-e05d7efa-d9f3-41ab-8d1d-caedbe1d1ba2 None None] Creating instance of TrackedResource for resource:floatingip
Jun 26 15:32:59.463623 np0000003746 devstack@neutron-api.service[87464]: INFO neutron.quota.resource_registry [None req-e05d7efa-d9f3-41ab-8d1d-caedbe1d1ba2 None None] Creating instance of CountableResource for resource:rbac_policy
Jun 26 15:32:59.464538 np0000003746 devstack@neutron-api.service[87464]: INFO neutron.quota.resource_registry [None req-e05d7efa-d9f3-41ab-8d1d-caedbe1d1ba2 None None] Creating instance of TrackedResource for resource:security_group
Jun 26 15:32:59.465102 np0000003746 devstack@neutron-api.service[87464]: INFO neutron.quota.resource_registry [None req-e05d7efa-d9f3-41ab-8d1d-caedbe1d1ba2 None None] Creating instance of TrackedResource for resource:security_group_rule
Jun 26 15:32:59.465851 np0000003746 devstack@neutron-api.service[87464]: DEBUG neutron.api.v2.resource_helper [None req-e05d7efa-d9f3-41ab-8d1d-caedbe1d1ba2 None None] Service CORE assigned prefix: {{(pid=87464) build_resource_info /opt/stack/neutron/neutron/api/v2/resource_helper.py:77}}
Jun 26 15:32:59.466110 np0000003746 devstack@neutron-api.service[87464]: INFO neutron.quota.resource_registry [None req-e05d7efa-d9f3-41ab-8d1d-caedbe1d1ba2 None None] Creating instance of TrackedResource for resource:subnetpool
Jun 26 15:32:59.466339 np0000003746 devstack@neutron-api.service[87464]: WARNING neutron.quota.resource_registry [None req-e05d7efa-d9f3-41ab-8d1d-caedbe1d1ba2 None None] subnetpool is already registered
Jun 26 15:32:59.466760 np0000003746 devstack@neutron-api.service[87464]: DEBUG neutron.api.v2.resource_helper [None req-e05d7efa-d9f3-41ab-8d1d-caedbe1d1ba2 None None] Service CORE assigned prefix: {{(pid=87464) build_resource_info /opt/stack/neutron/neutron/api/v2/resource_helper.py:77}}
Jun 26 15:32:59.466950 np0000003746 devstack@neutron-api.service[87464]: INFO neutron.quota.resource_registry [None req-e05d7efa-d9f3-41ab-8d1d-caedbe1d1ba2 None None] Creating instance of TrackedResource for resource:subnetpool
Jun 26 15:32:59.467152 np0000003746 devstack@neutron-api.service[87464]: WARNING neutron.quota.resource_registry [None req-e05d7efa-d9f3-41ab-8d1d-caedbe1d1ba2 None None] subnetpool is already registered
Jun 26 15:32:59.468410 np0000003746 devstack@neutron-api.service[87463]: DEBUG neutron.common.ovn.hash_ring_manager [None req-5aee8e01-cdce-4620-88ec-1637360eb004 None None] Disallow caching, nodes 2<3 {{(pid=87463) _wait_startup_before_caching /opt/stack/neutron/neutron/common/ovn/hash_ring_manager.py:79}}
Jun 26 15:32:59.469655 np0000003746 devstack@neutron-api.service[87464]: INFO neutron.quota.resource_registry [None req-e05d7efa-d9f3-41ab-8d1d-caedbe1d1ba2 None None] Creating instance of CountableResource for resource:router_route
Jun 26 15:32:59.469832 np0000003746 devstack@neutron-api.service[87464]: WARNING neutron.quota.resource_registry [None req-e05d7efa-d9f3-41ab-8d1d-caedbe1d1ba2 None None] router_route is already registered
Jun 26 15:32:59.470071 np0000003746 devstack@neutron-api.service[87464]: DEBUG neutron.api.v2.resource_helper [None req-e05d7efa-d9f3-41ab-8d1d-caedbe1d1ba2 None None] Service L3_ROUTER_NAT assigned prefix: {{(pid=87464) build_resource_info /opt/stack/neutron/neutron/api/v2/resource_helper.py:77}}
Jun 26 15:32:59.470543 np0000003746 devstack@neutron-api.service[87464]: DEBUG neutron.api.v2.resource_helper [None req-e05d7efa-d9f3-41ab-8d1d-caedbe1d1ba2 None None] Service FLAVORS assigned prefix: {{(pid=87464) build_resource_info /opt/stack/neutron/neutron/api/v2/resource_helper.py:77}}
Jun 26 15:32:59.471456 np0000003746 devstack@neutron-api.service[87464]: DEBUG neutron.api.v2.resource_helper [None req-e05d7efa-d9f3-41ab-8d1d-caedbe1d1ba2 None None] Service L3_ROUTER_NAT assigned prefix: {{(pid=87464) build_resource_info /opt/stack/neutron/neutron/api/v2/resource_helper.py:77}}
Jun 26 15:32:59.471863 np0000003746 devstack@neutron-api.service[87464]: DEBUG neutron.api.v2.resource_helper [None req-e05d7efa-d9f3-41ab-8d1d-caedbe1d1ba2 None None] Service L3_ROUTER_NAT assigned prefix: {{(pid=87464) build_resource_info /opt/stack/neutron/neutron/api/v2/resource_helper.py:77}}
Jun 26 15:32:59.472021 np0000003746 devstack@neutron-api.service[87464]: INFO neutron.quota.resource_registry [None req-e05d7efa-d9f3-41ab-8d1d-caedbe1d1ba2 None None] Creating instance of TrackedResource for resource:router
Jun 26 15:32:59.472236 np0000003746 devstack@neutron-api.service[87464]: WARNING neutron.quota.resource_registry [None req-e05d7efa-d9f3-41ab-8d1d-caedbe1d1ba2 None None] router is already registered
Jun 26 15:32:59.472643 np0000003746 devstack@neutron-api.service[87464]: INFO neutron.quota.resource_registry [None req-e05d7efa-d9f3-41ab-8d1d-caedbe1d1ba2 None None] Creating instance of TrackedResource for resource:floatingip
Jun 26 15:32:59.472822 np0000003746 devstack@neutron-api.service[87464]: WARNING neutron.quota.resource_registry [None req-e05d7efa-d9f3-41ab-8d1d-caedbe1d1ba2 None None] floatingip is already registered
Jun 26 15:32:59.473728 np0000003746 devstack@neutron-api.service[87463]: DEBUG neutron.common.ovn.hash_ring_manager [None req-5aee8e01-cdce-4620-88ec-1637360eb004 None None] Hash Ring loaded. 2 active nodes. 0 offline nodes {{(pid=87463) _load_hash_ring /opt/stack/neutron/neutron/common/ovn/hash_ring_manager.py:110}}
Jun 26 15:32:59.473889 np0000003746 devstack@neutron-api.service[87464]: INFO neutron.quota.resource_registry [None req-e05d7efa-d9f3-41ab-8d1d-caedbe1d1ba2 None None] Creating instance of CountableResource for resource:rbac_policy
Jun 26 15:32:59.473934 np0000003746 devstack@neutron-api.service[87463]: DEBUG neutron.plugins.ml2.drivers.ovn.mech_driver.ovsdb.ovsdb_monitor [None req-5aee8e01-cdce-4620-88ec-1637360eb004 None None] Hash Ring: Node 9ed6678b12ca5d0b81b8481eb8f7a742 (host: np0000003746) handling event "create" for row 253223f4-8333-4ecb-966a-e1609b365f10 (table: ACL) {{(pid=87463) notify /opt/stack/neutron/neutron/plugins/ml2/drivers/ovn/mech_driver/ovsdb/ovsdb_monitor.py:1015}}
Jun 26 15:32:59.474061 np0000003746 devstack@neutron-api.service[87464]: WARNING neutron.quota.resource_registry [None req-e05d7efa-d9f3-41ab-8d1d-caedbe1d1ba2 None None] rbac_policy is already registered
Jun 26 15:32:59.474798 np0000003746 devstack@neutron-api.service[87464]: INFO neutron.quota.resource_registry [None req-e05d7efa-d9f3-41ab-8d1d-caedbe1d1ba2 None None] Creating instance of TrackedResource for resource:security_group
Jun 26 15:32:59.474990 np0000003746 devstack@neutron-api.service[87464]: WARNING neutron.quota.resource_registry [None req-e05d7efa-d9f3-41ab-8d1d-caedbe1d1ba2 None None] security_group is already registered
Jun 26 15:32:59.475411 np0000003746 devstack@neutron-api.service[87464]: INFO neutron.quota.resource_registry [None req-e05d7efa-d9f3-41ab-8d1d-caedbe1d1ba2 None None] Creating instance of TrackedResource for resource:security_group_rule
Jun 26 15:32:59.475566 np0000003746 devstack@neutron-api.service[87464]: WARNING neutron.quota.resource_registry [None req-e05d7efa-d9f3-41ab-8d1d-caedbe1d1ba2 None None] security_group_rule is already registered
Jun 26 15:32:59.476109 np0000003746 devstack@neutron-api.service[87464]: DEBUG neutron.api.v2.resource_helper [None req-e05d7efa-d9f3-41ab-8d1d-caedbe1d1ba2 None None] Service CORE assigned prefix: {{(pid=87464) build_resource_info /opt/stack/neutron/neutron/api/v2/resource_helper.py:77}}
Jun 26 15:32:59.476254 np0000003746 devstack@neutron-api.service[87464]: INFO neutron.quota.resource_registry [None req-e05d7efa-d9f3-41ab-8d1d-caedbe1d1ba2 None None] Creating instance of TrackedResource for resource:subnetpool
Jun 26 15:32:59.476398 np0000003746 devstack@neutron-api.service[87464]: WARNING neutron.quota.resource_registry [None req-e05d7efa-d9f3-41ab-8d1d-caedbe1d1ba2 None None] subnetpool is already registered
Jun 26 15:32:59.476758 np0000003746 devstack@neutron-api.service[87464]: DEBUG neutron.api.v2.resource_helper [None req-e05d7efa-d9f3-41ab-8d1d-caedbe1d1ba2 None None] Service CORE assigned prefix: {{(pid=87464) build_resource_info /opt/stack/neutron/neutron/api/v2/resource_helper.py:77}}
Jun 26 15:32:59.476898 np0000003746 devstack@neutron-api.service[87464]: INFO neutron.quota.resource_registry [None req-e05d7efa-d9f3-41ab-8d1d-caedbe1d1ba2 None None] Creating instance of TrackedResource for resource:subnetpool
Jun 26 15:32:59.477073 np0000003746 devstack@neutron-api.service[87464]: WARNING neutron.quota.resource_registry [None req-e05d7efa-d9f3-41ab-8d1d-caedbe1d1ba2 None None] subnetpool is already registered
Jun 26 15:32:59.477463 np0000003746 devstack@neutron-api.service[87464]: DEBUG neutron.api.extensions [None req-e05d7efa-d9f3-41ab-8d1d-caedbe1d1ba2 None None] Extended resource: extensions {{(pid=87464) __init__ /opt/stack/neutron/neutron/api/extensions.py:156}}
Jun 26 15:32:59.478276 np0000003746 devstack@neutron-api.service[87464]: DEBUG neutron.api.extensions [None req-e05d7efa-d9f3-41ab-8d1d-caedbe1d1ba2 None None] Extended resource: address-groups {{(pid=87464) __init__ /opt/stack/neutron/neutron/api/extensions.py:156}}
Jun 26 15:32:59.478928 np0000003746 devstack@neutron-api.service[87464]: DEBUG neutron.api.extensions [None req-e05d7efa-d9f3-41ab-8d1d-caedbe1d1ba2 None None] Extended resource: address-scopes {{(pid=87464) __init__ /opt/stack/neutron/neutron/api/extensions.py:156}}
Jun 26 15:32:59.479400 np0000003746 devstack@neutron-api.service[87464]: DEBUG neutron.api.extensions [None req-e05d7efa-d9f3-41ab-8d1d-caedbe1d1ba2 None None] Extended resource: agents {{(pid=87464) __init__ /opt/stack/neutron/neutron/api/extensions.py:156}}
Jun 26 15:32:59.479814 np0000003746 devstack@neutron-api.service[87464]: DEBUG neutron.api.extensions [None req-e05d7efa-d9f3-41ab-8d1d-caedbe1d1ba2 None None] Extended resource: auto-allocated-topology {{(pid=87464) __init__ /opt/stack/neutron/neutron/api/extensions.py:156}}
Jun 26 15:32:59.480346 np0000003746 devstack@neutron-api.service[87464]: DEBUG neutron.api.extensions [None req-e05d7efa-d9f3-41ab-8d1d-caedbe1d1ba2 None None] Extended resource: availability_zones {{(pid=87464) __init__ /opt/stack/neutron/neutron/api/extensions.py:156}}
Jun 26 15:32:59.480754 np0000003746 devstack@neutron-api.service[87463]: DEBUG neutron.common.ovn.hash_ring_manager [None req-5aee8e01-cdce-4620-88ec-1637360eb004 None None] Hash Ring loaded. 2 active nodes. 0 offline nodes {{(pid=87463) _load_hash_ring /opt/stack/neutron/neutron/common/ovn/hash_ring_manager.py:110}}
Jun 26 15:32:59.480793 np0000003746 devstack@neutron-api.service[87464]: DEBUG neutron.api.extensions [None req-e05d7efa-d9f3-41ab-8d1d-caedbe1d1ba2 None None] Extended resource: dhcp-networks {{(pid=87464) __init__ /opt/stack/neutron/neutron/api/extensions.py:156}}
Jun 26 15:32:59.481358 np0000003746 devstack@neutron-api.service[87464]: DEBUG neutron.api.extensions [None req-e05d7efa-d9f3-41ab-8d1d-caedbe1d1ba2 None None] Extended resource: dhcp-agents {{(pid=87464) __init__ /opt/stack/neutron/neutron/api/extensions.py:156}}
Jun 26 15:32:59.481932 np0000003746 devstack@neutron-api.service[87464]: DEBUG neutron.api.extensions [None req-e05d7efa-d9f3-41ab-8d1d-caedbe1d1ba2 None None] Extended resource: routers {{(pid=87464) __init__ /opt/stack/neutron/neutron/api/extensions.py:156}}
Jun 26 15:32:59.483091 np0000003746 devstack@neutron-api.service[87464]: DEBUG neutron.api.extensions [None req-e05d7efa-d9f3-41ab-8d1d-caedbe1d1ba2 None None] Extended resource: flavors {{(pid=87464) __init__ /opt/stack/neutron/neutron/api/extensions.py:156}}
Jun 26 15:32:59.483524 np0000003746 devstack@neutron-api.service[87464]: DEBUG neutron.api.extensions [None req-e05d7efa-d9f3-41ab-8d1d-caedbe1d1ba2 None None] Extended resource: service_profiles {{(pid=87464) __init__ /opt/stack/neutron/neutron/api/extensions.py:156}}
Jun 26 15:32:59.484007 np0000003746 devstack@neutron-api.service[87464]: DEBUG neutron.api.extensions [None req-e05d7efa-d9f3-41ab-8d1d-caedbe1d1ba2 None None] Extended resource: next_providers {{(pid=87464) __init__ /opt/stack/neutron/neutron/api/extensions.py:156}}
Jun 26 15:32:59.484543 np0000003746 devstack@neutron-api.service[87464]: DEBUG neutron.api.extensions [None req-e05d7efa-d9f3-41ab-8d1d-caedbe1d1ba2 None None] Extended resource: service_profiles {{(pid=87464) __init__ /opt/stack/neutron/neutron/api/extensions.py:156}}
Jun 26 15:32:59.485092 np0000003746 devstack@neutron-api.service[87464]: DEBUG neutron.api.extensions [None req-e05d7efa-d9f3-41ab-8d1d-caedbe1d1ba2 None None] Extended resource: floatingip-pools {{(pid=87464) __init__ /opt/stack/neutron/neutron/api/extensions.py:156}}
Jun 26 15:32:59.485578 np0000003746 devstack@neutron-api.service[87464]: DEBUG neutron.api.extensions [None req-e05d7efa-d9f3-41ab-8d1d-caedbe1d1ba2 None None] Extended resource: routers {{(pid=87464) __init__ /opt/stack/neutron/neutron/api/extensions.py:156}}
Jun 26 15:32:59.486346 np0000003746 devstack@neutron-api.service[87464]: DEBUG neutron.api.extensions [None req-e05d7efa-d9f3-41ab-8d1d-caedbe1d1ba2 None None] Extended resource: floatingips {{(pid=87464) __init__ /opt/stack/neutron/neutron/api/extensions.py:156}}
Jun 26 15:32:59.486591 np0000003746 devstack@neutron-api.service[87463]: DEBUG neutron.common.ovn.hash_ring_manager [None req-5aee8e01-cdce-4620-88ec-1637360eb004 None None] Hash Ring loaded. 2 active nodes. 0 offline nodes {{(pid=87463) _load_hash_ring /opt/stack/neutron/neutron/common/ovn/hash_ring_manager.py:110}}
Jun 26 15:32:59.486794 np0000003746 devstack@neutron-api.service[87464]: DEBUG neutron.api.extensions [None req-e05d7efa-d9f3-41ab-8d1d-caedbe1d1ba2 None None] Extended resource: l3-routers {{(pid=87464) __init__ /opt/stack/neutron/neutron/api/extensions.py:156}}
Jun 26 15:32:59.487404 np0000003746 devstack@neutron-api.service[87464]: DEBUG neutron.api.extensions [None req-e05d7efa-d9f3-41ab-8d1d-caedbe1d1ba2 None None] Extended resource: l3-agents {{(pid=87464) __init__ /opt/stack/neutron/neutron/api/extensions.py:156}}
Jun 26 15:32:59.488023 np0000003746 devstack@neutron-api.service[87464]: DEBUG neutron.api.extensions [None req-e05d7efa-d9f3-41ab-8d1d-caedbe1d1ba2 None None] Extended resource: network-ip-availabilities {{(pid=87464) __init__ /opt/stack/neutron/neutron/api/extensions.py:156}}
Jun 26 15:32:59.488552 np0000003746 devstack@neutron-api.service[87464]: DEBUG neutron.api.extensions [None req-e05d7efa-d9f3-41ab-8d1d-caedbe1d1ba2 None None] Extended resource: network-ip-availabilities {{(pid=87464) __init__ /opt/stack/neutron/neutron/api/extensions.py:156}}
Jun 26 15:32:59.489790 np0000003746 devstack@neutron-api.service[87464]: DEBUG neutron.api.extensions [None req-e05d7efa-d9f3-41ab-8d1d-caedbe1d1ba2 None None] Extended resource: bindings {{(pid=87464) __init__ /opt/stack/neutron/neutron/api/extensions.py:156}}
Jun 26 15:32:59.490497 np0000003746 devstack@neutron-api.service[87464]: DEBUG neutron.api.extensions [None req-e05d7efa-d9f3-41ab-8d1d-caedbe1d1ba2 None None] Extended resource: quotas {{(pid=87464) __init__ /opt/stack/neutron/neutron/api/extensions.py:156}}
Jun 26 15:32:59.491172 np0000003746 devstack@neutron-api.service[87464]: DEBUG neutron.api.extensions [None req-e05d7efa-d9f3-41ab-8d1d-caedbe1d1ba2 None None] Extended resource: quotas {{(pid=87464) __init__ /opt/stack/neutron/neutron/api/extensions.py:156}}
Jun 26 15:32:59.491778 np0000003746 devstack@neutron-api.service[87464]: DEBUG neutron.api.extensions [None req-e05d7efa-d9f3-41ab-8d1d-caedbe1d1ba2 None None] Extended resource: rbac-policies {{(pid=87464) __init__ /opt/stack/neutron/neutron/api/extensions.py:156}}
Jun 26 15:32:59.492285 np0000003746 devstack@neutron-api.service[87464]: DEBUG neutron.api.extensions [None req-e05d7efa-d9f3-41ab-8d1d-caedbe1d1ba2 None None] Extended resource: default-security-group-rules {{(pid=87464) __init__ /opt/stack/neutron/neutron/api/extensions.py:156}}
Jun 26 15:32:59.492741 np0000003746 devstack@neutron-api.service[87463]: DEBUG neutron.common.ovn.hash_ring_manager [None req-5aee8e01-cdce-4620-88ec-1637360eb004 None None] Hash Ring loaded. 2 active nodes. 0 offline nodes {{(pid=87463) _load_hash_ring /opt/stack/neutron/neutron/common/ovn/hash_ring_manager.py:110}}
Jun 26 15:32:59.492799 np0000003746 devstack@neutron-api.service[87464]: DEBUG neutron.api.extensions [None req-e05d7efa-d9f3-41ab-8d1d-caedbe1d1ba2 None None] Extended resource: security-groups-default-statefulness {{(pid=87464) __init__ /opt/stack/neutron/neutron/api/extensions.py:156}}
Jun 26 15:32:59.493357 np0000003746 devstack@neutron-api.service[87464]: DEBUG neutron.api.extensions [None req-e05d7efa-d9f3-41ab-8d1d-caedbe1d1ba2 None None] Extended resource: security-groups {{(pid=87464) __init__ /opt/stack/neutron/neutron/api/extensions.py:156}}
Jun 26 15:32:59.493881 np0000003746 devstack@neutron-api.service[87464]: DEBUG neutron.api.extensions [None req-e05d7efa-d9f3-41ab-8d1d-caedbe1d1ba2 None None] Extended resource: security-group-rules {{(pid=87464) __init__ /opt/stack/neutron/neutron/api/extensions.py:156}}
Jun 26 15:32:59.494418 np0000003746 devstack@neutron-api.service[87464]: DEBUG neutron.api.extensions [None req-e05d7efa-d9f3-41ab-8d1d-caedbe1d1ba2 None None] Extended resource: service-providers {{(pid=87464) __init__ /opt/stack/neutron/neutron/api/extensions.py:156}}
Jun 26 15:32:59.494930 np0000003746 devstack@neutron-api.service[87464]: DEBUG neutron.api.extensions [None req-e05d7efa-d9f3-41ab-8d1d-caedbe1d1ba2 None None] Extended resource: subnetpools {{(pid=87464) __init__ /opt/stack/neutron/neutron/api/extensions.py:156}}
Jun 26 15:32:59.495451 np0000003746 devstack@neutron-api.service[87464]: DEBUG neutron.api.extensions [None req-e05d7efa-d9f3-41ab-8d1d-caedbe1d1ba2 None None] Extended resource: subnetpools {{(pid=87464) __init__ /opt/stack/neutron/neutron/api/extensions.py:156}}
Jun 26 15:32:59.495960 np0000003746 devstack@neutron-api.service[87464]: DEBUG neutron.api.extensions [None req-e05d7efa-d9f3-41ab-8d1d-caedbe1d1ba2 None None] Extended resource: tags {{(pid=87464) __init__ /opt/stack/neutron/neutron/api/extensions.py:156}}
Jun 26 15:32:59.496609 np0000003746 devstack@neutron-api.service[87464]: DEBUG neutron.api.extensions [None req-e05d7efa-d9f3-41ab-8d1d-caedbe1d1ba2 None None] Extended resource: tags {{(pid=87464) __init__ /opt/stack/neutron/neutron/api/extensions.py:156}}
Jun 26 15:32:59.497555 np0000003746 devstack@neutron-api.service[87464]: DEBUG neutron.api.extensions [None req-e05d7efa-d9f3-41ab-8d1d-caedbe1d1ba2 None None] Extended resource: tags {{(pid=87464) __init__ /opt/stack/neutron/neutron/api/extensions.py:156}}
Jun 26 15:32:59.498288 np0000003746 devstack@neutron-api.service[87464]: DEBUG neutron.api.extensions [None req-e05d7efa-d9f3-41ab-8d1d-caedbe1d1ba2 None None] Extended resource: tags {{(pid=87464) __init__ /opt/stack/neutron/neutron/api/extensions.py:156}}
Jun 26 15:32:59.498998 np0000003746 devstack@neutron-api.service[87464]: DEBUG neutron.api.extensions [None req-e05d7efa-d9f3-41ab-8d1d-caedbe1d1ba2 None None] Extended resource: tags {{(pid=87464) __init__ /opt/stack/neutron/neutron/api/extensions.py:156}}
Jun 26 15:32:59.499641 np0000003746 devstack@neutron-api.service[87464]: DEBUG neutron.api.extensions [None req-e05d7efa-d9f3-41ab-8d1d-caedbe1d1ba2 None None] Extended resource: tags {{(pid=87464) __init__ /opt/stack/neutron/neutron/api/extensions.py:156}}
Jun 26 15:32:59.500023 np0000003746 devstack@neutron-api.service[87463]: DEBUG neutron.common.ovn.hash_ring_manager [None req-5aee8e01-cdce-4620-88ec-1637360eb004 None None] Hash Ring loaded. 2 active nodes. 0 offline nodes {{(pid=87463) _load_hash_ring /opt/stack/neutron/neutron/common/ovn/hash_ring_manager.py:110}}
Jun 26 15:32:59.500232 np0000003746 devstack@neutron-api.service[87464]: DEBUG neutron.api.extensions [None req-e05d7efa-d9f3-41ab-8d1d-caedbe1d1ba2 None None] Extended resource: tags {{(pid=87464) __init__ /opt/stack/neutron/neutron/api/extensions.py:156}}
Jun 26 15:32:59.500947 np0000003746 devstack@neutron-api.service[87464]: DEBUG neutron.api.extensions [None req-e05d7efa-d9f3-41ab-8d1d-caedbe1d1ba2 None None] Extended resource: tags {{(pid=87464) __init__ /opt/stack/neutron/neutron/api/extensions.py:156}}
Jun 26 15:32:59.501631 np0000003746 devstack@neutron-api.service[87464]: DEBUG neutron.api.extensions [None req-e05d7efa-d9f3-41ab-8d1d-caedbe1d1ba2 None None] Extended resource: tags {{(pid=87464) __init__ /opt/stack/neutron/neutron/api/extensions.py:156}}
Jun 26 15:32:59.502322 np0000003746 devstack@neutron-api.service[87464]: DEBUG neutron.api.extensions [None req-e05d7efa-d9f3-41ab-8d1d-caedbe1d1ba2 None None] Extended resource: tags {{(pid=87464) __init__ /opt/stack/neutron/neutron/api/extensions.py:156}}
Jun 26 15:32:59.507672 np0000003746 devstack@neutron-api.service[87463]: DEBUG neutron.common.ovn.hash_ring_manager [None req-5aee8e01-cdce-4620-88ec-1637360eb004 None None] Hash Ring loaded. 2 active nodes. 0 offline nodes {{(pid=87463) _load_hash_ring /opt/stack/neutron/neutron/common/ovn/hash_ring_manager.py:110}}
Jun 26 15:32:59.511060 np0000003746 devstack@neutron-api.service[87464]: DEBUG neutron_lib.callbacks.manager [None req-e05d7efa-d9f3-41ab-8d1d-caedbe1d1ba2 None None] Publish callbacks ['neutron.plugins.ml2.drivers.ovn.mech_driver.mech_driver.OVNMechanismDriver.pre_fork_initialize-1893772'] for process (None), before_spawn {{(pid=87464) _notify_loop /opt/stack/data/venv/lib/python3.12/site-packages/neutron_lib/callbacks/manager.py:184}}
Jun 26 15:32:59.511466 np0000003746 devstack@neutron-api.service[87464]: DEBUG oslo_concurrency.processutils [None req-e05d7efa-d9f3-41ab-8d1d-caedbe1d1ba2 None None] Running cmd (subprocess): ovsdb-client transact ssl:10.4.3.83:6641 --timeout 180 -p /opt/stack/data/CA/int-ca/private/devstack-cert.key -c /opt/stack/data/CA/int-ca/devstack-cert.crt -C /opt/stack/data/CA/int-ca/ca-chain.pem ["OVN_Northbound", {"op": "wait", "timeout": 0, "table": "Port_Group", "where": [["name", "==", "neutron_pg_drop"]], "until": "==", "rows": []}, {"op": "insert", "table": "ACL", "row": {"action": "drop", "direction": "to-lport", "match": "outport == @neutron_pg_drop && ip", "priority": 1001}, "uuid-name": "droptoport"}, {"op": "insert", "table": "ACL", "row": {"action": "drop", "direction": "from-lport", "match": "inport == @neutron_pg_drop && ip", "priority": 1001}, "uuid-name": "dropfromport"}, {"op": "insert", "table": "Port_Group", "row": {"name": "neutron_pg_drop", "acls": ["set", [["named-uuid", "droptoport"], ["named-uuid", "dropfromport"]]]}}] {{(pid=87464) execute /opt/stack/data/venv/lib/python3.12/site-packages/oslo_concurrency/processutils.py:440}}
Jun 26 15:32:59.513380 np0000003746 devstack@neutron-api.service[87463]: DEBUG neutron.common.ovn.hash_ring_manager [None req-5aee8e01-cdce-4620-88ec-1637360eb004 None None] Hash Ring loaded. 2 active nodes. 0 offline nodes {{(pid=87463) _load_hash_ring /opt/stack/neutron/neutron/common/ovn/hash_ring_manager.py:110}}
Jun 26 15:32:59.519277 np0000003746 devstack@neutron-api.service[87463]: DEBUG neutron.common.ovn.hash_ring_manager [None req-5aee8e01-cdce-4620-88ec-1637360eb004 None None] Hash Ring loaded. 2 active nodes. 0 offline nodes {{(pid=87463) _load_hash_ring /opt/stack/neutron/neutron/common/ovn/hash_ring_manager.py:110}}
Jun 26 15:32:59.525775 np0000003746 devstack@neutron-api.service[87463]: DEBUG neutron.common.ovn.hash_ring_manager [None req-5aee8e01-cdce-4620-88ec-1637360eb004 None None] Hash Ring loaded. 2 active nodes. 0 offline nodes {{(pid=87463) _load_hash_ring /opt/stack/neutron/neutron/common/ovn/hash_ring_manager.py:110}}
Jun 26 15:32:59.525775 np0000003746 devstack@neutron-api.service[87463]: INFO neutron.plugins.ml2.drivers.ovn.mech_driver.ovsdb.impl_idl_ovn [None req-5aee8e01-cdce-4620-88ec-1637360eb004 None None] Getting OvsdbSbOvnIdl for WorkerService with retry
Jun 26 15:32:59.534435 np0000003746 devstack@neutron-api.service[87464]: DEBUG oslo_concurrency.processutils [None req-e05d7efa-d9f3-41ab-8d1d-caedbe1d1ba2 None None] CMD "ovsdb-client transact ssl:10.4.3.83:6641 --timeout 180 -p /opt/stack/data/CA/int-ca/private/devstack-cert.key -c /opt/stack/data/CA/int-ca/devstack-cert.crt -C /opt/stack/data/CA/int-ca/ca-chain.pem ["OVN_Northbound", {"op": "wait", "timeout": 0, "table": "Port_Group", "where": [["name", "==", "neutron_pg_drop"]], "until": "==", "rows": []}, {"op": "insert", "table": "ACL", "row": {"action": "drop", "direction": "to-lport", "match": "outport == @neutron_pg_drop && ip", "priority": 1001}, "uuid-name": "droptoport"}, {"op": "insert", "table": "ACL", "row": {"action": "drop", "direction": "from-lport", "match": "inport == @neutron_pg_drop && ip", "priority": 1001}, "uuid-name": "dropfromport"}, {"op": "insert", "table": "Port_Group", "row": {"name": "neutron_pg_drop", "acls": ["set", [["named-uuid", "droptoport"], ["named-uuid", "dropfromport"]]]}}]" returned: 0 in 0.023s {{(pid=87464) execute /opt/stack/data/venv/lib/python3.12/site-packages/oslo_concurrency/processutils.py:468}}
Jun 26 15:32:59.534833 np0000003746 devstack@neutron-api.service[87464]: DEBUG neutron_lib.callbacks.manager [None req-e05d7efa-d9f3-41ab-8d1d-caedbe1d1ba2 None None] Publish callbacks ['neutron.plugins.ml2.drivers.ovn.mech_driver.mech_driver.OVNMechanismDriver.post_fork_initialize-1893844', 'neutron.services.pvlan.drivers.ovn.driver._initialize_pvlan_pg_drop-8140652354644', 'neutron.services.ovn_l3.plugin.OVNL3RouterPlugin._post_fork_initialize-3737812'] for process (None), after_init {{(pid=87464) _notify_loop /opt/stack/data/venv/lib/python3.12/site-packages/neutron_lib/callbacks/manager.py:184}}
Jun 26 15:32:59.535275 np0000003746 devstack@neutron-api.service[87464]: DEBUG oslo_concurrency.lockutils [None req-e05d7efa-d9f3-41ab-8d1d-caedbe1d1ba2 None None] Acquiring lock "singleton_lock" {{(pid=87464) lock /opt/stack/data/venv/lib/python3.12/site-packages/oslo_concurrency/lockutils.py:395}}
Jun 26 15:32:59.535431 np0000003746 devstack@neutron-api.service[87464]: DEBUG oslo_concurrency.lockutils [None req-e05d7efa-d9f3-41ab-8d1d-caedbe1d1ba2 None None] Acquired lock "singleton_lock" {{(pid=87464) lock /opt/stack/data/venv/lib/python3.12/site-packages/oslo_concurrency/lockutils.py:398}}
Jun 26 15:32:59.535693 np0000003746 devstack@neutron-api.service[87464]: DEBUG oslo_concurrency.lockutils [None req-e05d7efa-d9f3-41ab-8d1d-caedbe1d1ba2 None None] Releasing lock "singleton_lock" {{(pid=87464) lock /opt/stack/data/venv/lib/python3.12/site-packages/oslo_concurrency/lockutils.py:418}}
Jun 26 15:32:59.537528 np0000003746 devstack@neutron-api.service[87464]: DEBUG neutron.plugins.ml2.drivers.ovn.mech_driver.mech_driver [None req-e05d7efa-d9f3-41ab-8d1d-caedbe1d1ba2 None None] Hash Ring setup using WSGI start time 2026-06-26 15:32:52+00:00 {{(pid=87464) _init_hash_ring /opt/stack/neutron/neutron/plugins/ml2/drivers/ovn/mech_driver/mech_driver.py:404}}
Jun 26 15:32:59.542658 np0000003746 devstack@neutron-api.service[87464]: INFO neutron.db.ovn_hash_ring_db [None req-e05d7efa-d9f3-41ab-8d1d-caedbe1d1ba2 None None] Nodes from host "np0000003746" and group "mechanism_driver" removed from the Hash Ring created at 2026-06-26 15:32:52+00:00
Jun 26 15:32:59.545218 np0000003746 devstack@neutron-api.service[87464]: INFO neutron.db.ovn_hash_ring_db [None req-e05d7efa-d9f3-41ab-8d1d-caedbe1d1ba2 None None] Node 427df676e88951b6a9608ac46047fe7e from host "np0000003746" and group "mechanism_driver" added to the Hash Ring
Jun 26 15:32:59.547977 np0000003746 devstack@neutron-api.service[87463]: DEBUG ovsdbapp.backend.ovs_idl [None req-5aee8e01-cdce-4620-88ec-1637360eb004 None None] Created lookup_table index Chassis.name {{(pid=87463) autocreate_indices /opt/stack/data/venv/lib/python3.12/site-packages/ovsdbapp/backend/ovs_idl/__init__.py:87}}
Jun 26 15:32:59.548127 np0000003746 devstack@neutron-api.service[87463]: DEBUG ovsdbapp.backend.ovs_idl [None req-5aee8e01-cdce-4620-88ec-1637360eb004 None None] Created lookup_table index Port_Binding.logical_port {{(pid=87463) autocreate_indices /opt/stack/data/venv/lib/python3.12/site-packages/ovsdbapp/backend/ovs_idl/__init__.py:87}}
Jun 26 15:32:59.548321 np0000003746 devstack@neutron-api.service[87463]: DEBUG ovsdbapp.backend.ovs_idl [None req-5aee8e01-cdce-4620-88ec-1637360eb004 None None] Created schema index Chassis_Private.name {{(pid=87463) autocreate_indices /opt/stack/data/venv/lib/python3.12/site-packages/ovsdbapp/backend/ovs_idl/__init__.py:106}}
Jun 26 15:32:59.548380 np0000003746 devstack@neutron-api.service[87463]: DEBUG ovsdbapp.backend.ovs_idl [None req-5aee8e01-cdce-4620-88ec-1637360eb004 None None] Created schema index Datapath_Binding.tunnel_key {{(pid=87463) autocreate_indices /opt/stack/data/venv/lib/python3.12/site-packages/ovsdbapp/backend/ovs_idl/__init__.py:106}}
Jun 26 15:32:59.548429 np0000003746 devstack@neutron-api.service[87464]: DEBUG neutron.plugins.ml2.drivers.ovn.mech_driver.mech_driver [None req-e05d7efa-d9f3-41ab-8d1d-caedbe1d1ba2 None None] Hash Ring setup, this worker has detected 3 OVN hash ring registers in the database {{(pid=87464) _init_hash_ring /opt/stack/neutron/neutron/plugins/ml2/drivers/ovn/mech_driver/mech_driver.py:414}}
Jun 26 15:32:59.551273 np0000003746 devstack@neutron-api.service[87463]: INFO ovsdbapp.backend.ovs_idl.vlog [None req-5aee8e01-cdce-4620-88ec-1637360eb004 None None] ssl:10.4.3.83:6642: connecting...
Jun 26 15:32:59.554818 np0000003746 devstack@neutron-api.service[87464]: DEBUG neutron.plugins.ml2.drivers.ovn.mech_driver.ovsdb.maintenance [None req-e05d7efa-d9f3-41ab-8d1d-caedbe1d1ba2 None None] Periodic task found: HashRingHealthCheckPeriodics.touch_hash_ring_node {{(pid=87464) add_periodics /opt/stack/neutron/neutron/plugins/ml2/drivers/ovn/mech_driver/ovsdb/maintenance.py:146}}
Jun 26 15:32:59.555801 np0000003746 devstack@neutron-api.service[87464]: INFO neutron.plugins.ml2.drivers.ovn.mech_driver.mech_driver [None req-e05d7efa-d9f3-41ab-8d1d-caedbe1d1ba2 None None] Hash Ring probing thread for node 427df676e88951b6a9608ac46047fe7e has started
Jun 26 15:32:59.556521 np0000003746 devstack@neutron-api.service[87464]: INFO neutron.plugins.ml2.drivers.ovn.mech_driver.ovsdb.impl_idl_ovn [None req-e05d7efa-d9f3-41ab-8d1d-caedbe1d1ba2 None None] Getting OvsdbNbOvnIdl for WorkerService with retry
Jun 26 15:32:59.557139 np0000003746 devstack@neutron-api.service[87463]: INFO ovsdbapp.backend.ovs_idl.vlog [None req-5aee8e01-cdce-4620-88ec-1637360eb004 None None] ssl:10.4.3.83:6642: connected
Jun 26 15:32:59.583665 np0000003746 devstack@neutron-api.service[87463]: DEBUG neutron.common.ovn.hash_ring_manager [None req-5aee8e01-cdce-4620-88ec-1637360eb004 None None] Allow caching, nodes 3>=3 {{(pid=87463) _wait_startup_before_caching /opt/stack/neutron/neutron/common/ovn/hash_ring_manager.py:71}}
Jun 26 15:32:59.590430 np0000003746 devstack@neutron-api.service[87464]: DEBUG ovsdbapp.backend.ovs_idl [None req-e05d7efa-d9f3-41ab-8d1d-caedbe1d1ba2 None None] Created lookup_table index Logical_Switch.name {{(pid=87464) autocreate_indices /opt/stack/data/venv/lib/python3.12/site-packages/ovsdbapp/backend/ovs_idl/__init__.py:87}}
Jun 26 15:32:59.590563 np0000003746 devstack@neutron-api.service[87464]: DEBUG ovsdbapp.backend.ovs_idl [None req-e05d7efa-d9f3-41ab-8d1d-caedbe1d1ba2 None None] Created lookup_table index Logical_Router.name {{(pid=87464) autocreate_indices /opt/stack/data/venv/lib/python3.12/site-packages/ovsdbapp/backend/ovs_idl/__init__.py:87}}
Jun 26 15:32:59.590660 np0000003746 devstack@neutron-api.service[87464]: DEBUG ovsdbapp.backend.ovs_idl [None req-e05d7efa-d9f3-41ab-8d1d-caedbe1d1ba2 None None] Created lookup_table index Load_Balancer.name {{(pid=87464) autocreate_indices /opt/stack/data/venv/lib/python3.12/site-packages/ovsdbapp/backend/ovs_idl/__init__.py:87}}
Jun 26 15:32:59.590759 np0000003746 devstack@neutron-api.service[87464]: DEBUG ovsdbapp.backend.ovs_idl [None req-e05d7efa-d9f3-41ab-8d1d-caedbe1d1ba2 None None] Created schema index Copp.name {{(pid=87464) autocreate_indices /opt/stack/data/venv/lib/python3.12/site-packages/ovsdbapp/backend/ovs_idl/__init__.py:106}}
Jun 26 15:32:59.590841 np0000003746 devstack@neutron-api.service[87464]: DEBUG ovsdbapp.backend.ovs_idl [None req-e05d7efa-d9f3-41ab-8d1d-caedbe1d1ba2 None None] Created schema index Meter.name {{(pid=87464) autocreate_indices /opt/stack/data/venv/lib/python3.12/site-packages/ovsdbapp/backend/ovs_idl/__init__.py:106}}
Jun 26 15:32:59.590936 np0000003746 devstack@neutron-api.service[87464]: DEBUG ovsdbapp.backend.ovs_idl [None req-e05d7efa-d9f3-41ab-8d1d-caedbe1d1ba2 None None] Created schema index Load_Balancer_Group.name {{(pid=87464) autocreate_indices /opt/stack/data/venv/lib/python3.12/site-packages/ovsdbapp/backend/ovs_idl/__init__.py:106}}
Jun 26 15:32:59.591012 np0000003746 devstack@neutron-api.service[87464]: DEBUG ovsdbapp.backend.ovs_idl [None req-e05d7efa-d9f3-41ab-8d1d-caedbe1d1ba2 None None] Created schema index HA_Chassis_Group.name {{(pid=87464) autocreate_indices /opt/stack/data/venv/lib/python3.12/site-packages/ovsdbapp/backend/ovs_idl/__init__.py:106}}
Jun 26 15:32:59.591130 np0000003746 devstack@neutron-api.service[87464]: DEBUG ovsdbapp.backend.ovs_idl [None req-e05d7efa-d9f3-41ab-8d1d-caedbe1d1ba2 None None] Created schema index Address_Set.name {{(pid=87464) autocreate_indices /opt/stack/data/venv/lib/python3.12/site-packages/ovsdbapp/backend/ovs_idl/__init__.py:106}}
Jun 26 15:32:59.591220 np0000003746 devstack@neutron-api.service[87464]: DEBUG ovsdbapp.backend.ovs_idl [None req-e05d7efa-d9f3-41ab-8d1d-caedbe1d1ba2 None None] Created schema index Connection.target {{(pid=87464) autocreate_indices /opt/stack/data/venv/lib/python3.12/site-packages/ovsdbapp/backend/ovs_idl/__init__.py:106}}
Jun 26 15:32:59.591266 np0000003746 devstack@neutron-api.service[87463]: DEBUG neutron.common.ovn.hash_ring_manager [None req-5aee8e01-cdce-4620-88ec-1637360eb004 None None] Hash Ring loaded. 3 active nodes. 0 offline nodes {{(pid=87463) _load_hash_ring /opt/stack/neutron/neutron/common/ovn/hash_ring_manager.py:110}}
Jun 26 15:32:59.591297 np0000003746 devstack@neutron-api.service[87464]: DEBUG ovsdbapp.backend.ovs_idl [None req-e05d7efa-d9f3-41ab-8d1d-caedbe1d1ba2 None None] Created schema index Gateway_Chassis.name {{(pid=87464) autocreate_indices /opt/stack/data/venv/lib/python3.12/site-packages/ovsdbapp/backend/ovs_idl/__init__.py:106}}
Jun 26 15:32:59.591413 np0000003746 devstack@neutron-api.service[87464]: DEBUG ovsdbapp.backend.ovs_idl [None req-e05d7efa-d9f3-41ab-8d1d-caedbe1d1ba2 None None] Created schema index Mirror.name {{(pid=87464) autocreate_indices /opt/stack/data/venv/lib/python3.12/site-packages/ovsdbapp/backend/ovs_idl/__init__.py:106}}
Jun 26 15:32:59.591443 np0000003746 devstack@neutron-api.service[87464]: DEBUG ovsdbapp.backend.ovs_idl [None req-e05d7efa-d9f3-41ab-8d1d-caedbe1d1ba2 None None] Created schema index Chassis_Template_Var.chassis {{(pid=87464) autocreate_indices /opt/stack/data/venv/lib/python3.12/site-packages/ovsdbapp/backend/ovs_idl/__init__.py:106}}
Jun 26 15:32:59.591532 np0000003746 devstack@neutron-api.service[87464]: DEBUG ovsdbapp.backend.ovs_idl [None req-e05d7efa-d9f3-41ab-8d1d-caedbe1d1ba2 None None] Created schema index Logical_Router_Port.name {{(pid=87464) autocreate_indices /opt/stack/data/venv/lib/python3.12/site-packages/ovsdbapp/backend/ovs_idl/__init__.py:106}}
Jun 26 15:32:59.591602 np0000003746 devstack@neutron-api.service[87463]: DEBUG neutron.plugins.ml2.drivers.ovn.mech_driver.ovsdb.ovsdb_monitor [None req-5aee8e01-cdce-4620-88ec-1637360eb004 None None] ChassisOVNAgentWriteEvent : Matched Chassis_Private, create, None None {{(pid=87463) matches /opt/stack/neutron/neutron/plugins/ml2/drivers/ovn/mech_driver/ovsdb/ovsdb_monitor.py:64}}
Jun 26 15:32:59.591637 np0000003746 devstack@neutron-api.service[87464]: DEBUG ovsdbapp.backend.ovs_idl [None req-e05d7efa-d9f3-41ab-8d1d-caedbe1d1ba2 None None] Created schema index Port_Group.name {{(pid=87464) autocreate_indices /opt/stack/data/venv/lib/python3.12/site-packages/ovsdbapp/backend/ovs_idl/__init__.py:106}}
