Jun 10 15:14:58.588632 np0000002513 nova-scheduler[95659]: DEBUG cotyledon.oslo_config_glue [-] oslo_limit.endpoint_id = None {{(pid=95659) log_opt_values /opt/stack/data/venv/lib/python3.12/site-packages/oslo_config/cfg.py:3256}}
Jun 10 15:14:58.588743 np0000002513 nova-scheduler[95659]: DEBUG cotyledon.oslo_config_glue [-] oslo_limit.endpoint_interface = public {{(pid=95659) log_opt_values /opt/stack/data/venv/lib/python3.12/site-packages/oslo_config/cfg.py:3256}}
Jun 10 15:14:58.588816 np0000002513 nova-scheduler[95659]: DEBUG cotyledon.oslo_config_glue [-] oslo_limit.endpoint_override = None {{(pid=95659) log_opt_values /opt/stack/data/venv/lib/python3.12/site-packages/oslo_config/cfg.py:3256}}
Jun 10 15:14:58.588902 np0000002513 nova-scheduler[95659]: DEBUG cotyledon.oslo_config_glue [-] oslo_limit.endpoint_region_name = None {{(pid=95659) log_opt_values /opt/stack/data/venv/lib/python3.12/site-packages/oslo_config/cfg.py:3256}}
Jun 10 15:14:58.588979 np0000002513 nova-scheduler[95659]: DEBUG cotyledon.oslo_config_glue [-] oslo_limit.endpoint_service_name = None {{(pid=95659) log_opt_values /opt/stack/data/venv/lib/python3.12/site-packages/oslo_config/cfg.py:3256}}
Jun 10 15:14:58.589053 np0000002513 nova-scheduler[95659]: DEBUG cotyledon.oslo_config_glue [-] oslo_limit.endpoint_service_type = None {{(pid=95659) log_opt_values /opt/stack/data/venv/lib/python3.12/site-packages/oslo_config/cfg.py:3256}}
Jun 10 15:14:58.589142 np0000002513 nova-scheduler[95659]: DEBUG cotyledon.oslo_config_glue [-] oslo_limit.insecure = False {{(pid=95659) log_opt_values /opt/stack/data/venv/lib/python3.12/site-packages/oslo_config/cfg.py:3256}}
Jun 10 15:14:58.589195 np0000002513 nova-scheduler[95659]: DEBUG cotyledon.oslo_config_glue [-] oslo_limit.keyfile = None {{(pid=95659) log_opt_values /opt/stack/data/venv/lib/python3.12/site-packages/oslo_config/cfg.py:3256}}
Jun 10 15:14:58.589260 np0000002513 nova-scheduler[95659]: DEBUG cotyledon.oslo_config_glue [-] oslo_limit.max_version = None {{(pid=95659) log_opt_values /opt/stack/data/venv/lib/python3.12/site-packages/oslo_config/cfg.py:3256}}
Jun 10 15:14:58.589333 np0000002513 nova-scheduler[95659]: DEBUG cotyledon.oslo_config_glue [-] oslo_limit.min_version = None {{(pid=95659) log_opt_values /opt/stack/data/venv/lib/python3.12/site-packages/oslo_config/cfg.py:3256}}
Jun 10 15:14:58.589431 np0000002513 nova-scheduler[95659]: DEBUG cotyledon.oslo_config_glue [-] oslo_limit.region_name = None {{(pid=95659) log_opt_values /opt/stack/data/venv/lib/python3.12/site-packages/oslo_config/cfg.py:3256}}
Jun 10 15:14:58.589526 np0000002513 nova-scheduler[95659]: DEBUG cotyledon.oslo_config_glue [-] oslo_limit.retriable_status_codes = None {{(pid=95659) log_opt_values /opt/stack/data/venv/lib/python3.12/site-packages/oslo_config/cfg.py:3256}}
Jun 10 15:14:58.589607 np0000002513 nova-scheduler[95659]: DEBUG cotyledon.oslo_config_glue [-] oslo_limit.service_name = None {{(pid=95659) log_opt_values /opt/stack/data/venv/lib/python3.12/site-packages/oslo_config/cfg.py:3256}}
Jun 10 15:14:58.589707 np0000002513 nova-scheduler[95659]: DEBUG cotyledon.oslo_config_glue [-] oslo_limit.service_type = None {{(pid=95659) log_opt_values /opt/stack/data/venv/lib/python3.12/site-packages/oslo_config/cfg.py:3256}}
Jun 10 15:14:58.589795 np0000002513 nova-scheduler[95659]: DEBUG cotyledon.oslo_config_glue [-] oslo_limit.split_loggers = False {{(pid=95659) log_opt_values /opt/stack/data/venv/lib/python3.12/site-packages/oslo_config/cfg.py:3256}}
Jun 10 15:14:58.589878 np0000002513 nova-scheduler[95659]: DEBUG cotyledon.oslo_config_glue [-] oslo_limit.status_code_retries = None {{(pid=95659) log_opt_values /opt/stack/data/venv/lib/python3.12/site-packages/oslo_config/cfg.py:3256}}
Jun 10 15:14:58.589953 np0000002513 nova-scheduler[95659]: DEBUG cotyledon.oslo_config_glue [-] oslo_limit.status_code_retry_delay = None {{(pid=95659) log_opt_values /opt/stack/data/venv/lib/python3.12/site-packages/oslo_config/cfg.py:3256}}
Jun 10 15:14:58.590017 np0000002513 nova-scheduler[95659]: DEBUG cotyledon.oslo_config_glue [-] oslo_limit.timeout = None {{(pid=95659) log_opt_values /opt/stack/data/venv/lib/python3.12/site-packages/oslo_config/cfg.py:3256}}
Jun 10 15:14:58.590091 np0000002513 nova-scheduler[95659]: DEBUG cotyledon.oslo_config_glue [-] oslo_limit.valid_interfaces = None {{(pid=95659) log_opt_values /opt/stack/data/venv/lib/python3.12/site-packages/oslo_config/cfg.py:3256}}
Jun 10 15:14:58.590153 np0000002513 nova-scheduler[95659]: DEBUG cotyledon.oslo_config_glue [-] oslo_limit.version = None {{(pid=95659) log_opt_values /opt/stack/data/venv/lib/python3.12/site-packages/oslo_config/cfg.py:3256}}
Jun 10 15:14:58.590245 np0000002513 nova-scheduler[95659]: DEBUG cotyledon.oslo_config_glue [-] oslo_reports.file_event_handler = None {{(pid=95659) log_opt_values /opt/stack/data/venv/lib/python3.12/site-packages/oslo_config/cfg.py:3256}}
Jun 10 15:14:58.590342 np0000002513 nova-scheduler[95659]: DEBUG cotyledon.oslo_config_glue [-] oslo_reports.file_event_handler_interval = 1 {{(pid=95659) log_opt_values /opt/stack/data/venv/lib/python3.12/site-packages/oslo_config/cfg.py:3256}}
Jun 10 15:14:58.590426 np0000002513 nova-scheduler[95659]: DEBUG cotyledon.oslo_config_glue [-] oslo_reports.log_dir = None {{(pid=95659) log_opt_values /opt/stack/data/venv/lib/python3.12/site-packages/oslo_config/cfg.py:3256}}
Jun 10 15:14:58.590488 np0000002513 nova-scheduler[95659]: DEBUG cotyledon.oslo_config_glue [-] ******************************************************************************** {{(pid=95659) log_opt_values /opt/stack/data/venv/lib/python3.12/site-packages/oslo_config/cfg.py:3263}}
Jun 10 15:14:58.590680 np0000002513 nova-scheduler[95659]: DEBUG cotyledon._service_worker [-] Run service ServiceWrapper(2) [95659] {{(pid=95659) wait_forever /opt/stack/data/venv/lib/python3.12/site-packages/cotyledon/_service_worker.py:218}}
Jun 10 15:14:58.591825 np0000002513 nova-scheduler[95659]: INFO nova.service [-] Starting scheduler node (version 33.1.0)
Jun 10 15:14:58.596496 np0000002513 nova-scheduler[95659]: INFO dbcounter [None req-690a8407-e0df-44d6-8ca3-f0b8e79717bf None None] Registered counter for database nova_cell0
Jun 10 15:14:58.598493 np0000002513 nova-scheduler[95655]: DEBUG oslo_db.sqlalchemy.engines [None req-df3fcfb3-91e7-49d4-8000-22bf780c15fa None None] MySQL server mode set to STRICT_TRANS_TABLES,STRICT_ALL_TABLES,NO_ZERO_IN_DATE,NO_ZERO_DATE,ERROR_FOR_DIVISION_BY_ZERO,TRADITIONAL,NO_ENGINE_SUBSTITUTION {{(pid=95655) _check_effective_sql_mode /opt/stack/data/venv/lib/python3.12/site-packages/oslo_db/sqlalchemy/engines.py:325}}
Jun 10 15:14:58.608801 np0000002513 nova-scheduler[95655]: DEBUG dbcounter [-] [95655] Writer thread running {{(pid=95655) stat_writer /opt/stack/data/venv/lib/python3.12/site-packages/dbcounter.py:102}}
Jun 10 15:14:58.615981 np0000002513 nova-scheduler[95657]: DEBUG oslo_db.sqlalchemy.engines [None req-d6486b98-3644-4d9e-986a-467b10be09f2 None None] MySQL server mode set to STRICT_TRANS_TABLES,STRICT_ALL_TABLES,NO_ZERO_IN_DATE,NO_ZERO_DATE,ERROR_FOR_DIVISION_BY_ZERO,TRADITIONAL,NO_ENGINE_SUBSTITUTION {{(pid=95657) _check_effective_sql_mode /opt/stack/data/venv/lib/python3.12/site-packages/oslo_db/sqlalchemy/engines.py:325}}
Jun 10 15:14:58.626520 np0000002513 nova-scheduler[95655]: DEBUG nova.service [None req-df3fcfb3-91e7-49d4-8000-22bf780c15fa None None] Creating RPC server for service: nova-scheduler on topic: scheduler {{(pid=95655) start /opt/stack/nova/nova/service.py:196}}
Jun 10 15:14:58.627789 np0000002513 nova-scheduler[95657]: DEBUG dbcounter [-] [95657] Writer thread running {{(pid=95657) stat_writer /opt/stack/data/venv/lib/python3.12/site-packages/dbcounter.py:102}}
Jun 10 15:14:58.632120 np0000002513 nova-scheduler[95657]: DEBUG nova.service [None req-d6486b98-3644-4d9e-986a-467b10be09f2 None None] Creating RPC server for service: nova-scheduler on topic: scheduler {{(pid=95657) start /opt/stack/nova/nova/service.py:196}}
Jun 10 15:14:58.654086 np0000002513 nova-scheduler[95659]: DEBUG oslo_db.sqlalchemy.engines [None req-690a8407-e0df-44d6-8ca3-f0b8e79717bf None None] MySQL server mode set to STRICT_TRANS_TABLES,STRICT_ALL_TABLES,NO_ZERO_IN_DATE,NO_ZERO_DATE,ERROR_FOR_DIVISION_BY_ZERO,TRADITIONAL,NO_ENGINE_SUBSTITUTION {{(pid=95659) _check_effective_sql_mode /opt/stack/data/venv/lib/python3.12/site-packages/oslo_db/sqlalchemy/engines.py:325}}
Jun 10 15:14:58.661945 np0000002513 nova-scheduler[95655]: DEBUG nova.service [None req-df3fcfb3-91e7-49d4-8000-22bf780c15fa None None] Join ServiceGroup membership for this service scheduler {{(pid=95655) start /opt/stack/nova/nova/service.py:222}}
Jun 10 15:14:58.662185 np0000002513 nova-scheduler[95655]: DEBUG nova.servicegroup.drivers.db [None req-df3fcfb3-91e7-49d4-8000-22bf780c15fa None None] DB_Driver: join new ServiceGroup member np0000002513 to the scheduler group, service = {{(pid=95655) join /opt/stack/nova/nova/servicegroup/drivers/db.py:44}}
Jun 10 15:14:58.669017 np0000002513 nova-scheduler[95657]: DEBUG nova.service [None req-d6486b98-3644-4d9e-986a-467b10be09f2 None None] Join ServiceGroup membership for this service scheduler {{(pid=95657) start /opt/stack/nova/nova/service.py:222}}
Jun 10 15:14:58.669154 np0000002513 nova-scheduler[95659]: DEBUG dbcounter [-] [95659] Writer thread running {{(pid=95659) stat_writer /opt/stack/data/venv/lib/python3.12/site-packages/dbcounter.py:102}}
Jun 10 15:14:58.669287 np0000002513 nova-scheduler[95657]: DEBUG nova.servicegroup.drivers.db [None req-d6486b98-3644-4d9e-986a-467b10be09f2 None None] DB_Driver: join new ServiceGroup member np0000002513 to the scheduler group, service = {{(pid=95657) join /opt/stack/nova/nova/servicegroup/drivers/db.py:44}}
Jun 10 15:14:58.672935 np0000002513 nova-scheduler[95659]: DEBUG nova.service [None req-690a8407-e0df-44d6-8ca3-f0b8e79717bf None None] Creating RPC server for service: nova-scheduler on topic: scheduler {{(pid=95659) start /opt/stack/nova/nova/service.py:196}}
Jun 10 15:14:58.692711 np0000002513 nova-scheduler[95659]: DEBUG nova.service [None req-690a8407-e0df-44d6-8ca3-f0b8e79717bf None None] Join ServiceGroup membership for this service scheduler {{(pid=95659) start /opt/stack/nova/nova/service.py:222}}
Jun 10 15:14:58.692966 np0000002513 nova-scheduler[95659]: DEBUG nova.servicegroup.drivers.db [None req-690a8407-e0df-44d6-8ca3-f0b8e79717bf None None] DB_Driver: join new ServiceGroup member np0000002513 to the scheduler group, service = {{(pid=95659) join /opt/stack/nova/nova/servicegroup/drivers/db.py:44}}
Jun 10 15:15:02.664501 np0000002513 nova-scheduler[95655]: DEBUG oslo.service.backend._threading.loopingcall [None req-94e2b018-4b75-46d7-9bba-709d2142de09 None None] Dynamic interval looping call 'nova.service.Service.periodic_tasks' sleeping for 60.00 seconds {{(pid=95655) _run_loop /opt/stack/data/venv/lib/python3.12/site-packages/oslo_service/backend/_threading/loopingcall.py:125}}
Jun 10 15:15:03.674248 np0000002513 nova-scheduler[95655]: DEBUG oslo.service.backend._threading.loopingcall [-] Fixed interval looping call 'nova.servicegroup.drivers.db.DbDriver._report_state' sleeping for 119.99 seconds {{(pid=95655) _run_loop /opt/stack/data/venv/lib/python3.12/site-packages/oslo_service/backend/_threading/loopingcall.py:125}}
Jun 10 15:15:03.685140 np0000002513 nova-scheduler[95657]: DEBUG oslo.service.backend._threading.loopingcall [-] Fixed interval looping call 'nova.servicegroup.drivers.db.DbDriver._report_state' sleeping for 119.99 seconds {{(pid=95657) _run_loop /opt/stack/data/venv/lib/python3.12/site-packages/oslo_service/backend/_threading/loopingcall.py:125}}
Jun 10 15:15:03.709598 np0000002513 nova-scheduler[95659]: DEBUG oslo.service.backend._threading.loopingcall [-] Fixed interval looping call 'nova.servicegroup.drivers.db.DbDriver._report_state' sleeping for 119.99 seconds {{(pid=95659) _run_loop /opt/stack/data/venv/lib/python3.12/site-packages/oslo_service/backend/_threading/loopingcall.py:125}}
Jun 10 15:15:07.169090 np0000002513 nova-scheduler[94464]: DEBUG dbcounter [-] [94464] Writing DB stats nova_api:SELECT=3 {{(pid=94464) stat_writer /opt/stack/data/venv/lib/python3.12/site-packages/dbcounter.py:115}}
Jun 10 15:15:07.311250 np0000002513 nova-scheduler[94464]: DEBUG dbcounter [-] [94464] Writing DB stats nova_cell1:SELECT=1 {{(pid=94464) stat_writer /opt/stack/data/venv/lib/python3.12/site-packages/dbcounter.py:115}}
Jun 10 15:15:07.315874 np0000002513 nova-scheduler[94464]: DEBUG dbcounter [-] [94464] Writing DB stats nova_cell0:SELECT=1 {{(pid=94464) stat_writer /opt/stack/data/venv/lib/python3.12/site-packages/dbcounter.py:115}}
Jun 10 15:15:13.671671 np0000002513 nova-scheduler[95655]: DEBUG dbcounter [-] [95655] Writing DB stats nova_cell0:SELECT=4,nova_cell0:INSERT=1,nova_cell0:UPDATE=1 {{(pid=95655) stat_writer /opt/stack/data/venv/lib/python3.12/site-packages/dbcounter.py:115}}
Jun 10 15:15:13.682253 np0000002513 nova-scheduler[95657]: DEBUG dbcounter [-] [95657] Writing DB stats nova_cell0:SELECT=3 {{(pid=95657) stat_writer /opt/stack/data/venv/lib/python3.12/site-packages/dbcounter.py:115}}
Jun 10 15:15:13.706146 np0000002513 nova-scheduler[95659]: DEBUG dbcounter [-] [95659] Writing DB stats nova_cell0:SELECT=3 {{(pid=95659) stat_writer /opt/stack/data/venv/lib/python3.12/site-packages/dbcounter.py:115}}
Jun 10 15:15:22.698385 np0000002513 nova-scheduler[95659]: DEBUG oslo.service.backend._threading.loopingcall [None req-a5024e0b-2947-49a9-8519-8a23392ca4b3 None None] Dynamic interval looping call 'nova.service.Service.periodic_tasks' sleeping for 60.00 seconds {{(pid=95659) _run_loop /opt/stack/data/venv/lib/python3.12/site-packages/oslo_service/backend/_threading/loopingcall.py:125}}
Jun 10 15:15:26.675586 np0000002513 nova-scheduler[95657]: DEBUG oslo.service.backend._threading.loopingcall [None req-be9ebadc-be73-4509-9a20-218a24402947 None None] Dynamic interval looping call 'nova.service.Service.periodic_tasks' sleeping for 60.00 seconds {{(pid=95657) _run_loop /opt/stack/data/venv/lib/python3.12/site-packages/oslo_service/backend/_threading/loopingcall.py:125}}
Jun 10 15:16:02.665141 np0000002513 nova-scheduler[95655]: DEBUG oslo.service.backend._threading.loopingcall [None req-94e2b018-4b75-46d7-9bba-709d2142de09 None None] Dynamic interval looping call 'nova.service.Service.periodic_tasks' sleeping for 60.00 seconds {{(pid=95655) _run_loop /opt/stack/data/venv/lib/python3.12/site-packages/oslo_service/backend/_threading/loopingcall.py:125}}
Jun 10 15:16:22.698808 np0000002513 nova-scheduler[95659]: DEBUG oslo.service.backend._threading.loopingcall [None req-a5024e0b-2947-49a9-8519-8a23392ca4b3 None None] Dynamic interval looping call 'nova.service.Service.periodic_tasks' sleeping for 60.00 seconds {{(pid=95659) _run_loop /opt/stack/data/venv/lib/python3.12/site-packages/oslo_service/backend/_threading/loopingcall.py:125}}
Jun 10 15:16:26.676143 np0000002513 nova-scheduler[95657]: DEBUG oslo.service.backend._threading.loopingcall [None req-be9ebadc-be73-4509-9a20-218a24402947 None None] Dynamic interval looping call 'nova.service.Service.periodic_tasks' sleeping for 60.00 seconds {{(pid=95657) _run_loop /opt/stack/data/venv/lib/python3.12/site-packages/oslo_service/backend/_threading/loopingcall.py:125}}
Jun 10 15:17:02.665583 np0000002513 nova-scheduler[95655]: DEBUG oslo.service.backend._threading.loopingcall [None req-94e2b018-4b75-46d7-9bba-709d2142de09 None None] Dynamic interval looping call 'nova.service.Service.periodic_tasks' sleeping for 60.00 seconds {{(pid=95655) _run_loop /opt/stack/data/venv/lib/python3.12/site-packages/oslo_service/backend/_threading/loopingcall.py:125}}
Jun 10 15:17:03.671401 np0000002513 nova-scheduler[95655]: DEBUG oslo.service.backend._threading.loopingcall [-] Fixed interval looping call 'nova.servicegroup.drivers.db.DbDriver._report_state' sleeping for 119.99 seconds {{(pid=95655) _run_loop /opt/stack/data/venv/lib/python3.12/site-packages/oslo_service/backend/_threading/loopingcall.py:125}}
Jun 10 15:17:03.678759 np0000002513 nova-scheduler[95657]: DEBUG oslo.service.backend._threading.loopingcall [-] Fixed interval looping call 'nova.servicegroup.drivers.db.DbDriver._report_state' sleeping for 120.00 seconds {{(pid=95657) _run_loop /opt/stack/data/venv/lib/python3.12/site-packages/oslo_service/backend/_threading/loopingcall.py:125}}
Jun 10 15:17:03.702493 np0000002513 nova-scheduler[95659]: DEBUG oslo.service.backend._threading.loopingcall [-] Fixed interval looping call 'nova.servicegroup.drivers.db.DbDriver._report_state' sleeping for 120.00 seconds {{(pid=95659) _run_loop /opt/stack/data/venv/lib/python3.12/site-packages/oslo_service/backend/_threading/loopingcall.py:125}}
Jun 10 15:17:13.667818 np0000002513 nova-scheduler[95655]: DEBUG dbcounter [-] [95655] Writing DB stats nova_cell0:SELECT=1,nova_cell0:UPDATE=1 {{(pid=95655) stat_writer /opt/stack/data/venv/lib/python3.12/site-packages/dbcounter.py:115}}
Jun 10 15:17:13.676983 np0000002513 nova-scheduler[95657]: DEBUG dbcounter [-] [95657] Writing DB stats nova_cell0:SELECT=1 {{(pid=95657) stat_writer /opt/stack/data/venv/lib/python3.12/site-packages/dbcounter.py:115}}
Jun 10 15:17:13.701318 np0000002513 nova-scheduler[95659]: DEBUG dbcounter [-] [95659] Writing DB stats nova_cell0:SELECT=1 {{(pid=95659) stat_writer /opt/stack/data/venv/lib/python3.12/site-packages/dbcounter.py:115}}
Jun 10 15:17:22.699460 np0000002513 nova-scheduler[95659]: DEBUG oslo.service.backend._threading.loopingcall [None req-a5024e0b-2947-49a9-8519-8a23392ca4b3 None None] Dynamic interval looping call 'nova.service.Service.periodic_tasks' sleeping for 60.00 seconds {{(pid=95659) _run_loop /opt/stack/data/venv/lib/python3.12/site-packages/oslo_service/backend/_threading/loopingcall.py:125}}
Jun 10 15:17:26.676723 np0000002513 nova-scheduler[95657]: DEBUG oslo.service.backend._threading.loopingcall [None req-be9ebadc-be73-4509-9a20-218a24402947 None None] Dynamic interval looping call 'nova.service.Service.periodic_tasks' sleeping for 60.00 seconds {{(pid=95657) _run_loop /opt/stack/data/venv/lib/python3.12/site-packages/oslo_service/backend/_threading/loopingcall.py:125}}
Jun 10 15:18:02.666411 np0000002513 nova-scheduler[95655]: DEBUG oslo.service.backend._threading.loopingcall [None req-94e2b018-4b75-46d7-9bba-709d2142de09 None None] Dynamic interval looping call 'nova.service.Service.periodic_tasks' sleeping for 60.00 seconds {{(pid=95655) _run_loop /opt/stack/data/venv/lib/python3.12/site-packages/oslo_service/backend/_threading/loopingcall.py:125}}
Jun 10 15:18:08.148203 np0000002513 nova-scheduler[95655]: DEBUG nova.scheduler.manager [None req-30ab4537-4067-4a89-be62-c6c31c0385d3 tempest-DeleteServersTestJSON-751051048 tempest-DeleteServersTestJSON-751051048-project-member] Starting to schedule for instances: ['5badbb8c-14fd-4a9c-9f87-2daa939b1e15'] {{(pid=95655) select_destinations /opt/stack/nova/nova/scheduler/manager.py:210}}
Jun 10 15:18:08.148646 np0000002513 nova-scheduler[95655]: DEBUG nova.scheduler.request_filter [None req-30ab4537-4067-4a89-be62-c6c31c0385d3 tempest-DeleteServersTestJSON-751051048 tempest-DeleteServersTestJSON-751051048-project-member] compute_status_filter request filter added forbidden trait COMPUTE_STATUS_DISABLED {{(pid=95655) compute_status_filter /opt/stack/nova/nova/scheduler/request_filter.py:253}}
Jun 10 15:18:08.148943 np0000002513 nova-scheduler[95655]: DEBUG nova.scheduler.request_filter [None req-30ab4537-4067-4a89-be62-c6c31c0385d3 tempest-DeleteServersTestJSON-751051048 tempest-DeleteServersTestJSON-751051048-project-member] Request filter 'compute_status_filter' took 0.0 seconds {{(pid=95655) wrapper /opt/stack/nova/nova/scheduler/request_filter.py:46}}
Jun 10 15:18:08.149248 np0000002513 nova-scheduler[95655]: DEBUG nova.scheduler.request_filter [None req-30ab4537-4067-4a89-be62-c6c31c0385d3 tempest-DeleteServersTestJSON-751051048 tempest-DeleteServersTestJSON-751051048-project-member] Request filter 'accelerators_filter' took 0.0 seconds {{(pid=95655) wrapper /opt/stack/nova/nova/scheduler/request_filter.py:46}}
Jun 10 15:18:08.149555 np0000002513 nova-scheduler[95655]: DEBUG nova.scheduler.request_filter [None req-30ab4537-4067-4a89-be62-c6c31c0385d3 tempest-DeleteServersTestJSON-751051048 tempest-DeleteServersTestJSON-751051048-project-member] Request filter 'packed_virtqueue_filter' took 0.0 seconds {{(pid=95655) wrapper /opt/stack/nova/nova/scheduler/request_filter.py:46}}
Jun 10 15:18:08.149950 np0000002513 nova-scheduler[95655]: DEBUG nova.scheduler.request_filter [None req-30ab4537-4067-4a89-be62-c6c31c0385d3 tempest-DeleteServersTestJSON-751051048 tempest-DeleteServersTestJSON-751051048-project-member] Request filter 'remote_managed_ports_filter' took 0.0 seconds {{(pid=95655) wrapper /opt/stack/nova/nova/scheduler/request_filter.py:46}}
Jun 10 15:18:08.150191 np0000002513 nova-scheduler[95655]: DEBUG nova.scheduler.request_filter [None req-30ab4537-4067-4a89-be62-c6c31c0385d3 tempest-DeleteServersTestJSON-751051048 tempest-DeleteServersTestJSON-751051048-project-member] ephemeral_encryption_filter skipped {{(pid=95655) ephemeral_encryption_filter /opt/stack/nova/nova/scheduler/request_filter.py:426}}
Jun 10 15:18:08.150393 np0000002513 nova-scheduler[95655]: DEBUG nova.scheduler.request_filter [None req-30ab4537-4067-4a89-be62-c6c31c0385d3 tempest-DeleteServersTestJSON-751051048 tempest-DeleteServersTestJSON-751051048-project-member] virtio_sound_filter skipped {{(pid=95655) virtio_sound_filter /opt/stack/nova/nova/scheduler/request_filter.py:460}}
Jun 10 15:18:08.150599 np0000002513 nova-scheduler[95655]: DEBUG nova.scheduler.request_filter [None req-30ab4537-4067-4a89-be62-c6c31c0385d3 tempest-DeleteServersTestJSON-751051048 tempest-DeleteServersTestJSON-751051048-project-member] tpm_secret_security_filter skipped {{(pid=95655) tpm_secret_security_filter /opt/stack/nova/nova/scheduler/request_filter.py:477}}
Jun 10 15:18:08.962657 np0000002513 nova-scheduler[95655]: INFO nova.utils [None req-30ab4537-4067-4a89-be62-c6c31c0385d3 tempest-DeleteServersTestJSON-751051048 tempest-DeleteServersTestJSON-751051048-project-member] The cell worker thread pool ForkProcess-1.cell_worker is initialized
Jun 10 15:18:08.962896 np0000002513 nova-scheduler[95655]: DEBUG oslo_concurrency.lockutils [None req-30ab4537-4067-4a89-be62-c6c31c0385d3 tempest-DeleteServersTestJSON-751051048 tempest-DeleteServersTestJSON-751051048-project-member] Acquiring lock "8a88492d-98a3-4dd9-a243-8a966fe88fa8" by "nova.context.set_target_cell..get_or_set_cached_cell_and_set_connections" {{(pid=95655) inner /opt/stack/data/venv/lib/python3.12/site-packages/oslo_concurrency/lockutils.py:511}}
Jun 10 15:18:08.963241 np0000002513 nova-scheduler[95655]: DEBUG oslo_concurrency.lockutils [None req-30ab4537-4067-4a89-be62-c6c31c0385d3 tempest-DeleteServersTestJSON-751051048 tempest-DeleteServersTestJSON-751051048-project-member] Lock "8a88492d-98a3-4dd9-a243-8a966fe88fa8" acquired by "nova.context.set_target_cell..get_or_set_cached_cell_and_set_connections" :: waited 0.000s {{(pid=95655) inner /opt/stack/data/venv/lib/python3.12/site-packages/oslo_concurrency/lockutils.py:524}}
Jun 10 15:18:08.966755 np0000002513 nova-scheduler[95655]: DEBUG oslo_concurrency.lockutils [None req-30ab4537-4067-4a89-be62-c6c31c0385d3 tempest-DeleteServersTestJSON-751051048 tempest-DeleteServersTestJSON-751051048-project-member] Lock "8a88492d-98a3-4dd9-a243-8a966fe88fa8" "released" by "nova.context.set_target_cell..get_or_set_cached_cell_and_set_connections" :: held 0.003s {{(pid=95655) inner /opt/stack/data/venv/lib/python3.12/site-packages/oslo_concurrency/lockutils.py:543}}
Jun 10 15:18:08.967675 np0000002513 nova-scheduler[95655]: INFO dbcounter [None req-30ab4537-4067-4a89-be62-c6c31c0385d3 tempest-DeleteServersTestJSON-751051048 tempest-DeleteServersTestJSON-751051048-project-member] Registered counter for database nova_cell1
Jun 10 15:18:09.017835 np0000002513 nova-scheduler[95655]: DEBUG oslo_db.sqlalchemy.engines [None req-30ab4537-4067-4a89-be62-c6c31c0385d3 tempest-DeleteServersTestJSON-751051048 tempest-DeleteServersTestJSON-751051048-project-member] MySQL server mode set to STRICT_TRANS_TABLES,STRICT_ALL_TABLES,NO_ZERO_IN_DATE,NO_ZERO_DATE,ERROR_FOR_DIVISION_BY_ZERO,TRADITIONAL,NO_ENGINE_SUBSTITUTION {{(pid=95655) _check_effective_sql_mode /opt/stack/data/venv/lib/python3.12/site-packages/oslo_db/sqlalchemy/engines.py:325}}
Jun 10 15:18:09.023405 np0000002513 nova-scheduler[95655]: DEBUG dbcounter [-] [95655] Writer thread running {{(pid=95655) stat_writer /opt/stack/data/venv/lib/python3.12/site-packages/dbcounter.py:102}}
Jun 10 15:18:09.039156 np0000002513 nova-scheduler[95655]: DEBUG oslo_db.sqlalchemy.engines [None req-30ab4537-4067-4a89-be62-c6c31c0385d3 tempest-DeleteServersTestJSON-751051048 tempest-DeleteServersTestJSON-751051048-project-member] Parent process 94464 forked (95655) with an open database connection, which is being discarded and recreated. {{(pid=95655) checkout /opt/stack/data/venv/lib/python3.12/site-packages/oslo_db/sqlalchemy/engines.py:402}}
Jun 10 15:18:09.098586 np0000002513 nova-scheduler[95655]: DEBUG dbcounter [-] [95655] Writer thread running {{(pid=95655) stat_writer /opt/stack/data/venv/lib/python3.12/site-packages/dbcounter.py:102}}
Jun 10 15:18:09.103454 np0000002513 nova-scheduler[95655]: DEBUG oslo_concurrency.lockutils [None req-30ab4537-4067-4a89-be62-c6c31c0385d3 tempest-DeleteServersTestJSON-751051048 tempest-DeleteServersTestJSON-751051048-project-member] Acquiring lock "8a88492d-98a3-4dd9-a243-8a966fe88fa8" by "nova.context.set_target_cell..get_or_set_cached_cell_and_set_connections" {{(pid=95655) inner /opt/stack/data/venv/lib/python3.12/site-packages/oslo_concurrency/lockutils.py:511}}
Jun 10 15:18:09.103594 np0000002513 nova-scheduler[95655]: DEBUG oslo_concurrency.lockutils [None req-30ab4537-4067-4a89-be62-c6c31c0385d3 tempest-DeleteServersTestJSON-751051048 tempest-DeleteServersTestJSON-751051048-project-member] Lock "8a88492d-98a3-4dd9-a243-8a966fe88fa8" acquired by "nova.context.set_target_cell..get_or_set_cached_cell_and_set_connections" :: waited 0.000s {{(pid=95655) inner /opt/stack/data/venv/lib/python3.12/site-packages/oslo_concurrency/lockutils.py:524}}
Jun 10 15:18:09.103721 np0000002513 nova-scheduler[95655]: DEBUG oslo_concurrency.lockutils [None req-30ab4537-4067-4a89-be62-c6c31c0385d3 tempest-DeleteServersTestJSON-751051048 tempest-DeleteServersTestJSON-751051048-project-member] Lock "8a88492d-98a3-4dd9-a243-8a966fe88fa8" "released" by "nova.context.set_target_cell..get_or_set_cached_cell_and_set_connections" :: held 0.000s {{(pid=95655) inner /opt/stack/data/venv/lib/python3.12/site-packages/oslo_concurrency/lockutils.py:543}}
Jun 10 15:18:09.107805 np0000002513 nova-scheduler[95655]: DEBUG oslo_concurrency.lockutils [None req-30ab4537-4067-4a89-be62-c6c31c0385d3 tempest-DeleteServersTestJSON-751051048 tempest-DeleteServersTestJSON-751051048-project-member] Acquiring lock "('np0000002513', 'np0000002513')" by "nova.scheduler.host_manager.HostState.update.._locked_update" {{(pid=95655) inner /opt/stack/data/venv/lib/python3.12/site-packages/oslo_concurrency/lockutils.py:511}}
Jun 10 15:18:09.107945 np0000002513 nova-scheduler[95655]: DEBUG oslo_concurrency.lockutils [None req-30ab4537-4067-4a89-be62-c6c31c0385d3 tempest-DeleteServersTestJSON-751051048 tempest-DeleteServersTestJSON-751051048-project-member] Lock "('np0000002513', 'np0000002513')" acquired by "nova.scheduler.host_manager.HostState.update.._locked_update" :: waited 0.000s {{(pid=95655) inner /opt/stack/data/venv/lib/python3.12/site-packages/oslo_concurrency/lockutils.py:524}}
Jun 10 15:18:09.108928 np0000002513 nova-scheduler[95655]: DEBUG nova.scheduler.host_manager [None req-30ab4537-4067-4a89-be62-c6c31c0385d3 tempest-DeleteServersTestJSON-751051048 tempest-DeleteServersTestJSON-751051048-project-member] Update host state from compute node: ComputeNode(cpu_allocation_ratio=4.0,cpu_info='{"arch": "x86_64", "model": "EPYC-Milan", "vendor": "AMD", "topology": {"cells": 1, "sockets": 12, "cores": 1, "threads": 1}, "maxphysaddr": {"mode": "emulate", "bits": 40}, "features": ["clflush", "amd-stibp", "arat", "fxsr_opt", "cx8", "mmxext", "tsc-deadline", "lm", "smep", "rdctl-no", "skip-l1dfl-vmentry", "perfctr_core", "vmcb-clean", "clzero", "pause-filter", "amd-ssbd", "flushbyasid", "mmx", "fsrm", "xsave", "sse2", "ssse3", "stibp-always-on", "ibrs", "lbrv", "nrip-save", "no-nested-data-bp", "rdseed", "pse36", "sse", "pfthreshold", "sse4.1", "mds-no", "avx2", "npt", "3dnowprefetch", "xsaveerptr", "cmp_legacy", "vaes", "clwb", "pae", "pni", "wbnoinvd", "tsc", "ibpb", "cr8legacy", "null-sel-clr-base", "tsc-scale", "tsc_adjust", "cx16", "mtrr", "lfence-always-serializing", "pdpe1gb", "invpcid", "smap", "xsavec", "vpclmulqdq", "rdrand", "umip", "fpu", "movbe", "rdtscp", "abm", "avx", "pse", "nx", "cmov", "pclmuldq", "msr", "rdpid", "spec-ctrl", "sse4.2", "aes", "xsaveopt", "sep", "svm", "sse4a", "syscall", "ssbd", "topoext", "amd-psfd", "arch-capabilities", "pge", "f16c", "mca", "erms", "v-vmsave-vmload", "de", "pat", "pku", "sha-ni", "apic", "fsgsbase", "x2apic", "fma", "vme", "bmi1", "stibp", "pschange-mc-no", "lahf_lm", "misalignsse", "hypervisor", "fxsr", "mce", "adx", "vgif", "svme-addr-chk", "xgetbv1", "clflushopt", "bmi2", "xsaves", "gds-no", "popcnt", "osvw", "pcid", "virt-ssbd"]}',created_at=2026-06-10T15:15:26Z,current_workload=0,deleted=False,deleted_at=None,disk_allocation_ratio=1.0,disk_available_least=74,free_disk_gb=95,free_ram_mb=23518,host='np0000002513',host_ip=10.4.3.29,hypervisor_hostname='np0000002513',hypervisor_type='QEMU',hypervisor_version=8002002,id=1,local_gb=95,local_gb_used=0,mapped=1,memory_mb=24030,memory_mb_used=512,metrics='[]',numa_topology='{"nova_object.name": "NUMATopology", "nova_object.namespace": "nova", "nova_object.version": "1.2", "nova_object.data": {"cells": [{"nova_object.name": "NUMACell", "nova_object.namespace": "nova", "nova_object.version": "1.5", "nova_object.data": {"id": 0, "cpuset": [0, 1, 2, 3, 4, 5, 6, 7, 8, 9, 10, 11], "pcpuset": [0, 1, 2, 3, 4, 5, 6, 7, 8, 9, 10, 11], "memory": 24030, "cpu_usage": 0, "memory_usage": 0, "pinned_cpus": [], "siblings": [[6], [2], [5], [11], [8], [4], [1], [7], [10], [0], [3], [9]], "mempages": [{"nova_object.name": "NUMAPagesTopology", "nova_object.namespace": "nova", "nova_object.version": "1.1", "nova_object.data": {"size_kb": 4, "total": 6151796, "used": 0, "reserved": 0}, "nova_object.changes": ["used", "total", "size_kb", "reserved"]}, {"nova_object.name": "NUMAPagesTopology", "nova_object.namespace": "nova", "nova_object.version": "1.1", "nova_object.data": {"size_kb": 2048, "total": 0, "used": 0, "reserved": 0}, "nova_object.changes": ["used", "total", "size_kb", "reserved"]}, {"nova_object.name": "NUMAPagesTopology", "nova_object.namespace": "nova", "nova_object.version": "1.1", "nova_object.data": {"size_kb": 1048576, "total": 0, "used": 0, "reserved": 0}, "nova_object.changes": ["used", "total", "size_kb", "reserved"]}], "network_metadata": {"nova_object.name": "NetworkMetadata", "nova_object.namespace": "nova", "nova_object.version": "1.0", "nova_object.data": {"physnets": [], "tunneled": false}, "nova_object.changes": ["tunneled", "physnets"]}, "socket": null}, "nova_object.changes": ["pcpuset", "network_metadata", "cpuset", "memory_usage", "pinned_cpus", "cpu_usage", "id", "socket", "siblings", "memory", "mempages"]}]}, "nova_object.changes": ["cells"]}',pci_device_pools=PciDevicePoolList,ram_allocation_ratio=1.0,running_vms=0,service_id=2,stats={failed_builds='0',uptime=' 15:17:11 up 25 min, 2 users, load average: 1.32, 1.40, 0.82
Jun 10 15:18:09.108928 np0000002513 nova-scheduler[95655]: '},supported_hv_specs=[HVSpec,HVSpec,HVSpec,HVSpec,HVSpec,HVSpec,HVSpec,HVSpec,HVSpec,HVSpec,HVSpec,HVSpec,HVSpec,HVSpec,HVSpec,HVSpec,HVSpec,HVSpec,HVSpec,HVSpec,HVSpec,HVSpec,HVSpec,HVSpec,HVSpec],updated_at=2026-06-10T15:17:13Z,uuid=46263240-84ac-409b-a432-77e39c4435c9,vcpus=12,vcpus_used=0) {{(pid=95655) _locked_update /opt/stack/nova/nova/scheduler/host_manager.py:168}}
Jun 10 15:18:09.109827 np0000002513 nova-scheduler[95655]: DEBUG nova.scheduler.host_manager [None req-30ab4537-4067-4a89-be62-c6c31c0385d3 tempest-DeleteServersTestJSON-751051048 tempest-DeleteServersTestJSON-751051048-project-member] Update host state with aggregates: [] {{(pid=95655) _locked_update /opt/stack/nova/nova/scheduler/host_manager.py:171}}
Jun 10 15:18:09.110116 np0000002513 nova-scheduler[95655]: DEBUG nova.scheduler.host_manager [None req-30ab4537-4067-4a89-be62-c6c31c0385d3 tempest-DeleteServersTestJSON-751051048 tempest-DeleteServersTestJSON-751051048-project-member] Update host state with service dict: {'id': 2, 'uuid': 'ac372f0c-9e05-414f-a13f-03ab5dc85dc7', 'host': 'np0000002513', 'binary': 'nova-compute', 'topic': 'compute', 'report_count': 2, 'disabled': False, 'disabled_reason': None, 'last_seen_up': datetime.datetime(2026, 6, 10, 15, 17, 34, tzinfo=datetime.timezone.utc), 'forced_down': False, 'version': 72, 'created_at': datetime.datetime(2026, 6, 10, 15, 15, 24, tzinfo=datetime.timezone.utc), 'updated_at': datetime.datetime(2026, 6, 10, 15, 17, 34, tzinfo=datetime.timezone.utc), 'deleted_at': None, 'deleted': False} {{(pid=95655) _locked_update /opt/stack/nova/nova/scheduler/host_manager.py:174}}
Jun 10 15:18:09.110215 np0000002513 nova-scheduler[95655]: DEBUG nova.scheduler.host_manager [None req-30ab4537-4067-4a89-be62-c6c31c0385d3 tempest-DeleteServersTestJSON-751051048 tempest-DeleteServersTestJSON-751051048-project-member] Update host state with instances: [] {{(pid=95655) _locked_update /opt/stack/nova/nova/scheduler/host_manager.py:177}}
Jun 10 15:18:09.110657 np0000002513 nova-scheduler[95655]: DEBUG oslo_concurrency.lockutils [None req-30ab4537-4067-4a89-be62-c6c31c0385d3 tempest-DeleteServersTestJSON-751051048 tempest-DeleteServersTestJSON-751051048-project-member] Lock "('np0000002513', 'np0000002513')" "released" by "nova.scheduler.host_manager.HostState.update.._locked_update" :: held 0.002s {{(pid=95655) inner /opt/stack/data/venv/lib/python3.12/site-packages/oslo_concurrency/lockutils.py:543}}
Jun 10 15:18:09.111011 np0000002513 nova-scheduler[95655]: DEBUG nova.filters [None req-30ab4537-4067-4a89-be62-c6c31c0385d3 tempest-DeleteServersTestJSON-751051048 tempest-DeleteServersTestJSON-751051048-project-member] Starting with 1 host(s) {{(pid=95655) get_filtered_objects /opt/stack/nova/nova/filters.py:70}}
Jun 10 15:18:09.111395 np0000002513 nova-scheduler[95655]: DEBUG nova.filters [None req-30ab4537-4067-4a89-be62-c6c31c0385d3 tempest-DeleteServersTestJSON-751051048 tempest-DeleteServersTestJSON-751051048-project-member] Filter ComputeFilter returned 1 host(s) {{(pid=95655) get_filtered_objects /opt/stack/nova/nova/filters.py:102}}
Jun 10 15:18:09.111744 np0000002513 nova-scheduler[95655]: DEBUG nova.filters [None req-30ab4537-4067-4a89-be62-c6c31c0385d3 tempest-DeleteServersTestJSON-751051048 tempest-DeleteServersTestJSON-751051048-project-member] Filter ComputeCapabilitiesFilter returned 1 host(s) {{(pid=95655) get_filtered_objects /opt/stack/nova/nova/filters.py:102}}
Jun 10 15:18:09.111874 np0000002513 nova-scheduler[95655]: DEBUG nova.filters [None req-30ab4537-4067-4a89-be62-c6c31c0385d3 tempest-DeleteServersTestJSON-751051048 tempest-DeleteServersTestJSON-751051048-project-member] Filter ImagePropertiesFilter returned 1 host(s) {{(pid=95655) get_filtered_objects /opt/stack/nova/nova/filters.py:102}}
Jun 10 15:18:09.112022 np0000002513 nova-scheduler[95655]: DEBUG nova.filters [None req-30ab4537-4067-4a89-be62-c6c31c0385d3 tempest-DeleteServersTestJSON-751051048 tempest-DeleteServersTestJSON-751051048-project-member] Filter ServerGroupAntiAffinityFilter returned 1 host(s) {{(pid=95655) get_filtered_objects /opt/stack/nova/nova/filters.py:102}}
Jun 10 15:18:09.112138 np0000002513 nova-scheduler[95655]: DEBUG nova.filters [None req-30ab4537-4067-4a89-be62-c6c31c0385d3 tempest-DeleteServersTestJSON-751051048 tempest-DeleteServersTestJSON-751051048-project-member] Filter ServerGroupAffinityFilter returned 1 host(s) {{(pid=95655) get_filtered_objects /opt/stack/nova/nova/filters.py:102}}
Jun 10 15:18:09.112260 np0000002513 nova-scheduler[95655]: DEBUG nova.filters [None req-30ab4537-4067-4a89-be62-c6c31c0385d3 tempest-DeleteServersTestJSON-751051048 tempest-DeleteServersTestJSON-751051048-project-member] Filter SameHostFilter returned 1 host(s) {{(pid=95655) get_filtered_objects /opt/stack/nova/nova/filters.py:102}}
Jun 10 15:18:09.112359 np0000002513 nova-scheduler[95655]: DEBUG nova.filters [None req-30ab4537-4067-4a89-be62-c6c31c0385d3 tempest-DeleteServersTestJSON-751051048 tempest-DeleteServersTestJSON-751051048-project-member] Filter DifferentHostFilter returned 1 host(s) {{(pid=95655) get_filtered_objects /opt/stack/nova/nova/filters.py:102}}
Jun 10 15:18:09.112476 np0000002513 nova-scheduler[95655]: DEBUG nova.scheduler.manager [None req-30ab4537-4067-4a89-be62-c6c31c0385d3 tempest-DeleteServersTestJSON-751051048 tempest-DeleteServersTestJSON-751051048-project-member] Filtered [(np0000002513, np0000002513) ram: 23518MB disk: 75776MB io_ops: 0 instances: 0, allocation_candidates: 1] {{(pid=95655) _get_sorted_hosts /opt/stack/nova/nova/scheduler/manager.py:743}}
Jun 10 15:18:09.112718 np0000002513 nova-scheduler[95655]: DEBUG nova.scheduler.manager [None req-30ab4537-4067-4a89-be62-c6c31c0385d3 tempest-DeleteServersTestJSON-751051048 tempest-DeleteServersTestJSON-751051048-project-member] Weighed [WeighedHost [host: (np0000002513, np0000002513) ram: 23518MB disk: 75776MB io_ops: 0 instances: 0, allocation_candidates: 1, weight: 0.0]] {{(pid=95655) _get_sorted_hosts /opt/stack/nova/nova/scheduler/manager.py:765}}
Jun 10 15:18:09.112888 np0000002513 nova-scheduler[95655]: DEBUG nova.scheduler.utils [None req-30ab4537-4067-4a89-be62-c6c31c0385d3 tempest-DeleteServersTestJSON-751051048 tempest-DeleteServersTestJSON-751051048-project-member] Attempting to claim resources in the placement API for instance 5badbb8c-14fd-4a9c-9f87-2daa939b1e15 {{(pid=95655) claim_resources /opt/stack/nova/nova/scheduler/utils.py:1345}}
Jun 10 15:18:09.324502 np0000002513 nova-scheduler[95655]: DEBUG nova.scheduler.manager [None req-30ab4537-4067-4a89-be62-c6c31c0385d3 tempest-DeleteServersTestJSON-751051048 tempest-DeleteServersTestJSON-751051048-project-member] [instance: 5badbb8c-14fd-4a9c-9f87-2daa939b1e15] Selected host: (np0000002513, np0000002513) ram: 23518MB disk: 75776MB io_ops: 0 instances: 0, allocation_candidates: 1 {{(pid=95655) _consume_selected_host /opt/stack/nova/nova/scheduler/manager.py:625}}
Jun 10 15:18:09.324997 np0000002513 nova-scheduler[95655]: DEBUG oslo_concurrency.lockutils [None req-30ab4537-4067-4a89-be62-c6c31c0385d3 tempest-DeleteServersTestJSON-751051048 tempest-DeleteServersTestJSON-751051048-project-member] Acquiring lock "('np0000002513', 'np0000002513')" by "nova.scheduler.host_manager.HostState.consume_from_request.._locked" {{(pid=95655) inner /opt/stack/data/venv/lib/python3.12/site-packages/oslo_concurrency/lockutils.py:511}}
Jun 10 15:18:09.325074 np0000002513 nova-scheduler[95655]: DEBUG oslo_concurrency.lockutils [None req-30ab4537-4067-4a89-be62-c6c31c0385d3 tempest-DeleteServersTestJSON-751051048 tempest-DeleteServersTestJSON-751051048-project-member] Lock "('np0000002513', 'np0000002513')" acquired by "nova.scheduler.host_manager.HostState.consume_from_request.._locked" :: waited 0.000s {{(pid=95655) inner /opt/stack/data/venv/lib/python3.12/site-packages/oslo_concurrency/lockutils.py:524}}
Jun 10 15:18:09.325285 np0000002513 nova-scheduler[95655]: DEBUG oslo_concurrency.lockutils [None req-30ab4537-4067-4a89-be62-c6c31c0385d3 tempest-DeleteServersTestJSON-751051048 tempest-DeleteServersTestJSON-751051048-project-member] Lock "('np0000002513', 'np0000002513')" "released" by "nova.scheduler.host_manager.HostState.consume_from_request.._locked" :: held 0.000s {{(pid=95655) inner /opt/stack/data/venv/lib/python3.12/site-packages/oslo_concurrency/lockutils.py:543}}
Jun 10 15:18:19.099206 np0000002513 nova-scheduler[95655]: DEBUG dbcounter [-] [95655] Writing DB stats nova_api:SELECT=1 {{(pid=95655) stat_writer /opt/stack/data/venv/lib/python3.12/site-packages/dbcounter.py:115}}
Jun 10 15:18:19.109308 np0000002513 nova-scheduler[95655]: DEBUG dbcounter [-] [95655] Writing DB stats nova_cell1:SELECT=3 {{(pid=95655) stat_writer /opt/stack/data/venv/lib/python3.12/site-packages/dbcounter.py:115}}
Jun 10 15:18:22.700593 np0000002513 nova-scheduler[95659]: DEBUG oslo.service.backend._threading.loopingcall [None req-a5024e0b-2947-49a9-8519-8a23392ca4b3 None None] Dynamic interval looping call 'nova.service.Service.periodic_tasks' sleeping for 60.00 seconds {{(pid=95659) _run_loop /opt/stack/data/venv/lib/python3.12/site-packages/oslo_service/backend/_threading/loopingcall.py:125}}
Jun 10 15:18:23.048566 np0000002513 nova-scheduler[95657]: DEBUG nova.scheduler.manager [None req-1390f3ef-b7a5-4edd-92c4-70b67970f427 tempest-AttachSCSIVolumeTestJSON-21821489 tempest-AttachSCSIVolumeTestJSON-21821489-project-member] Starting to schedule for instances: ['b61faddc-e905-4786-86a9-1f285e527357'] {{(pid=95657) select_destinations /opt/stack/nova/nova/scheduler/manager.py:210}}
Jun 10 15:18:23.049231 np0000002513 nova-scheduler[95657]: DEBUG nova.scheduler.request_filter [None req-1390f3ef-b7a5-4edd-92c4-70b67970f427 tempest-AttachSCSIVolumeTestJSON-21821489 tempest-AttachSCSIVolumeTestJSON-21821489-project-member] compute_status_filter request filter added forbidden trait COMPUTE_STATUS_DISABLED {{(pid=95657) compute_status_filter /opt/stack/nova/nova/scheduler/request_filter.py:253}}
Jun 10 15:18:23.049433 np0000002513 nova-scheduler[95657]: DEBUG nova.scheduler.request_filter [None req-1390f3ef-b7a5-4edd-92c4-70b67970f427 tempest-AttachSCSIVolumeTestJSON-21821489 tempest-AttachSCSIVolumeTestJSON-21821489-project-member] Request filter 'compute_status_filter' took 0.0 seconds {{(pid=95657) wrapper /opt/stack/nova/nova/scheduler/request_filter.py:46}}
Jun 10 15:18:23.049776 np0000002513 nova-scheduler[95657]: DEBUG nova.scheduler.request_filter [None req-1390f3ef-b7a5-4edd-92c4-70b67970f427 tempest-AttachSCSIVolumeTestJSON-21821489 tempest-AttachSCSIVolumeTestJSON-21821489-project-member] Request filter 'accelerators_filter' took 0.0 seconds {{(pid=95657) wrapper /opt/stack/nova/nova/scheduler/request_filter.py:46}}
Jun 10 15:18:23.050383 np0000002513 nova-scheduler[95657]: DEBUG nova.scheduler.request_filter [None req-1390f3ef-b7a5-4edd-92c4-70b67970f427 tempest-AttachSCSIVolumeTestJSON-21821489 tempest-AttachSCSIVolumeTestJSON-21821489-project-member] Request filter 'packed_virtqueue_filter' took 0.0 seconds {{(pid=95657) wrapper /opt/stack/nova/nova/scheduler/request_filter.py:46}}
Jun 10 15:18:23.050740 np0000002513 nova-scheduler[95657]: DEBUG nova.scheduler.request_filter [None req-1390f3ef-b7a5-4edd-92c4-70b67970f427 tempest-AttachSCSIVolumeTestJSON-21821489 tempest-AttachSCSIVolumeTestJSON-21821489-project-member] Request filter 'remote_managed_ports_filter' took 0.0 seconds {{(pid=95657) wrapper /opt/stack/nova/nova/scheduler/request_filter.py:46}}
Jun 10 15:18:23.050959 np0000002513 nova-scheduler[95657]: DEBUG nova.scheduler.request_filter [None req-1390f3ef-b7a5-4edd-92c4-70b67970f427 tempest-AttachSCSIVolumeTestJSON-21821489 tempest-AttachSCSIVolumeTestJSON-21821489-project-member] ephemeral_encryption_filter skipped {{(pid=95657) ephemeral_encryption_filter /opt/stack/nova/nova/scheduler/request_filter.py:426}}
Jun 10 15:18:23.051173 np0000002513 nova-scheduler[95657]: DEBUG nova.scheduler.request_filter [None req-1390f3ef-b7a5-4edd-92c4-70b67970f427 tempest-AttachSCSIVolumeTestJSON-21821489 tempest-AttachSCSIVolumeTestJSON-21821489-project-member] virtio_sound_filter skipped {{(pid=95657) virtio_sound_filter /opt/stack/nova/nova/scheduler/request_filter.py:460}}
Jun 10 15:18:23.051334 np0000002513 nova-scheduler[95657]: DEBUG nova.scheduler.request_filter [None req-1390f3ef-b7a5-4edd-92c4-70b67970f427 tempest-AttachSCSIVolumeTestJSON-21821489 tempest-AttachSCSIVolumeTestJSON-21821489-project-member] tpm_secret_security_filter skipped {{(pid=95657) tpm_secret_security_filter /opt/stack/nova/nova/scheduler/request_filter.py:477}}
Jun 10 15:18:23.190594 np0000002513 nova-scheduler[95657]: INFO nova.utils [None req-1390f3ef-b7a5-4edd-92c4-70b67970f427 tempest-AttachSCSIVolumeTestJSON-21821489 tempest-AttachSCSIVolumeTestJSON-21821489-project-member] The cell worker thread pool ForkProcess-2.cell_worker is initialized
Jun 10 15:18:23.191591 np0000002513 nova-scheduler[95657]: DEBUG oslo_concurrency.lockutils [None req-1390f3ef-b7a5-4edd-92c4-70b67970f427 tempest-AttachSCSIVolumeTestJSON-21821489 tempest-AttachSCSIVolumeTestJSON-21821489-project-member] Acquiring lock "8a88492d-98a3-4dd9-a243-8a966fe88fa8" by "nova.context.set_target_cell..get_or_set_cached_cell_and_set_connections" {{(pid=95657) inner /opt/stack/data/venv/lib/python3.12/site-packages/oslo_concurrency/lockutils.py:511}}
Jun 10 15:18:23.191591 np0000002513 nova-scheduler[95657]: DEBUG oslo_concurrency.lockutils [None req-1390f3ef-b7a5-4edd-92c4-70b67970f427 tempest-AttachSCSIVolumeTestJSON-21821489 tempest-AttachSCSIVolumeTestJSON-21821489-project-member] Lock "8a88492d-98a3-4dd9-a243-8a966fe88fa8" acquired by "nova.context.set_target_cell..get_or_set_cached_cell_and_set_connections" :: waited 0.000s {{(pid=95657) inner /opt/stack/data/venv/lib/python3.12/site-packages/oslo_concurrency/lockutils.py:524}}
Jun 10 15:18:23.193593 np0000002513 nova-scheduler[95657]: DEBUG oslo_concurrency.lockutils [None req-1390f3ef-b7a5-4edd-92c4-70b67970f427 tempest-AttachSCSIVolumeTestJSON-21821489 tempest-AttachSCSIVolumeTestJSON-21821489-project-member] Lock "8a88492d-98a3-4dd9-a243-8a966fe88fa8" "released" by "nova.context.set_target_cell..get_or_set_cached_cell_and_set_connections" :: held 0.002s {{(pid=95657) inner /opt/stack/data/venv/lib/python3.12/site-packages/oslo_concurrency/lockutils.py:543}}
Jun 10 15:18:23.195621 np0000002513 nova-scheduler[95657]: INFO dbcounter [None req-1390f3ef-b7a5-4edd-92c4-70b67970f427 tempest-AttachSCSIVolumeTestJSON-21821489 tempest-AttachSCSIVolumeTestJSON-21821489-project-member] Registered counter for database nova_cell1
Jun 10 15:18:23.252644 np0000002513 nova-scheduler[95657]: DEBUG oslo_db.sqlalchemy.engines [None req-1390f3ef-b7a5-4edd-92c4-70b67970f427 tempest-AttachSCSIVolumeTestJSON-21821489 tempest-AttachSCSIVolumeTestJSON-21821489-project-member] MySQL server mode set to STRICT_TRANS_TABLES,STRICT_ALL_TABLES,NO_ZERO_IN_DATE,NO_ZERO_DATE,ERROR_FOR_DIVISION_BY_ZERO,TRADITIONAL,NO_ENGINE_SUBSTITUTION {{(pid=95657) _check_effective_sql_mode /opt/stack/data/venv/lib/python3.12/site-packages/oslo_db/sqlalchemy/engines.py:325}}
Jun 10 15:18:23.261200 np0000002513 nova-scheduler[95657]: DEBUG dbcounter [-] [95657] Writer thread running {{(pid=95657) stat_writer /opt/stack/data/venv/lib/python3.12/site-packages/dbcounter.py:102}}
Jun 10 15:18:23.330354 np0000002513 nova-scheduler[95657]: DEBUG dbcounter [-] [95657] Writer thread running {{(pid=95657) stat_writer /opt/stack/data/venv/lib/python3.12/site-packages/dbcounter.py:102}}
Jun 10 15:18:23.334676 np0000002513 nova-scheduler[95657]: DEBUG oslo_concurrency.lockutils [None req-1390f3ef-b7a5-4edd-92c4-70b67970f427 tempest-AttachSCSIVolumeTestJSON-21821489 tempest-AttachSCSIVolumeTestJSON-21821489-project-member] Acquiring lock "8a88492d-98a3-4dd9-a243-8a966fe88fa8" by "nova.context.set_target_cell..get_or_set_cached_cell_and_set_connections" {{(pid=95657) inner /opt/stack/data/venv/lib/python3.12/site-packages/oslo_concurrency/lockutils.py:511}}
Jun 10 15:18:23.334834 np0000002513 nova-scheduler[95657]: DEBUG oslo_concurrency.lockutils [None req-1390f3ef-b7a5-4edd-92c4-70b67970f427 tempest-AttachSCSIVolumeTestJSON-21821489 tempest-AttachSCSIVolumeTestJSON-21821489-project-member] Lock "8a88492d-98a3-4dd9-a243-8a966fe88fa8" acquired by "nova.context.set_target_cell..get_or_set_cached_cell_and_set_connections" :: waited 0.000s {{(pid=95657) inner /opt/stack/data/venv/lib/python3.12/site-packages/oslo_concurrency/lockutils.py:524}}
Jun 10 15:18:23.335037 np0000002513 nova-scheduler[95657]: DEBUG oslo_concurrency.lockutils [None req-1390f3ef-b7a5-4edd-92c4-70b67970f427 tempest-AttachSCSIVolumeTestJSON-21821489 tempest-AttachSCSIVolumeTestJSON-21821489-project-member] Lock "8a88492d-98a3-4dd9-a243-8a966fe88fa8" "released" by "nova.context.set_target_cell..get_or_set_cached_cell_and_set_connections" :: held 0.000s {{(pid=95657) inner /opt/stack/data/venv/lib/python3.12/site-packages/oslo_concurrency/lockutils.py:543}}
Jun 10 15:18:23.340966 np0000002513 nova-scheduler[95657]: DEBUG oslo_concurrency.lockutils [None req-1390f3ef-b7a5-4edd-92c4-70b67970f427 tempest-AttachSCSIVolumeTestJSON-21821489 tempest-AttachSCSIVolumeTestJSON-21821489-project-member] Acquiring lock "('np0000002513', 'np0000002513')" by "nova.scheduler.host_manager.HostState.update.._locked_update" {{(pid=95657) inner /opt/stack/data/venv/lib/python3.12/site-packages/oslo_concurrency/lockutils.py:511}}
Jun 10 15:18:23.341205 np0000002513 nova-scheduler[95657]: DEBUG oslo_concurrency.lockutils [None req-1390f3ef-b7a5-4edd-92c4-70b67970f427 tempest-AttachSCSIVolumeTestJSON-21821489 tempest-AttachSCSIVolumeTestJSON-21821489-project-member] Lock "('np0000002513', 'np0000002513')" acquired by "nova.scheduler.host_manager.HostState.update.._locked_update" :: waited 0.000s {{(pid=95657) inner /opt/stack/data/venv/lib/python3.12/site-packages/oslo_concurrency/lockutils.py:524}}
