Jul 23 03:45:41.648420 np0000005705 devstack@g-api.service[99772]: DEBUG glance_store.backend [-] Attempting to import store http {{(pid=99772) _load_store /opt/stack/data/venv/lib/python3.12/site-packages/glance_store/backend.py:215}}
Jul 23 03:45:41.648712 np0000005705 devstack@g-api.service[99772]: DEBUG glance_store.capabilities [-] Store glance_store._drivers.http.Store doesn't support updating dynamic storage capabilities. Please overwrite 'update_capabilities' method of the store to implement updating logics if needed. {{(pid=99772) update_capabilities /opt/stack/data/venv/lib/python3.12/site-packages/glance_store/capabilities.py:91}}
Jul 23 03:45:41.648808 np0000005705 devstack@g-api.service[99772]: DEBUG glance_store.backend [-] Registering store http with schemes ('http', 'https') {{(pid=99772) create_stores /opt/stack/data/venv/lib/python3.12/site-packages/glance_store/backend.py:261}}
Jul 23 03:45:41.648884 np0000005705 devstack@g-api.service[99772]: DEBUG glance_store.driver [-] Late loading location class glance_store._drivers.http.StoreLocation {{(pid=99772) get_store_location_class /opt/stack/data/venv/lib/python3.12/site-packages/glance_store/driver.py:134}}
Jul 23 03:45:41.648978 np0000005705 devstack@g-api.service[99772]: DEBUG glance_store.location [-] Registering scheme http with {'store': , 'location_class': , 'store_entry': 'http'} {{(pid=99772) register_scheme_map /opt/stack/data/venv/lib/python3.12/site-packages/glance_store/location.py:146}}
Jul 23 03:45:41.649089 np0000005705 devstack@g-api.service[99772]: DEBUG glance_store.location [-] Registering scheme https with {'store': , 'location_class': , 'store_entry': 'http'} {{(pid=99772) register_scheme_map /opt/stack/data/venv/lib/python3.12/site-packages/glance_store/location.py:146}}
Jul 23 03:45:41.649192 np0000005705 devstack@g-api.service[99772]: DEBUG glance_store.backend [-] Attempting to import store file {{(pid=99772) _load_store /opt/stack/data/venv/lib/python3.12/site-packages/glance_store/backend.py:215}}
Jul 23 03:45:41.649881 np0000005705 devstack@g-api.service[99772]: DEBUG glance_store.capabilities [-] Store glance_store._drivers.filesystem.Store doesn't support updating dynamic storage capabilities. Please overwrite 'update_capabilities' method of the store to implement updating logics if needed. {{(pid=99772) update_capabilities /opt/stack/data/venv/lib/python3.12/site-packages/glance_store/capabilities.py:91}}
Jul 23 03:45:41.649979 np0000005705 devstack@g-api.service[99772]: DEBUG glance_store.backend [-] Registering store file with schemes ('file', 'filesystem') {{(pid=99772) create_stores /opt/stack/data/venv/lib/python3.12/site-packages/glance_store/backend.py:261}}
Jul 23 03:45:41.650075 np0000005705 devstack@g-api.service[99772]: DEBUG glance_store.driver [-] Late loading location class glance_store._drivers.filesystem.StoreLocation {{(pid=99772) get_store_location_class /opt/stack/data/venv/lib/python3.12/site-packages/glance_store/driver.py:134}}
Jul 23 03:45:41.650197 np0000005705 devstack@g-api.service[99772]: DEBUG glance_store.location [-] Registering scheme file with {'store': , 'location_class': , 'store_entry': 'file'} {{(pid=99772) register_scheme_map /opt/stack/data/venv/lib/python3.12/site-packages/glance_store/location.py:146}}
Jul 23 03:45:41.650262 np0000005705 devstack@g-api.service[99772]: DEBUG glance_store.location [-] Registering scheme filesystem with {'store': , 'location_class': , 'store_entry': 'file'} {{(pid=99772) register_scheme_map /opt/stack/data/venv/lib/python3.12/site-packages/glance_store/location.py:146}}
Jul 23 03:45:41.650437 np0000005705 devstack@g-api.service[99772]: DEBUG glance_store.backend [-] Attempting to import store swift {{(pid=99772) _load_store /opt/stack/data/venv/lib/python3.12/site-packages/glance_store/backend.py:215}}
Jul 23 03:45:41.652260 np0000005705 devstack@g-api.service[99772]: DEBUG glance_store.capabilities [-] Store glance_store._drivers.swift.store.SingleTenantStore doesn't support updating dynamic storage capabilities. Please overwrite 'update_capabilities' method of the store to implement updating logics if needed. {{(pid=99772) update_capabilities /opt/stack/data/venv/lib/python3.12/site-packages/glance_store/capabilities.py:91}}
Jul 23 03:45:41.652349 np0000005705 devstack@g-api.service[99772]: DEBUG glance_store.driver [-] Late loading location class glance_store._drivers.swift.store.StoreLocation {{(pid=99772) get_store_location_class /opt/stack/data/venv/lib/python3.12/site-packages/glance_store/driver.py:134}}
Jul 23 03:45:41.652503 np0000005705 devstack@g-api.service[99772]: DEBUG glance_store.location [-] Registering scheme swift+https with {'store': , 'location_class': , 'store_entry': 'swift'} {{(pid=99772) register_scheme_map /opt/stack/data/venv/lib/python3.12/site-packages/glance_store/location.py:146}}
Jul 23 03:45:41.652577 np0000005705 devstack@g-api.service[99772]: DEBUG glance_store.location [-] Registering scheme swift+https with {'store': , 'location_class': , 'store_entry': 'swift'} {{(pid=99772) register_scheme_map /opt/stack/data/venv/lib/python3.12/site-packages/glance_store/location.py:146}}
Jul 23 03:45:41.652617 np0000005705 devstack@g-api.service[99772]: DEBUG glance_store.location [-] Registering scheme swift with {'store': , 'location_class': , 'store_entry': 'swift'} {{(pid=99772) register_scheme_map /opt/stack/data/venv/lib/python3.12/site-packages/glance_store/location.py:146}}
Jul 23 03:45:41.652693 np0000005705 devstack@g-api.service[99772]: DEBUG glance_store.location [-] Registering scheme swift+https with {'store': , 'location_class': , 'store_entry': 'swift'} {{(pid=99772) register_scheme_map /opt/stack/data/venv/lib/python3.12/site-packages/glance_store/location.py:146}}
Jul 23 03:45:41.652802 np0000005705 devstack@g-api.service[99772]: DEBUG glance_store.location [-] Registering scheme swift with {'store': , 'location_class': , 'store_entry': 'swift'} {{(pid=99772) register_scheme_map /opt/stack/data/venv/lib/python3.12/site-packages/glance_store/location.py:146}}
Jul 23 03:45:41.652849 np0000005705 devstack@g-api.service[99772]: DEBUG glance_store.location [-] Registering scheme swift+http with {'store': , 'location_class': , 'store_entry': 'swift'} {{(pid=99772) register_scheme_map /opt/stack/data/venv/lib/python3.12/site-packages/glance_store/location.py:146}}
Jul 23 03:45:41.652989 np0000005705 devstack@g-api.service[99772]: DEBUG glance_store.location [-] Registering scheme swift+https with {'store': , 'location_class': , 'store_entry': 'swift'} {{(pid=99772) register_scheme_map /opt/stack/data/venv/lib/python3.12/site-packages/glance_store/location.py:146}}
Jul 23 03:45:41.652989 np0000005705 devstack@g-api.service[99772]: DEBUG glance_store.location [-] Registering scheme swift with {'store': , 'location_class': , 'store_entry': 'swift'} {{(pid=99772) register_scheme_map /opt/stack/data/venv/lib/python3.12/site-packages/glance_store/location.py:146}}
Jul 23 03:45:41.653174 np0000005705 devstack@g-api.service[99772]: DEBUG glance_store.location [-] Registering scheme swift+http with {'store': , 'location_class': , 'store_entry': 'swift'} {{(pid=99772) register_scheme_map /opt/stack/data/venv/lib/python3.12/site-packages/glance_store/location.py:146}}
Jul 23 03:45:41.653283 np0000005705 devstack@g-api.service[99772]: DEBUG glance_store.location [-] Registering scheme swift+config with {'store': , 'location_class': , 'store_entry': 'swift'} {{(pid=99772) register_scheme_map /opt/stack/data/venv/lib/python3.12/site-packages/glance_store/location.py:146}}
Jul 23 03:45:41.653563 np0000005705 devstack@g-api.service[99772]: DEBUG glance.sqlite_migration [-] SQLite caching database not located, skipping migration {{(pid=99772) get_db_path /opt/stack/glance/glance/sqlite_migration.py:68}}
Jul 23 03:45:41.653813 np0000005705 devstack@g-api.service[99772]: WARNING glance.common.wsgi_app [-] Import methods are enabled but staging directory /tmp/staging/ does not exist; Imports will fail!
Jul 23 03:45:41.737898 np0000005705 devstack@g-api.service[99774]: DEBUG glance.common.config [None req-76ff5fd2-adfe-45b9-8c14-e8d06ce4d35f None None] Loading glance-api-keystone+cachemanagement from /etc/glance/glance-api-paste.ini {{(pid=99774) load_paste_app /opt/stack/glance/glance/common/config.py:765}}
Jul 23 03:45:41.778082 np0000005705 devstack@g-api.service[99773]: DEBUG glance.common.config [None req-d8c62040-a336-48c1-882d-d7e30514c7f1 None None] Loading glance-api-keystone+cachemanagement from /etc/glance/glance-api-paste.ini {{(pid=99773) load_paste_app /opt/stack/glance/glance/common/config.py:765}}
Jul 23 03:45:41.834708 np0000005705 devstack@g-api.service[99772]: DEBUG glance.common.config [None req-3d5470fe-94a5-438c-a40d-c5511b5c55dd None None] Loading glance-api-keystone+cachemanagement from /etc/glance/glance-api-paste.ini {{(pid=99772) load_paste_app /opt/stack/glance/glance/common/config.py:765}}
Jul 23 03:45:42.473306 np0000005705 devstack@g-api.service[99772]: INFO glance.image_cache [None req-3d5470fe-94a5-438c-a40d-c5511b5c55dd None None] Image cache loaded driver 'centralized_db'.
Jul 23 03:45:42.476626 np0000005705 devstack@g-api.service[99774]: INFO glance.image_cache [None req-76ff5fd2-adfe-45b9-8c14-e8d06ce4d35f None None] Image cache loaded driver 'centralized_db'.
Jul 23 03:45:42.525149 np0000005705 devstack@g-api.service[99772]: INFO dbcounter [None req-3d5470fe-94a5-438c-a40d-c5511b5c55dd None None] Registered counter for database glance
Jul 23 03:45:42.539491 np0000005705 devstack@g-api.service[99774]: INFO dbcounter [None req-76ff5fd2-adfe-45b9-8c14-e8d06ce4d35f None None] Registered counter for database glance
Jul 23 03:45:42.567350 np0000005705 devstack@g-api.service[99772]: DEBUG oslo_db.sqlalchemy.engines [None req-3d5470fe-94a5-438c-a40d-c5511b5c55dd None None] MySQL server mode set to STRICT_TRANS_TABLES,STRICT_ALL_TABLES,NO_ZERO_IN_DATE,NO_ZERO_DATE,ERROR_FOR_DIVISION_BY_ZERO,TRADITIONAL,NO_ENGINE_SUBSTITUTION {{(pid=99772) _check_effective_sql_mode /opt/stack/data/venv/lib/python3.12/site-packages/oslo_db/sqlalchemy/engines.py:325}}
Jul 23 03:45:42.579987 np0000005705 devstack@g-api.service[99773]: INFO glance.image_cache [None req-d8c62040-a336-48c1-882d-d7e30514c7f1 None None] Image cache loaded driver 'centralized_db'.
Jul 23 03:45:42.584016 np0000005705 devstack@g-api.service[99774]: DEBUG oslo_db.sqlalchemy.engines [None req-76ff5fd2-adfe-45b9-8c14-e8d06ce4d35f None None] MySQL server mode set to STRICT_TRANS_TABLES,STRICT_ALL_TABLES,NO_ZERO_IN_DATE,NO_ZERO_DATE,ERROR_FOR_DIVISION_BY_ZERO,TRADITIONAL,NO_ENGINE_SUBSTITUTION {{(pid=99774) _check_effective_sql_mode /opt/stack/data/venv/lib/python3.12/site-packages/oslo_db/sqlalchemy/engines.py:325}}
Jul 23 03:45:42.592656 np0000005705 devstack@g-api.service[99772]: DEBUG dbcounter [-] [99772] Writer thread running {{(pid=99772) stat_writer /opt/stack/data/venv/lib/python3.12/site-packages/dbcounter.py:102}}
Jul 23 03:45:42.606744 np0000005705 devstack@g-api.service[99774]: DEBUG dbcounter [-] [99774] Writer thread running {{(pid=99774) stat_writer /opt/stack/data/venv/lib/python3.12/site-packages/dbcounter.py:102}}
Jul 23 03:45:42.609760 np0000005705 devstack@g-api.service[99774]: DEBUG glance.image_cache.drivers.centralized_db [None req-76ff5fd2-adfe-45b9-8c14-e8d06ce4d35f None None] Node reference is already recorded, ignoring it {{(pid=99774) configure /opt/stack/glance/glance/image_cache/drivers/centralized_db.py:71}}
Jul 23 03:45:42.657480 np0000005705 devstack@g-api.service[99773]: INFO dbcounter [None req-d8c62040-a336-48c1-882d-d7e30514c7f1 None None] Registered counter for database glance
Jul 23 03:45:42.706015 np0000005705 devstack@g-api.service[99772]: INFO glance.image_cache [None req-3d5470fe-94a5-438c-a40d-c5511b5c55dd None None] Image cache loaded driver 'centralized_db'.
Jul 23 03:45:42.708207 np0000005705 devstack@g-api.service[99773]: DEBUG oslo_db.sqlalchemy.engines [None req-d8c62040-a336-48c1-882d-d7e30514c7f1 None None] MySQL server mode set to STRICT_TRANS_TABLES,STRICT_ALL_TABLES,NO_ZERO_IN_DATE,NO_ZERO_DATE,ERROR_FOR_DIVISION_BY_ZERO,TRADITIONAL,NO_ENGINE_SUBSTITUTION {{(pid=99773) _check_effective_sql_mode /opt/stack/data/venv/lib/python3.12/site-packages/oslo_db/sqlalchemy/engines.py:325}}
Jul 23 03:45:42.714161 np0000005705 devstack@g-api.service[99772]: DEBUG glance.image_cache.drivers.centralized_db [None req-3d5470fe-94a5-438c-a40d-c5511b5c55dd None None] Node reference is already recorded, ignoring it {{(pid=99772) configure /opt/stack/glance/glance/image_cache/drivers/centralized_db.py:71}}
Jul 23 03:45:42.716867 np0000005705 devstack@g-api.service[99774]: INFO glance.image_cache [None req-76ff5fd2-adfe-45b9-8c14-e8d06ce4d35f None None] Image cache loaded driver 'centralized_db'.
Jul 23 03:45:42.719366 np0000005705 devstack@g-api.service[99772]: DEBUG glance.api.v2.cached_images [None req-3d5470fe-94a5-438c-a40d-c5511b5c55dd None None] Started cache worker thread {{(pid=99772) __init__ /opt/stack/glance/glance/api/v2/cached_images.py:71}}
Jul 23 03:45:42.720237 np0000005705 devstack@g-api.service[99772]: INFO glance.image_cache [None req-3d5470fe-94a5-438c-a40d-c5511b5c55dd None None] Image cache loaded driver 'centralized_db'.
Jul 23 03:45:42.724425 np0000005705 devstack@g-api.service[99774]: DEBUG glance.image_cache.drivers.centralized_db [None req-76ff5fd2-adfe-45b9-8c14-e8d06ce4d35f None None] Node reference is already recorded, ignoring it {{(pid=99774) configure /opt/stack/glance/glance/image_cache/drivers/centralized_db.py:71}}
Jul 23 03:45:42.727958 np0000005705 devstack@g-api.service[99772]: DEBUG glance.image_cache.drivers.centralized_db [None req-3d5470fe-94a5-438c-a40d-c5511b5c55dd None None] Node reference is already recorded, ignoring it {{(pid=99772) configure /opt/stack/glance/glance/image_cache/drivers/centralized_db.py:71}}
Jul 23 03:45:42.730200 np0000005705 devstack@g-api.service[99774]: DEBUG glance.api.v2.cached_images [None req-76ff5fd2-adfe-45b9-8c14-e8d06ce4d35f None None] Started cache worker thread {{(pid=99774) __init__ /opt/stack/glance/glance/api/v2/cached_images.py:71}}
Jul 23 03:45:42.731199 np0000005705 devstack@g-api.service[99774]: INFO glance.image_cache [None req-76ff5fd2-adfe-45b9-8c14-e8d06ce4d35f None None] Image cache loaded driver 'centralized_db'.
Jul 23 03:45:42.733197 np0000005705 devstack@g-api.service[99772]: INFO glance.api.middleware.cache_manage [None req-3d5470fe-94a5-438c-a40d-c5511b5c55dd None None] Initialized image cache management middleware
Jul 23 03:45:42.733370 np0000005705 devstack@g-api.service[99772]: INFO glance.image_cache [None req-3d5470fe-94a5-438c-a40d-c5511b5c55dd None None] Image cache loaded driver 'centralized_db'.
Jul 23 03:45:42.740625 np0000005705 devstack@g-api.service[99774]: DEBUG glance.image_cache.drivers.centralized_db [None req-76ff5fd2-adfe-45b9-8c14-e8d06ce4d35f None None] Node reference is already recorded, ignoring it {{(pid=99774) configure /opt/stack/glance/glance/image_cache/drivers/centralized_db.py:71}}
Jul 23 03:45:42.740965 np0000005705 devstack@g-api.service[99772]: DEBUG glance.image_cache.drivers.centralized_db [None req-3d5470fe-94a5-438c-a40d-c5511b5c55dd None None] Node reference is already recorded, ignoring it {{(pid=99772) configure /opt/stack/glance/glance/image_cache/drivers/centralized_db.py:71}}
Jul 23 03:45:42.741778 np0000005705 devstack@g-api.service[99773]: DEBUG dbcounter [-] [99773] Writer thread running {{(pid=99773) stat_writer /opt/stack/data/venv/lib/python3.12/site-packages/dbcounter.py:102}}
Jul 23 03:45:42.745519 np0000005705 devstack@g-api.service[99773]: DEBUG glance.image_cache.drivers.centralized_db [None req-d8c62040-a336-48c1-882d-d7e30514c7f1 None None] Node reference is already recorded, ignoring it {{(pid=99773) configure /opt/stack/glance/glance/image_cache/drivers/centralized_db.py:71}}
Jul 23 03:45:42.745668 np0000005705 devstack@g-api.service[99774]: INFO glance.api.middleware.cache_manage [None req-76ff5fd2-adfe-45b9-8c14-e8d06ce4d35f None None] Initialized image cache management middleware
Jul 23 03:45:42.745668 np0000005705 devstack@g-api.service[99774]: INFO glance.image_cache [None req-76ff5fd2-adfe-45b9-8c14-e8d06ce4d35f None None] Image cache loaded driver 'centralized_db'.
Jul 23 03:45:42.746275 np0000005705 devstack@g-api.service[99772]: INFO glance.api.middleware.cache [None req-3d5470fe-94a5-438c-a40d-c5511b5c55dd None None] Initialized image cache middleware
Jul 23 03:45:42.751683 np0000005705 devstack@g-api.service[99773]: INFO glance.image_cache [None req-d8c62040-a336-48c1-882d-d7e30514c7f1 None None] Image cache loaded driver 'centralized_db'.
Jul 23 03:45:42.753725 np0000005705 devstack@g-api.service[99774]: DEBUG glance.image_cache.drivers.centralized_db [None req-76ff5fd2-adfe-45b9-8c14-e8d06ce4d35f None None] Node reference is already recorded, ignoring it {{(pid=99774) configure /opt/stack/glance/glance/image_cache/drivers/centralized_db.py:71}}
Jul 23 03:45:42.757907 np0000005705 devstack@g-api.service[99772]: DEBUG glance.common.config [None req-3d5470fe-94a5-438c-a40d-c5511b5c55dd None None] ******************************************************************************** {{(pid=99772) log_opt_values /opt/stack/data/venv/lib/python3.12/site-packages/oslo_config/cfg.py:3226}}
Jul 23 03:45:42.758067 np0000005705 devstack@g-api.service[99772]: DEBUG glance.common.config [None req-3d5470fe-94a5-438c-a40d-c5511b5c55dd None None] Configuration options gathered from: {{(pid=99772) log_opt_values /opt/stack/data/venv/lib/python3.12/site-packages/oslo_config/cfg.py:3227}}
Jul 23 03:45:42.758366 np0000005705 devstack@g-api.service[99772]: DEBUG glance.common.config [None req-3d5470fe-94a5-438c-a40d-c5511b5c55dd None None] command line args: [] {{(pid=99772) log_opt_values /opt/stack/data/venv/lib/python3.12/site-packages/oslo_config/cfg.py:3228}}
Jul 23 03:45:42.758533 np0000005705 devstack@g-api.service[99772]: DEBUG glance.common.config [None req-3d5470fe-94a5-438c-a40d-c5511b5c55dd None None] config files: ['/etc/glance/glance-image-import.conf', '/etc/glance/glance-api.conf'] {{(pid=99772) log_opt_values /opt/stack/data/venv/lib/python3.12/site-packages/oslo_config/cfg.py:3229}}
Jul 23 03:45:42.758601 np0000005705 devstack@g-api.service[99772]: DEBUG glance.common.config [None req-3d5470fe-94a5-438c-a40d-c5511b5c55dd None None] ================================================================================ {{(pid=99772) log_opt_values /opt/stack/data/venv/lib/python3.12/site-packages/oslo_config/cfg.py:3234}}
Jul 23 03:45:42.758787 np0000005705 devstack@g-api.service[99772]: DEBUG glance.common.config [None req-3d5470fe-94a5-438c-a40d-c5511b5c55dd None None] allow_anonymous_access = False {{(pid=99772) log_opt_values /opt/stack/data/venv/lib/python3.12/site-packages/oslo_config/cfg.py:3242}}
Jul 23 03:45:42.758930 np0000005705 devstack@g-api.service[99772]: DEBUG glance.common.config [None req-3d5470fe-94a5-438c-a40d-c5511b5c55dd None None] api_limit_max = 1000 {{(pid=99772) log_opt_values /opt/stack/data/venv/lib/python3.12/site-packages/oslo_config/cfg.py:3242}}
Jul 23 03:45:42.759027 np0000005705 devstack@g-api.service[99772]: DEBUG glance.common.config [None req-3d5470fe-94a5-438c-a40d-c5511b5c55dd None None] config_dir = [] {{(pid=99772) log_opt_values /opt/stack/data/venv/lib/python3.12/site-packages/oslo_config/cfg.py:3242}}
Jul 23 03:45:42.759123 np0000005705 devstack@g-api.service[99772]: DEBUG glance.common.config [None req-3d5470fe-94a5-438c-a40d-c5511b5c55dd None None] config_file = ['/etc/glance/glance-image-import.conf', '/etc/glance/glance-api.conf'] {{(pid=99772) log_opt_values /opt/stack/data/venv/lib/python3.12/site-packages/oslo_config/cfg.py:3242}}
Jul 23 03:45:42.759246 np0000005705 devstack@g-api.service[99772]: DEBUG glance.common.config [None req-3d5470fe-94a5-438c-a40d-c5511b5c55dd None None] config_source = [] {{(pid=99772) log_opt_values /opt/stack/data/venv/lib/python3.12/site-packages/oslo_config/cfg.py:3242}}
Jul 23 03:45:42.759400 np0000005705 devstack@g-api.service[99772]: DEBUG glance.common.config [None req-3d5470fe-94a5-438c-a40d-c5511b5c55dd None None] control_exchange = glance {{(pid=99772) log_opt_values /opt/stack/data/venv/lib/python3.12/site-packages/oslo_config/cfg.py:3242}}
Jul 23 03:45:42.759490 np0000005705 devstack@g-api.service[99772]: DEBUG glance.common.config [None req-3d5470fe-94a5-438c-a40d-c5511b5c55dd None None] debug = True {{(pid=99772) log_opt_values /opt/stack/data/venv/lib/python3.12/site-packages/oslo_config/cfg.py:3242}}
Jul 23 03:45:42.759679 np0000005705 devstack@g-api.service[99772]: DEBUG glance.common.config [None req-3d5470fe-94a5-438c-a40d-c5511b5c55dd None None] default_log_levels = ['amqp=WARN', 'boto=WARN', 'sqlalchemy=WARN', 'suds=INFO', 'oslo.messaging=INFO', 'oslo_messaging=INFO', 'iso8601=WARN', 'requests.packages.urllib3.connectionpool=WARN', 'urllib3.connectionpool=WARN', 'websocket=WARN', 'requests.packages.urllib3.util.retry=WARN', 'urllib3.util.retry=WARN', 'keystonemiddleware=WARN', 'routes.middleware=WARN', 'stevedore=WARN', 'taskflow=WARN', 'keystoneauth=WARN', 'oslo.cache=INFO', 'oslo_policy=INFO', 'dogpile.core.dogpile=INFO'] {{(pid=99772) log_opt_values /opt/stack/data/venv/lib/python3.12/site-packages/oslo_config/cfg.py:3242}}
Jul 23 03:45:42.759778 np0000005705 devstack@g-api.service[99772]: DEBUG glance.common.config [None req-3d5470fe-94a5-438c-a40d-c5511b5c55dd None None] default_publisher_id = image.localhost {{(pid=99772) log_opt_values /opt/stack/data/venv/lib/python3.12/site-packages/oslo_config/cfg.py:3242}}
Jul 23 03:45:42.759846 np0000005705 devstack@g-api.service[99774]: INFO glance.api.middleware.cache [None req-76ff5fd2-adfe-45b9-8c14-e8d06ce4d35f None None] Initialized image cache middleware
Jul 23 03:45:42.759911 np0000005705 devstack@g-api.service[99772]: DEBUG glance.common.config [None req-3d5470fe-94a5-438c-a40d-c5511b5c55dd None None] delayed_delete = False {{(pid=99772) log_opt_values /opt/stack/data/venv/lib/python3.12/site-packages/oslo_config/cfg.py:3242}}
Jul 23 03:45:42.759989 np0000005705 devstack@g-api.service[99772]: DEBUG glance.common.config [None req-3d5470fe-94a5-438c-a40d-c5511b5c55dd None None] digest_algorithm = sha256 {{(pid=99772) log_opt_values /opt/stack/data/venv/lib/python3.12/site-packages/oslo_config/cfg.py:3242}}
Jul 23 03:45:42.760167 np0000005705 devstack@g-api.service[99772]: DEBUG glance.common.config [None req-3d5470fe-94a5-438c-a40d-c5511b5c55dd None None] disabled_notifications = [] {{(pid=99772) log_opt_values /opt/stack/data/venv/lib/python3.12/site-packages/oslo_config/cfg.py:3242}}
Jul 23 03:45:42.760267 np0000005705 devstack@g-api.service[99772]: DEBUG glance.common.config [None req-3d5470fe-94a5-438c-a40d-c5511b5c55dd None None] do_secure_hash = True {{(pid=99772) log_opt_values /opt/stack/data/venv/lib/python3.12/site-packages/oslo_config/cfg.py:3242}}
Jul 23 03:45:42.760363 np0000005705 devstack@g-api.service[99772]: DEBUG glance.common.config [None req-3d5470fe-94a5-438c-a40d-c5511b5c55dd None None] enabled_backends = None {{(pid=99772) log_opt_values /opt/stack/data/venv/lib/python3.12/site-packages/oslo_config/cfg.py:3242}}
Jul 23 03:45:42.760496 np0000005705 devstack@g-api.service[99772]: DEBUG glance.common.config [None req-3d5470fe-94a5-438c-a40d-c5511b5c55dd None None] enabled_import_methods = ['glance-direct', 'web-download', 'copy-image'] {{(pid=99772) log_opt_values /opt/stack/data/venv/lib/python3.12/site-packages/oslo_config/cfg.py:3242}}
Jul 23 03:45:42.760629 np0000005705 devstack@g-api.service[99772]: DEBUG glance.common.config [None req-3d5470fe-94a5-438c-a40d-c5511b5c55dd None None] fatal_deprecations = False {{(pid=99772) log_opt_values /opt/stack/data/venv/lib/python3.12/site-packages/oslo_config/cfg.py:3242}}
Jul 23 03:45:42.760815 np0000005705 devstack@g-api.service[99772]: DEBUG glance.common.config [None req-3d5470fe-94a5-438c-a40d-c5511b5c55dd None None] hashing_algorithm = sha512 {{(pid=99772) log_opt_values /opt/stack/data/venv/lib/python3.12/site-packages/oslo_config/cfg.py:3242}}
Jul 23 03:45:42.760815 np0000005705 devstack@g-api.service[99772]: DEBUG glance.common.config [None req-3d5470fe-94a5-438c-a40d-c5511b5c55dd None None] http_retries = 3 {{(pid=99772) log_opt_values /opt/stack/data/venv/lib/python3.12/site-packages/oslo_config/cfg.py:3242}}
Jul 23 03:45:42.760937 np0000005705 devstack@g-api.service[99772]: DEBUG glance.common.config [None req-3d5470fe-94a5-438c-a40d-c5511b5c55dd None None] image_cache_dir = /opt/stack/data/glance/cache/ {{(pid=99772) log_opt_values /opt/stack/data/venv/lib/python3.12/site-packages/oslo_config/cfg.py:3242}}
Jul 23 03:45:42.761049 np0000005705 devstack@g-api.service[99772]: DEBUG glance.common.config [None req-3d5470fe-94a5-438c-a40d-c5511b5c55dd None None] image_cache_driver = centralized_db {{(pid=99772) log_opt_values /opt/stack/data/venv/lib/python3.12/site-packages/oslo_config/cfg.py:3242}}
Jul 23 03:45:42.761166 np0000005705 devstack@g-api.service[99772]: DEBUG glance.common.config [None req-3d5470fe-94a5-438c-a40d-c5511b5c55dd None None] image_cache_max_size = 10737418240 {{(pid=99772) log_opt_values /opt/stack/data/venv/lib/python3.12/site-packages/oslo_config/cfg.py:3242}}
Jul 23 03:45:42.761390 np0000005705 devstack@g-api.service[99772]: DEBUG glance.common.config [None req-3d5470fe-94a5-438c-a40d-c5511b5c55dd None None] image_cache_sqlite_db = cache.db {{(pid=99772) log_opt_values /opt/stack/data/venv/lib/python3.12/site-packages/oslo_config/cfg.py:3242}}
Jul 23 03:45:42.761390 np0000005705 devstack@g-api.service[99772]: DEBUG glance.common.config [None req-3d5470fe-94a5-438c-a40d-c5511b5c55dd None None] image_cache_stall_time = 86400 {{(pid=99772) log_opt_values /opt/stack/data/venv/lib/python3.12/site-packages/oslo_config/cfg.py:3242}}
Jul 23 03:45:42.761481 np0000005705 devstack@g-api.service[99772]: DEBUG glance.common.config [None req-3d5470fe-94a5-438c-a40d-c5511b5c55dd None None] image_location_quota = 10 {{(pid=99772) log_opt_values /opt/stack/data/venv/lib/python3.12/site-packages/oslo_config/cfg.py:3242}}
Jul 23 03:45:42.761555 np0000005705 devstack@g-api.service[99772]: DEBUG glance.common.config [None req-3d5470fe-94a5-438c-a40d-c5511b5c55dd None None] image_member_quota = 128 {{(pid=99772) log_opt_values /opt/stack/data/venv/lib/python3.12/site-packages/oslo_config/cfg.py:3242}}
Jul 23 03:45:42.761642 np0000005705 devstack@g-api.service[99772]: DEBUG glance.common.config [None req-3d5470fe-94a5-438c-a40d-c5511b5c55dd None None] image_property_quota = 128 {{(pid=99772) log_opt_values /opt/stack/data/venv/lib/python3.12/site-packages/oslo_config/cfg.py:3242}}
Jul 23 03:45:42.761736 np0000005705 devstack@g-api.service[99772]: DEBUG glance.common.config [None req-3d5470fe-94a5-438c-a40d-c5511b5c55dd None None] image_size_cap = 1099511627776 {{(pid=99772) log_opt_values /opt/stack/data/venv/lib/python3.12/site-packages/oslo_config/cfg.py:3242}}
Jul 23 03:45:42.761821 np0000005705 devstack@g-api.service[99772]: DEBUG glance.common.config [None req-3d5470fe-94a5-438c-a40d-c5511b5c55dd None None] image_tag_quota = 128 {{(pid=99772) log_opt_values /opt/stack/data/venv/lib/python3.12/site-packages/oslo_config/cfg.py:3242}}
Jul 23 03:45:42.761909 np0000005705 devstack@g-api.service[99772]: DEBUG glance.common.config [None req-3d5470fe-94a5-438c-a40d-c5511b5c55dd None None] instance_format = [instance: %(uuid)s] {{(pid=99772) log_opt_values /opt/stack/data/venv/lib/python3.12/site-packages/oslo_config/cfg.py:3242}}
Jul 23 03:45:42.762023 np0000005705 devstack@g-api.service[99772]: DEBUG glance.common.config [None req-3d5470fe-94a5-438c-a40d-c5511b5c55dd None None] instance_uuid_format = [instance: %(uuid)s] {{(pid=99772) log_opt_values /opt/stack/data/venv/lib/python3.12/site-packages/oslo_config/cfg.py:3242}}
Jul 23 03:45:42.762391 np0000005705 devstack@g-api.service[99772]: DEBUG glance.common.config [None req-3d5470fe-94a5-438c-a40d-c5511b5c55dd None None] limit_param_default = 25 {{(pid=99772) log_opt_values /opt/stack/data/venv/lib/python3.12/site-packages/oslo_config/cfg.py:3242}}
Jul 23 03:45:42.762391 np0000005705 devstack@g-api.service[99772]: DEBUG glance.common.config [None req-3d5470fe-94a5-438c-a40d-c5511b5c55dd None None] log_color = False {{(pid=99772) log_opt_values /opt/stack/data/venv/lib/python3.12/site-packages/oslo_config/cfg.py:3242}}
Jul 23 03:45:42.762391 np0000005705 devstack@g-api.service[99772]: DEBUG glance.common.config [None req-3d5470fe-94a5-438c-a40d-c5511b5c55dd None None] log_config_append = None {{(pid=99772) log_opt_values /opt/stack/data/venv/lib/python3.12/site-packages/oslo_config/cfg.py:3242}}
Jul 23 03:45:42.762509 np0000005705 devstack@g-api.service[99772]: DEBUG glance.common.config [None req-3d5470fe-94a5-438c-a40d-c5511b5c55dd None None] log_date_format = %Y-%m-%d %H:%M:%S {{(pid=99772) log_opt_values /opt/stack/data/venv/lib/python3.12/site-packages/oslo_config/cfg.py:3242}}
Jul 23 03:45:42.762552 np0000005705 devstack@g-api.service[99772]: DEBUG glance.common.config [None req-3d5470fe-94a5-438c-a40d-c5511b5c55dd None None] log_dir = None {{(pid=99772) log_opt_values /opt/stack/data/venv/lib/python3.12/site-packages/oslo_config/cfg.py:3242}}
Jul 23 03:45:42.762636 np0000005705 devstack@g-api.service[99772]: DEBUG glance.common.config [None req-3d5470fe-94a5-438c-a40d-c5511b5c55dd None None] log_file = None {{(pid=99772) log_opt_values /opt/stack/data/venv/lib/python3.12/site-packages/oslo_config/cfg.py:3242}}
Jul 23 03:45:42.762720 np0000005705 devstack@g-api.service[99772]: DEBUG glance.common.config [None req-3d5470fe-94a5-438c-a40d-c5511b5c55dd None None] log_rotate_interval = 1 {{(pid=99772) log_opt_values /opt/stack/data/venv/lib/python3.12/site-packages/oslo_config/cfg.py:3242}}
Jul 23 03:45:42.762849 np0000005705 devstack@g-api.service[99772]: DEBUG glance.common.config [None req-3d5470fe-94a5-438c-a40d-c5511b5c55dd None None] log_rotate_interval_type = days {{(pid=99772) log_opt_values /opt/stack/data/venv/lib/python3.12/site-packages/oslo_config/cfg.py:3242}}
Jul 23 03:45:42.762946 np0000005705 devstack@g-api.service[99772]: DEBUG glance.common.config [None req-3d5470fe-94a5-438c-a40d-c5511b5c55dd None None] log_rotation_type = none {{(pid=99772) log_opt_values /opt/stack/data/venv/lib/python3.12/site-packages/oslo_config/cfg.py:3242}}
Jul 23 03:45:42.763014 np0000005705 devstack@g-api.service[99772]: DEBUG glance.common.config [None req-3d5470fe-94a5-438c-a40d-c5511b5c55dd None None] logging_context_format_string = %(color)s%(levelname)s %(name)s [%(global_request_id)s %(request_id)s %(project_name)s %(user_name)s%(color)s] %(instance)s%(color)s%(message)s {{(pid=99772) log_opt_values /opt/stack/data/venv/lib/python3.12/site-packages/oslo_config/cfg.py:3242}}
Jul 23 03:45:42.763096 np0000005705 devstack@g-api.service[99772]: DEBUG glance.common.config [None req-3d5470fe-94a5-438c-a40d-c5511b5c55dd None None] logging_debug_format_suffix = {{(pid=%(process)d) %(funcName)s %(pathname)s:%(lineno)d}} {{(pid=99772) log_opt_values /opt/stack/data/venv/lib/python3.12/site-packages/oslo_config/cfg.py:3242}}
Jul 23 03:45:42.763203 np0000005705 devstack@g-api.service[99772]: DEBUG glance.common.config [None req-3d5470fe-94a5-438c-a40d-c5511b5c55dd None None] logging_default_format_string = %(color)s%(levelname)s %(name)s [-%(color)s] %(instance)s%(color)s%(message)s {{(pid=99772) log_opt_values /opt/stack/data/venv/lib/python3.12/site-packages/oslo_config/cfg.py:3242}}
Jul 23 03:45:42.763321 np0000005705 devstack@g-api.service[99772]: DEBUG glance.common.config [None req-3d5470fe-94a5-438c-a40d-c5511b5c55dd None None] logging_exception_prefix = ERROR %(name)s %(instance)s {{(pid=99772) log_opt_values /opt/stack/data/venv/lib/python3.12/site-packages/oslo_config/cfg.py:3242}}
Jul 23 03:45:42.763410 np0000005705 devstack@g-api.service[99772]: DEBUG glance.common.config [None req-3d5470fe-94a5-438c-a40d-c5511b5c55dd None None] logging_user_identity_format = %(user)s %(project)s %(domain)s %(system_scope)s %(user_domain)s %(project_domain)s {{(pid=99772) log_opt_values /opt/stack/data/venv/lib/python3.12/site-packages/oslo_config/cfg.py:3242}}
Jul 23 03:45:42.763504 np0000005705 devstack@g-api.service[99772]: DEBUG glance.common.config [None req-3d5470fe-94a5-438c-a40d-c5511b5c55dd None None] max_logfile_count = 30 {{(pid=99772) log_opt_values /opt/stack/data/venv/lib/python3.12/site-packages/oslo_config/cfg.py:3242}}
Jul 23 03:45:42.763630 np0000005705 devstack@g-api.service[99772]: DEBUG glance.common.config [None req-3d5470fe-94a5-438c-a40d-c5511b5c55dd None None] max_logfile_size_mb = 200 {{(pid=99772) log_opt_values /opt/stack/data/venv/lib/python3.12/site-packages/oslo_config/cfg.py:3242}}
Jul 23 03:45:42.763721 np0000005705 devstack@g-api.service[99772]: DEBUG glance.common.config [None req-3d5470fe-94a5-438c-a40d-c5511b5c55dd None None] max_request_id_length = 64 {{(pid=99772) log_opt_values /opt/stack/data/venv/lib/python3.12/site-packages/oslo_config/cfg.py:3242}}
Jul 23 03:45:42.763811 np0000005705 devstack@g-api.service[99772]: DEBUG glance.common.config [None req-3d5470fe-94a5-438c-a40d-c5511b5c55dd None None] metadata_encryption_key = **** {{(pid=99772) log_opt_values /opt/stack/data/venv/lib/python3.12/site-packages/oslo_config/cfg.py:3242}}
Jul 23 03:45:42.763926 np0000005705 devstack@g-api.service[99772]: DEBUG glance.common.config [None req-3d5470fe-94a5-438c-a40d-c5511b5c55dd None None] node_staging_uri = file:///tmp/staging/ {{(pid=99772) log_opt_values /opt/stack/data/venv/lib/python3.12/site-packages/oslo_config/cfg.py:3242}}
Jul 23 03:45:42.764051 np0000005705 devstack@g-api.service[99772]: DEBUG glance.common.config [None req-3d5470fe-94a5-438c-a40d-c5511b5c55dd None None] property_protection_file = None {{(pid=99772) log_opt_values /opt/stack/data/venv/lib/python3.12/site-packages/oslo_config/cfg.py:3242}}
Jul 23 03:45:42.764171 np0000005705 devstack@g-api.service[99772]: DEBUG glance.common.config [None req-3d5470fe-94a5-438c-a40d-c5511b5c55dd None None] property_protection_rule_format = roles {{(pid=99772) log_opt_values /opt/stack/data/venv/lib/python3.12/site-packages/oslo_config/cfg.py:3242}}
Jul 23 03:45:42.764254 np0000005705 devstack@g-api.service[99772]: DEBUG glance.common.config [None req-3d5470fe-94a5-438c-a40d-c5511b5c55dd None None] public_endpoint = https://10.4.3.115/image {{(pid=99772) log_opt_values /opt/stack/data/venv/lib/python3.12/site-packages/oslo_config/cfg.py:3242}}
Jul 23 03:45:42.764345 np0000005705 devstack@g-api.service[99772]: DEBUG glance.common.config [None req-3d5470fe-94a5-438c-a40d-c5511b5c55dd None None] publish_errors = False {{(pid=99772) log_opt_values /opt/stack/data/venv/lib/python3.12/site-packages/oslo_config/cfg.py:3242}}
Jul 23 03:45:42.764433 np0000005705 devstack@g-api.service[99772]: DEBUG glance.common.config [None req-3d5470fe-94a5-438c-a40d-c5511b5c55dd None None] pydev_worker_debug_host = None {{(pid=99772) log_opt_values /opt/stack/data/venv/lib/python3.12/site-packages/oslo_config/cfg.py:3242}}
Jul 23 03:45:42.764565 np0000005705 devstack@g-api.service[99772]: DEBUG glance.common.config [None req-3d5470fe-94a5-438c-a40d-c5511b5c55dd None None] pydev_worker_debug_port = 5678 {{(pid=99772) log_opt_values /opt/stack/data/venv/lib/python3.12/site-packages/oslo_config/cfg.py:3242}}
Jul 23 03:45:42.764685 np0000005705 devstack@g-api.service[99772]: DEBUG glance.common.config [None req-3d5470fe-94a5-438c-a40d-c5511b5c55dd None None] rate_limit_burst = 0 {{(pid=99772) log_opt_values /opt/stack/data/venv/lib/python3.12/site-packages/oslo_config/cfg.py:3242}}
Jul 23 03:45:42.764782 np0000005705 devstack@g-api.service[99772]: DEBUG glance.common.config [None req-3d5470fe-94a5-438c-a40d-c5511b5c55dd None None] rate_limit_except_level = CRITICAL {{(pid=99772) log_opt_values /opt/stack/data/venv/lib/python3.12/site-packages/oslo_config/cfg.py:3242}}
Jul 23 03:45:42.764889 np0000005705 devstack@g-api.service[99772]: DEBUG glance.common.config [None req-3d5470fe-94a5-438c-a40d-c5511b5c55dd None None] rate_limit_interval = 0 {{(pid=99772) log_opt_values /opt/stack/data/venv/lib/python3.12/site-packages/oslo_config/cfg.py:3242}}
Jul 23 03:45:42.764995 np0000005705 devstack@g-api.service[99772]: DEBUG glance.common.config [None req-3d5470fe-94a5-438c-a40d-c5511b5c55dd None None] scrub_pool_size = 1 {{(pid=99772) log_opt_values /opt/stack/data/venv/lib/python3.12/site-packages/oslo_config/cfg.py:3242}}
Jul 23 03:45:42.765142 np0000005705 devstack@g-api.service[99772]: DEBUG glance.common.config [None req-3d5470fe-94a5-438c-a40d-c5511b5c55dd None None] scrub_time = 0 {{(pid=99772) log_opt_values /opt/stack/data/venv/lib/python3.12/site-packages/oslo_config/cfg.py:3242}}
Jul 23 03:45:42.765258 np0000005705 devstack@g-api.service[99772]: DEBUG glance.common.config [None req-3d5470fe-94a5-438c-a40d-c5511b5c55dd None None] shell_completion = None {{(pid=99772) log_opt_values /opt/stack/data/venv/lib/python3.12/site-packages/oslo_config/cfg.py:3242}}
Jul 23 03:45:42.765389 np0000005705 devstack@g-api.service[99772]: DEBUG glance.common.config [None req-3d5470fe-94a5-438c-a40d-c5511b5c55dd None None] show_image_direct_url = False {{(pid=99772) log_opt_values /opt/stack/data/venv/lib/python3.12/site-packages/oslo_config/cfg.py:3242}}
Jul 23 03:45:42.765632 np0000005705 devstack@g-api.service[99772]: WARNING oslo_config.cfg [None req-3d5470fe-94a5-438c-a40d-c5511b5c55dd None None] Deprecated: Option "show_multiple_locations" from group "DEFAULT" is deprecated for removal (Use of this option, deprecated since Newton, is a security risk and will be removed once we figure out a way to satisfy those use cases that currently require it. An earlier announcement that the same functionality can be achieved with greater granularity by using policies is incorrect. You cannot work around this option via policy configuration at the present time, though that is the direction we believe the fix will take. Please keep an eye on the Glance release notes to stay up to date on progress in addressing this issue.). Its value may be silently ignored in the future.
Jul 23 03:45:42.765731 np0000005705 devstack@g-api.service[99772]: DEBUG glance.common.config [None req-3d5470fe-94a5-438c-a40d-c5511b5c55dd None None] show_multiple_locations = False {{(pid=99772) log_opt_values /opt/stack/data/venv/lib/python3.12/site-packages/oslo_config/cfg.py:3242}}
Jul 23 03:45:42.765819 np0000005705 devstack@g-api.service[99772]: DEBUG glance.common.config [None req-3d5470fe-94a5-438c-a40d-c5511b5c55dd None None] syslog_log_facility = LOG_USER {{(pid=99772) log_opt_values /opt/stack/data/venv/lib/python3.12/site-packages/oslo_config/cfg.py:3242}}
Jul 23 03:45:42.765912 np0000005705 devstack@g-api.service[99772]: DEBUG glance.common.config [None req-3d5470fe-94a5-438c-a40d-c5511b5c55dd None None] transport_url = **** {{(pid=99772) log_opt_values /opt/stack/data/venv/lib/python3.12/site-packages/oslo_config/cfg.py:3242}}
Jul 23 03:45:42.766000 np0000005705 devstack@g-api.service[99772]: DEBUG glance.common.config [None req-3d5470fe-94a5-438c-a40d-c5511b5c55dd None None] use_journal = False {{(pid=99772) log_opt_values /opt/stack/data/venv/lib/python3.12/site-packages/oslo_config/cfg.py:3242}}
Jul 23 03:45:42.766103 np0000005705 devstack@g-api.service[99772]: DEBUG glance.common.config [None req-3d5470fe-94a5-438c-a40d-c5511b5c55dd None None] use_json = False {{(pid=99772) log_opt_values /opt/stack/data/venv/lib/python3.12/site-packages/oslo_config/cfg.py:3242}}
Jul 23 03:45:42.766205 np0000005705 devstack@g-api.service[99772]: DEBUG glance.common.config [None req-3d5470fe-94a5-438c-a40d-c5511b5c55dd None None] use_keystone_limits = True {{(pid=99772) log_opt_values /opt/stack/data/venv/lib/python3.12/site-packages/oslo_config/cfg.py:3242}}
Jul 23 03:45:42.766322 np0000005705 devstack@g-api.service[99772]: DEBUG glance.common.config [None req-3d5470fe-94a5-438c-a40d-c5511b5c55dd None None] use_stderr = False {{(pid=99772) log_opt_values /opt/stack/data/venv/lib/python3.12/site-packages/oslo_config/cfg.py:3242}}
Jul 23 03:45:42.766431 np0000005705 devstack@g-api.service[99772]: DEBUG glance.common.config [None req-3d5470fe-94a5-438c-a40d-c5511b5c55dd None None] use_syslog = False {{(pid=99772) log_opt_values /opt/stack/data/venv/lib/python3.12/site-packages/oslo_config/cfg.py:3242}}
Jul 23 03:45:42.766523 np0000005705 devstack@g-api.service[99772]: DEBUG glance.common.config [None req-3d5470fe-94a5-438c-a40d-c5511b5c55dd None None] user_storage_quota = 0 {{(pid=99772) log_opt_values /opt/stack/data/venv/lib/python3.12/site-packages/oslo_config/cfg.py:3242}}
Jul 23 03:45:42.766629 np0000005705 devstack@g-api.service[99772]: DEBUG glance.common.config [None req-3d5470fe-94a5-438c-a40d-c5511b5c55dd None None] worker_self_reference_url = http://127.0.0.1:60999 {{(pid=99772) log_opt_values /opt/stack/data/venv/lib/python3.12/site-packages/oslo_config/cfg.py:3242}}
Jul 23 03:45:42.766735 np0000005705 devstack@g-api.service[99772]: DEBUG glance.common.config [None req-3d5470fe-94a5-438c-a40d-c5511b5c55dd None None] oslo_concurrency.disable_process_locking = False {{(pid=99772) log_opt_values /opt/stack/data/venv/lib/python3.12/site-packages/oslo_config/cfg.py:3253}}
Jul 23 03:45:42.766831 np0000005705 devstack@g-api.service[99772]: DEBUG glance.common.config [None req-3d5470fe-94a5-438c-a40d-c5511b5c55dd None None] oslo_concurrency.lock_path = /opt/stack/data/glance/locks {{(pid=99772) log_opt_values /opt/stack/data/venv/lib/python3.12/site-packages/oslo_config/cfg.py:3253}}
Jul 23 03:45:42.766926 np0000005705 devstack@g-api.service[99772]: DEBUG glance.common.config [None req-3d5470fe-94a5-438c-a40d-c5511b5c55dd None None] oslo_middleware.enable_proxy_headers_parsing = False {{(pid=99772) log_opt_values /opt/stack/data/venv/lib/python3.12/site-packages/oslo_config/cfg.py:3253}}
Jul 23 03:45:42.767043 np0000005705 devstack@g-api.service[99772]: DEBUG glance.common.config [None req-3d5470fe-94a5-438c-a40d-c5511b5c55dd None None] oslo_middleware.http_basic_auth_user_file = /etc/htpasswd {{(pid=99772) log_opt_values /opt/stack/data/venv/lib/python3.12/site-packages/oslo_config/cfg.py:3253}}
Jul 23 03:45:42.767148 np0000005705 devstack@g-api.service[99772]: DEBUG glance.common.config [None req-3d5470fe-94a5-438c-a40d-c5511b5c55dd None None] paste_deploy.config_file = None {{(pid=99772) log_opt_values /opt/stack/data/venv/lib/python3.12/site-packages/oslo_config/cfg.py:3253}}
Jul 23 03:45:42.767287 np0000005705 devstack@g-api.service[99772]: DEBUG glance.common.config [None req-3d5470fe-94a5-438c-a40d-c5511b5c55dd None None] paste_deploy.flavor = keystone+cachemanagement {{(pid=99772) log_opt_values /opt/stack/data/venv/lib/python3.12/site-packages/oslo_config/cfg.py:3253}}
Jul 23 03:45:42.767450 np0000005705 devstack@g-api.service[99772]: DEBUG glance.common.config [None req-3d5470fe-94a5-438c-a40d-c5511b5c55dd None None] image_format.container_formats = ['ami', 'ari', 'aki', 'bare', 'ovf', 'ova', 'docker', 'compressed'] {{(pid=99772) log_opt_values /opt/stack/data/venv/lib/python3.12/site-packages/oslo_config/cfg.py:3253}}
Jul 23 03:45:42.767608 np0000005705 devstack@g-api.service[99772]: DEBUG glance.common.config [None req-3d5470fe-94a5-438c-a40d-c5511b5c55dd None None] image_format.disk_formats = ['ami', 'ari', 'aki', 'vhd', 'vhdx', 'vmdk', 'raw', 'qcow2', 'vdi', 'iso', 'ploop'] {{(pid=99772) log_opt_values /opt/stack/data/venv/lib/python3.12/site-packages/oslo_config/cfg.py:3253}}
Jul 23 03:45:42.767711 np0000005705 devstack@g-api.service[99772]: DEBUG glance.common.config [None req-3d5470fe-94a5-438c-a40d-c5511b5c55dd None None] image_format.gpt_safety_checks_nonfatal = [] {{(pid=99772) log_opt_values /opt/stack/data/venv/lib/python3.12/site-packages/oslo_config/cfg.py:3253}}
Jul 23 03:45:42.767809 np0000005705 devstack@g-api.service[99772]: DEBUG glance.common.config [None req-3d5470fe-94a5-438c-a40d-c5511b5c55dd None None] image_format.require_image_format_match = True {{(pid=99772) log_opt_values /opt/stack/data/venv/lib/python3.12/site-packages/oslo_config/cfg.py:3253}}
Jul 23 03:45:42.767919 np0000005705 devstack@g-api.service[99772]: DEBUG glance.common.config [None req-3d5470fe-94a5-438c-a40d-c5511b5c55dd None None] image_format.vmdk_allowed_types = ['streamOptimized', 'monolithicSparse'] {{(pid=99772) log_opt_values /opt/stack/data/venv/lib/python3.12/site-packages/oslo_config/cfg.py:3253}}
Jul 23 03:45:42.768020 np0000005705 devstack@g-api.service[99772]: DEBUG glance.common.config [None req-3d5470fe-94a5-438c-a40d-c5511b5c55dd None None] task.task_executor = taskflow {{(pid=99772) log_opt_values /opt/stack/data/venv/lib/python3.12/site-packages/oslo_config/cfg.py:3253}}
Jul 23 03:45:42.768143 np0000005705 devstack@g-api.service[99772]: DEBUG glance.common.config [None req-3d5470fe-94a5-438c-a40d-c5511b5c55dd None None] task.task_time_to_live = 48 {{(pid=99772) log_opt_values /opt/stack/data/venv/lib/python3.12/site-packages/oslo_config/cfg.py:3253}}
Jul 23 03:45:42.768232 np0000005705 devstack@g-api.service[99772]: DEBUG glance.common.config [None req-3d5470fe-94a5-438c-a40d-c5511b5c55dd None None] task.work_dir = None {{(pid=99772) log_opt_values /opt/stack/data/venv/lib/python3.12/site-packages/oslo_config/cfg.py:3253}}
Jul 23 03:45:42.768334 np0000005705 devstack@g-api.service[99772]: DEBUG glance.common.config [None req-3d5470fe-94a5-438c-a40d-c5511b5c55dd None None] wsgi.python_interpreter = /opt/stack/data/venv/bin/python3 {{(pid=99772) log_opt_values /opt/stack/data/venv/lib/python3.12/site-packages/oslo_config/cfg.py:3253}}
Jul 23 03:45:42.768453 np0000005705 devstack@g-api.service[99772]: DEBUG glance.common.config [None req-3d5470fe-94a5-438c-a40d-c5511b5c55dd None None] wsgi.task_pool_threads = 16 {{(pid=99772) log_opt_values /opt/stack/data/venv/lib/python3.12/site-packages/oslo_config/cfg.py:3253}}
Jul 23 03:45:42.768586 np0000005705 devstack@g-api.service[99772]: DEBUG glance.common.config [None req-3d5470fe-94a5-438c-a40d-c5511b5c55dd None None] import_filtering_opts.allowed_hosts = [] {{(pid=99772) log_opt_values /opt/stack/data/venv/lib/python3.12/site-packages/oslo_config/cfg.py:3253}}
Jul 23 03:45:42.768692 np0000005705 devstack@g-api.service[99772]: DEBUG glance.common.config [None req-3d5470fe-94a5-438c-a40d-c5511b5c55dd None None] import_filtering_opts.allowed_ports = [80, 443] {{(pid=99772) log_opt_values /opt/stack/data/venv/lib/python3.12/site-packages/oslo_config/cfg.py:3253}}
Jul 23 03:45:42.768841 np0000005705 devstack@g-api.service[99772]: DEBUG glance.common.config [None req-3d5470fe-94a5-438c-a40d-c5511b5c55dd None None] import_filtering_opts.allowed_schemes = ['http', 'https'] {{(pid=99772) log_opt_values /opt/stack/data/venv/lib/python3.12/site-packages/oslo_config/cfg.py:3253}}
Jul 23 03:45:42.768981 np0000005705 devstack@g-api.service[99772]: DEBUG glance.common.config [None req-3d5470fe-94a5-438c-a40d-c5511b5c55dd None None] import_filtering_opts.disallowed_hosts = [] {{(pid=99772) log_opt_values /opt/stack/data/venv/lib/python3.12/site-packages/oslo_config/cfg.py:3253}}
Jul 23 03:45:42.769158 np0000005705 devstack@g-api.service[99772]: DEBUG glance.common.config [None req-3d5470fe-94a5-438c-a40d-c5511b5c55dd None None] import_filtering_opts.disallowed_ports = [] {{(pid=99772) log_opt_values /opt/stack/data/venv/lib/python3.12/site-packages/oslo_config/cfg.py:3253}}
Jul 23 03:45:42.769304 np0000005705 devstack@g-api.service[99772]: DEBUG glance.common.config [None req-3d5470fe-94a5-438c-a40d-c5511b5c55dd None None] import_filtering_opts.disallowed_schemes = [] {{(pid=99772) log_opt_values /opt/stack/data/venv/lib/python3.12/site-packages/oslo_config/cfg.py:3253}}
Jul 23 03:45:42.769460 np0000005705 devstack@g-api.service[99772]: DEBUG glance.common.config [None req-3d5470fe-94a5-438c-a40d-c5511b5c55dd None None] oslo_messaging_metrics.metrics_buffer_size = 1000 {{(pid=99772) log_opt_values /opt/stack/data/venv/lib/python3.12/site-packages/oslo_config/cfg.py:3253}}
Jul 23 03:45:42.769613 np0000005705 devstack@g-api.service[99772]: DEBUG glance.common.config [None req-3d5470fe-94a5-438c-a40d-c5511b5c55dd None None] oslo_messaging_metrics.metrics_enabled = False {{(pid=99772) log_opt_values /opt/stack/data/venv/lib/python3.12/site-packages/oslo_config/cfg.py:3253}}
Jul 23 03:45:42.769759 np0000005705 devstack@g-api.service[99772]: DEBUG glance.common.config [None req-3d5470fe-94a5-438c-a40d-c5511b5c55dd None None] oslo_messaging_metrics.metrics_process_name = {{(pid=99772) log_opt_values /opt/stack/data/venv/lib/python3.12/site-packages/oslo_config/cfg.py:3253}}
Jul 23 03:45:42.769914 np0000005705 devstack@g-api.service[99772]: DEBUG glance.common.config [None req-3d5470fe-94a5-438c-a40d-c5511b5c55dd None None] oslo_messaging_metrics.metrics_socket_file = /var/tmp/metrics_collector.sock {{(pid=99772) log_opt_values /opt/stack/data/venv/lib/python3.12/site-packages/oslo_config/cfg.py:3253}}
Jul 23 03:45:42.770085 np0000005705 devstack@g-api.service[99772]: DEBUG glance.common.config [None req-3d5470fe-94a5-438c-a40d-c5511b5c55dd None None] oslo_messaging_metrics.metrics_thread_stop_timeout = 10 {{(pid=99772) log_opt_values /opt/stack/data/venv/lib/python3.12/site-packages/oslo_config/cfg.py:3253}}
Jul 23 03:45:42.770230 np0000005705 devstack@g-api.service[99772]: DEBUG glance.common.config [None req-3d5470fe-94a5-438c-a40d-c5511b5c55dd None None] profiler.connection_string = messaging:// {{(pid=99772) log_opt_values /opt/stack/data/venv/lib/python3.12/site-packages/oslo_config/cfg.py:3253}}
