Aug 13 18:11:03.153099 np0000007244 devstack@g-api.service[99893]: DEBUG glance.api.middleware.cache [None req-47263efb-28ff-4f47-a472-18e9274a7e89 tempest-ServerBootFromVolumeStableRescueTest-1788113607 tempest-ServerBootFromVolumeStableRescueTest-1788113607-project-member] Cache hit for image '180511d6-8c3d-4d43-a57f-e997cbdc2cf7' {{(pid=99893) process_request /opt/stack/glance/glance/api/middleware/cache.py:160}}
Aug 13 18:11:03.213662 np0000007244 devstack@g-api.service[99892]: [pid: 99892|app: 0|req: 19/53] 127.0.0.1 () {44 vars in 1131 bytes} [Thu Aug 13 18:11:02 2026] GET /v2/images/180511d6-8c3d-4d43-a57f-e997cbdc2cf7/locations => generated 92 bytes in 346 msecs (HTTP/1.1 200) 4 headers in 156 bytes (1 switches on core 0)
Aug 13 18:11:03.225139 np0000007244 devstack@g-api.service[99891]: DEBUG glance.api.middleware.version_negotiation [None req-47263efb-28ff-4f47-a472-18e9274a7e89 tempest-ServerBootFromVolumeStableRescueTest-1788113607 tempest-ServerBootFromVolumeStableRescueTest-1788113607-project-member] Determining version of request: GET /v2/images/180511d6-8c3d-4d43-a57f-e997cbdc2cf7 Accept: */* {{(pid=99891) process_request /opt/stack/glance/glance/api/middleware/version_negotiation.py:44}}
Aug 13 18:11:03.225364 np0000007244 devstack@g-api.service[99891]: DEBUG glance.api.middleware.version_negotiation [None req-47263efb-28ff-4f47-a472-18e9274a7e89 tempest-ServerBootFromVolumeStableRescueTest-1788113607 tempest-ServerBootFromVolumeStableRescueTest-1788113607-project-member] Using url versioning {{(pid=99891) process_request /opt/stack/glance/glance/api/middleware/version_negotiation.py:57}}
Aug 13 18:11:03.225610 np0000007244 devstack@g-api.service[99891]: DEBUG glance.api.middleware.version_negotiation [None req-47263efb-28ff-4f47-a472-18e9274a7e89 tempest-ServerBootFromVolumeStableRescueTest-1788113607 tempest-ServerBootFromVolumeStableRescueTest-1788113607-project-member] Matched version: v2 {{(pid=99891) process_request /opt/stack/glance/glance/api/middleware/version_negotiation.py:69}}
Aug 13 18:11:03.225784 np0000007244 devstack@g-api.service[99891]: DEBUG glance.api.middleware.version_negotiation [None req-47263efb-28ff-4f47-a472-18e9274a7e89 tempest-ServerBootFromVolumeStableRescueTest-1788113607 tempest-ServerBootFromVolumeStableRescueTest-1788113607-project-member] new path /v2/images/180511d6-8c3d-4d43-a57f-e997cbdc2cf7 {{(pid=99891) process_request /opt/stack/glance/glance/api/middleware/version_negotiation.py:70}}
Aug 13 18:11:03.232518 np0000007244 devstack@g-api.service[99893]: [pid: 99893|app: 0|req: 18/54] 127.0.0.1 () {44 vars in 1121 bytes} [Thu Aug 13 18:11:03 2026] GET /v2/images/180511d6-8c3d-4d43-a57f-e997cbdc2cf7/file => generated 21692416 bytes in 96 msecs (HTTP/1.1 200) 5 headers in 217 bytes (334 switches on core 0)
Aug 13 18:11:03.239036 np0000007244 devstack@g-api.service[99891]: [pid: 99891|app: 0|req: 18/55] 127.0.0.1 () {44 vars in 1111 bytes} [Thu Aug 13 18:11:03 2026] GET /v2/images/180511d6-8c3d-4d43-a57f-e997cbdc2cf7 => generated 1044 bytes in 14 msecs (HTTP/1.1 200) 4 headers in 158 bytes (1 switches on core 0)
Aug 13 18:11:03.247315 np0000007244 devstack@g-api.service[99892]: DEBUG glance.api.middleware.version_negotiation [None req-1de54025-27c0-48e8-8747-5d0cc7fa10df service glance] Determining version of request: GET /v2/schemas/image Accept: */* {{(pid=99892) process_request /opt/stack/glance/glance/api/middleware/version_negotiation.py:44}}
Aug 13 18:11:03.247542 np0000007244 devstack@g-api.service[99892]: DEBUG glance.api.middleware.version_negotiation [None req-1de54025-27c0-48e8-8747-5d0cc7fa10df service glance] Using url versioning {{(pid=99892) process_request /opt/stack/glance/glance/api/middleware/version_negotiation.py:57}}
Aug 13 18:11:03.247731 np0000007244 devstack@g-api.service[99892]: DEBUG glance.api.middleware.version_negotiation [None req-1de54025-27c0-48e8-8747-5d0cc7fa10df service glance] Matched version: v2 {{(pid=99892) process_request /opt/stack/glance/glance/api/middleware/version_negotiation.py:69}}
Aug 13 18:11:03.247906 np0000007244 devstack@g-api.service[99892]: DEBUG glance.api.middleware.version_negotiation [None req-1de54025-27c0-48e8-8747-5d0cc7fa10df service glance] new path /v2/schemas/image {{(pid=99892) process_request /opt/stack/glance/glance/api/middleware/version_negotiation.py:70}}
Aug 13 18:11:03.256937 np0000007244 devstack@g-api.service[99892]: [pid: 99892|app: 0|req: 20/56] 127.0.0.1 () {44 vars in 1051 bytes} [Thu Aug 13 18:11:03 2026] GET /v2/schemas/image => generated 6083 bytes in 10 msecs (HTTP/1.1 200) 4 headers in 158 bytes (1 switches on core 0)
Aug 13 18:11:03.270666 np0000007244 devstack@g-api.service[99893]: DEBUG glance.api.middleware.version_negotiation [None req-47263efb-28ff-4f47-a472-18e9274a7e89 tempest-ServerBootFromVolumeStableRescueTest-1788113607 tempest-ServerBootFromVolumeStableRescueTest-1788113607-project-member] Determining version of request: GET /v2/schemas/image Accept: */* {{(pid=99893) process_request /opt/stack/glance/glance/api/middleware/version_negotiation.py:44}}
Aug 13 18:11:03.270923 np0000007244 devstack@g-api.service[99893]: DEBUG glance.api.middleware.version_negotiation [None req-47263efb-28ff-4f47-a472-18e9274a7e89 tempest-ServerBootFromVolumeStableRescueTest-1788113607 tempest-ServerBootFromVolumeStableRescueTest-1788113607-project-member] Using url versioning {{(pid=99893) process_request /opt/stack/glance/glance/api/middleware/version_negotiation.py:57}}
Aug 13 18:11:03.271758 np0000007244 devstack@g-api.service[99893]: DEBUG glance.api.middleware.version_negotiation [None req-47263efb-28ff-4f47-a472-18e9274a7e89 tempest-ServerBootFromVolumeStableRescueTest-1788113607 tempest-ServerBootFromVolumeStableRescueTest-1788113607-project-member] Matched version: v2 {{(pid=99893) process_request /opt/stack/glance/glance/api/middleware/version_negotiation.py:69}}
Aug 13 18:11:03.271940 np0000007244 devstack@g-api.service[99893]: DEBUG glance.api.middleware.version_negotiation [None req-47263efb-28ff-4f47-a472-18e9274a7e89 tempest-ServerBootFromVolumeStableRescueTest-1788113607 tempest-ServerBootFromVolumeStableRescueTest-1788113607-project-member] new path /v2/schemas/image {{(pid=99893) process_request /opt/stack/glance/glance/api/middleware/version_negotiation.py:70}}
Aug 13 18:11:03.279614 np0000007244 devstack@g-api.service[99893]: [pid: 99893|app: 0|req: 19/57] 127.0.0.1 () {44 vars in 1051 bytes} [Thu Aug 13 18:11:03 2026] GET /v2/schemas/image => generated 6083 bytes in 9 msecs (HTTP/1.1 200) 4 headers in 158 bytes (1 switches on core 0)
Aug 13 18:11:03.331875 np0000007244 devstack@g-api.service[99891]: DEBUG glance.api.middleware.version_negotiation [None req-1de54025-27c0-48e8-8747-5d0cc7fa10df tempest-ServerActionsV293TestJSON-703699886 tempest-ServerActionsV293TestJSON-703699886-project-member] Determining version of request: GET /v2/images/180511d6-8c3d-4d43-a57f-e997cbdc2cf7 Accept: */* {{(pid=99891) process_request /opt/stack/glance/glance/api/middleware/version_negotiation.py:44}}
Aug 13 18:11:03.332037 np0000007244 devstack@g-api.service[99891]: DEBUG glance.api.middleware.version_negotiation [None req-1de54025-27c0-48e8-8747-5d0cc7fa10df tempest-ServerActionsV293TestJSON-703699886 tempest-ServerActionsV293TestJSON-703699886-project-member] Using url versioning {{(pid=99891) process_request /opt/stack/glance/glance/api/middleware/version_negotiation.py:57}}
Aug 13 18:11:03.332203 np0000007244 devstack@g-api.service[99891]: DEBUG glance.api.middleware.version_negotiation [None req-1de54025-27c0-48e8-8747-5d0cc7fa10df tempest-ServerActionsV293TestJSON-703699886 tempest-ServerActionsV293TestJSON-703699886-project-member] Matched version: v2 {{(pid=99891) process_request /opt/stack/glance/glance/api/middleware/version_negotiation.py:69}}
Aug 13 18:11:03.332293 np0000007244 devstack@g-api.service[99891]: DEBUG glance.api.middleware.version_negotiation [None req-1de54025-27c0-48e8-8747-5d0cc7fa10df tempest-ServerActionsV293TestJSON-703699886 tempest-ServerActionsV293TestJSON-703699886-project-member] new path /v2/images/180511d6-8c3d-4d43-a57f-e997cbdc2cf7 {{(pid=99891) process_request /opt/stack/glance/glance/api/middleware/version_negotiation.py:70}}
Aug 13 18:11:03.346407 np0000007244 devstack@g-api.service[99891]: [pid: 99891|app: 0|req: 19/58] 127.0.0.1 () {44 vars in 1111 bytes} [Thu Aug 13 18:11:03 2026] GET /v2/images/180511d6-8c3d-4d43-a57f-e997cbdc2cf7 => generated 1044 bytes in 15 msecs (HTTP/1.1 200) 4 headers in 158 bytes (1 switches on core 0)
Aug 13 18:11:03.375576 np0000007244 devstack@g-api.service[99892]: DEBUG glance.api.middleware.version_negotiation [None req-1de54025-27c0-48e8-8747-5d0cc7fa10df tempest-ServerActionsV293TestJSON-703699886 tempest-ServerActionsV293TestJSON-703699886-project-member] Determining version of request: GET /v2/schemas/image Accept: */* {{(pid=99892) process_request /opt/stack/glance/glance/api/middleware/version_negotiation.py:44}}
Aug 13 18:11:03.375794 np0000007244 devstack@g-api.service[99892]: DEBUG glance.api.middleware.version_negotiation [None req-1de54025-27c0-48e8-8747-5d0cc7fa10df tempest-ServerActionsV293TestJSON-703699886 tempest-ServerActionsV293TestJSON-703699886-project-member] Using url versioning {{(pid=99892) process_request /opt/stack/glance/glance/api/middleware/version_negotiation.py:57}}
Aug 13 18:11:03.375947 np0000007244 devstack@g-api.service[99892]: DEBUG glance.api.middleware.version_negotiation [None req-1de54025-27c0-48e8-8747-5d0cc7fa10df tempest-ServerActionsV293TestJSON-703699886 tempest-ServerActionsV293TestJSON-703699886-project-member] Matched version: v2 {{(pid=99892) process_request /opt/stack/glance/glance/api/middleware/version_negotiation.py:69}}
Aug 13 18:11:03.376038 np0000007244 devstack@g-api.service[99892]: DEBUG glance.api.middleware.version_negotiation [None req-1de54025-27c0-48e8-8747-5d0cc7fa10df tempest-ServerActionsV293TestJSON-703699886 tempest-ServerActionsV293TestJSON-703699886-project-member] new path /v2/schemas/image {{(pid=99892) process_request /opt/stack/glance/glance/api/middleware/version_negotiation.py:70}}
Aug 13 18:11:03.380678 np0000007244 devstack@g-api.service[99892]: [pid: 99892|app: 0|req: 21/59] 127.0.0.1 () {44 vars in 1051 bytes} [Thu Aug 13 18:11:03 2026] GET /v2/schemas/image => generated 6083 bytes in 5 msecs (HTTP/1.1 200) 4 headers in 158 bytes (1 switches on core 0)
Aug 13 18:11:03.530550 np0000007244 devstack@g-api.service[99893]: DEBUG glance.api.middleware.version_negotiation [None req-1de54025-27c0-48e8-8747-5d0cc7fa10df tempest-ServerActionsV293TestJSON-703699886 tempest-ServerActionsV293TestJSON-703699886-project-member] Determining version of request: GET /v2/images/180511d6-8c3d-4d43-a57f-e997cbdc2cf7 Accept: */* {{(pid=99893) process_request /opt/stack/glance/glance/api/middleware/version_negotiation.py:44}}
Aug 13 18:11:03.530793 np0000007244 devstack@g-api.service[99893]: DEBUG glance.api.middleware.version_negotiation [None req-1de54025-27c0-48e8-8747-5d0cc7fa10df tempest-ServerActionsV293TestJSON-703699886 tempest-ServerActionsV293TestJSON-703699886-project-member] Using url versioning {{(pid=99893) process_request /opt/stack/glance/glance/api/middleware/version_negotiation.py:57}}
Aug 13 18:11:03.531183 np0000007244 devstack@g-api.service[99893]: DEBUG glance.api.middleware.version_negotiation [None req-1de54025-27c0-48e8-8747-5d0cc7fa10df tempest-ServerActionsV293TestJSON-703699886 tempest-ServerActionsV293TestJSON-703699886-project-member] Matched version: v2 {{(pid=99893) process_request /opt/stack/glance/glance/api/middleware/version_negotiation.py:69}}
Aug 13 18:11:03.531289 np0000007244 devstack@g-api.service[99893]: DEBUG glance.api.middleware.version_negotiation [None req-1de54025-27c0-48e8-8747-5d0cc7fa10df tempest-ServerActionsV293TestJSON-703699886 tempest-ServerActionsV293TestJSON-703699886-project-member] new path /v2/images/180511d6-8c3d-4d43-a57f-e997cbdc2cf7 {{(pid=99893) process_request /opt/stack/glance/glance/api/middleware/version_negotiation.py:70}}
Aug 13 18:11:03.543476 np0000007244 devstack@g-api.service[99893]: [pid: 99893|app: 0|req: 20/60] 127.0.0.1 () {44 vars in 1111 bytes} [Thu Aug 13 18:11:03 2026] GET /v2/images/180511d6-8c3d-4d43-a57f-e997cbdc2cf7 => generated 1044 bytes in 13 msecs (HTTP/1.1 200) 4 headers in 158 bytes (1 switches on core 0)
Aug 13 18:11:03.552677 np0000007244 devstack@g-api.service[99891]: DEBUG glance.api.middleware.version_negotiation [None req-47263efb-28ff-4f47-a472-18e9274a7e89 tempest-ServerBootFromVolumeStableRescueTest-1788113607 tempest-ServerBootFromVolumeStableRescueTest-1788113607-project-member] Determining version of request: GET /v2/schemas/image Accept: */* {{(pid=99891) process_request /opt/stack/glance/glance/api/middleware/version_negotiation.py:44}}
Aug 13 18:11:03.552900 np0000007244 devstack@g-api.service[99891]: DEBUG glance.api.middleware.version_negotiation [None req-47263efb-28ff-4f47-a472-18e9274a7e89 tempest-ServerBootFromVolumeStableRescueTest-1788113607 tempest-ServerBootFromVolumeStableRescueTest-1788113607-project-member] Using url versioning {{(pid=99891) process_request /opt/stack/glance/glance/api/middleware/version_negotiation.py:57}}
Aug 13 18:11:03.553025 np0000007244 devstack@g-api.service[99891]: DEBUG glance.api.middleware.version_negotiation [None req-47263efb-28ff-4f47-a472-18e9274a7e89 tempest-ServerBootFromVolumeStableRescueTest-1788113607 tempest-ServerBootFromVolumeStableRescueTest-1788113607-project-member] Matched version: v2 {{(pid=99891) process_request /opt/stack/glance/glance/api/middleware/version_negotiation.py:69}}
Aug 13 18:11:03.553205 np0000007244 devstack@g-api.service[99891]: DEBUG glance.api.middleware.version_negotiation [None req-47263efb-28ff-4f47-a472-18e9274a7e89 tempest-ServerBootFromVolumeStableRescueTest-1788113607 tempest-ServerBootFromVolumeStableRescueTest-1788113607-project-member] new path /v2/schemas/image {{(pid=99891) process_request /opt/stack/glance/glance/api/middleware/version_negotiation.py:70}}
Aug 13 18:11:03.557036 np0000007244 devstack@g-api.service[99891]: [pid: 99891|app: 0|req: 20/61] 127.0.0.1 () {44 vars in 1051 bytes} [Thu Aug 13 18:11:03 2026] GET /v2/schemas/image => generated 6083 bytes in 4 msecs (HTTP/1.1 200) 4 headers in 158 bytes (1 switches on core 0)
Aug 13 18:11:05.803656 np0000007244 devstack@g-api.service[99892]: DEBUG glance.api.middleware.version_negotiation [None req-47263efb-28ff-4f47-a472-18e9274a7e89 tempest-ServerBootFromVolumeStableRescueTest-1788113607 tempest-ServerBootFromVolumeStableRescueTest-1788113607-project-member] Determining version of request: GET /v2/images/180511d6-8c3d-4d43-a57f-e997cbdc2cf7 Accept: application/json {{(pid=99892) process_request /opt/stack/glance/glance/api/middleware/version_negotiation.py:44}}
Aug 13 18:11:05.804092 np0000007244 devstack@g-api.service[99892]: DEBUG glance.api.middleware.version_negotiation [None req-47263efb-28ff-4f47-a472-18e9274a7e89 tempest-ServerBootFromVolumeStableRescueTest-1788113607 tempest-ServerBootFromVolumeStableRescueTest-1788113607-project-member] Using url versioning {{(pid=99892) process_request /opt/stack/glance/glance/api/middleware/version_negotiation.py:57}}
Aug 13 18:11:05.804092 np0000007244 devstack@g-api.service[99892]: DEBUG glance.api.middleware.version_negotiation [None req-47263efb-28ff-4f47-a472-18e9274a7e89 tempest-ServerBootFromVolumeStableRescueTest-1788113607 tempest-ServerBootFromVolumeStableRescueTest-1788113607-project-member] Matched version: v2 {{(pid=99892) process_request /opt/stack/glance/glance/api/middleware/version_negotiation.py:69}}
Aug 13 18:11:05.804092 np0000007244 devstack@g-api.service[99892]: DEBUG glance.api.middleware.version_negotiation [None req-47263efb-28ff-4f47-a472-18e9274a7e89 tempest-ServerBootFromVolumeStableRescueTest-1788113607 tempest-ServerBootFromVolumeStableRescueTest-1788113607-project-member] new path /v2/images/180511d6-8c3d-4d43-a57f-e997cbdc2cf7 {{(pid=99892) process_request /opt/stack/glance/glance/api/middleware/version_negotiation.py:70}}
Aug 13 18:11:06.022126 np0000007244 devstack@g-api.service[99892]: [pid: 99892|app: 0|req: 22/62] 127.0.0.1 () {40 vars in 834 bytes} [Thu Aug 13 18:11:05 2026] GET /v2/images/180511d6-8c3d-4d43-a57f-e997cbdc2cf7 => generated 1044 bytes in 218 msecs (HTTP/1.1 200) 4 headers in 158 bytes (1 switches on core 0)
Aug 13 18:11:06.032932 np0000007244 devstack@g-api.service[99893]: DEBUG glance.api.middleware.version_negotiation [None req-c1e40691-53d4-4f08-bcd0-fe63d25501be tempest-TaggedBootDevicesTest-1942906761 tempest-TaggedBootDevicesTest-1942906761-project-member] Determining version of request: GET /v2/images/180511d6-8c3d-4d43-a57f-e997cbdc2cf7/file Accept: application/json {{(pid=99893) process_request /opt/stack/glance/glance/api/middleware/version_negotiation.py:44}}
Aug 13 18:11:06.032932 np0000007244 devstack@g-api.service[99893]: DEBUG glance.api.middleware.version_negotiation [None req-c1e40691-53d4-4f08-bcd0-fe63d25501be tempest-TaggedBootDevicesTest-1942906761 tempest-TaggedBootDevicesTest-1942906761-project-member] Using url versioning {{(pid=99893) process_request /opt/stack/glance/glance/api/middleware/version_negotiation.py:57}}
Aug 13 18:11:06.032932 np0000007244 devstack@g-api.service[99893]: DEBUG glance.api.middleware.version_negotiation [None req-c1e40691-53d4-4f08-bcd0-fe63d25501be tempest-TaggedBootDevicesTest-1942906761 tempest-TaggedBootDevicesTest-1942906761-project-member] Matched version: v2 {{(pid=99893) process_request /opt/stack/glance/glance/api/middleware/version_negotiation.py:69}}
Aug 13 18:11:06.032932 np0000007244 devstack@g-api.service[99893]: DEBUG glance.api.middleware.version_negotiation [None req-c1e40691-53d4-4f08-bcd0-fe63d25501be tempest-TaggedBootDevicesTest-1942906761 tempest-TaggedBootDevicesTest-1942906761-project-member] new path /v2/images/180511d6-8c3d-4d43-a57f-e997cbdc2cf7/file {{(pid=99893) process_request /opt/stack/glance/glance/api/middleware/version_negotiation.py:70}}
Aug 13 18:11:06.282022 np0000007244 devstack@g-api.service[99893]: DEBUG glance.api.middleware.cache [None req-fd81ea12-cc77-40ab-aa6f-cc61d4ae8a78 tempest-AttachSCSIVolumeTestJSON-723837265 tempest-AttachSCSIVolumeTestJSON-723837265-project-admin] Cache hit for image '180511d6-8c3d-4d43-a57f-e997cbdc2cf7' {{(pid=99893) process_request /opt/stack/glance/glance/api/middleware/cache.py:160}}
Aug 13 18:11:06.294973 np0000007244 devstack@g-api.service[99891]: DEBUG glance.api.middleware.version_negotiation [None req-c1e40691-53d4-4f08-bcd0-fe63d25501be tempest-TaggedBootDevicesTest-1942906761 tempest-TaggedBootDevicesTest-1942906761-project-member] Determining version of request: POST /v2/images Accept: application/json {{(pid=99891) process_request /opt/stack/glance/glance/api/middleware/version_negotiation.py:44}}
Aug 13 18:11:06.295346 np0000007244 devstack@g-api.service[99891]: DEBUG glance.api.middleware.version_negotiation [None req-c1e40691-53d4-4f08-bcd0-fe63d25501be tempest-TaggedBootDevicesTest-1942906761 tempest-TaggedBootDevicesTest-1942906761-project-member] Using url versioning {{(pid=99891) process_request /opt/stack/glance/glance/api/middleware/version_negotiation.py:57}}
Aug 13 18:11:06.295346 np0000007244 devstack@g-api.service[99891]: DEBUG glance.api.middleware.version_negotiation [None req-c1e40691-53d4-4f08-bcd0-fe63d25501be tempest-TaggedBootDevicesTest-1942906761 tempest-TaggedBootDevicesTest-1942906761-project-member] Matched version: v2 {{(pid=99891) process_request /opt/stack/glance/glance/api/middleware/version_negotiation.py:69}}
Aug 13 18:11:06.295346 np0000007244 devstack@g-api.service[99891]: DEBUG glance.api.middleware.version_negotiation [None req-c1e40691-53d4-4f08-bcd0-fe63d25501be tempest-TaggedBootDevicesTest-1942906761 tempest-TaggedBootDevicesTest-1942906761-project-member] new path /v2/images {{(pid=99891) process_request /opt/stack/glance/glance/api/middleware/version_negotiation.py:70}}
Aug 13 18:11:06.965375 np0000007244 devstack@g-api.service[99891]: [pid: 99891|app: 0|req: 21/63] 127.0.0.1 () {42 vars in 782 bytes} [Thu Aug 13 18:11:06 2026] POST /v2/images => generated 690 bytes in 670 msecs (HTTP/1.1 201) 6 headers in 315 bytes (1 switches on core 0)
Aug 13 18:11:06.977223 np0000007244 devstack@g-api.service[99892]: DEBUG glance.api.middleware.version_negotiation [None req-8e469983-282e-4126-8a49-0e77937dfcc2 tempest-AttachSCSIVolumeTestJSON-988775929 tempest-AttachSCSIVolumeTestJSON-988775929-project-reader] Determining version of request: PUT /v2/images/34d0d0e9-ebcd-4abf-9c7b-cf55839bcb3e/file Accept: {{(pid=99892) process_request /opt/stack/glance/glance/api/middleware/version_negotiation.py:44}}
Aug 13 18:11:06.977589 np0000007244 devstack@g-api.service[99892]: DEBUG glance.api.middleware.version_negotiation [None req-8e469983-282e-4126-8a49-0e77937dfcc2 tempest-AttachSCSIVolumeTestJSON-988775929 tempest-AttachSCSIVolumeTestJSON-988775929-project-reader] Using url versioning {{(pid=99892) process_request /opt/stack/glance/glance/api/middleware/version_negotiation.py:57}}
Aug 13 18:11:06.977589 np0000007244 devstack@g-api.service[99892]: DEBUG glance.api.middleware.version_negotiation [None req-8e469983-282e-4126-8a49-0e77937dfcc2 tempest-AttachSCSIVolumeTestJSON-988775929 tempest-AttachSCSIVolumeTestJSON-988775929-project-reader] Matched version: v2 {{(pid=99892) process_request /opt/stack/glance/glance/api/middleware/version_negotiation.py:69}}
Aug 13 18:11:06.980641 np0000007244 devstack@g-api.service[99892]: DEBUG glance.api.middleware.version_negotiation [None req-8e469983-282e-4126-8a49-0e77937dfcc2 tempest-AttachSCSIVolumeTestJSON-988775929 tempest-AttachSCSIVolumeTestJSON-988775929-project-reader] new path /v2/images/34d0d0e9-ebcd-4abf-9c7b-cf55839bcb3e/file {{(pid=99892) process_request /opt/stack/glance/glance/api/middleware/version_negotiation.py:70}}
Aug 13 18:11:07.002697 np0000007244 devstack@g-api.service[99893]: [pid: 99893|app: 0|req: 21/64] 127.0.0.1 () {40 vars in 844 bytes} [Thu Aug 13 18:11:06 2026] GET /v2/images/180511d6-8c3d-4d43-a57f-e997cbdc2cf7/file => generated 21692416 bytes in 971 msecs (HTTP/1.1 200) 5 headers in 217 bytes (337 switches on core 0)
Aug 13 18:11:07.574411 np0000007244 devstack@g-api.service[99892]: INFO glance.api.v2.image_data [None req-1f45f04c-a277-4978-a3f6-a7ee5c6cad11 tempest-AttachSCSIVolumeTestJSON-723837265 tempest-AttachSCSIVolumeTestJSON-723837265-project-admin] Unable to create trust: no such option collect_timing in group [keystone_authtoken] Use the existing user token.
Aug 13 18:11:07.698358 np0000007244 devstack@g-api.service[99891]: DEBUG glance.api.middleware.version_negotiation [None req-21c96bfc-578e-40ff-b3a5-aafaa59e890c tempest-AttachSCSIVolumeTestJSON-723837265 tempest-AttachSCSIVolumeTestJSON-723837265-project-admin] Determining version of request: GET / Accept: application/json {{(pid=99891) process_request /opt/stack/glance/glance/api/middleware/version_negotiation.py:44}}
Aug 13 18:11:07.698828 np0000007244 devstack@g-api.service[99891]: DEBUG glance.api.middleware.version_negotiation [None req-21c96bfc-578e-40ff-b3a5-aafaa59e890c tempest-AttachSCSIVolumeTestJSON-723837265 tempest-AttachSCSIVolumeTestJSON-723837265-project-admin] Using url versioning {{(pid=99891) process_request /opt/stack/glance/glance/api/middleware/version_negotiation.py:57}}
Aug 13 18:11:07.698828 np0000007244 devstack@g-api.service[99891]: DEBUG glance.api.middleware.version_negotiation [None req-21c96bfc-578e-40ff-b3a5-aafaa59e890c tempest-AttachSCSIVolumeTestJSON-723837265 tempest-AttachSCSIVolumeTestJSON-723837265-project-admin] Unknown version. Returning version choices. {{(pid=99891) process_request /opt/stack/glance/glance/api/middleware/version_negotiation.py:64}}
Aug 13 18:11:07.699614 np0000007244 devstack@g-api.service[99891]: [pid: 99891|app: 0|req: 22/65] 127.0.0.1 () {36 vars in 555 bytes} [Thu Aug 13 18:11:07 2026] GET / => generated 1501 bytes in 1 msecs (HTTP/1.1 300) 3 headers in 106 bytes (1 switches on core 0)
Aug 13 18:11:07.738548 np0000007244 devstack@g-api.service[99893]: DEBUG glance.api.middleware.version_negotiation [None req-fd81ea12-cc77-40ab-aa6f-cc61d4ae8a78 tempest-AttachSCSIVolumeTestJSON-723837265 tempest-AttachSCSIVolumeTestJSON-723837265-project-admin] Determining version of request: GET /v2/images/180511d6-8c3d-4d43-a57f-e997cbdc2cf7 Accept: */* {{(pid=99893) process_request /opt/stack/glance/glance/api/middleware/version_negotiation.py:44}}
Aug 13 18:11:07.739007 np0000007244 devstack@g-api.service[99893]: DEBUG glance.api.middleware.version_negotiation [None req-fd81ea12-cc77-40ab-aa6f-cc61d4ae8a78 tempest-AttachSCSIVolumeTestJSON-723837265 tempest-AttachSCSIVolumeTestJSON-723837265-project-admin] Using url versioning {{(pid=99893) process_request /opt/stack/glance/glance/api/middleware/version_negotiation.py:57}}
Aug 13 18:11:07.739007 np0000007244 devstack@g-api.service[99893]: DEBUG glance.api.middleware.version_negotiation [None req-fd81ea12-cc77-40ab-aa6f-cc61d4ae8a78 tempest-AttachSCSIVolumeTestJSON-723837265 tempest-AttachSCSIVolumeTestJSON-723837265-project-admin] Matched version: v2 {{(pid=99893) process_request /opt/stack/glance/glance/api/middleware/version_negotiation.py:69}}
Aug 13 18:11:07.739125 np0000007244 devstack@g-api.service[99893]: DEBUG glance.api.middleware.version_negotiation [None req-fd81ea12-cc77-40ab-aa6f-cc61d4ae8a78 tempest-AttachSCSIVolumeTestJSON-723837265 tempest-AttachSCSIVolumeTestJSON-723837265-project-admin] new path /v2/images/180511d6-8c3d-4d43-a57f-e997cbdc2cf7 {{(pid=99893) process_request /opt/stack/glance/glance/api/middleware/version_negotiation.py:70}}
Aug 13 18:11:07.752991 np0000007244 devstack@g-api.service[99893]: [pid: 99893|app: 0|req: 22/66] 127.0.0.1 () {44 vars in 1111 bytes} [Thu Aug 13 18:11:07 2026] GET /v2/images/180511d6-8c3d-4d43-a57f-e997cbdc2cf7 => generated 1044 bytes in 15 msecs (HTTP/1.1 200) 4 headers in 158 bytes (1 switches on core 0)
Aug 13 18:11:07.799288 np0000007244 devstack@g-api.service[99891]: DEBUG glance.api.middleware.version_negotiation [None req-21c96bfc-578e-40ff-b3a5-aafaa59e890c tempest-AttachSCSIVolumeTestJSON-723837265 tempest-AttachSCSIVolumeTestJSON-723837265-project-admin] Determining version of request: GET /v2/schemas/image Accept: */* {{(pid=99891) process_request /opt/stack/glance/glance/api/middleware/version_negotiation.py:44}}
Aug 13 18:11:07.799482 np0000007244 devstack@g-api.service[99891]: DEBUG glance.api.middleware.version_negotiation [None req-21c96bfc-578e-40ff-b3a5-aafaa59e890c tempest-AttachSCSIVolumeTestJSON-723837265 tempest-AttachSCSIVolumeTestJSON-723837265-project-admin] Using url versioning {{(pid=99891) process_request /opt/stack/glance/glance/api/middleware/version_negotiation.py:57}}
Aug 13 18:11:07.799736 np0000007244 devstack@g-api.service[99891]: DEBUG glance.api.middleware.version_negotiation [None req-21c96bfc-578e-40ff-b3a5-aafaa59e890c tempest-AttachSCSIVolumeTestJSON-723837265 tempest-AttachSCSIVolumeTestJSON-723837265-project-admin] Matched version: v2 {{(pid=99891) process_request /opt/stack/glance/glance/api/middleware/version_negotiation.py:69}}
Aug 13 18:11:07.800036 np0000007244 devstack@g-api.service[99891]: DEBUG glance.api.middleware.version_negotiation [None req-21c96bfc-578e-40ff-b3a5-aafaa59e890c tempest-AttachSCSIVolumeTestJSON-723837265 tempest-AttachSCSIVolumeTestJSON-723837265-project-admin] new path /v2/schemas/image {{(pid=99891) process_request /opt/stack/glance/glance/api/middleware/version_negotiation.py:70}}
Aug 13 18:11:07.803685 np0000007244 devstack@g-api.service[99891]: [pid: 99891|app: 0|req: 23/67] 127.0.0.1 () {44 vars in 1051 bytes} [Thu Aug 13 18:11:07 2026] GET /v2/schemas/image => generated 6083 bytes in 4 msecs (HTTP/1.1 200) 4 headers in 158 bytes (1 switches on core 0)
Aug 13 18:11:08.246023 np0000007244 devstack@g-api.service[99892]: DEBUG glance.location [None req-1f45f04c-a277-4978-a3f6-a7ee5c6cad11 tempest-AttachSCSIVolumeTestJSON-723837265 tempest-AttachSCSIVolumeTestJSON-723837265-project-admin] Enabling in-flight format inspection for qcow2 {{(pid=99892) set_data /opt/stack/glance/glance/location.py:596}}
Aug 13 18:11:08.246539 np0000007244 devstack@g-api.service[99892]: DEBUG glance_store.backend [None req-1f45f04c-a277-4978-a3f6-a7ee5c6cad11 tempest-AttachSCSIVolumeTestJSON-723837265 tempest-AttachSCSIVolumeTestJSON-723837265-project-admin] Attempting to import store swift {{(pid=99892) _load_store /opt/stack/data/venv/lib/python3.12/site-packages/glance_store/backend.py:215}}
Aug 13 18:11:08.248229 np0000007244 devstack@g-api.service[99892]: DEBUG glance_store.capabilities [None req-1f45f04c-a277-4978-a3f6-a7ee5c6cad11 tempest-AttachSCSIVolumeTestJSON-723837265 tempest-AttachSCSIVolumeTestJSON-723837265-project-admin] Store glance_store._drivers.swift.store.SingleTenantStore doesn't support updating dynamic storage capabilities. Please overwrite 'update_capabilities' method of the store to implement updating logics if needed. {{(pid=99892) update_capabilities /opt/stack/data/venv/lib/python3.12/site-packages/glance_store/capabilities.py:91}}
Aug 13 18:11:08.248366 np0000007244 devstack@g-api.service[99892]: DEBUG glance_store.driver [None req-1f45f04c-a277-4978-a3f6-a7ee5c6cad11 tempest-AttachSCSIVolumeTestJSON-723837265 tempest-AttachSCSIVolumeTestJSON-723837265-project-admin] Late loading location class glance_store._drivers.swift.store.StoreLocation {{(pid=99892) get_store_location_class /opt/stack/data/venv/lib/python3.12/site-packages/glance_store/driver.py:134}}
Aug 13 18:11:08.248520 np0000007244 devstack@g-api.service[99892]: DEBUG glance_store.location [None req-1f45f04c-a277-4978-a3f6-a7ee5c6cad11 tempest-AttachSCSIVolumeTestJSON-723837265 tempest-AttachSCSIVolumeTestJSON-723837265-project-admin] Registering scheme swift+https with {'store': , 'location_class': , 'store_entry': 'swift'} {{(pid=99892) register_scheme_map /opt/stack/data/venv/lib/python3.12/site-packages/glance_store/location.py:146}}
Aug 13 18:11:08.248642 np0000007244 devstack@g-api.service[99892]: DEBUG glance_store.location [None req-1f45f04c-a277-4978-a3f6-a7ee5c6cad11 tempest-AttachSCSIVolumeTestJSON-723837265 tempest-AttachSCSIVolumeTestJSON-723837265-project-admin] Registering scheme swift+https with {'store': , 'location_class': , 'store_entry': 'swift'} {{(pid=99892) register_scheme_map /opt/stack/data/venv/lib/python3.12/site-packages/glance_store/location.py:146}}
Aug 13 18:11:08.248811 np0000007244 devstack@g-api.service[99892]: DEBUG glance_store.location [None req-1f45f04c-a277-4978-a3f6-a7ee5c6cad11 tempest-AttachSCSIVolumeTestJSON-723837265 tempest-AttachSCSIVolumeTestJSON-723837265-project-admin] Registering scheme swift with {'store': , 'location_class': , 'store_entry': 'swift'} {{(pid=99892) register_scheme_map /opt/stack/data/venv/lib/python3.12/site-packages/glance_store/location.py:146}}
Aug 13 18:11:08.249139 np0000007244 devstack@g-api.service[99892]: DEBUG glance_store.location [None req-1f45f04c-a277-4978-a3f6-a7ee5c6cad11 tempest-AttachSCSIVolumeTestJSON-723837265 tempest-AttachSCSIVolumeTestJSON-723837265-project-admin] Registering scheme swift+https with {'store': , 'location_class': , 'store_entry': 'swift'} {{(pid=99892) register_scheme_map /opt/stack/data/venv/lib/python3.12/site-packages/glance_store/location.py:146}}
Aug 13 18:11:08.249139 np0000007244 devstack@g-api.service[99892]: DEBUG glance_store.location [None req-1f45f04c-a277-4978-a3f6-a7ee5c6cad11 tempest-AttachSCSIVolumeTestJSON-723837265 tempest-AttachSCSIVolumeTestJSON-723837265-project-admin] Registering scheme swift with {'store': , 'location_class': , 'store_entry': 'swift'} {{(pid=99892) register_scheme_map /opt/stack/data/venv/lib/python3.12/site-packages/glance_store/location.py:146}}
Aug 13 18:11:08.249139 np0000007244 devstack@g-api.service[99892]: DEBUG glance_store.location [None req-1f45f04c-a277-4978-a3f6-a7ee5c6cad11 tempest-AttachSCSIVolumeTestJSON-723837265 tempest-AttachSCSIVolumeTestJSON-723837265-project-admin] Registering scheme swift+http with {'store': , 'location_class': , 'store_entry': 'swift'} {{(pid=99892) register_scheme_map /opt/stack/data/venv/lib/python3.12/site-packages/glance_store/location.py:146}}
Aug 13 18:11:08.249321 np0000007244 devstack@g-api.service[99892]: DEBUG glance_store.location [None req-1f45f04c-a277-4978-a3f6-a7ee5c6cad11 tempest-AttachSCSIVolumeTestJSON-723837265 tempest-AttachSCSIVolumeTestJSON-723837265-project-admin] Registering scheme swift+https with {'store': , 'location_class': , 'store_entry': 'swift'} {{(pid=99892) register_scheme_map /opt/stack/data/venv/lib/python3.12/site-packages/glance_store/location.py:146}}
Aug 13 18:11:08.249382 np0000007244 devstack@g-api.service[99892]: DEBUG glance_store.location [None req-1f45f04c-a277-4978-a3f6-a7ee5c6cad11 tempest-AttachSCSIVolumeTestJSON-723837265 tempest-AttachSCSIVolumeTestJSON-723837265-project-admin] Registering scheme swift with {'store': , 'location_class': , 'store_entry': 'swift'} {{(pid=99892) register_scheme_map /opt/stack/data/venv/lib/python3.12/site-packages/glance_store/location.py:146}}
Aug 13 18:11:08.249570 np0000007244 devstack@g-api.service[99892]: DEBUG glance_store.location [None req-1f45f04c-a277-4978-a3f6-a7ee5c6cad11 tempest-AttachSCSIVolumeTestJSON-723837265 tempest-AttachSCSIVolumeTestJSON-723837265-project-admin] Registering scheme swift+http with {'store': , 'location_class': , 'store_entry': 'swift'} {{(pid=99892) register_scheme_map /opt/stack/data/venv/lib/python3.12/site-packages/glance_store/location.py:146}}
Aug 13 18:11:08.249804 np0000007244 devstack@g-api.service[99892]: DEBUG glance_store.location [None req-1f45f04c-a277-4978-a3f6-a7ee5c6cad11 tempest-AttachSCSIVolumeTestJSON-723837265 tempest-AttachSCSIVolumeTestJSON-723837265-project-admin] Registering scheme swift+config with {'store': , 'location_class': , 'store_entry': 'swift'} {{(pid=99892) register_scheme_map /opt/stack/data/venv/lib/python3.12/site-packages/glance_store/location.py:146}}
Aug 13 18:11:08.648944 np0000007244 devstack@g-api.service[99892]: DEBUG swiftclient [None req-1f45f04c-a277-4978-a3f6-a7ee5c6cad11 tempest-AttachSCSIVolumeTestJSON-723837265 tempest-AttachSCSIVolumeTestJSON-723837265-project-admin] REQ: curl -i https://10.4.3.92:8080/v1/AUTH_59f6d441fe974e8090f0d06cb5da502b/glance -I -H "X-Auth-Token: gAAAAABqfgi8oblw..." {{(pid=99892) http_log /opt/stack/data/venv/lib/python3.12/site-packages/swiftclient/client.py:160}}
Aug 13 18:11:08.648944 np0000007244 devstack@g-api.service[99892]: DEBUG swiftclient [None req-1f45f04c-a277-4978-a3f6-a7ee5c6cad11 tempest-AttachSCSIVolumeTestJSON-723837265 tempest-AttachSCSIVolumeTestJSON-723837265-project-admin] RESP STATUS: 204 No Content {{(pid=99892) http_log /opt/stack/data/venv/lib/python3.12/site-packages/swiftclient/client.py:161}}
Aug 13 18:11:08.648944 np0000007244 devstack@g-api.service[99892]: DEBUG swiftclient [None req-1f45f04c-a277-4978-a3f6-a7ee5c6cad11 tempest-AttachSCSIVolumeTestJSON-723837265 tempest-AttachSCSIVolumeTestJSON-723837265-project-admin] RESP HEADERS: {'Date': 'Thu, 13 Aug 2026 18:11:08 GMT', 'Server': 'Apache/2.4.58 (Ubuntu)', 'Content-Type': 'text/plain; charset=utf-8', 'X-Container-Object-Count': '3', 'X-Container-Bytes-Used': '64356352', 'X-Timestamp': '1786644554.78401', 'Last-Modified': 'Thu, 13 Aug 2026 18:09:15 GMT', 'Accept-Ranges': 'bytes', 'X-Storage-Policy': 'Policy-0', 'X-Container-Sharding': 'False', 'Vary': 'Accept', 'X-Trans-Id': 'tx1915736622084c4691298-006a7e08bc', 'X-Openstack-Request-Id': 'tx1915736622084c4691298-006a7e08bc', 'Connection': 'close'} {{(pid=99892) http_log /opt/stack/data/venv/lib/python3.12/site-packages/swiftclient/client.py:162}}
Aug 13 18:11:08.648944 np0000007244 devstack@g-api.service[99892]: DEBUG glance_store._drivers.swift.store [None req-1f45f04c-a277-4978-a3f6-a7ee5c6cad11 tempest-AttachSCSIVolumeTestJSON-723837265 tempest-AttachSCSIVolumeTestJSON-723837265-project-admin] Adding image object '34d0d0e9-ebcd-4abf-9c7b-cf55839bcb3e' to Swift {{(pid=99892) add /opt/stack/data/venv/lib/python3.12/site-packages/glance_store/_drivers/swift/store.py:970}}
Aug 13 18:11:08.649129 np0000007244 devstack@g-api.service[99892]: DEBUG glance_store._drivers.swift.store [None req-1f45f04c-a277-4978-a3f6-a7ee5c6cad11 tempest-AttachSCSIVolumeTestJSON-723837265 tempest-AttachSCSIVolumeTestJSON-723837265-project-admin] Cannot determine image size because it is either not provided in the request or chunked-transfer encoding is used. Adding image as a segmented object to Swift. {{(pid=99892) add /opt/stack/data/venv/lib/python3.12/site-packages/glance_store/_drivers/swift/store.py:994}}
Aug 13 18:11:08.655548 np0000007244 devstack@g-api.service[99892]: DEBUG oslo_utils.imageutils.format_inspector [None req-1f45f04c-a277-4978-a3f6-a7ee5c6cad11 tempest-AttachSCSIVolumeTestJSON-723837265 tempest-AttachSCSIVolumeTestJSON-723837265-project-admin] Format inspector for vmdk does not match, excluding from consideration (Signature KDMV not found: b'QFI\xfb') {{(pid=99892) _process_chunk /opt/stack/data/venv/lib/python3.12/site-packages/oslo_utils/imageutils/format_inspector.py:1758}}
Aug 13 18:11:08.659022 np0000007244 devstack@g-api.service[99892]: DEBUG oslo_utils.imageutils.format_inspector [None req-1f45f04c-a277-4978-a3f6-a7ee5c6cad11 tempest-AttachSCSIVolumeTestJSON-723837265 tempest-AttachSCSIVolumeTestJSON-723837265-project-admin] Format inspector for vhdx does not match, excluding from consideration (Region signature not found at 30000) {{(pid=99892) _process_chunk /opt/stack/data/venv/lib/python3.12/site-packages/oslo_utils/imageutils/format_inspector.py:1758}}
Aug 13 18:11:08.832390 np0000007244 devstack@g-api.service[99893]: DEBUG glance.api.middleware.version_negotiation [None req-6a0c0936-5720-4b9e-8ca9-857d58810103 tempest-TaggedAttachmentsTest-111305155 tempest-TaggedAttachmentsTest-111305155-project-member] Determining version of request: GET / Accept: application/json {{(pid=99893) process_request /opt/stack/glance/glance/api/middleware/version_negotiation.py:44}}
Aug 13 18:11:08.832390 np0000007244 devstack@g-api.service[99893]: DEBUG glance.api.middleware.version_negotiation [None req-6a0c0936-5720-4b9e-8ca9-857d58810103 tempest-TaggedAttachmentsTest-111305155 tempest-TaggedAttachmentsTest-111305155-project-member] Using url versioning {{(pid=99893) process_request /opt/stack/glance/glance/api/middleware/version_negotiation.py:57}}
Aug 13 18:11:08.832390 np0000007244 devstack@g-api.service[99893]: DEBUG glance.api.middleware.version_negotiation [None req-6a0c0936-5720-4b9e-8ca9-857d58810103 tempest-TaggedAttachmentsTest-111305155 tempest-TaggedAttachmentsTest-111305155-project-member] Unknown version. Returning version choices. {{(pid=99893) process_request /opt/stack/glance/glance/api/middleware/version_negotiation.py:64}}
Aug 13 18:11:08.832909 np0000007244 devstack@g-api.service[99893]: [pid: 99893|app: 0|req: 23/68] 127.0.0.1 () {36 vars in 555 bytes} [Thu Aug 13 18:11:08 2026] GET / => generated 1501 bytes in 1 msecs (HTTP/1.1 300) 3 headers in 106 bytes (1 switches on core 0)
Aug 13 18:11:08.890049 np0000007244 devstack@g-api.service[99891]: DEBUG glance.api.middleware.version_negotiation [None req-6a0c0936-5720-4b9e-8ca9-857d58810103 tempest-TaggedAttachmentsTest-111305155 tempest-TaggedAttachmentsTest-111305155-project-member] Determining version of request: GET /v2/images/180511d6-8c3d-4d43-a57f-e997cbdc2cf7 Accept: */* {{(pid=99891) process_request /opt/stack/glance/glance/api/middleware/version_negotiation.py:44}}
Aug 13 18:11:08.890388 np0000007244 devstack@g-api.service[99891]: DEBUG glance.api.middleware.version_negotiation [None req-6a0c0936-5720-4b9e-8ca9-857d58810103 tempest-TaggedAttachmentsTest-111305155 tempest-TaggedAttachmentsTest-111305155-project-member] Using url versioning {{(pid=99891) process_request /opt/stack/glance/glance/api/middleware/version_negotiation.py:57}}
Aug 13 18:11:08.890388 np0000007244 devstack@g-api.service[99891]: DEBUG glance.api.middleware.version_negotiation [None req-6a0c0936-5720-4b9e-8ca9-857d58810103 tempest-TaggedAttachmentsTest-111305155 tempest-TaggedAttachmentsTest-111305155-project-member] Matched version: v2 {{(pid=99891) process_request /opt/stack/glance/glance/api/middleware/version_negotiation.py:69}}
Aug 13 18:11:08.890565 np0000007244 devstack@g-api.service[99891]: DEBUG glance.api.middleware.version_negotiation [None req-6a0c0936-5720-4b9e-8ca9-857d58810103 tempest-TaggedAttachmentsTest-111305155 tempest-TaggedAttachmentsTest-111305155-project-member] new path /v2/images/180511d6-8c3d-4d43-a57f-e997cbdc2cf7 {{(pid=99891) process_request /opt/stack/glance/glance/api/middleware/version_negotiation.py:70}}
Aug 13 18:11:08.901349 np0000007244 devstack@g-api.service[99892]: DEBUG swiftclient [None req-1f45f04c-a277-4978-a3f6-a7ee5c6cad11 tempest-AttachSCSIVolumeTestJSON-723837265 tempest-AttachSCSIVolumeTestJSON-723837265-project-admin] REQ: curl -i https://10.4.3.92:8080/v1/AUTH_59f6d441fe974e8090f0d06cb5da502b/glance/34d0d0e9-ebcd-4abf-9c7b-cf55839bcb3e-00001 -X PUT -H "X-Auth-Token: gAAAAABqfgi8oblw..." {{(pid=99892) http_log /opt/stack/data/venv/lib/python3.12/site-packages/swiftclient/client.py:160}}
Aug 13 18:11:08.901349 np0000007244 devstack@g-api.service[99892]: DEBUG swiftclient [None req-1f45f04c-a277-4978-a3f6-a7ee5c6cad11 tempest-AttachSCSIVolumeTestJSON-723837265 tempest-AttachSCSIVolumeTestJSON-723837265-project-admin] RESP STATUS: 201 Created {{(pid=99892) http_log /opt/stack/data/venv/lib/python3.12/site-packages/swiftclient/client.py:161}}
Aug 13 18:11:08.901597 np0000007244 devstack@g-api.service[99891]: [pid: 99891|app: 0|req: 24/69] 127.0.0.1 () {44 vars in 1111 bytes} [Thu Aug 13 18:11:08 2026] GET /v2/images/180511d6-8c3d-4d43-a57f-e997cbdc2cf7 => generated 1044 bytes in 11 msecs (HTTP/1.1 200) 4 headers in 158 bytes (1 switches on core 0)
Aug 13 18:11:08.901636 np0000007244 devstack@g-api.service[99892]: DEBUG swiftclient [None req-1f45f04c-a277-4978-a3f6-a7ee5c6cad11 tempest-AttachSCSIVolumeTestJSON-723837265 tempest-AttachSCSIVolumeTestJSON-723837265-project-admin] RESP HEADERS: {'Date': 'Thu, 13 Aug 2026 18:11:08 GMT', 'Server': 'Apache/2.4.58 (Ubuntu)', 'Content-Type': 'text/html; charset=UTF-8', 'Content-Length': '0', 'Etag': '87617e24a5e30cb3b87fda8c0764838f', 'Last-Modified': 'Thu, 13 Aug 2026 18:11:09 GMT', 'X-Trans-Id': 'txc1659ce29790487090cca-006a7e08bc', 'X-Openstack-Request-Id': 'txc1659ce29790487090cca-006a7e08bc', 'Connection': 'close'} {{(pid=99892) http_log /opt/stack/data/venv/lib/python3.12/site-packages/swiftclient/client.py:162}}
Aug 13 18:11:08.901636 np0000007244 devstack@g-api.service[99892]: DEBUG glance_store._drivers.swift.store [None req-1f45f04c-a277-4978-a3f6-a7ee5c6cad11 tempest-AttachSCSIVolumeTestJSON-723837265 tempest-AttachSCSIVolumeTestJSON-723837265-project-admin] Wrote chunk 34d0d0e9-ebcd-4abf-9c7b-cf55839bcb3e-00001 (1/?) of length 21692416 to Swift returning MD5 of content: 87617e24a5e30cb3b87fda8c0764838f {{(pid=99892) add /opt/stack/data/venv/lib/python3.12/site-packages/glance_store/_drivers/swift/store.py:1059}}
Aug 13 18:11:08.901636 np0000007244 devstack@g-api.service[99892]: DEBUG glance_store._drivers.swift.store [None req-1f45f04c-a277-4978-a3f6-a7ee5c6cad11 tempest-AttachSCSIVolumeTestJSON-723837265 tempest-AttachSCSIVolumeTestJSON-723837265-project-admin] Not writing zero-length chunk. {{(pid=99892) add /opt/stack/data/venv/lib/python3.12/site-packages/glance_store/_drivers/swift/store.py:1028}}
Aug 13 18:11:08.936419 np0000007244 devstack@g-api.service[99892]: DEBUG swiftclient [None req-1f45f04c-a277-4978-a3f6-a7ee5c6cad11 tempest-AttachSCSIVolumeTestJSON-723837265 tempest-AttachSCSIVolumeTestJSON-723837265-project-admin] REQ: curl -i https://10.4.3.92:8080/v1/AUTH_59f6d441fe974e8090f0d06cb5da502b/glance/34d0d0e9-ebcd-4abf-9c7b-cf55839bcb3e -X PUT -H "X-Object-Manifest: glance/34d0d0e9-ebcd-4abf-9c7b-cf55839bcb3e-" -H "X-Auth-Token: gAAAAABqfgi8oblw..." -H "Content-Length: 0" {{(pid=99892) http_log /opt/stack/data/venv/lib/python3.12/site-packages/swiftclient/client.py:160}}
Aug 13 18:11:08.936535 np0000007244 devstack@g-api.service[99892]: DEBUG swiftclient [None req-1f45f04c-a277-4978-a3f6-a7ee5c6cad11 tempest-AttachSCSIVolumeTestJSON-723837265 tempest-AttachSCSIVolumeTestJSON-723837265-project-admin] RESP STATUS: 201 Created {{(pid=99892) http_log /opt/stack/data/venv/lib/python3.12/site-packages/swiftclient/client.py:161}}
Aug 13 18:11:08.936654 np0000007244 devstack@g-api.service[99892]: DEBUG swiftclient [None req-1f45f04c-a277-4978-a3f6-a7ee5c6cad11 tempest-AttachSCSIVolumeTestJSON-723837265 tempest-AttachSCSIVolumeTestJSON-723837265-project-admin] RESP HEADERS: {'Date': 'Thu, 13 Aug 2026 18:11:08 GMT', 'Server': 'Apache/2.4.58 (Ubuntu)', 'Content-Type': 'text/html; charset=UTF-8', 'Content-Length': '0', 'Etag': 'd41d8cd98f00b204e9800998ecf8427e', 'Last-Modified': 'Thu, 13 Aug 2026 18:11:09 GMT', 'X-Trans-Id': 'tx5d43e9eaed354ebd8ba4d-006a7e08bc', 'X-Openstack-Request-Id': 'tx5d43e9eaed354ebd8ba4d-006a7e08bc', 'Connection': 'close'} {{(pid=99892) http_log /opt/stack/data/venv/lib/python3.12/site-packages/swiftclient/client.py:162}}
Aug 13 18:11:08.937500 np0000007244 devstack@g-api.service[99892]: INFO glance.location [None req-1f45f04c-a277-4978-a3f6-a7ee5c6cad11 tempest-AttachSCSIVolumeTestJSON-723837265 tempest-AttachSCSIVolumeTestJSON-723837265-project-admin] Image format matched and virtual size computed: 117440512
Aug 13 18:11:08.958340 np0000007244 devstack@g-api.service[99893]: DEBUG glance.api.middleware.version_negotiation [None req-6a0c0936-5720-4b9e-8ca9-857d58810103 tempest-TaggedAttachmentsTest-111305155 tempest-TaggedAttachmentsTest-111305155-project-member] Determining version of request: GET /v2/schemas/image Accept: */* {{(pid=99893) process_request /opt/stack/glance/glance/api/middleware/version_negotiation.py:44}}
Aug 13 18:11:08.958556 np0000007244 devstack@g-api.service[99893]: DEBUG glance.api.middleware.version_negotiation [None req-6a0c0936-5720-4b9e-8ca9-857d58810103 tempest-TaggedAttachmentsTest-111305155 tempest-TaggedAttachmentsTest-111305155-project-member] Using url versioning {{(pid=99893) process_request /opt/stack/glance/glance/api/middleware/version_negotiation.py:57}}
Aug 13 18:11:08.958707 np0000007244 devstack@g-api.service[99893]: DEBUG glance.api.middleware.version_negotiation [None req-6a0c0936-5720-4b9e-8ca9-857d58810103 tempest-TaggedAttachmentsTest-111305155 tempest-TaggedAttachmentsTest-111305155-project-member] Matched version: v2 {{(pid=99893) process_request /opt/stack/glance/glance/api/middleware/version_negotiation.py:69}}
Aug 13 18:11:08.958865 np0000007244 devstack@g-api.service[99893]: DEBUG glance.api.middleware.version_negotiation [None req-6a0c0936-5720-4b9e-8ca9-857d58810103 tempest-TaggedAttachmentsTest-111305155 tempest-TaggedAttachmentsTest-111305155-project-member] new path /v2/schemas/image {{(pid=99893) process_request /opt/stack/glance/glance/api/middleware/version_negotiation.py:70}}
Aug 13 18:11:08.962023 np0000007244 devstack@g-api.service[99893]: [pid: 99893|app: 0|req: 24/70] 127.0.0.1 () {44 vars in 1051 bytes} [Thu Aug 13 18:11:08 2026] GET /v2/schemas/image => generated 6083 bytes in 3 msecs (HTTP/1.1 200) 4 headers in 158 bytes (1 switches on core 0)
Aug 13 18:11:08.965289 np0000007244 devstack@g-api.service[99892]: DEBUG glance_store.backend [None req-1f45f04c-a277-4978-a3f6-a7ee5c6cad11 tempest-AttachSCSIVolumeTestJSON-723837265 tempest-AttachSCSIVolumeTestJSON-723837265-project-admin] Attempting to import store swift {{(pid=99892) _load_store /opt/stack/data/venv/lib/python3.12/site-packages/glance_store/backend.py:215}}
Aug 13 18:11:08.968352 np0000007244 devstack@g-api.service[99892]: DEBUG glance_store.capabilities [None req-1f45f04c-a277-4978-a3f6-a7ee5c6cad11 tempest-AttachSCSIVolumeTestJSON-723837265 tempest-AttachSCSIVolumeTestJSON-723837265-project-admin] Store glance_store._drivers.swift.store.SingleTenantStore doesn't support updating dynamic storage capabilities. Please overwrite 'update_capabilities' method of the store to implement updating logics if needed. {{(pid=99892) update_capabilities /opt/stack/data/venv/lib/python3.12/site-packages/glance_store/capabilities.py:91}}
Aug 13 18:11:08.968542 np0000007244 devstack@g-api.service[99892]: DEBUG glance_store.driver [None req-1f45f04c-a277-4978-a3f6-a7ee5c6cad11 tempest-AttachSCSIVolumeTestJSON-723837265 tempest-AttachSCSIVolumeTestJSON-723837265-project-admin] Late loading location class glance_store._drivers.swift.store.StoreLocation {{(pid=99892) get_store_location_class /opt/stack/data/venv/lib/python3.12/site-packages/glance_store/driver.py:134}}
Aug 13 18:11:08.968729 np0000007244 devstack@g-api.service[99892]: DEBUG glance_store.location [None req-1f45f04c-a277-4978-a3f6-a7ee5c6cad11 tempest-AttachSCSIVolumeTestJSON-723837265 tempest-AttachSCSIVolumeTestJSON-723837265-project-admin] Registering scheme swift+https with {'store': , 'location_class': , 'store_entry': 'swift'} {{(pid=99892) register_scheme_map /opt/stack/data/venv/lib/python3.12/site-packages/glance_store/location.py:146}}
Aug 13 18:11:08.968837 np0000007244 devstack@g-api.service[99892]: DEBUG glance_store.location [None req-1f45f04c-a277-4978-a3f6-a7ee5c6cad11 tempest-AttachSCSIVolumeTestJSON-723837265 tempest-AttachSCSIVolumeTestJSON-723837265-project-admin] Registering scheme swift+https with {'store': , 'location_class': , 'store_entry': 'swift'} {{(pid=99892) register_scheme_map /opt/stack/data/venv/lib/python3.12/site-packages/glance_store/location.py:146}}
