Aug 13 18:13:26.353301 np0000007244 devstack@g-api.service[99892]: DEBUG swiftclient [None req-b0817a7c-9ba4-4c3a-afa2-c880f04fc719 tempest-TestImageHashVerification-41257037 tempest-TestImageHashVerification-41257037-project-member] RESP HEADERS: {'Date': 'Thu, 13 Aug 2026 18:13:26 GMT', 'Server': 'Apache/2.4.58 (Ubuntu)', 'Content-Type': 'text/html; charset=UTF-8', 'Content-Length': '0', 'Etag': 'eda9a9889837ac4bc81d6387d92c1bec', 'Last-Modified': 'Thu, 13 Aug 2026 18:13:24 GMT', 'X-Trans-Id': 'txde0b472df38c41babd07f-006a7e0943', 'X-Openstack-Request-Id': 'txde0b472df38c41babd07f-006a7e0943', 'Connection': 'close'} {{(pid=99892) http_log /opt/stack/data/venv/lib/python3.12/site-packages/swiftclient/client.py:162}}
Aug 13 18:13:26.353438 np0000007244 devstack@g-api.service[99892]: DEBUG glance_store._drivers.swift.store [None req-b0817a7c-9ba4-4c3a-afa2-c880f04fc719 tempest-TestImageHashVerification-41257037 tempest-TestImageHashVerification-41257037-project-member] Wrote chunk aebd5142-e6d0-447f-bec0-84e3ad6624c1-00002 (2/?) of length 204800000 to Swift returning MD5 of content: eda9a9889837ac4bc81d6387d92c1bec {{(pid=99892) add /opt/stack/data/venv/lib/python3.12/site-packages/glance_store/_drivers/swift/store.py:1059}}
Aug 13 18:13:26.932249 np0000007244 devstack@g-api.service[99891]: DEBUG glance.api.middleware.version_negotiation [None req-6e65d99d-6f84-4d51-9582-8c8bb9304611 tempest-TestImageHashVerification-41257037 tempest-TestImageHashVerification-41257037-project-member] Determining version of request: GET /v2/images/aebd5142-e6d0-447f-bec0-84e3ad6624c1 Accept: application/json {{(pid=99891) process_request /opt/stack/glance/glance/api/middleware/version_negotiation.py:44}}
Aug 13 18:13:26.932672 np0000007244 devstack@g-api.service[99891]: DEBUG glance.api.middleware.version_negotiation [None req-6e65d99d-6f84-4d51-9582-8c8bb9304611 tempest-TestImageHashVerification-41257037 tempest-TestImageHashVerification-41257037-project-member] Using url versioning {{(pid=99891) process_request /opt/stack/glance/glance/api/middleware/version_negotiation.py:57}}
Aug 13 18:13:26.932672 np0000007244 devstack@g-api.service[99891]: DEBUG glance.api.middleware.version_negotiation [None req-6e65d99d-6f84-4d51-9582-8c8bb9304611 tempest-TestImageHashVerification-41257037 tempest-TestImageHashVerification-41257037-project-member] Matched version: v2 {{(pid=99891) process_request /opt/stack/glance/glance/api/middleware/version_negotiation.py:69}}
Aug 13 18:13:26.932802 np0000007244 devstack@g-api.service[99891]: DEBUG glance.api.middleware.version_negotiation [None req-6e65d99d-6f84-4d51-9582-8c8bb9304611 tempest-TestImageHashVerification-41257037 tempest-TestImageHashVerification-41257037-project-member] new path /v2/images/aebd5142-e6d0-447f-bec0-84e3ad6624c1 {{(pid=99891) process_request /opt/stack/glance/glance/api/middleware/version_negotiation.py:70}}
Aug 13 18:13:26.955886 np0000007244 devstack@g-api.service[99891]: [pid: 99891|app: 0|req: 101/289] 127.0.0.1 () {40 vars in 834 bytes} [Thu Aug 13 18:13:26 2026] GET /v2/images/aebd5142-e6d0-447f-bec0-84e3ad6624c1 => generated 649 bytes in 24 msecs (HTTP/1.1 200) 4 headers in 157 bytes (1 switches on core 0)
Aug 13 18:13:27.382918 np0000007244 devstack@g-api.service[99893]: DEBUG glance.api.middleware.version_negotiation [None req-ba85d975-15e0-45a7-b5d3-210a2e5539d8 tempest-TestImageHashVerification-41257037 tempest-TestImageHashVerification-41257037-project-member] Determining version of request: GET /v2/images/180511d6-8c3d-4d43-a57f-e997cbdc2cf7 Accept: */* {{(pid=99893) process_request /opt/stack/glance/glance/api/middleware/version_negotiation.py:44}}
Aug 13 18:13:27.382918 np0000007244 devstack@g-api.service[99893]: DEBUG glance.api.middleware.version_negotiation [None req-ba85d975-15e0-45a7-b5d3-210a2e5539d8 tempest-TestImageHashVerification-41257037 tempest-TestImageHashVerification-41257037-project-member] Using url versioning {{(pid=99893) process_request /opt/stack/glance/glance/api/middleware/version_negotiation.py:57}}
Aug 13 18:13:27.382918 np0000007244 devstack@g-api.service[99893]: DEBUG glance.api.middleware.version_negotiation [None req-ba85d975-15e0-45a7-b5d3-210a2e5539d8 tempest-TestImageHashVerification-41257037 tempest-TestImageHashVerification-41257037-project-member] Matched version: v2 {{(pid=99893) process_request /opt/stack/glance/glance/api/middleware/version_negotiation.py:69}}
Aug 13 18:13:27.382918 np0000007244 devstack@g-api.service[99893]: DEBUG glance.api.middleware.version_negotiation [None req-ba85d975-15e0-45a7-b5d3-210a2e5539d8 tempest-TestImageHashVerification-41257037 tempest-TestImageHashVerification-41257037-project-member] new path /v2/images/180511d6-8c3d-4d43-a57f-e997cbdc2cf7 {{(pid=99893) process_request /opt/stack/glance/glance/api/middleware/version_negotiation.py:70}}
Aug 13 18:13:27.396315 np0000007244 devstack@g-api.service[99893]: [pid: 99893|app: 0|req: 98/290] 127.0.0.1 () {44 vars in 1111 bytes} [Thu Aug 13 18:13:27 2026] GET /v2/images/180511d6-8c3d-4d43-a57f-e997cbdc2cf7 => generated 1044 bytes in 15 msecs (HTTP/1.1 200) 4 headers in 158 bytes (1 switches on core 0)
Aug 13 18:13:27.428894 np0000007244 devstack@g-api.service[99891]: DEBUG glance.api.middleware.version_negotiation [None req-dffc3a03-72c2-40c1-96e5-7b62d00affbf tempest-TestImageHashVerification-41257037 tempest-TestImageHashVerification-41257037-project-member] Determining version of request: GET /v2/schemas/image Accept: */* {{(pid=99891) process_request /opt/stack/glance/glance/api/middleware/version_negotiation.py:44}}
Aug 13 18:13:27.429381 np0000007244 devstack@g-api.service[99891]: DEBUG glance.api.middleware.version_negotiation [None req-dffc3a03-72c2-40c1-96e5-7b62d00affbf tempest-TestImageHashVerification-41257037 tempest-TestImageHashVerification-41257037-project-member] Using url versioning {{(pid=99891) process_request /opt/stack/glance/glance/api/middleware/version_negotiation.py:57}}
Aug 13 18:13:27.429381 np0000007244 devstack@g-api.service[99891]: DEBUG glance.api.middleware.version_negotiation [None req-dffc3a03-72c2-40c1-96e5-7b62d00affbf tempest-TestImageHashVerification-41257037 tempest-TestImageHashVerification-41257037-project-member] Matched version: v2 {{(pid=99891) process_request /opt/stack/glance/glance/api/middleware/version_negotiation.py:69}}
Aug 13 18:13:27.429524 np0000007244 devstack@g-api.service[99891]: DEBUG glance.api.middleware.version_negotiation [None req-dffc3a03-72c2-40c1-96e5-7b62d00affbf tempest-TestImageHashVerification-41257037 tempest-TestImageHashVerification-41257037-project-member] new path /v2/schemas/image {{(pid=99891) process_request /opt/stack/glance/glance/api/middleware/version_negotiation.py:70}}
Aug 13 18:13:27.436471 np0000007244 devstack@g-api.service[99891]: [pid: 99891|app: 0|req: 102/291] 127.0.0.1 () {44 vars in 1051 bytes} [Thu Aug 13 18:13:27 2026] GET /v2/schemas/image => generated 6083 bytes in 7 msecs (HTTP/1.1 200) 4 headers in 158 bytes (1 switches on core 0)
Aug 13 18:13:27.968235 np0000007244 devstack@g-api.service[99893]: DEBUG glance.api.middleware.version_negotiation [None req-8befec0a-ad0f-4f63-96da-5a1fa484538e tempest-TaggedBootDevicesTest_v242-781544475 tempest-TaggedBootDevicesTest_v242-781544475-project-member] Determining version of request: GET /v2/images/aebd5142-e6d0-447f-bec0-84e3ad6624c1 Accept: application/json {{(pid=99893) process_request /opt/stack/glance/glance/api/middleware/version_negotiation.py:44}}
Aug 13 18:13:27.968649 np0000007244 devstack@g-api.service[99893]: DEBUG glance.api.middleware.version_negotiation [None req-8befec0a-ad0f-4f63-96da-5a1fa484538e tempest-TaggedBootDevicesTest_v242-781544475 tempest-TaggedBootDevicesTest_v242-781544475-project-member] Using url versioning {{(pid=99893) process_request /opt/stack/glance/glance/api/middleware/version_negotiation.py:57}}
Aug 13 18:13:27.968649 np0000007244 devstack@g-api.service[99893]: DEBUG glance.api.middleware.version_negotiation [None req-8befec0a-ad0f-4f63-96da-5a1fa484538e tempest-TaggedBootDevicesTest_v242-781544475 tempest-TaggedBootDevicesTest_v242-781544475-project-member] Matched version: v2 {{(pid=99893) process_request /opt/stack/glance/glance/api/middleware/version_negotiation.py:69}}
Aug 13 18:13:27.968792 np0000007244 devstack@g-api.service[99893]: DEBUG glance.api.middleware.version_negotiation [None req-8befec0a-ad0f-4f63-96da-5a1fa484538e tempest-TaggedBootDevicesTest_v242-781544475 tempest-TaggedBootDevicesTest_v242-781544475-project-member] new path /v2/images/aebd5142-e6d0-447f-bec0-84e3ad6624c1 {{(pid=99893) process_request /opt/stack/glance/glance/api/middleware/version_negotiation.py:70}}
Aug 13 18:13:27.986781 np0000007244 devstack@g-api.service[99893]: [pid: 99893|app: 0|req: 99/292] 127.0.0.1 () {40 vars in 834 bytes} [Thu Aug 13 18:13:27 2026] GET /v2/images/aebd5142-e6d0-447f-bec0-84e3ad6624c1 => generated 649 bytes in 18 msecs (HTTP/1.1 200) 4 headers in 157 bytes (1 switches on core 0)
Aug 13 18:13:28.502422 np0000007244 devstack@g-api.service[99892]: DEBUG swiftclient [None req-b0817a7c-9ba4-4c3a-afa2-c880f04fc719 tempest-TestImageHashVerification-41257037 tempest-TestImageHashVerification-41257037-project-member] REQ: curl -i https://10.4.3.92:8080/v1/AUTH_59f6d441fe974e8090f0d06cb5da502b/glance/aebd5142-e6d0-447f-bec0-84e3ad6624c1-00003 -X PUT -H "X-Auth-Token: gAAAAABqfglB9HIn..." {{(pid=99892) http_log /opt/stack/data/venv/lib/python3.12/site-packages/swiftclient/client.py:160}}
Aug 13 18:13:28.502422 np0000007244 devstack@g-api.service[99892]: DEBUG swiftclient [None req-b0817a7c-9ba4-4c3a-afa2-c880f04fc719 tempest-TestImageHashVerification-41257037 tempest-TestImageHashVerification-41257037-project-member] RESP STATUS: 201 Created {{(pid=99892) http_log /opt/stack/data/venv/lib/python3.12/site-packages/swiftclient/client.py:161}}
Aug 13 18:13:28.502422 np0000007244 devstack@g-api.service[99892]: DEBUG swiftclient [None req-b0817a7c-9ba4-4c3a-afa2-c880f04fc719 tempest-TestImageHashVerification-41257037 tempest-TestImageHashVerification-41257037-project-member] RESP HEADERS: {'Date': 'Thu, 13 Aug 2026 18:13:28 GMT', 'Server': 'Apache/2.4.58 (Ubuntu)', 'Content-Type': 'text/html; charset=UTF-8', 'Content-Length': '0', 'Etag': 'eda9a9889837ac4bc81d6387d92c1bec', 'Last-Modified': 'Thu, 13 Aug 2026 18:13:27 GMT', 'X-Trans-Id': 'tx34bc96b7a228442fb1813-006a7e0946', 'X-Openstack-Request-Id': 'tx34bc96b7a228442fb1813-006a7e0946', 'Connection': 'close'} {{(pid=99892) http_log /opt/stack/data/venv/lib/python3.12/site-packages/swiftclient/client.py:162}}
Aug 13 18:13:28.502422 np0000007244 devstack@g-api.service[99892]: DEBUG glance_store._drivers.swift.store [None req-b0817a7c-9ba4-4c3a-afa2-c880f04fc719 tempest-TestImageHashVerification-41257037 tempest-TestImageHashVerification-41257037-project-member] Wrote chunk aebd5142-e6d0-447f-bec0-84e3ad6624c1-00003 (3/?) of length 204800000 to Swift returning MD5 of content: eda9a9889837ac4bc81d6387d92c1bec {{(pid=99892) add /opt/stack/data/venv/lib/python3.12/site-packages/glance_store/_drivers/swift/store.py:1059}}
Aug 13 18:13:28.996918 np0000007244 devstack@g-api.service[99891]: DEBUG glance.api.middleware.version_negotiation [None req-8befec0a-ad0f-4f63-96da-5a1fa484538e tempest-TaggedBootDevicesTest_v242-781544475 tempest-TaggedBootDevicesTest_v242-781544475-project-member] Determining version of request: GET /v2/images/aebd5142-e6d0-447f-bec0-84e3ad6624c1 Accept: application/json {{(pid=99891) process_request /opt/stack/glance/glance/api/middleware/version_negotiation.py:44}}
Aug 13 18:13:28.997285 np0000007244 devstack@g-api.service[99891]: DEBUG glance.api.middleware.version_negotiation [None req-8befec0a-ad0f-4f63-96da-5a1fa484538e tempest-TaggedBootDevicesTest_v242-781544475 tempest-TaggedBootDevicesTest_v242-781544475-project-member] Using url versioning {{(pid=99891) process_request /opt/stack/glance/glance/api/middleware/version_negotiation.py:57}}
Aug 13 18:13:28.997285 np0000007244 devstack@g-api.service[99891]: DEBUG glance.api.middleware.version_negotiation [None req-8befec0a-ad0f-4f63-96da-5a1fa484538e tempest-TaggedBootDevicesTest_v242-781544475 tempest-TaggedBootDevicesTest_v242-781544475-project-member] Matched version: v2 {{(pid=99891) process_request /opt/stack/glance/glance/api/middleware/version_negotiation.py:69}}
Aug 13 18:13:28.997352 np0000007244 devstack@g-api.service[99891]: DEBUG glance.api.middleware.version_negotiation [None req-8befec0a-ad0f-4f63-96da-5a1fa484538e tempest-TaggedBootDevicesTest_v242-781544475 tempest-TaggedBootDevicesTest_v242-781544475-project-member] new path /v2/images/aebd5142-e6d0-447f-bec0-84e3ad6624c1 {{(pid=99891) process_request /opt/stack/glance/glance/api/middleware/version_negotiation.py:70}}
Aug 13 18:13:29.015799 np0000007244 devstack@g-api.service[99891]: [pid: 99891|app: 0|req: 103/293] 127.0.0.1 () {40 vars in 834 bytes} [Thu Aug 13 18:13:28 2026] GET /v2/images/aebd5142-e6d0-447f-bec0-84e3ad6624c1 => generated 649 bytes in 20 msecs (HTTP/1.1 200) 4 headers in 157 bytes (1 switches on core 0)
Aug 13 18:13:30.008862 np0000007244 devstack@g-api.service[99893]: DEBUG glance.api.middleware.version_negotiation [None req-4a09e073-0de5-4efd-acbd-77873cb02778 tempest-TestImageHashVerification-41257037 tempest-TestImageHashVerification-41257037-project-member] Determining version of request: GET /v2/images/180511d6-8c3d-4d43-a57f-e997cbdc2cf7 Accept: */* {{(pid=99893) process_request /opt/stack/glance/glance/api/middleware/version_negotiation.py:44}}
Aug 13 18:13:30.009210 np0000007244 devstack@g-api.service[99893]: DEBUG glance.api.middleware.version_negotiation [None req-4a09e073-0de5-4efd-acbd-77873cb02778 tempest-TestImageHashVerification-41257037 tempest-TestImageHashVerification-41257037-project-member] Using url versioning {{(pid=99893) process_request /opt/stack/glance/glance/api/middleware/version_negotiation.py:57}}
Aug 13 18:13:30.009210 np0000007244 devstack@g-api.service[99893]: DEBUG glance.api.middleware.version_negotiation [None req-4a09e073-0de5-4efd-acbd-77873cb02778 tempest-TestImageHashVerification-41257037 tempest-TestImageHashVerification-41257037-project-member] Matched version: v2 {{(pid=99893) process_request /opt/stack/glance/glance/api/middleware/version_negotiation.py:69}}
Aug 13 18:13:30.009592 np0000007244 devstack@g-api.service[99893]: DEBUG glance.api.middleware.version_negotiation [None req-4a09e073-0de5-4efd-acbd-77873cb02778 tempest-TestImageHashVerification-41257037 tempest-TestImageHashVerification-41257037-project-member] new path /v2/images/180511d6-8c3d-4d43-a57f-e997cbdc2cf7 {{(pid=99893) process_request /opt/stack/glance/glance/api/middleware/version_negotiation.py:70}}
Aug 13 18:13:30.023359 np0000007244 devstack@g-api.service[99893]: [pid: 99893|app: 0|req: 100/294] 127.0.0.1 () {44 vars in 1111 bytes} [Thu Aug 13 18:13:30 2026] GET /v2/images/180511d6-8c3d-4d43-a57f-e997cbdc2cf7 => generated 1044 bytes in 13 msecs (HTTP/1.1 200) 4 headers in 158 bytes (1 switches on core 0)
Aug 13 18:13:30.027980 np0000007244 devstack@g-api.service[99891]: DEBUG glance.api.middleware.version_negotiation [None req-5e6bb277-a944-4e6b-8875-192e88c2113e tempest-TestImageHashVerification-41257037 tempest-TestImageHashVerification-41257037-project-member] Determining version of request: GET /v2/images/aebd5142-e6d0-447f-bec0-84e3ad6624c1 Accept: application/json {{(pid=99891) process_request /opt/stack/glance/glance/api/middleware/version_negotiation.py:44}}
Aug 13 18:13:30.028463 np0000007244 devstack@g-api.service[99891]: DEBUG glance.api.middleware.version_negotiation [None req-5e6bb277-a944-4e6b-8875-192e88c2113e tempest-TestImageHashVerification-41257037 tempest-TestImageHashVerification-41257037-project-member] Using url versioning {{(pid=99891) process_request /opt/stack/glance/glance/api/middleware/version_negotiation.py:57}}
Aug 13 18:13:30.028463 np0000007244 devstack@g-api.service[99891]: DEBUG glance.api.middleware.version_negotiation [None req-5e6bb277-a944-4e6b-8875-192e88c2113e tempest-TestImageHashVerification-41257037 tempest-TestImageHashVerification-41257037-project-member] Matched version: v2 {{(pid=99891) process_request /opt/stack/glance/glance/api/middleware/version_negotiation.py:69}}
Aug 13 18:13:30.028550 np0000007244 devstack@g-api.service[99891]: DEBUG glance.api.middleware.version_negotiation [None req-5e6bb277-a944-4e6b-8875-192e88c2113e tempest-TestImageHashVerification-41257037 tempest-TestImageHashVerification-41257037-project-member] new path /v2/images/aebd5142-e6d0-447f-bec0-84e3ad6624c1 {{(pid=99891) process_request /opt/stack/glance/glance/api/middleware/version_negotiation.py:70}}
Aug 13 18:13:30.049974 np0000007244 devstack@g-api.service[99891]: [pid: 99891|app: 0|req: 104/295] 127.0.0.1 () {40 vars in 834 bytes} [Thu Aug 13 18:13:30 2026] GET /v2/images/aebd5142-e6d0-447f-bec0-84e3ad6624c1 => generated 649 bytes in 22 msecs (HTTP/1.1 200) 4 headers in 157 bytes (1 switches on core 0)
Aug 13 18:13:30.065211 np0000007244 devstack@g-api.service[99893]: DEBUG glance.api.middleware.version_negotiation [None req-a4c41716-a73c-4354-8440-82ed48b264e9 tempest-ServerRescueNegativeTestJSON-454993961 tempest-ServerRescueNegativeTestJSON-454993961-project-member] Determining version of request: GET /v2/schemas/image Accept: */* {{(pid=99893) process_request /opt/stack/glance/glance/api/middleware/version_negotiation.py:44}}
Aug 13 18:13:30.065211 np0000007244 devstack@g-api.service[99893]: DEBUG glance.api.middleware.version_negotiation [None req-a4c41716-a73c-4354-8440-82ed48b264e9 tempest-ServerRescueNegativeTestJSON-454993961 tempest-ServerRescueNegativeTestJSON-454993961-project-member] Using url versioning {{(pid=99893) process_request /opt/stack/glance/glance/api/middleware/version_negotiation.py:57}}
Aug 13 18:13:30.065211 np0000007244 devstack@g-api.service[99893]: DEBUG glance.api.middleware.version_negotiation [None req-a4c41716-a73c-4354-8440-82ed48b264e9 tempest-ServerRescueNegativeTestJSON-454993961 tempest-ServerRescueNegativeTestJSON-454993961-project-member] Matched version: v2 {{(pid=99893) process_request /opt/stack/glance/glance/api/middleware/version_negotiation.py:69}}
Aug 13 18:13:30.065211 np0000007244 devstack@g-api.service[99893]: DEBUG glance.api.middleware.version_negotiation [None req-a4c41716-a73c-4354-8440-82ed48b264e9 tempest-ServerRescueNegativeTestJSON-454993961 tempest-ServerRescueNegativeTestJSON-454993961-project-member] new path /v2/schemas/image {{(pid=99893) process_request /opt/stack/glance/glance/api/middleware/version_negotiation.py:70}}
Aug 13 18:13:30.076313 np0000007244 devstack@g-api.service[99893]: [pid: 99893|app: 0|req: 101/296] 127.0.0.1 () {44 vars in 1051 bytes} [Thu Aug 13 18:13:30 2026] GET /v2/schemas/image => generated 6083 bytes in 14 msecs (HTTP/1.1 200) 4 headers in 158 bytes (1 switches on core 0)
Aug 13 18:13:31.036067 np0000007244 devstack@g-api.service[99892]: DEBUG swiftclient [None req-b0817a7c-9ba4-4c3a-afa2-c880f04fc719 tempest-TestImageHashVerification-41257037 tempest-TestImageHashVerification-41257037-project-member] REQ: curl -i https://10.4.3.92:8080/v1/AUTH_59f6d441fe974e8090f0d06cb5da502b/glance/aebd5142-e6d0-447f-bec0-84e3ad6624c1-00004 -X PUT -H "X-Auth-Token: gAAAAABqfglB9HIn..." {{(pid=99892) http_log /opt/stack/data/venv/lib/python3.12/site-packages/swiftclient/client.py:160}}
Aug 13 18:13:31.036454 np0000007244 devstack@g-api.service[99892]: DEBUG swiftclient [None req-b0817a7c-9ba4-4c3a-afa2-c880f04fc719 tempest-TestImageHashVerification-41257037 tempest-TestImageHashVerification-41257037-project-member] RESP STATUS: 201 Created {{(pid=99892) http_log /opt/stack/data/venv/lib/python3.12/site-packages/swiftclient/client.py:161}}
Aug 13 18:13:31.036454 np0000007244 devstack@g-api.service[99892]: DEBUG swiftclient [None req-b0817a7c-9ba4-4c3a-afa2-c880f04fc719 tempest-TestImageHashVerification-41257037 tempest-TestImageHashVerification-41257037-project-member] RESP HEADERS: {'Date': 'Thu, 13 Aug 2026 18:13:31 GMT', 'Server': 'Apache/2.4.58 (Ubuntu)', 'Content-Type': 'text/html; charset=UTF-8', 'Content-Length': '0', 'Etag': 'eda9a9889837ac4bc81d6387d92c1bec', 'Last-Modified': 'Thu, 13 Aug 2026 18:13:29 GMT', 'X-Trans-Id': 'tx7f3ebe20ed014ec2a6d05-006a7e0948', 'X-Openstack-Request-Id': 'tx7f3ebe20ed014ec2a6d05-006a7e0948', 'Connection': 'close'} {{(pid=99892) http_log /opt/stack/data/venv/lib/python3.12/site-packages/swiftclient/client.py:162}}
Aug 13 18:13:31.036454 np0000007244 devstack@g-api.service[99892]: DEBUG glance_store._drivers.swift.store [None req-b0817a7c-9ba4-4c3a-afa2-c880f04fc719 tempest-TestImageHashVerification-41257037 tempest-TestImageHashVerification-41257037-project-member] Wrote chunk aebd5142-e6d0-447f-bec0-84e3ad6624c1-00004 (4/?) of length 204800000 to Swift returning MD5 of content: eda9a9889837ac4bc81d6387d92c1bec {{(pid=99892) add /opt/stack/data/venv/lib/python3.12/site-packages/glance_store/_drivers/swift/store.py:1059}}
Aug 13 18:13:31.065764 np0000007244 devstack@g-api.service[99891]: DEBUG glance.api.middleware.version_negotiation [None req-c2153c0d-4c39-486e-a6e5-e6c3056ea422 tempest-TestImageHashVerification-41257037 tempest-TestImageHashVerification-41257037-project-member] Determining version of request: GET /v2/images/aebd5142-e6d0-447f-bec0-84e3ad6624c1 Accept: application/json {{(pid=99891) process_request /opt/stack/glance/glance/api/middleware/version_negotiation.py:44}}
Aug 13 18:13:31.065764 np0000007244 devstack@g-api.service[99891]: DEBUG glance.api.middleware.version_negotiation [None req-c2153c0d-4c39-486e-a6e5-e6c3056ea422 tempest-TestImageHashVerification-41257037 tempest-TestImageHashVerification-41257037-project-member] Using url versioning {{(pid=99891) process_request /opt/stack/glance/glance/api/middleware/version_negotiation.py:57}}
Aug 13 18:13:31.065764 np0000007244 devstack@g-api.service[99891]: DEBUG glance.api.middleware.version_negotiation [None req-c2153c0d-4c39-486e-a6e5-e6c3056ea422 tempest-TestImageHashVerification-41257037 tempest-TestImageHashVerification-41257037-project-member] Matched version: v2 {{(pid=99891) process_request /opt/stack/glance/glance/api/middleware/version_negotiation.py:69}}
Aug 13 18:13:31.065764 np0000007244 devstack@g-api.service[99891]: DEBUG glance.api.middleware.version_negotiation [None req-c2153c0d-4c39-486e-a6e5-e6c3056ea422 tempest-TestImageHashVerification-41257037 tempest-TestImageHashVerification-41257037-project-member] new path /v2/images/aebd5142-e6d0-447f-bec0-84e3ad6624c1 {{(pid=99891) process_request /opt/stack/glance/glance/api/middleware/version_negotiation.py:70}}
Aug 13 18:13:31.083858 np0000007244 devstack@g-api.service[99891]: [pid: 99891|app: 0|req: 105/297] 127.0.0.1 () {40 vars in 834 bytes} [Thu Aug 13 18:13:31 2026] GET /v2/images/aebd5142-e6d0-447f-bec0-84e3ad6624c1 => generated 649 bytes in 20 msecs (HTTP/1.1 200) 4 headers in 157 bytes (1 switches on core 0)
Aug 13 18:13:31.238728 np0000007244 devstack@g-api.service[99892]: DEBUG dbcounter [-] [99892] Writing DB stats glance:SELECT=26,glance:INSERT=1,glance:UPDATE=1 {{(pid=99892) stat_writer /opt/stack/data/venv/lib/python3.12/site-packages/dbcounter.py:115}}
Aug 13 18:13:32.095080 np0000007244 devstack@g-api.service[99893]: DEBUG glance.api.middleware.version_negotiation [None req-a4c41716-a73c-4354-8440-82ed48b264e9 tempest-ServerRescueNegativeTestJSON-454993961 tempest-ServerRescueNegativeTestJSON-454993961-project-member] Determining version of request: GET /v2/images/aebd5142-e6d0-447f-bec0-84e3ad6624c1 Accept: application/json {{(pid=99893) process_request /opt/stack/glance/glance/api/middleware/version_negotiation.py:44}}
Aug 13 18:13:32.095080 np0000007244 devstack@g-api.service[99893]: DEBUG glance.api.middleware.version_negotiation [None req-a4c41716-a73c-4354-8440-82ed48b264e9 tempest-ServerRescueNegativeTestJSON-454993961 tempest-ServerRescueNegativeTestJSON-454993961-project-member] Using url versioning {{(pid=99893) process_request /opt/stack/glance/glance/api/middleware/version_negotiation.py:57}}
Aug 13 18:13:32.095534 np0000007244 devstack@g-api.service[99893]: DEBUG glance.api.middleware.version_negotiation [None req-a4c41716-a73c-4354-8440-82ed48b264e9 tempest-ServerRescueNegativeTestJSON-454993961 tempest-ServerRescueNegativeTestJSON-454993961-project-member] Matched version: v2 {{(pid=99893) process_request /opt/stack/glance/glance/api/middleware/version_negotiation.py:69}}
Aug 13 18:13:32.095534 np0000007244 devstack@g-api.service[99893]: DEBUG glance.api.middleware.version_negotiation [None req-a4c41716-a73c-4354-8440-82ed48b264e9 tempest-ServerRescueNegativeTestJSON-454993961 tempest-ServerRescueNegativeTestJSON-454993961-project-member] new path /v2/images/aebd5142-e6d0-447f-bec0-84e3ad6624c1 {{(pid=99893) process_request /opt/stack/glance/glance/api/middleware/version_negotiation.py:70}}
Aug 13 18:13:32.109129 np0000007244 devstack@g-api.service[99893]: [pid: 99893|app: 0|req: 102/298] 127.0.0.1 () {40 vars in 834 bytes} [Thu Aug 13 18:13:32 2026] GET /v2/images/aebd5142-e6d0-447f-bec0-84e3ad6624c1 => generated 649 bytes in 14 msecs (HTTP/1.1 200) 4 headers in 157 bytes (1 switches on core 0)
Aug 13 18:13:33.120553 np0000007244 devstack@g-api.service[99891]: DEBUG glance.api.middleware.version_negotiation [None req-0139fe6f-4e4b-4fc1-8d98-1e94f9048b41 tempest-TestImageHashVerification-41257037 tempest-TestImageHashVerification-41257037-project-member] Determining version of request: GET /v2/images/aebd5142-e6d0-447f-bec0-84e3ad6624c1 Accept: application/json {{(pid=99891) process_request /opt/stack/glance/glance/api/middleware/version_negotiation.py:44}}
Aug 13 18:13:33.120969 np0000007244 devstack@g-api.service[99891]: DEBUG glance.api.middleware.version_negotiation [None req-0139fe6f-4e4b-4fc1-8d98-1e94f9048b41 tempest-TestImageHashVerification-41257037 tempest-TestImageHashVerification-41257037-project-member] Using url versioning {{(pid=99891) process_request /opt/stack/glance/glance/api/middleware/version_negotiation.py:57}}
Aug 13 18:13:33.121013 np0000007244 devstack@g-api.service[99891]: DEBUG glance.api.middleware.version_negotiation [None req-0139fe6f-4e4b-4fc1-8d98-1e94f9048b41 tempest-TestImageHashVerification-41257037 tempest-TestImageHashVerification-41257037-project-member] Matched version: v2 {{(pid=99891) process_request /opt/stack/glance/glance/api/middleware/version_negotiation.py:69}}
Aug 13 18:13:33.121199 np0000007244 devstack@g-api.service[99891]: DEBUG glance.api.middleware.version_negotiation [None req-0139fe6f-4e4b-4fc1-8d98-1e94f9048b41 tempest-TestImageHashVerification-41257037 tempest-TestImageHashVerification-41257037-project-member] new path /v2/images/aebd5142-e6d0-447f-bec0-84e3ad6624c1 {{(pid=99891) process_request /opt/stack/glance/glance/api/middleware/version_negotiation.py:70}}
Aug 13 18:13:33.159783 np0000007244 devstack@g-api.service[99891]: [pid: 99891|app: 0|req: 106/299] 127.0.0.1 () {40 vars in 834 bytes} [Thu Aug 13 18:13:33 2026] GET /v2/images/aebd5142-e6d0-447f-bec0-84e3ad6624c1 => generated 649 bytes in 39 msecs (HTTP/1.1 200) 4 headers in 157 bytes (1 switches on core 0)
Aug 13 18:13:33.908641 np0000007244 devstack@g-api.service[99892]: DEBUG swiftclient [None req-b0817a7c-9ba4-4c3a-afa2-c880f04fc719 tempest-TestImageHashVerification-41257037 tempest-TestImageHashVerification-41257037-project-member] REQ: curl -i https://10.4.3.92:8080/v1/AUTH_59f6d441fe974e8090f0d06cb5da502b/glance/aebd5142-e6d0-447f-bec0-84e3ad6624c1-00005 -X PUT -H "X-Auth-Token: gAAAAABqfglB9HIn..." {{(pid=99892) http_log /opt/stack/data/venv/lib/python3.12/site-packages/swiftclient/client.py:160}}
Aug 13 18:13:33.909129 np0000007244 devstack@g-api.service[99892]: DEBUG swiftclient [None req-b0817a7c-9ba4-4c3a-afa2-c880f04fc719 tempest-TestImageHashVerification-41257037 tempest-TestImageHashVerification-41257037-project-member] RESP STATUS: 201 Created {{(pid=99892) http_log /opt/stack/data/venv/lib/python3.12/site-packages/swiftclient/client.py:161}}
Aug 13 18:13:33.909129 np0000007244 devstack@g-api.service[99892]: DEBUG swiftclient [None req-b0817a7c-9ba4-4c3a-afa2-c880f04fc719 tempest-TestImageHashVerification-41257037 tempest-TestImageHashVerification-41257037-project-member] RESP HEADERS: {'Date': 'Thu, 13 Aug 2026 18:13:33 GMT', 'Server': 'Apache/2.4.58 (Ubuntu)', 'Content-Type': 'text/html; charset=UTF-8', 'Content-Length': '0', 'Etag': 'eda9a9889837ac4bc81d6387d92c1bec', 'Last-Modified': 'Thu, 13 Aug 2026 18:13:32 GMT', 'X-Trans-Id': 'tx6fa825bb43154de4870ad-006a7e094b', 'X-Openstack-Request-Id': 'tx6fa825bb43154de4870ad-006a7e094b', 'Connection': 'close'} {{(pid=99892) http_log /opt/stack/data/venv/lib/python3.12/site-packages/swiftclient/client.py:162}}
Aug 13 18:13:33.909371 np0000007244 devstack@g-api.service[99892]: DEBUG glance_store._drivers.swift.store [None req-b0817a7c-9ba4-4c3a-afa2-c880f04fc719 tempest-TestImageHashVerification-41257037 tempest-TestImageHashVerification-41257037-project-member] Wrote chunk aebd5142-e6d0-447f-bec0-84e3ad6624c1-00005 (5/?) of length 204800000 to Swift returning MD5 of content: eda9a9889837ac4bc81d6387d92c1bec {{(pid=99892) add /opt/stack/data/venv/lib/python3.12/site-packages/glance_store/_drivers/swift/store.py:1059}}
Aug 13 18:13:34.174165 np0000007244 devstack@g-api.service[99893]: DEBUG glance.api.middleware.version_negotiation [None req-6c442cf2-df31-4686-b3fe-97e130bc7610 tempest-TestImageHashVerification-41257037 tempest-TestImageHashVerification-41257037-project-member] Determining version of request: GET /v2/images/aebd5142-e6d0-447f-bec0-84e3ad6624c1 Accept: application/json {{(pid=99893) process_request /opt/stack/glance/glance/api/middleware/version_negotiation.py:44}}
Aug 13 18:13:34.174165 np0000007244 devstack@g-api.service[99893]: DEBUG glance.api.middleware.version_negotiation [None req-6c442cf2-df31-4686-b3fe-97e130bc7610 tempest-TestImageHashVerification-41257037 tempest-TestImageHashVerification-41257037-project-member] Using url versioning {{(pid=99893) process_request /opt/stack/glance/glance/api/middleware/version_negotiation.py:57}}
Aug 13 18:13:34.174165 np0000007244 devstack@g-api.service[99893]: DEBUG glance.api.middleware.version_negotiation [None req-6c442cf2-df31-4686-b3fe-97e130bc7610 tempest-TestImageHashVerification-41257037 tempest-TestImageHashVerification-41257037-project-member] Matched version: v2 {{(pid=99893) process_request /opt/stack/glance/glance/api/middleware/version_negotiation.py:69}}
Aug 13 18:13:34.174165 np0000007244 devstack@g-api.service[99893]: DEBUG glance.api.middleware.version_negotiation [None req-6c442cf2-df31-4686-b3fe-97e130bc7610 tempest-TestImageHashVerification-41257037 tempest-TestImageHashVerification-41257037-project-member] new path /v2/images/aebd5142-e6d0-447f-bec0-84e3ad6624c1 {{(pid=99893) process_request /opt/stack/glance/glance/api/middleware/version_negotiation.py:70}}
Aug 13 18:13:34.225472 np0000007244 devstack@g-api.service[99893]: [pid: 99893|app: 0|req: 103/300] 127.0.0.1 () {40 vars in 834 bytes} [Thu Aug 13 18:13:34 2026] GET /v2/images/aebd5142-e6d0-447f-bec0-84e3ad6624c1 => generated 649 bytes in 53 msecs (HTTP/1.1 200) 4 headers in 157 bytes (1 switches on core 0)
Aug 13 18:13:34.665235 np0000007244 devstack@g-api.service[99892]: DEBUG swiftclient [None req-b0817a7c-9ba4-4c3a-afa2-c880f04fc719 tempest-TestImageHashVerification-41257037 tempest-TestImageHashVerification-41257037-project-member] REQ: curl -i https://10.4.3.92:8080/v1/AUTH_59f6d441fe974e8090f0d06cb5da502b/glance/aebd5142-e6d0-447f-bec0-84e3ad6624c1-00006 -X PUT -H "X-Auth-Token: gAAAAABqfglB9HIn..." {{(pid=99892) http_log /opt/stack/data/venv/lib/python3.12/site-packages/swiftclient/client.py:160}}
Aug 13 18:13:34.665526 np0000007244 devstack@g-api.service[99892]: DEBUG swiftclient [None req-b0817a7c-9ba4-4c3a-afa2-c880f04fc719 tempest-TestImageHashVerification-41257037 tempest-TestImageHashVerification-41257037-project-member] RESP STATUS: 201 Created {{(pid=99892) http_log /opt/stack/data/venv/lib/python3.12/site-packages/swiftclient/client.py:161}}
Aug 13 18:13:34.666173 np0000007244 devstack@g-api.service[99892]: DEBUG swiftclient [None req-b0817a7c-9ba4-4c3a-afa2-c880f04fc719 tempest-TestImageHashVerification-41257037 tempest-TestImageHashVerification-41257037-project-member] RESP HEADERS: {'Date': 'Thu, 13 Aug 2026 18:13:34 GMT', 'Server': 'Apache/2.4.58 (Ubuntu)', 'Content-Type': 'text/html; charset=UTF-8', 'Content-Length': '0', 'Etag': '708761f3b8777ec77058e63da08eeeb6', 'Last-Modified': 'Thu, 13 Aug 2026 18:13:34 GMT', 'X-Trans-Id': 'tx229bf0b37ea041339a79d-006a7e094d', 'X-Openstack-Request-Id': 'tx229bf0b37ea041339a79d-006a7e094d', 'Connection': 'close'} {{(pid=99892) http_log /opt/stack/data/venv/lib/python3.12/site-packages/swiftclient/client.py:162}}
Aug 13 18:13:34.666173 np0000007244 devstack@g-api.service[99892]: DEBUG glance_store._drivers.swift.store [None req-b0817a7c-9ba4-4c3a-afa2-c880f04fc719 tempest-TestImageHashVerification-41257037 tempest-TestImageHashVerification-41257037-project-member] Wrote chunk aebd5142-e6d0-447f-bec0-84e3ad6624c1-00006 (6/?) of length 49741824 to Swift returning MD5 of content: 708761f3b8777ec77058e63da08eeeb6 {{(pid=99892) add /opt/stack/data/venv/lib/python3.12/site-packages/glance_store/_drivers/swift/store.py:1059}}
Aug 13 18:13:34.666841 np0000007244 devstack@g-api.service[99892]: DEBUG glance_store._drivers.swift.store [None req-b0817a7c-9ba4-4c3a-afa2-c880f04fc719 tempest-TestImageHashVerification-41257037 tempest-TestImageHashVerification-41257037-project-member] Not writing zero-length chunk. {{(pid=99892) add /opt/stack/data/venv/lib/python3.12/site-packages/glance_store/_drivers/swift/store.py:1028}}
Aug 13 18:13:34.708185 np0000007244 devstack@g-api.service[99892]: DEBUG swiftclient [None req-b0817a7c-9ba4-4c3a-afa2-c880f04fc719 tempest-TestImageHashVerification-41257037 tempest-TestImageHashVerification-41257037-project-member] REQ: curl -i https://10.4.3.92:8080/v1/AUTH_59f6d441fe974e8090f0d06cb5da502b/glance/aebd5142-e6d0-447f-bec0-84e3ad6624c1 -X PUT -H "X-Object-Manifest: glance/aebd5142-e6d0-447f-bec0-84e3ad6624c1-" -H "X-Auth-Token: gAAAAABqfglB9HIn..." -H "Content-Length: 0" {{(pid=99892) http_log /opt/stack/data/venv/lib/python3.12/site-packages/swiftclient/client.py:160}}
Aug 13 18:13:34.710880 np0000007244 devstack@g-api.service[99892]: DEBUG swiftclient [None req-b0817a7c-9ba4-4c3a-afa2-c880f04fc719 tempest-TestImageHashVerification-41257037 tempest-TestImageHashVerification-41257037-project-member] RESP STATUS: 201 Created {{(pid=99892) http_log /opt/stack/data/venv/lib/python3.12/site-packages/swiftclient/client.py:161}}
Aug 13 18:13:34.711440 np0000007244 devstack@g-api.service[99892]: DEBUG swiftclient [None req-b0817a7c-9ba4-4c3a-afa2-c880f04fc719 tempest-TestImageHashVerification-41257037 tempest-TestImageHashVerification-41257037-project-member] RESP HEADERS: {'Date': 'Thu, 13 Aug 2026 18:13:34 GMT', 'Server': 'Apache/2.4.58 (Ubuntu)', 'Content-Type': 'text/html; charset=UTF-8', 'Content-Length': '0', 'Etag': 'd41d8cd98f00b204e9800998ecf8427e', 'Last-Modified': 'Thu, 13 Aug 2026 18:13:35 GMT', 'X-Trans-Id': 'tx808e378776594ae495189-006a7e094e', 'X-Openstack-Request-Id': 'tx808e378776594ae495189-006a7e094e', 'Connection': 'close'} {{(pid=99892) http_log /opt/stack/data/venv/lib/python3.12/site-packages/swiftclient/client.py:162}}
Aug 13 18:13:34.711765 np0000007244 devstack@g-api.service[99892]: INFO glance.location [None req-b0817a7c-9ba4-4c3a-afa2-c880f04fc719 tempest-TestImageHashVerification-41257037 tempest-TestImageHashVerification-41257037-project-member] Image format matched and virtual size computed: 1073741824
Aug 13 18:13:34.792580 np0000007244 devstack@g-api.service[99892]: DEBUG glance_store.backend [None req-b0817a7c-9ba4-4c3a-afa2-c880f04fc719 tempest-TestImageHashVerification-41257037 tempest-TestImageHashVerification-41257037-project-member] Attempting to import store swift {{(pid=99892) _load_store /opt/stack/data/venv/lib/python3.12/site-packages/glance_store/backend.py:215}}
Aug 13 18:13:34.794496 np0000007244 devstack@g-api.service[99892]: DEBUG glance_store.capabilities [None req-b0817a7c-9ba4-4c3a-afa2-c880f04fc719 tempest-TestImageHashVerification-41257037 tempest-TestImageHashVerification-41257037-project-member] Store glance_store._drivers.swift.store.SingleTenantStore doesn't support updating dynamic storage capabilities. Please overwrite 'update_capabilities' method of the store to implement updating logics if needed. {{(pid=99892) update_capabilities /opt/stack/data/venv/lib/python3.12/site-packages/glance_store/capabilities.py:91}}
Aug 13 18:13:34.794922 np0000007244 devstack@g-api.service[99892]: DEBUG glance_store.driver [None req-b0817a7c-9ba4-4c3a-afa2-c880f04fc719 tempest-TestImageHashVerification-41257037 tempest-TestImageHashVerification-41257037-project-member] Late loading location class glance_store._drivers.swift.store.StoreLocation {{(pid=99892) get_store_location_class /opt/stack/data/venv/lib/python3.12/site-packages/glance_store/driver.py:134}}
Aug 13 18:13:34.794987 np0000007244 devstack@g-api.service[99892]: DEBUG glance_store.location [None req-b0817a7c-9ba4-4c3a-afa2-c880f04fc719 tempest-TestImageHashVerification-41257037 tempest-TestImageHashVerification-41257037-project-member] Registering scheme swift+https with {'store': , 'location_class': , 'store_entry': 'swift'} {{(pid=99892) register_scheme_map /opt/stack/data/venv/lib/python3.12/site-packages/glance_store/location.py:146}}
Aug 13 18:13:34.795100 np0000007244 devstack@g-api.service[99892]: DEBUG glance_store.location [None req-b0817a7c-9ba4-4c3a-afa2-c880f04fc719 tempest-TestImageHashVerification-41257037 tempest-TestImageHashVerification-41257037-project-member] Registering scheme swift+https with {'store': , 'location_class': , 'store_entry': 'swift'} {{(pid=99892) register_scheme_map /opt/stack/data/venv/lib/python3.12/site-packages/glance_store/location.py:146}}
Aug 13 18:13:34.795410 np0000007244 devstack@g-api.service[99892]: DEBUG glance_store.location [None req-b0817a7c-9ba4-4c3a-afa2-c880f04fc719 tempest-TestImageHashVerification-41257037 tempest-TestImageHashVerification-41257037-project-member] Registering scheme swift with {'store': , 'location_class': , 'store_entry': 'swift'} {{(pid=99892) register_scheme_map /opt/stack/data/venv/lib/python3.12/site-packages/glance_store/location.py:146}}
Aug 13 18:13:34.795410 np0000007244 devstack@g-api.service[99892]: DEBUG glance_store.location [None req-b0817a7c-9ba4-4c3a-afa2-c880f04fc719 tempest-TestImageHashVerification-41257037 tempest-TestImageHashVerification-41257037-project-member] Registering scheme swift+https with {'store': , 'location_class': , 'store_entry': 'swift'} {{(pid=99892) register_scheme_map /opt/stack/data/venv/lib/python3.12/site-packages/glance_store/location.py:146}}
Aug 13 18:13:34.795410 np0000007244 devstack@g-api.service[99892]: DEBUG glance_store.location [None req-b0817a7c-9ba4-4c3a-afa2-c880f04fc719 tempest-TestImageHashVerification-41257037 tempest-TestImageHashVerification-41257037-project-member] Registering scheme swift with {'store': , 'location_class': , 'store_entry': 'swift'} {{(pid=99892) register_scheme_map /opt/stack/data/venv/lib/python3.12/site-packages/glance_store/location.py:146}}
Aug 13 18:13:34.795593 np0000007244 devstack@g-api.service[99892]: DEBUG glance_store.location [None req-b0817a7c-9ba4-4c3a-afa2-c880f04fc719 tempest-TestImageHashVerification-41257037 tempest-TestImageHashVerification-41257037-project-member] Registering scheme swift+http with {'store': , 'location_class': , 'store_entry': 'swift'} {{(pid=99892) register_scheme_map /opt/stack/data/venv/lib/python3.12/site-packages/glance_store/location.py:146}}
Aug 13 18:13:34.795593 np0000007244 devstack@g-api.service[99892]: DEBUG glance_store.location [None req-b0817a7c-9ba4-4c3a-afa2-c880f04fc719 tempest-TestImageHashVerification-41257037 tempest-TestImageHashVerification-41257037-project-member] Registering scheme swift+https with {'store': , 'location_class': , 'store_entry': 'swift'} {{(pid=99892) register_scheme_map /opt/stack/data/venv/lib/python3.12/site-packages/glance_store/location.py:146}}
Aug 13 18:13:34.795593 np0000007244 devstack@g-api.service[99892]: DEBUG glance_store.location [None req-b0817a7c-9ba4-4c3a-afa2-c880f04fc719 tempest-TestImageHashVerification-41257037 tempest-TestImageHashVerification-41257037-project-member] Registering scheme swift with {'store': , 'location_class': , 'store_entry': 'swift'} {{(pid=99892) register_scheme_map /opt/stack/data/venv/lib/python3.12/site-packages/glance_store/location.py:146}}
Aug 13 18:13:34.795771 np0000007244 devstack@g-api.service[99892]: DEBUG glance_store.location [None req-b0817a7c-9ba4-4c3a-afa2-c880f04fc719 tempest-TestImageHashVerification-41257037 tempest-TestImageHashVerification-41257037-project-member] Registering scheme swift+http with {'store': , 'location_class': , 'store_entry': 'swift'} {{(pid=99892) register_scheme_map /opt/stack/data/venv/lib/python3.12/site-packages/glance_store/location.py:146}}
Aug 13 18:13:34.795823 np0000007244 devstack@g-api.service[99892]: DEBUG glance_store.location [None req-b0817a7c-9ba4-4c3a-afa2-c880f04fc719 tempest-TestImageHashVerification-41257037 tempest-TestImageHashVerification-41257037-project-member] Registering scheme swift+config with {'store': , 'location_class': , 'store_entry': 'swift'} {{(pid=99892) register_scheme_map /opt/stack/data/venv/lib/python3.12/site-packages/glance_store/location.py:146}}
Aug 13 18:13:34.795908 np0000007244 devstack@g-api.service[99892]: DEBUG glance_store.backend [None req-b0817a7c-9ba4-4c3a-afa2-c880f04fc719 tempest-TestImageHashVerification-41257037 tempest-TestImageHashVerification-41257037-project-member] Skipping store.set_acls... not implemented. {{(pid=99892) set_acls /opt/stack/data/venv/lib/python3.12/site-packages/glance_store/backend.py:507}}
Aug 13 18:13:34.798016 np0000007244 devstack@g-api.service[99892]: [pid: 99892|app: 0|req: 92/301] 127.0.0.1 () {46 vars in 1154 bytes} [Thu Aug 13 18:13:19 2026] PUT /v2/images/aebd5142-e6d0-447f-bec0-84e3ad6624c1/file => generated 0 bytes in 14856 msecs (HTTP/1.1 204) 4 headers in 171 bytes (1 switches on core 0)
Aug 13 18:13:34.813984 np0000007244 devstack@g-api.service[99891]: DEBUG glance.api.middleware.version_negotiation [None req-6795bbb2-cb45-4df8-b8c1-f5b64423ed50 tempest-TestImageHashVerification-41257037 tempest-TestImageHashVerification-41257037-project-member] Determining version of request: GET /v2/images/aebd5142-e6d0-447f-bec0-84e3ad6624c1 Accept: */* {{(pid=99891) process_request /opt/stack/glance/glance/api/middleware/version_negotiation.py:44}}
Aug 13 18:13:34.814533 np0000007244 devstack@g-api.service[99891]: DEBUG glance.api.middleware.version_negotiation [None req-6795bbb2-cb45-4df8-b8c1-f5b64423ed50 tempest-TestImageHashVerification-41257037 tempest-TestImageHashVerification-41257037-project-member] Using url versioning {{(pid=99891) process_request /opt/stack/glance/glance/api/middleware/version_negotiation.py:57}}
Aug 13 18:13:34.814533 np0000007244 devstack@g-api.service[99891]: DEBUG glance.api.middleware.version_negotiation [None req-6795bbb2-cb45-4df8-b8c1-f5b64423ed50 tempest-TestImageHashVerification-41257037 tempest-TestImageHashVerification-41257037-project-member] Matched version: v2 {{(pid=99891) process_request /opt/stack/glance/glance/api/middleware/version_negotiation.py:69}}
Aug 13 18:13:34.814533 np0000007244 devstack@g-api.service[99891]: DEBUG glance.api.middleware.version_negotiation [None req-6795bbb2-cb45-4df8-b8c1-f5b64423ed50 tempest-TestImageHashVerification-41257037 tempest-TestImageHashVerification-41257037-project-member] new path /v2/images/aebd5142-e6d0-447f-bec0-84e3ad6624c1 {{(pid=99891) process_request /opt/stack/glance/glance/api/middleware/version_negotiation.py:70}}
Aug 13 18:13:34.826065 np0000007244 devstack@g-api.service[99891]: [pid: 99891|app: 0|req: 107/302] 127.0.0.1 () {44 vars in 1111 bytes} [Thu Aug 13 18:13:34 2026] GET /v2/images/aebd5142-e6d0-447f-bec0-84e3ad6624c1 => generated 821 bytes in 12 msecs (HTTP/1.1 200) 4 headers in 157 bytes (1 switches on core 0)
Aug 13 18:13:34.838671 np0000007244 devstack@g-api.service[99893]: DEBUG glance.api.middleware.version_negotiation [None req-810944f6-f90b-4653-a864-a46a5c72f07e tempest-TestImageHashVerification-41257037 tempest-TestImageHashVerification-41257037-project-member] Determining version of request: GET /v2/schemas/image Accept: */* {{(pid=99893) process_request /opt/stack/glance/glance/api/middleware/version_negotiation.py:44}}
Aug 13 18:13:34.838892 np0000007244 devstack@g-api.service[99893]: DEBUG glance.api.middleware.version_negotiation [None req-810944f6-f90b-4653-a864-a46a5c72f07e tempest-TestImageHashVerification-41257037 tempest-TestImageHashVerification-41257037-project-member] Using url versioning {{(pid=99893) process_request /opt/stack/glance/glance/api/middleware/version_negotiation.py:57}}
Aug 13 18:13:34.839122 np0000007244 devstack@g-api.service[99893]: DEBUG glance.api.middleware.version_negotiation [None req-810944f6-f90b-4653-a864-a46a5c72f07e tempest-TestImageHashVerification-41257037 tempest-TestImageHashVerification-41257037-project-member] Matched version: v2 {{(pid=99893) process_request /opt/stack/glance/glance/api/middleware/version_negotiation.py:69}}
Aug 13 18:13:34.839227 np0000007244 devstack@g-api.service[99893]: DEBUG glance.api.middleware.version_negotiation [None req-810944f6-f90b-4653-a864-a46a5c72f07e tempest-TestImageHashVerification-41257037 tempest-TestImageHashVerification-41257037-project-member] new path /v2/schemas/image {{(pid=99893) process_request /opt/stack/glance/glance/api/middleware/version_negotiation.py:70}}
Aug 13 18:13:34.845519 np0000007244 devstack@g-api.service[99893]: [pid: 99893|app: 0|req: 104/303] 127.0.0.1 () {44 vars in 1051 bytes} [Thu Aug 13 18:13:34 2026] GET /v2/schemas/image => generated 6083 bytes in 7 msecs (HTTP/1.1 200) 4 headers in 158 bytes (1 switches on core 0)
Aug 13 18:13:34.863562 np0000007244 devstack@g-api.service[99892]: DEBUG glance.api.middleware.version_negotiation [None req-b0817a7c-9ba4-4c3a-afa2-c880f04fc719 tempest-TestImageHashVerification-41257037 tempest-TestImageHashVerification-41257037-project-member] Determining version of request: GET /v2/schemas/image Accept: */* {{(pid=99892) process_request /opt/stack/glance/glance/api/middleware/version_negotiation.py:44}}
Aug 13 18:13:34.863562 np0000007244 devstack@g-api.service[99892]: DEBUG glance.api.middleware.version_negotiation [None req-b0817a7c-9ba4-4c3a-afa2-c880f04fc719 tempest-TestImageHashVerification-41257037 tempest-TestImageHashVerification-41257037-project-member] Using url versioning {{(pid=99892) process_request /opt/stack/glance/glance/api/middleware/version_negotiation.py:57}}
Aug 13 18:13:34.863562 np0000007244 devstack@g-api.service[99892]: DEBUG glance.api.middleware.version_negotiation [None req-b0817a7c-9ba4-4c3a-afa2-c880f04fc719 tempest-TestImageHashVerification-41257037 tempest-TestImageHashVerification-41257037-project-member] Matched version: v2 {{(pid=99892) process_request /opt/stack/glance/glance/api/middleware/version_negotiation.py:69}}
Aug 13 18:13:34.863562 np0000007244 devstack@g-api.service[99892]: DEBUG glance.api.middleware.version_negotiation [None req-b0817a7c-9ba4-4c3a-afa2-c880f04fc719 tempest-TestImageHashVerification-41257037 tempest-TestImageHashVerification-41257037-project-member] new path /v2/schemas/image {{(pid=99892) process_request /opt/stack/glance/glance/api/middleware/version_negotiation.py:70}}
Aug 13 18:13:34.866907 np0000007244 devstack@g-api.service[99892]: [pid: 99892|app: 0|req: 93/304] 127.0.0.1 () {44 vars in 1051 bytes} [Thu Aug 13 18:13:34 2026] GET /v2/schemas/image => generated 6083 bytes in 4 msecs (HTTP/1.1 200) 4 headers in 158 bytes (1 switches on core 0)
Aug 13 18:13:35.237897 np0000007244 devstack@g-api.service[99891]: DEBUG glance.api.middleware.version_negotiation [None req-b0817a7c-9ba4-4c3a-afa2-c880f04fc719 tempest-TestImageHashVerification-41257037 tempest-TestImageHashVerification-41257037-project-member] Determining version of request: GET /v2/images/aebd5142-e6d0-447f-bec0-84e3ad6624c1 Accept: application/json {{(pid=99891) process_request /opt/stack/glance/glance/api/middleware/version_negotiation.py:44}}
Aug 13 18:13:35.238192 np0000007244 devstack@g-api.service[99891]: DEBUG glance.api.middleware.version_negotiation [None req-b0817a7c-9ba4-4c3a-afa2-c880f04fc719 tempest-TestImageHashVerification-41257037 tempest-TestImageHashVerification-41257037-project-member] Using url versioning {{(pid=99891) process_request /opt/stack/glance/glance/api/middleware/version_negotiation.py:57}}
Aug 13 18:13:35.238440 np0000007244 devstack@g-api.service[99891]: DEBUG glance.api.middleware.version_negotiation [None req-b0817a7c-9ba4-4c3a-afa2-c880f04fc719 tempest-TestImageHashVerification-41257037 tempest-TestImageHashVerification-41257037-project-member] Matched version: v2 {{(pid=99891) process_request /opt/stack/glance/glance/api/middleware/version_negotiation.py:69}}
Aug 13 18:13:35.238602 np0000007244 devstack@g-api.service[99891]: DEBUG glance.api.middleware.version_negotiation [None req-b0817a7c-9ba4-4c3a-afa2-c880f04fc719 tempest-TestImageHashVerification-41257037 tempest-TestImageHashVerification-41257037-project-member] new path /v2/images/aebd5142-e6d0-447f-bec0-84e3ad6624c1 {{(pid=99891) process_request /opt/stack/glance/glance/api/middleware/version_negotiation.py:70}}
