Aug 13 18:16:26.457084 np0000007244 devstack@g-api.service[99893]: DEBUG glance.api.middleware.version_negotiation [None req-5e2a14f6-14ca-4f9f-a373-47615d37cd40 tempest-VolumesActionsTest-1535955755 tempest-VolumesActionsTest-1535955755-project-member] Using url versioning {{(pid=99893) process_request /opt/stack/glance/glance/api/middleware/version_negotiation.py:57}}
Aug 13 18:16:26.457171 np0000007244 devstack@g-api.service[99893]: DEBUG glance.api.middleware.version_negotiation [None req-5e2a14f6-14ca-4f9f-a373-47615d37cd40 tempest-VolumesActionsTest-1535955755 tempest-VolumesActionsTest-1535955755-project-member] Matched version: v2 {{(pid=99893) process_request /opt/stack/glance/glance/api/middleware/version_negotiation.py:69}}
Aug 13 18:16:26.457288 np0000007244 devstack@g-api.service[99893]: DEBUG glance.api.middleware.version_negotiation [None req-5e2a14f6-14ca-4f9f-a373-47615d37cd40 tempest-VolumesActionsTest-1535955755 tempest-VolumesActionsTest-1535955755-project-member] new path /v2/images/264b5b1d-88c7-420a-bcb9-a99f754aa1b8/file {{(pid=99893) process_request /opt/stack/glance/glance/api/middleware/version_negotiation.py:70}}
Aug 13 18:16:26.467063 np0000007244 devstack@g-api.service[99893]: DEBUG glance.api.middleware.cache [None req-e48ddfeb-1c04-48b0-add6-e1c6efc3807a tempest-ServerActionsTestOtherA-1464344942 tempest-ServerActionsTestOtherA-1464344942-project-member] Cache hit for image '264b5b1d-88c7-420a-bcb9-a99f754aa1b8' {{(pid=99893) process_request /opt/stack/glance/glance/api/middleware/cache.py:160}}
Aug 13 18:16:26.516730 np0000007244 devstack@g-api.service[99893]: [pid: 99893|app: 0|req: 135/396] 127.0.0.1 () {44 vars in 1121 bytes} [Thu Aug 13 18:16:26 2026] GET /v2/images/264b5b1d-88c7-420a-bcb9-a99f754aa1b8/file => generated 21233664 bytes in 60 msecs (HTTP/1.1 200) 5 headers in 217 bytes (333 switches on core 0)
Aug 13 18:16:26.590516 np0000007244 devstack@g-api.service[99891]: DEBUG glance.api.middleware.version_negotiation [None req-5e2a14f6-14ca-4f9f-a373-47615d37cd40 tempest-VolumesActionsTest-1535955755 tempest-VolumesActionsTest-1535955755-project-member] Determining version of request: GET /v2/images/264b5b1d-88c7-420a-bcb9-a99f754aa1b8 Accept: */* {{(pid=99891) process_request /opt/stack/glance/glance/api/middleware/version_negotiation.py:44}}
Aug 13 18:16:26.590660 np0000007244 devstack@g-api.service[99891]: DEBUG glance.api.middleware.version_negotiation [None req-5e2a14f6-14ca-4f9f-a373-47615d37cd40 tempest-VolumesActionsTest-1535955755 tempest-VolumesActionsTest-1535955755-project-member] Using url versioning {{(pid=99891) process_request /opt/stack/glance/glance/api/middleware/version_negotiation.py:57}}
Aug 13 18:16:26.590816 np0000007244 devstack@g-api.service[99891]: DEBUG glance.api.middleware.version_negotiation [None req-5e2a14f6-14ca-4f9f-a373-47615d37cd40 tempest-VolumesActionsTest-1535955755 tempest-VolumesActionsTest-1535955755-project-member] Matched version: v2 {{(pid=99891) process_request /opt/stack/glance/glance/api/middleware/version_negotiation.py:69}}
Aug 13 18:16:26.590926 np0000007244 devstack@g-api.service[99891]: DEBUG glance.api.middleware.version_negotiation [None req-5e2a14f6-14ca-4f9f-a373-47615d37cd40 tempest-VolumesActionsTest-1535955755 tempest-VolumesActionsTest-1535955755-project-member] new path /v2/images/264b5b1d-88c7-420a-bcb9-a99f754aa1b8 {{(pid=99891) process_request /opt/stack/glance/glance/api/middleware/version_negotiation.py:70}}
Aug 13 18:16:26.600044 np0000007244 devstack@g-api.service[99891]: [pid: 99891|app: 0|req: 139/397] 127.0.0.1 () {44 vars in 1111 bytes} [Thu Aug 13 18:16:26 2026] GET /v2/images/264b5b1d-88c7-420a-bcb9-a99f754aa1b8 => generated 1044 bytes in 9 msecs (HTTP/1.1 200) 4 headers in 158 bytes (1 switches on core 0)
Aug 13 18:16:26.636102 np0000007244 devstack@g-api.service[99892]: DEBUG glance.api.middleware.version_negotiation [None req-e48ddfeb-1c04-48b0-add6-e1c6efc3807a tempest-ServerActionsTestOtherA-1464344942 tempest-ServerActionsTestOtherA-1464344942-project-member] Determining version of request: GET /v2/schemas/image Accept: */* {{(pid=99892) process_request /opt/stack/glance/glance/api/middleware/version_negotiation.py:44}}
Aug 13 18:16:26.636293 np0000007244 devstack@g-api.service[99892]: DEBUG glance.api.middleware.version_negotiation [None req-e48ddfeb-1c04-48b0-add6-e1c6efc3807a tempest-ServerActionsTestOtherA-1464344942 tempest-ServerActionsTestOtherA-1464344942-project-member] Using url versioning {{(pid=99892) process_request /opt/stack/glance/glance/api/middleware/version_negotiation.py:57}}
Aug 13 18:16:26.636463 np0000007244 devstack@g-api.service[99892]: DEBUG glance.api.middleware.version_negotiation [None req-e48ddfeb-1c04-48b0-add6-e1c6efc3807a tempest-ServerActionsTestOtherA-1464344942 tempest-ServerActionsTestOtherA-1464344942-project-member] Matched version: v2 {{(pid=99892) process_request /opt/stack/glance/glance/api/middleware/version_negotiation.py:69}}
Aug 13 18:16:26.636587 np0000007244 devstack@g-api.service[99892]: DEBUG glance.api.middleware.version_negotiation [None req-e48ddfeb-1c04-48b0-add6-e1c6efc3807a tempest-ServerActionsTestOtherA-1464344942 tempest-ServerActionsTestOtherA-1464344942-project-member] new path /v2/schemas/image {{(pid=99892) process_request /opt/stack/glance/glance/api/middleware/version_negotiation.py:70}}
Aug 13 18:16:26.639209 np0000007244 devstack@g-api.service[99892]: [pid: 99892|app: 0|req: 124/398] 127.0.0.1 () {44 vars in 1051 bytes} [Thu Aug 13 18:16:26 2026] GET /v2/schemas/image => generated 6083 bytes in 3 msecs (HTTP/1.1 200) 4 headers in 158 bytes (1 switches on core 0)
Aug 13 18:16:33.479952 np0000007244 devstack@g-api.service[99893]: DEBUG glance.api.middleware.version_negotiation [None req-e48ddfeb-1c04-48b0-add6-e1c6efc3807a tempest-ServerActionsTestOtherA-1464344942 tempest-ServerActionsTestOtherA-1464344942-project-member] Determining version of request: GET /v2/schemas/image Accept: */* {{(pid=99893) process_request /opt/stack/glance/glance/api/middleware/version_negotiation.py:44}}
Aug 13 18:16:33.480302 np0000007244 devstack@g-api.service[99893]: DEBUG glance.api.middleware.version_negotiation [None req-e48ddfeb-1c04-48b0-add6-e1c6efc3807a tempest-ServerActionsTestOtherA-1464344942 tempest-ServerActionsTestOtherA-1464344942-project-member] Using url versioning {{(pid=99893) process_request /opt/stack/glance/glance/api/middleware/version_negotiation.py:57}}
Aug 13 18:16:33.480302 np0000007244 devstack@g-api.service[99893]: DEBUG glance.api.middleware.version_negotiation [None req-e48ddfeb-1c04-48b0-add6-e1c6efc3807a tempest-ServerActionsTestOtherA-1464344942 tempest-ServerActionsTestOtherA-1464344942-project-member] Matched version: v2 {{(pid=99893) process_request /opt/stack/glance/glance/api/middleware/version_negotiation.py:69}}
Aug 13 18:16:33.480302 np0000007244 devstack@g-api.service[99893]: DEBUG glance.api.middleware.version_negotiation [None req-e48ddfeb-1c04-48b0-add6-e1c6efc3807a tempest-ServerActionsTestOtherA-1464344942 tempest-ServerActionsTestOtherA-1464344942-project-member] new path /v2/schemas/image {{(pid=99893) process_request /opt/stack/glance/glance/api/middleware/version_negotiation.py:70}}
Aug 13 18:16:33.482307 np0000007244 devstack@g-api.service[99893]: [pid: 99893|app: 0|req: 136/399] 127.0.0.1 () {44 vars in 1051 bytes} [Thu Aug 13 18:16:33 2026] GET /v2/schemas/image => generated 6083 bytes in 2 msecs (HTTP/1.1 200) 4 headers in 158 bytes (1 switches on core 0)
Aug 13 18:16:33.489073 np0000007244 devstack@g-api.service[99891]: DEBUG glance.api.middleware.version_negotiation [None req-e48ddfeb-1c04-48b0-add6-e1c6efc3807a tempest-ServerActionsTestOtherA-1464344942 tempest-ServerActionsTestOtherA-1464344942-project-member] Determining version of request: POST /v2/images Accept: */* {{(pid=99891) process_request /opt/stack/glance/glance/api/middleware/version_negotiation.py:44}}
Aug 13 18:16:33.489462 np0000007244 devstack@g-api.service[99891]: DEBUG glance.api.middleware.version_negotiation [None req-e48ddfeb-1c04-48b0-add6-e1c6efc3807a tempest-ServerActionsTestOtherA-1464344942 tempest-ServerActionsTestOtherA-1464344942-project-member] Using url versioning {{(pid=99891) process_request /opt/stack/glance/glance/api/middleware/version_negotiation.py:57}}
Aug 13 18:16:33.489462 np0000007244 devstack@g-api.service[99891]: DEBUG glance.api.middleware.version_negotiation [None req-e48ddfeb-1c04-48b0-add6-e1c6efc3807a tempest-ServerActionsTestOtherA-1464344942 tempest-ServerActionsTestOtherA-1464344942-project-member] Matched version: v2 {{(pid=99891) process_request /opt/stack/glance/glance/api/middleware/version_negotiation.py:69}}
Aug 13 18:16:33.489462 np0000007244 devstack@g-api.service[99891]: DEBUG glance.api.middleware.version_negotiation [None req-e48ddfeb-1c04-48b0-add6-e1c6efc3807a tempest-ServerActionsTestOtherA-1464344942 tempest-ServerActionsTestOtherA-1464344942-project-member] new path /v2/images {{(pid=99891) process_request /opt/stack/glance/glance/api/middleware/version_negotiation.py:70}}
Aug 13 18:16:33.864967 np0000007244 devstack@g-api.service[99891]: [pid: 99891|app: 0|req: 140/400] 127.0.0.1 () {46 vars in 1051 bytes} [Thu Aug 13 18:16:33 2026] POST /v2/images => generated 650 bytes in 376 msecs (HTTP/1.1 201) 6 headers in 315 bytes (1 switches on core 0)
Aug 13 18:16:33.872776 np0000007244 devstack@g-api.service[99892]: DEBUG glance.api.middleware.version_negotiation [None req-e48ddfeb-1c04-48b0-add6-e1c6efc3807a tempest-ServerActionsTestOtherA-1464344942 tempest-ServerActionsTestOtherA-1464344942-project-member] Determining version of request: GET /v2/schemas/image Accept: */* {{(pid=99892) process_request /opt/stack/glance/glance/api/middleware/version_negotiation.py:44}}
Aug 13 18:16:33.873159 np0000007244 devstack@g-api.service[99892]: DEBUG glance.api.middleware.version_negotiation [None req-e48ddfeb-1c04-48b0-add6-e1c6efc3807a tempest-ServerActionsTestOtherA-1464344942 tempest-ServerActionsTestOtherA-1464344942-project-member] Using url versioning {{(pid=99892) process_request /opt/stack/glance/glance/api/middleware/version_negotiation.py:57}}
Aug 13 18:16:33.873159 np0000007244 devstack@g-api.service[99892]: DEBUG glance.api.middleware.version_negotiation [None req-e48ddfeb-1c04-48b0-add6-e1c6efc3807a tempest-ServerActionsTestOtherA-1464344942 tempest-ServerActionsTestOtherA-1464344942-project-member] Matched version: v2 {{(pid=99892) process_request /opt/stack/glance/glance/api/middleware/version_negotiation.py:69}}
Aug 13 18:16:33.873159 np0000007244 devstack@g-api.service[99892]: DEBUG glance.api.middleware.version_negotiation [None req-e48ddfeb-1c04-48b0-add6-e1c6efc3807a tempest-ServerActionsTestOtherA-1464344942 tempest-ServerActionsTestOtherA-1464344942-project-member] new path /v2/schemas/image {{(pid=99892) process_request /opt/stack/glance/glance/api/middleware/version_negotiation.py:70}}
Aug 13 18:16:33.875317 np0000007244 devstack@g-api.service[99892]: [pid: 99892|app: 0|req: 125/401] 127.0.0.1 () {44 vars in 1051 bytes} [Thu Aug 13 18:16:33 2026] GET /v2/schemas/image => generated 6083 bytes in 2 msecs (HTTP/1.1 200) 4 headers in 158 bytes (1 switches on core 0)
Aug 13 18:16:33.885459 np0000007244 devstack@g-api.service[99893]: DEBUG glance.api.middleware.version_negotiation [None req-5a5504ba-fcea-4eb2-8b9a-b861edec6d36 tempest-VolumesActionsTest-1535955755 tempest-VolumesActionsTest-1535955755-project-member] Determining version of request: GET /v2/images/076310fe-36f9-4ef5-ba21-f3eff48a2e0e Accept: application/json {{(pid=99893) process_request /opt/stack/glance/glance/api/middleware/version_negotiation.py:44}}
Aug 13 18:16:33.885622 np0000007244 devstack@g-api.service[99893]: DEBUG glance.api.middleware.version_negotiation [None req-5a5504ba-fcea-4eb2-8b9a-b861edec6d36 tempest-VolumesActionsTest-1535955755 tempest-VolumesActionsTest-1535955755-project-member] Using url versioning {{(pid=99893) process_request /opt/stack/glance/glance/api/middleware/version_negotiation.py:57}}
Aug 13 18:16:33.885807 np0000007244 devstack@g-api.service[99893]: DEBUG glance.api.middleware.version_negotiation [None req-5a5504ba-fcea-4eb2-8b9a-b861edec6d36 tempest-VolumesActionsTest-1535955755 tempest-VolumesActionsTest-1535955755-project-member] Matched version: v2 {{(pid=99893) process_request /opt/stack/glance/glance/api/middleware/version_negotiation.py:69}}
Aug 13 18:16:33.885941 np0000007244 devstack@g-api.service[99893]: DEBUG glance.api.middleware.version_negotiation [None req-5a5504ba-fcea-4eb2-8b9a-b861edec6d36 tempest-VolumesActionsTest-1535955755 tempest-VolumesActionsTest-1535955755-project-member] new path /v2/images/076310fe-36f9-4ef5-ba21-f3eff48a2e0e {{(pid=99893) process_request /opt/stack/glance/glance/api/middleware/version_negotiation.py:70}}
Aug 13 18:16:33.894446 np0000007244 devstack@g-api.service[99893]: [pid: 99893|app: 0|req: 137/402] 127.0.0.1 () {40 vars in 834 bytes} [Thu Aug 13 18:16:33 2026] GET /v2/images/076310fe-36f9-4ef5-ba21-f3eff48a2e0e => generated 650 bytes in 9 msecs (HTTP/1.1 200) 4 headers in 157 bytes (1 switches on core 0)
Aug 13 18:16:34.092069 np0000007244 devstack@g-api.service[99891]: DEBUG glance.api.middleware.version_negotiation [None req-5a5504ba-fcea-4eb2-8b9a-b861edec6d36 tempest-VolumesActionsTest-1535955755 tempest-VolumesActionsTest-1535955755-project-member] Determining version of request: PUT /v2/images/076310fe-36f9-4ef5-ba21-f3eff48a2e0e/file Accept: */* {{(pid=99891) process_request /opt/stack/glance/glance/api/middleware/version_negotiation.py:44}}
Aug 13 18:16:34.092211 np0000007244 devstack@g-api.service[99891]: DEBUG glance.api.middleware.version_negotiation [None req-5a5504ba-fcea-4eb2-8b9a-b861edec6d36 tempest-VolumesActionsTest-1535955755 tempest-VolumesActionsTest-1535955755-project-member] Using url versioning {{(pid=99891) process_request /opt/stack/glance/glance/api/middleware/version_negotiation.py:57}}
Aug 13 18:16:34.092307 np0000007244 devstack@g-api.service[99891]: DEBUG glance.api.middleware.version_negotiation [None req-5a5504ba-fcea-4eb2-8b9a-b861edec6d36 tempest-VolumesActionsTest-1535955755 tempest-VolumesActionsTest-1535955755-project-member] Matched version: v2 {{(pid=99891) process_request /opt/stack/glance/glance/api/middleware/version_negotiation.py:69}}
Aug 13 18:16:34.092404 np0000007244 devstack@g-api.service[99891]: DEBUG glance.api.middleware.version_negotiation [None req-5a5504ba-fcea-4eb2-8b9a-b861edec6d36 tempest-VolumesActionsTest-1535955755 tempest-VolumesActionsTest-1535955755-project-member] new path /v2/images/076310fe-36f9-4ef5-ba21-f3eff48a2e0e/file {{(pid=99891) process_request /opt/stack/glance/glance/api/middleware/version_negotiation.py:70}}
Aug 13 18:16:34.502213 np0000007244 devstack@g-api.service[99891]: INFO glance.api.v2.image_data [None req-5a5504ba-fcea-4eb2-8b9a-b861edec6d36 tempest-VolumesActionsTest-1535955755 tempest-VolumesActionsTest-1535955755-project-member] Unable to create trust: no such option collect_timing in group [keystone_authtoken] Use the existing user token.
Aug 13 18:16:34.852964 np0000007244 devstack@g-api.service[99891]: DEBUG glance.location [None req-5a5504ba-fcea-4eb2-8b9a-b861edec6d36 tempest-VolumesActionsTest-1535955755 tempest-VolumesActionsTest-1535955755-project-member] Enabling in-flight format inspection for raw {{(pid=99891) set_data /opt/stack/glance/glance/location.py:596}}
Aug 13 18:16:34.853287 np0000007244 devstack@g-api.service[99891]: DEBUG glance_store.backend [None req-5a5504ba-fcea-4eb2-8b9a-b861edec6d36 tempest-VolumesActionsTest-1535955755 tempest-VolumesActionsTest-1535955755-project-member] Attempting to import store swift {{(pid=99891) _load_store /opt/stack/data/venv/lib/python3.12/site-packages/glance_store/backend.py:215}}
Aug 13 18:16:34.854542 np0000007244 devstack@g-api.service[99891]: DEBUG glance_store.capabilities [None req-5a5504ba-fcea-4eb2-8b9a-b861edec6d36 tempest-VolumesActionsTest-1535955755 tempest-VolumesActionsTest-1535955755-project-member] Store glance_store._drivers.swift.store.SingleTenantStore doesn't support updating dynamic storage capabilities. Please overwrite 'update_capabilities' method of the store to implement updating logics if needed. {{(pid=99891) update_capabilities /opt/stack/data/venv/lib/python3.12/site-packages/glance_store/capabilities.py:91}}
Aug 13 18:16:34.854705 np0000007244 devstack@g-api.service[99891]: DEBUG glance_store.driver [None req-5a5504ba-fcea-4eb2-8b9a-b861edec6d36 tempest-VolumesActionsTest-1535955755 tempest-VolumesActionsTest-1535955755-project-member] Late loading location class glance_store._drivers.swift.store.StoreLocation {{(pid=99891) get_store_location_class /opt/stack/data/venv/lib/python3.12/site-packages/glance_store/driver.py:134}}
Aug 13 18:16:34.854705 np0000007244 devstack@g-api.service[99891]: DEBUG glance_store.location [None req-5a5504ba-fcea-4eb2-8b9a-b861edec6d36 tempest-VolumesActionsTest-1535955755 tempest-VolumesActionsTest-1535955755-project-member] Registering scheme swift+https with {'store': , 'location_class': , 'store_entry': 'swift'} {{(pid=99891) register_scheme_map /opt/stack/data/venv/lib/python3.12/site-packages/glance_store/location.py:146}}
Aug 13 18:16:34.854881 np0000007244 devstack@g-api.service[99891]: DEBUG glance_store.location [None req-5a5504ba-fcea-4eb2-8b9a-b861edec6d36 tempest-VolumesActionsTest-1535955755 tempest-VolumesActionsTest-1535955755-project-member] Registering scheme swift+https with {'store': , 'location_class': , 'store_entry': 'swift'} {{(pid=99891) register_scheme_map /opt/stack/data/venv/lib/python3.12/site-packages/glance_store/location.py:146}}
Aug 13 18:16:34.854881 np0000007244 devstack@g-api.service[99891]: DEBUG glance_store.location [None req-5a5504ba-fcea-4eb2-8b9a-b861edec6d36 tempest-VolumesActionsTest-1535955755 tempest-VolumesActionsTest-1535955755-project-member] Registering scheme swift with {'store': , 'location_class': , 'store_entry': 'swift'} {{(pid=99891) register_scheme_map /opt/stack/data/venv/lib/python3.12/site-packages/glance_store/location.py:146}}
Aug 13 18:16:34.854975 np0000007244 devstack@g-api.service[99891]: DEBUG glance_store.location [None req-5a5504ba-fcea-4eb2-8b9a-b861edec6d36 tempest-VolumesActionsTest-1535955755 tempest-VolumesActionsTest-1535955755-project-member] Registering scheme swift+https with {'store': , 'location_class': , 'store_entry': 'swift'} {{(pid=99891) register_scheme_map /opt/stack/data/venv/lib/python3.12/site-packages/glance_store/location.py:146}}
Aug 13 18:16:34.854975 np0000007244 devstack@g-api.service[99891]: DEBUG glance_store.location [None req-5a5504ba-fcea-4eb2-8b9a-b861edec6d36 tempest-VolumesActionsTest-1535955755 tempest-VolumesActionsTest-1535955755-project-member] Registering scheme swift with {'store': , 'location_class': , 'store_entry': 'swift'} {{(pid=99891) register_scheme_map /opt/stack/data/venv/lib/python3.12/site-packages/glance_store/location.py:146}}
Aug 13 18:16:34.855035 np0000007244 devstack@g-api.service[99891]: DEBUG glance_store.location [None req-5a5504ba-fcea-4eb2-8b9a-b861edec6d36 tempest-VolumesActionsTest-1535955755 tempest-VolumesActionsTest-1535955755-project-member] Registering scheme swift+http with {'store': , 'location_class': , 'store_entry': 'swift'} {{(pid=99891) register_scheme_map /opt/stack/data/venv/lib/python3.12/site-packages/glance_store/location.py:146}}
Aug 13 18:16:34.855167 np0000007244 devstack@g-api.service[99891]: DEBUG glance_store.location [None req-5a5504ba-fcea-4eb2-8b9a-b861edec6d36 tempest-VolumesActionsTest-1535955755 tempest-VolumesActionsTest-1535955755-project-member] Registering scheme swift+https with {'store': , 'location_class': , 'store_entry': 'swift'} {{(pid=99891) register_scheme_map /opt/stack/data/venv/lib/python3.12/site-packages/glance_store/location.py:146}}
Aug 13 18:16:34.855167 np0000007244 devstack@g-api.service[99891]: DEBUG glance_store.location [None req-5a5504ba-fcea-4eb2-8b9a-b861edec6d36 tempest-VolumesActionsTest-1535955755 tempest-VolumesActionsTest-1535955755-project-member] Registering scheme swift with {'store': , 'location_class': , 'store_entry': 'swift'} {{(pid=99891) register_scheme_map /opt/stack/data/venv/lib/python3.12/site-packages/glance_store/location.py:146}}
Aug 13 18:16:34.855247 np0000007244 devstack@g-api.service[99891]: DEBUG glance_store.location [None req-5a5504ba-fcea-4eb2-8b9a-b861edec6d36 tempest-VolumesActionsTest-1535955755 tempest-VolumesActionsTest-1535955755-project-member] Registering scheme swift+http with {'store': , 'location_class': , 'store_entry': 'swift'} {{(pid=99891) register_scheme_map /opt/stack/data/venv/lib/python3.12/site-packages/glance_store/location.py:146}}
Aug 13 18:16:34.855311 np0000007244 devstack@g-api.service[99891]: DEBUG glance_store.location [None req-5a5504ba-fcea-4eb2-8b9a-b861edec6d36 tempest-VolumesActionsTest-1535955755 tempest-VolumesActionsTest-1535955755-project-member] Registering scheme swift+config with {'store': , 'location_class': , 'store_entry': 'swift'} {{(pid=99891) register_scheme_map /opt/stack/data/venv/lib/python3.12/site-packages/glance_store/location.py:146}}
Aug 13 18:16:34.900836 np0000007244 devstack@g-api.service[99892]: DEBUG glance.api.middleware.version_negotiation [None req-5a5504ba-fcea-4eb2-8b9a-b861edec6d36 tempest-VolumesActionsTest-1535955755 tempest-VolumesActionsTest-1535955755-project-member] Determining version of request: GET /v2/images/076310fe-36f9-4ef5-ba21-f3eff48a2e0e Accept: application/json {{(pid=99892) process_request /opt/stack/glance/glance/api/middleware/version_negotiation.py:44}}
Aug 13 18:16:34.901176 np0000007244 devstack@g-api.service[99892]: DEBUG glance.api.middleware.version_negotiation [None req-5a5504ba-fcea-4eb2-8b9a-b861edec6d36 tempest-VolumesActionsTest-1535955755 tempest-VolumesActionsTest-1535955755-project-member] Using url versioning {{(pid=99892) process_request /opt/stack/glance/glance/api/middleware/version_negotiation.py:57}}
Aug 13 18:16:34.901251 np0000007244 devstack@g-api.service[99892]: DEBUG glance.api.middleware.version_negotiation [None req-5a5504ba-fcea-4eb2-8b9a-b861edec6d36 tempest-VolumesActionsTest-1535955755 tempest-VolumesActionsTest-1535955755-project-member] Matched version: v2 {{(pid=99892) process_request /opt/stack/glance/glance/api/middleware/version_negotiation.py:69}}
Aug 13 18:16:34.901402 np0000007244 devstack@g-api.service[99892]: DEBUG glance.api.middleware.version_negotiation [None req-5a5504ba-fcea-4eb2-8b9a-b861edec6d36 tempest-VolumesActionsTest-1535955755 tempest-VolumesActionsTest-1535955755-project-member] new path /v2/images/076310fe-36f9-4ef5-ba21-f3eff48a2e0e {{(pid=99892) process_request /opt/stack/glance/glance/api/middleware/version_negotiation.py:70}}
Aug 13 18:16:34.913848 np0000007244 devstack@g-api.service[99892]: [pid: 99892|app: 0|req: 126/403] 127.0.0.1 () {40 vars in 834 bytes} [Thu Aug 13 18:16:34 2026] GET /v2/images/076310fe-36f9-4ef5-ba21-f3eff48a2e0e => generated 650 bytes in 13 msecs (HTTP/1.1 200) 4 headers in 157 bytes (1 switches on core 0)
Aug 13 18:16:35.006173 np0000007244 devstack@g-api.service[99891]: DEBUG swiftclient [None req-5a5504ba-fcea-4eb2-8b9a-b861edec6d36 tempest-VolumesActionsTest-1535955755 tempest-VolumesActionsTest-1535955755-project-member] REQ: curl -i https://10.4.3.92:8080/v1/AUTH_59f6d441fe974e8090f0d06cb5da502b/glance -I -H "X-Auth-Token: gAAAAABqfgoCPEXF..." {{(pid=99891) http_log /opt/stack/data/venv/lib/python3.12/site-packages/swiftclient/client.py:160}}
Aug 13 18:16:35.006288 np0000007244 devstack@g-api.service[99891]: DEBUG swiftclient [None req-5a5504ba-fcea-4eb2-8b9a-b861edec6d36 tempest-VolumesActionsTest-1535955755 tempest-VolumesActionsTest-1535955755-project-member] RESP STATUS: 204 No Content {{(pid=99891) http_log /opt/stack/data/venv/lib/python3.12/site-packages/swiftclient/client.py:161}}
Aug 13 18:16:35.006443 np0000007244 devstack@g-api.service[99891]: DEBUG swiftclient [None req-5a5504ba-fcea-4eb2-8b9a-b861edec6d36 tempest-VolumesActionsTest-1535955755 tempest-VolumesActionsTest-1535955755-project-member] RESP HEADERS: {'Date': 'Thu, 13 Aug 2026 18:16:35 GMT', 'Server': 'Apache/2.4.58 (Ubuntu)', 'Content-Type': 'text/plain; charset=utf-8', 'X-Container-Object-Count': '3', 'X-Container-Bytes-Used': '64356352', 'X-Timestamp': '1786644554.78401', 'Last-Modified': 'Thu, 13 Aug 2026 18:09:15 GMT', 'Accept-Ranges': 'bytes', 'X-Storage-Policy': 'Policy-0', 'X-Container-Sharding': 'False', 'Vary': 'Accept', 'X-Trans-Id': 'txca4b11c3deec405ea7d3f-006a7e0a02', 'X-Openstack-Request-Id': 'txca4b11c3deec405ea7d3f-006a7e0a02', 'Connection': 'close'} {{(pid=99891) http_log /opt/stack/data/venv/lib/python3.12/site-packages/swiftclient/client.py:162}}
Aug 13 18:16:35.006584 np0000007244 devstack@g-api.service[99891]: DEBUG glance_store._drivers.swift.store [None req-5a5504ba-fcea-4eb2-8b9a-b861edec6d36 tempest-VolumesActionsTest-1535955755 tempest-VolumesActionsTest-1535955755-project-member] Adding image object '076310fe-36f9-4ef5-ba21-f3eff48a2e0e' to Swift {{(pid=99891) add /opt/stack/data/venv/lib/python3.12/site-packages/glance_store/_drivers/swift/store.py:970}}
Aug 13 18:16:35.006650 np0000007244 devstack@g-api.service[99891]: DEBUG glance_store._drivers.swift.store [None req-5a5504ba-fcea-4eb2-8b9a-b861edec6d36 tempest-VolumesActionsTest-1535955755 tempest-VolumesActionsTest-1535955755-project-member] Cannot determine image size because it is either not provided in the request or chunked-transfer encoding is used. Adding image as a segmented object to Swift. {{(pid=99891) add /opt/stack/data/venv/lib/python3.12/site-packages/glance_store/_drivers/swift/store.py:994}}
Aug 13 18:16:35.011378 np0000007244 devstack@g-api.service[99891]: DEBUG oslo_utils.imageutils.format_inspector [None req-5a5504ba-fcea-4eb2-8b9a-b861edec6d36 tempest-VolumesActionsTest-1535955755 tempest-VolumesActionsTest-1535955755-project-member] Format inspector for vmdk does not match, excluding from consideration (Signature KDMV not found: b'\x00\x00\x00\x00') {{(pid=99891) _process_chunk /opt/stack/data/venv/lib/python3.12/site-packages/oslo_utils/imageutils/format_inspector.py:1758}}
Aug 13 18:16:35.013380 np0000007244 devstack@g-api.service[99891]: DEBUG oslo_utils.imageutils.format_inspector [None req-5a5504ba-fcea-4eb2-8b9a-b861edec6d36 tempest-VolumesActionsTest-1535955755 tempest-VolumesActionsTest-1535955755-project-member] Format inspector for vhdx does not match, excluding from consideration (Region signature not found at 30000) {{(pid=99891) _process_chunk /opt/stack/data/venv/lib/python3.12/site-packages/oslo_utils/imageutils/format_inspector.py:1758}}
Aug 13 18:16:35.926206 np0000007244 devstack@g-api.service[99893]: DEBUG glance.api.middleware.version_negotiation [None req-64e9a3e9-bd09-45f8-a20e-bf3d5ef88749 tempest-VolumesActionsTest-1535955755 tempest-VolumesActionsTest-1535955755-project-member] Determining version of request: GET /v2/images/076310fe-36f9-4ef5-ba21-f3eff48a2e0e Accept: application/json {{(pid=99893) process_request /opt/stack/glance/glance/api/middleware/version_negotiation.py:44}}
Aug 13 18:16:35.926562 np0000007244 devstack@g-api.service[99893]: DEBUG glance.api.middleware.version_negotiation [None req-64e9a3e9-bd09-45f8-a20e-bf3d5ef88749 tempest-VolumesActionsTest-1535955755 tempest-VolumesActionsTest-1535955755-project-member] Using url versioning {{(pid=99893) process_request /opt/stack/glance/glance/api/middleware/version_negotiation.py:57}}
Aug 13 18:16:35.926603 np0000007244 devstack@g-api.service[99893]: DEBUG glance.api.middleware.version_negotiation [None req-64e9a3e9-bd09-45f8-a20e-bf3d5ef88749 tempest-VolumesActionsTest-1535955755 tempest-VolumesActionsTest-1535955755-project-member] Matched version: v2 {{(pid=99893) process_request /opt/stack/glance/glance/api/middleware/version_negotiation.py:69}}
Aug 13 18:16:35.927042 np0000007244 devstack@g-api.service[99893]: DEBUG glance.api.middleware.version_negotiation [None req-64e9a3e9-bd09-45f8-a20e-bf3d5ef88749 tempest-VolumesActionsTest-1535955755 tempest-VolumesActionsTest-1535955755-project-member] new path /v2/images/076310fe-36f9-4ef5-ba21-f3eff48a2e0e {{(pid=99893) process_request /opt/stack/glance/glance/api/middleware/version_negotiation.py:70}}
Aug 13 18:16:35.940701 np0000007244 devstack@g-api.service[99893]: [pid: 99893|app: 0|req: 138/404] 127.0.0.1 () {40 vars in 834 bytes} [Thu Aug 13 18:16:35 2026] GET /v2/images/076310fe-36f9-4ef5-ba21-f3eff48a2e0e => generated 650 bytes in 16 msecs (HTTP/1.1 200) 4 headers in 157 bytes (1 switches on core 0)
Aug 13 18:16:36.846362 np0000007244 devstack@g-api.service[99891]: DEBUG swiftclient [None req-5a5504ba-fcea-4eb2-8b9a-b861edec6d36 tempest-VolumesActionsTest-1535955755 tempest-VolumesActionsTest-1535955755-project-member] REQ: curl -i https://10.4.3.92:8080/v1/AUTH_59f6d441fe974e8090f0d06cb5da502b/glance/076310fe-36f9-4ef5-ba21-f3eff48a2e0e-00001 -X PUT -H "X-Auth-Token: gAAAAABqfgoCPEXF..." {{(pid=99891) http_log /opt/stack/data/venv/lib/python3.12/site-packages/swiftclient/client.py:160}}
Aug 13 18:16:36.846768 np0000007244 devstack@g-api.service[99891]: DEBUG swiftclient [None req-5a5504ba-fcea-4eb2-8b9a-b861edec6d36 tempest-VolumesActionsTest-1535955755 tempest-VolumesActionsTest-1535955755-project-member] RESP STATUS: 201 Created {{(pid=99891) http_log /opt/stack/data/venv/lib/python3.12/site-packages/swiftclient/client.py:161}}
Aug 13 18:16:36.846768 np0000007244 devstack@g-api.service[99891]: DEBUG swiftclient [None req-5a5504ba-fcea-4eb2-8b9a-b861edec6d36 tempest-VolumesActionsTest-1535955755 tempest-VolumesActionsTest-1535955755-project-member] RESP HEADERS: {'Date': 'Thu, 13 Aug 2026 18:16:36 GMT', 'Server': 'Apache/2.4.58 (Ubuntu)', 'Content-Type': 'text/html; charset=UTF-8', 'Content-Length': '0', 'Etag': 'eda9a9889837ac4bc81d6387d92c1bec', 'Last-Modified': 'Thu, 13 Aug 2026 18:16:36 GMT', 'X-Trans-Id': 'txd7543557e16f4f3db26f6-006a7e0a03', 'X-Openstack-Request-Id': 'txd7543557e16f4f3db26f6-006a7e0a03', 'Connection': 'close'} {{(pid=99891) http_log /opt/stack/data/venv/lib/python3.12/site-packages/swiftclient/client.py:162}}
Aug 13 18:16:36.846919 np0000007244 devstack@g-api.service[99891]: DEBUG glance_store._drivers.swift.store [None req-5a5504ba-fcea-4eb2-8b9a-b861edec6d36 tempest-VolumesActionsTest-1535955755 tempest-VolumesActionsTest-1535955755-project-member] Wrote chunk 076310fe-36f9-4ef5-ba21-f3eff48a2e0e-00001 (1/?) of length 204800000 to Swift returning MD5 of content: eda9a9889837ac4bc81d6387d92c1bec {{(pid=99891) add /opt/stack/data/venv/lib/python3.12/site-packages/glance_store/_drivers/swift/store.py:1059}}
Aug 13 18:16:36.951116 np0000007244 devstack@g-api.service[99892]: DEBUG glance.api.middleware.version_negotiation [None req-466e02f5-4b09-4bf2-bff8-1707ce47b5a0 tempest-VolumesActionsTest-1535955755 tempest-VolumesActionsTest-1535955755-project-member] Determining version of request: GET /v2/images/076310fe-36f9-4ef5-ba21-f3eff48a2e0e Accept: application/json {{(pid=99892) process_request /opt/stack/glance/glance/api/middleware/version_negotiation.py:44}}
Aug 13 18:16:36.951116 np0000007244 devstack@g-api.service[99892]: DEBUG glance.api.middleware.version_negotiation [None req-466e02f5-4b09-4bf2-bff8-1707ce47b5a0 tempest-VolumesActionsTest-1535955755 tempest-VolumesActionsTest-1535955755-project-member] Using url versioning {{(pid=99892) process_request /opt/stack/glance/glance/api/middleware/version_negotiation.py:57}}
Aug 13 18:16:36.951116 np0000007244 devstack@g-api.service[99892]: DEBUG glance.api.middleware.version_negotiation [None req-466e02f5-4b09-4bf2-bff8-1707ce47b5a0 tempest-VolumesActionsTest-1535955755 tempest-VolumesActionsTest-1535955755-project-member] Matched version: v2 {{(pid=99892) process_request /opt/stack/glance/glance/api/middleware/version_negotiation.py:69}}
Aug 13 18:16:36.951116 np0000007244 devstack@g-api.service[99892]: DEBUG glance.api.middleware.version_negotiation [None req-466e02f5-4b09-4bf2-bff8-1707ce47b5a0 tempest-VolumesActionsTest-1535955755 tempest-VolumesActionsTest-1535955755-project-member] new path /v2/images/076310fe-36f9-4ef5-ba21-f3eff48a2e0e {{(pid=99892) process_request /opt/stack/glance/glance/api/middleware/version_negotiation.py:70}}
Aug 13 18:16:36.961324 np0000007244 devstack@g-api.service[99892]: [pid: 99892|app: 0|req: 127/405] 127.0.0.1 () {40 vars in 834 bytes} [Thu Aug 13 18:16:36 2026] GET /v2/images/076310fe-36f9-4ef5-ba21-f3eff48a2e0e => generated 650 bytes in 11 msecs (HTTP/1.1 200) 4 headers in 157 bytes (1 switches on core 0)
Aug 13 18:16:37.971432 np0000007244 devstack@g-api.service[99893]: DEBUG glance.api.middleware.version_negotiation [None req-83171934-2f15-48b3-8691-8c1c42b9a8e3 tempest-VolumesActionsTest-1535955755 tempest-VolumesActionsTest-1535955755-project-member] Determining version of request: GET /v2/images/076310fe-36f9-4ef5-ba21-f3eff48a2e0e Accept: application/json {{(pid=99893) process_request /opt/stack/glance/glance/api/middleware/version_negotiation.py:44}}
Aug 13 18:16:37.971825 np0000007244 devstack@g-api.service[99893]: DEBUG glance.api.middleware.version_negotiation [None req-83171934-2f15-48b3-8691-8c1c42b9a8e3 tempest-VolumesActionsTest-1535955755 tempest-VolumesActionsTest-1535955755-project-member] Using url versioning {{(pid=99893) process_request /opt/stack/glance/glance/api/middleware/version_negotiation.py:57}}
Aug 13 18:16:37.971825 np0000007244 devstack@g-api.service[99893]: DEBUG glance.api.middleware.version_negotiation [None req-83171934-2f15-48b3-8691-8c1c42b9a8e3 tempest-VolumesActionsTest-1535955755 tempest-VolumesActionsTest-1535955755-project-member] Matched version: v2 {{(pid=99893) process_request /opt/stack/glance/glance/api/middleware/version_negotiation.py:69}}
Aug 13 18:16:37.971825 np0000007244 devstack@g-api.service[99893]: DEBUG glance.api.middleware.version_negotiation [None req-83171934-2f15-48b3-8691-8c1c42b9a8e3 tempest-VolumesActionsTest-1535955755 tempest-VolumesActionsTest-1535955755-project-member] new path /v2/images/076310fe-36f9-4ef5-ba21-f3eff48a2e0e {{(pid=99893) process_request /opt/stack/glance/glance/api/middleware/version_negotiation.py:70}}
Aug 13 18:16:37.985632 np0000007244 devstack@g-api.service[99893]: [pid: 99893|app: 0|req: 139/406] 127.0.0.1 () {40 vars in 834 bytes} [Thu Aug 13 18:16:37 2026] GET /v2/images/076310fe-36f9-4ef5-ba21-f3eff48a2e0e => generated 650 bytes in 14 msecs (HTTP/1.1 200) 4 headers in 157 bytes (1 switches on core 0)
Aug 13 18:16:38.625701 np0000007244 devstack@g-api.service[99891]: DEBUG swiftclient [None req-5a5504ba-fcea-4eb2-8b9a-b861edec6d36 tempest-VolumesActionsTest-1535955755 tempest-VolumesActionsTest-1535955755-project-member] REQ: curl -i https://10.4.3.92:8080/v1/AUTH_59f6d441fe974e8090f0d06cb5da502b/glance/076310fe-36f9-4ef5-ba21-f3eff48a2e0e-00002 -X PUT -H "X-Auth-Token: gAAAAABqfgoCPEXF..." {{(pid=99891) http_log /opt/stack/data/venv/lib/python3.12/site-packages/swiftclient/client.py:160}}
Aug 13 18:16:38.626035 np0000007244 devstack@g-api.service[99891]: DEBUG swiftclient [None req-5a5504ba-fcea-4eb2-8b9a-b861edec6d36 tempest-VolumesActionsTest-1535955755 tempest-VolumesActionsTest-1535955755-project-member] RESP STATUS: 201 Created {{(pid=99891) http_log /opt/stack/data/venv/lib/python3.12/site-packages/swiftclient/client.py:161}}
Aug 13 18:16:38.626035 np0000007244 devstack@g-api.service[99891]: DEBUG swiftclient [None req-5a5504ba-fcea-4eb2-8b9a-b861edec6d36 tempest-VolumesActionsTest-1535955755 tempest-VolumesActionsTest-1535955755-project-member] RESP HEADERS: {'Date': 'Thu, 13 Aug 2026 18:16:38 GMT', 'Server': 'Apache/2.4.58 (Ubuntu)', 'Content-Type': 'text/html; charset=UTF-8', 'Content-Length': '0', 'Etag': 'eda9a9889837ac4bc81d6387d92c1bec', 'Last-Modified': 'Thu, 13 Aug 2026 18:16:37 GMT', 'X-Trans-Id': 'tx55aa008c042e4232bb936-006a7e0a04', 'X-Openstack-Request-Id': 'tx55aa008c042e4232bb936-006a7e0a04', 'Connection': 'close'} {{(pid=99891) http_log /opt/stack/data/venv/lib/python3.12/site-packages/swiftclient/client.py:162}}
Aug 13 18:16:38.626217 np0000007244 devstack@g-api.service[99891]: DEBUG glance_store._drivers.swift.store [None req-5a5504ba-fcea-4eb2-8b9a-b861edec6d36 tempest-VolumesActionsTest-1535955755 tempest-VolumesActionsTest-1535955755-project-member] Wrote chunk 076310fe-36f9-4ef5-ba21-f3eff48a2e0e-00002 (2/?) of length 204800000 to Swift returning MD5 of content: eda9a9889837ac4bc81d6387d92c1bec {{(pid=99891) add /opt/stack/data/venv/lib/python3.12/site-packages/glance_store/_drivers/swift/store.py:1059}}
Aug 13 18:16:38.994198 np0000007244 devstack@g-api.service[99892]: DEBUG glance.api.middleware.version_negotiation [None req-6d54c37f-e121-402d-9ec3-6317fb564c48 tempest-VolumesActionsTest-1535955755 tempest-VolumesActionsTest-1535955755-project-member] Determining version of request: GET /v2/images/076310fe-36f9-4ef5-ba21-f3eff48a2e0e Accept: application/json {{(pid=99892) process_request /opt/stack/glance/glance/api/middleware/version_negotiation.py:44}}
Aug 13 18:16:38.994609 np0000007244 devstack@g-api.service[99892]: DEBUG glance.api.middleware.version_negotiation [None req-6d54c37f-e121-402d-9ec3-6317fb564c48 tempest-VolumesActionsTest-1535955755 tempest-VolumesActionsTest-1535955755-project-member] Using url versioning {{(pid=99892) process_request /opt/stack/glance/glance/api/middleware/version_negotiation.py:57}}
Aug 13 18:16:38.994609 np0000007244 devstack@g-api.service[99892]: DEBUG glance.api.middleware.version_negotiation [None req-6d54c37f-e121-402d-9ec3-6317fb564c48 tempest-VolumesActionsTest-1535955755 tempest-VolumesActionsTest-1535955755-project-member] Matched version: v2 {{(pid=99892) process_request /opt/stack/glance/glance/api/middleware/version_negotiation.py:69}}
Aug 13 18:16:38.994792 np0000007244 devstack@g-api.service[99892]: DEBUG glance.api.middleware.version_negotiation [None req-6d54c37f-e121-402d-9ec3-6317fb564c48 tempest-VolumesActionsTest-1535955755 tempest-VolumesActionsTest-1535955755-project-member] new path /v2/images/076310fe-36f9-4ef5-ba21-f3eff48a2e0e {{(pid=99892) process_request /opt/stack/glance/glance/api/middleware/version_negotiation.py:70}}
Aug 13 18:16:39.003507 np0000007244 devstack@g-api.service[99892]: [pid: 99892|app: 0|req: 128/407] 127.0.0.1 () {40 vars in 834 bytes} [Thu Aug 13 18:16:38 2026] GET /v2/images/076310fe-36f9-4ef5-ba21-f3eff48a2e0e => generated 650 bytes in 9 msecs (HTTP/1.1 200) 4 headers in 157 bytes (1 switches on core 0)
Aug 13 18:16:40.011960 np0000007244 devstack@g-api.service[99893]: DEBUG glance.api.middleware.version_negotiation [None req-d179d6ab-0eaa-4f64-8cd9-8de848069e31 tempest-VolumesActionsTest-1535955755 tempest-VolumesActionsTest-1535955755-project-member] Determining version of request: GET /v2/images/076310fe-36f9-4ef5-ba21-f3eff48a2e0e Accept: application/json {{(pid=99893) process_request /opt/stack/glance/glance/api/middleware/version_negotiation.py:44}}
Aug 13 18:16:40.012564 np0000007244 devstack@g-api.service[99893]: DEBUG glance.api.middleware.version_negotiation [None req-d179d6ab-0eaa-4f64-8cd9-8de848069e31 tempest-VolumesActionsTest-1535955755 tempest-VolumesActionsTest-1535955755-project-member] Using url versioning {{(pid=99893) process_request /opt/stack/glance/glance/api/middleware/version_negotiation.py:57}}
Aug 13 18:16:40.012564 np0000007244 devstack@g-api.service[99893]: DEBUG glance.api.middleware.version_negotiation [None req-d179d6ab-0eaa-4f64-8cd9-8de848069e31 tempest-VolumesActionsTest-1535955755 tempest-VolumesActionsTest-1535955755-project-member] Matched version: v2 {{(pid=99893) process_request /opt/stack/glance/glance/api/middleware/version_negotiation.py:69}}
Aug 13 18:16:40.012564 np0000007244 devstack@g-api.service[99893]: DEBUG glance.api.middleware.version_negotiation [None req-d179d6ab-0eaa-4f64-8cd9-8de848069e31 tempest-VolumesActionsTest-1535955755 tempest-VolumesActionsTest-1535955755-project-member] new path /v2/images/076310fe-36f9-4ef5-ba21-f3eff48a2e0e {{(pid=99893) process_request /opt/stack/glance/glance/api/middleware/version_negotiation.py:70}}
Aug 13 18:16:40.027968 np0000007244 devstack@g-api.service[99893]: [pid: 99893|app: 0|req: 140/408] 127.0.0.1 () {40 vars in 834 bytes} [Thu Aug 13 18:16:40 2026] GET /v2/images/076310fe-36f9-4ef5-ba21-f3eff48a2e0e => generated 650 bytes in 16 msecs (HTTP/1.1 200) 4 headers in 157 bytes (1 switches on core 0)
Aug 13 18:16:40.352095 np0000007244 devstack@g-api.service[99891]: DEBUG swiftclient [None req-5a5504ba-fcea-4eb2-8b9a-b861edec6d36 tempest-VolumesActionsTest-1535955755 tempest-VolumesActionsTest-1535955755-project-member] REQ: curl -i https://10.4.3.92:8080/v1/AUTH_59f6d441fe974e8090f0d06cb5da502b/glance/076310fe-36f9-4ef5-ba21-f3eff48a2e0e-00003 -X PUT -H "X-Auth-Token: gAAAAABqfgoCPEXF..." {{(pid=99891) http_log /opt/stack/data/venv/lib/python3.12/site-packages/swiftclient/client.py:160}}
Aug 13 18:16:40.352401 np0000007244 devstack@g-api.service[99891]: DEBUG swiftclient [None req-5a5504ba-fcea-4eb2-8b9a-b861edec6d36 tempest-VolumesActionsTest-1535955755 tempest-VolumesActionsTest-1535955755-project-member] RESP STATUS: 201 Created {{(pid=99891) http_log /opt/stack/data/venv/lib/python3.12/site-packages/swiftclient/client.py:161}}
Aug 13 18:16:40.352401 np0000007244 devstack@g-api.service[99891]: DEBUG swiftclient [None req-5a5504ba-fcea-4eb2-8b9a-b861edec6d36 tempest-VolumesActionsTest-1535955755 tempest-VolumesActionsTest-1535955755-project-member] RESP HEADERS: {'Date': 'Thu, 13 Aug 2026 18:16:40 GMT', 'Server': 'Apache/2.4.58 (Ubuntu)', 'Content-Type': 'text/html; charset=UTF-8', 'Content-Length': '0', 'Etag': 'eda9a9889837ac4bc81d6387d92c1bec', 'Last-Modified': 'Thu, 13 Aug 2026 18:16:39 GMT', 'X-Trans-Id': 'txcd51ca8289954ee0b8344-006a7e0a06', 'X-Openstack-Request-Id': 'txcd51ca8289954ee0b8344-006a7e0a06', 'Connection': 'close'} {{(pid=99891) http_log /opt/stack/data/venv/lib/python3.12/site-packages/swiftclient/client.py:162}}
Aug 13 18:16:40.352401 np0000007244 devstack@g-api.service[99891]: DEBUG glance_store._drivers.swift.store [None req-5a5504ba-fcea-4eb2-8b9a-b861edec6d36 tempest-VolumesActionsTest-1535955755 tempest-VolumesActionsTest-1535955755-project-member] Wrote chunk 076310fe-36f9-4ef5-ba21-f3eff48a2e0e-00003 (3/?) of length 204800000 to Swift returning MD5 of content: eda9a9889837ac4bc81d6387d92c1bec {{(pid=99891) add /opt/stack/data/venv/lib/python3.12/site-packages/glance_store/_drivers/swift/store.py:1059}}
Aug 13 18:16:41.039157 np0000007244 devstack@g-api.service[99892]: DEBUG glance.api.middleware.version_negotiation [None req-631c4f21-0c82-4432-a29a-781a451d0090 tempest-VolumesActionsTest-1535955755 tempest-VolumesActionsTest-1535955755-project-member] Determining version of request: GET /v2/images/076310fe-36f9-4ef5-ba21-f3eff48a2e0e Accept: application/json {{(pid=99892) process_request /opt/stack/glance/glance/api/middleware/version_negotiation.py:44}}
Aug 13 18:16:41.039544 np0000007244 devstack@g-api.service[99892]: DEBUG glance.api.middleware.version_negotiation [None req-631c4f21-0c82-4432-a29a-781a451d0090 tempest-VolumesActionsTest-1535955755 tempest-VolumesActionsTest-1535955755-project-member] Using url versioning {{(pid=99892) process_request /opt/stack/glance/glance/api/middleware/version_negotiation.py:57}}
Aug 13 18:16:41.039544 np0000007244 devstack@g-api.service[99892]: DEBUG glance.api.middleware.version_negotiation [None req-631c4f21-0c82-4432-a29a-781a451d0090 tempest-VolumesActionsTest-1535955755 tempest-VolumesActionsTest-1535955755-project-member] Matched version: v2 {{(pid=99892) process_request /opt/stack/glance/glance/api/middleware/version_negotiation.py:69}}
Aug 13 18:16:41.039645 np0000007244 devstack@g-api.service[99892]: DEBUG glance.api.middleware.version_negotiation [None req-631c4f21-0c82-4432-a29a-781a451d0090 tempest-VolumesActionsTest-1535955755 tempest-VolumesActionsTest-1535955755-project-member] new path /v2/images/076310fe-36f9-4ef5-ba21-f3eff48a2e0e {{(pid=99892) process_request /opt/stack/glance/glance/api/middleware/version_negotiation.py:70}}
Aug 13 18:16:41.053313 np0000007244 devstack@g-api.service[99892]: [pid: 99892|app: 0|req: 129/409] 127.0.0.1 () {40 vars in 834 bytes} [Thu Aug 13 18:16:41 2026] GET /v2/images/076310fe-36f9-4ef5-ba21-f3eff48a2e0e => generated 650 bytes in 15 msecs (HTTP/1.1 200) 4 headers in 157 bytes (1 switches on core 0)
Aug 13 18:16:42.060893 np0000007244 devstack@g-api.service[99893]: DEBUG glance.api.middleware.version_negotiation [None req-f1b95e67-a3d8-487e-9c94-5aebaa9bc3f1 tempest-VolumesActionsTest-1535955755 tempest-VolumesActionsTest-1535955755-project-member] Determining version of request: GET /v2/images/076310fe-36f9-4ef5-ba21-f3eff48a2e0e Accept: application/json {{(pid=99893) process_request /opt/stack/glance/glance/api/middleware/version_negotiation.py:44}}
Aug 13 18:16:42.061347 np0000007244 devstack@g-api.service[99893]: DEBUG glance.api.middleware.version_negotiation [None req-f1b95e67-a3d8-487e-9c94-5aebaa9bc3f1 tempest-VolumesActionsTest-1535955755 tempest-VolumesActionsTest-1535955755-project-member] Using url versioning {{(pid=99893) process_request /opt/stack/glance/glance/api/middleware/version_negotiation.py:57}}
Aug 13 18:16:42.061347 np0000007244 devstack@g-api.service[99893]: DEBUG glance.api.middleware.version_negotiation [None req-f1b95e67-a3d8-487e-9c94-5aebaa9bc3f1 tempest-VolumesActionsTest-1535955755 tempest-VolumesActionsTest-1535955755-project-member] Matched version: v2 {{(pid=99893) process_request /opt/stack/glance/glance/api/middleware/version_negotiation.py:69}}
Aug 13 18:16:42.061347 np0000007244 devstack@g-api.service[99893]: DEBUG glance.api.middleware.version_negotiation [None req-f1b95e67-a3d8-487e-9c94-5aebaa9bc3f1 tempest-VolumesActionsTest-1535955755 tempest-VolumesActionsTest-1535955755-project-member] new path /v2/images/076310fe-36f9-4ef5-ba21-f3eff48a2e0e {{(pid=99893) process_request /opt/stack/glance/glance/api/middleware/version_negotiation.py:70}}
Aug 13 18:16:42.068783 np0000007244 devstack@g-api.service[99893]: [pid: 99893|app: 0|req: 141/410] 127.0.0.1 () {40 vars in 834 bytes} [Thu Aug 13 18:16:42 2026] GET /v2/images/076310fe-36f9-4ef5-ba21-f3eff48a2e0e => generated 650 bytes in 8 msecs (HTTP/1.1 200) 4 headers in 157 bytes (1 switches on core 0)
Aug 13 18:16:42.214169 np0000007244 devstack@g-api.service[99891]: DEBUG swiftclient [None req-5a5504ba-fcea-4eb2-8b9a-b861edec6d36 tempest-VolumesActionsTest-1535955755 tempest-VolumesActionsTest-1535955755-project-member] REQ: curl -i https://10.4.3.92:8080/v1/AUTH_59f6d441fe974e8090f0d06cb5da502b/glance/076310fe-36f9-4ef5-ba21-f3eff48a2e0e-00004 -X PUT -H "X-Auth-Token: gAAAAABqfgoCPEXF..." {{(pid=99891) http_log /opt/stack/data/venv/lib/python3.12/site-packages/swiftclient/client.py:160}}
Aug 13 18:16:42.214584 np0000007244 devstack@g-api.service[99891]: DEBUG swiftclient [None req-5a5504ba-fcea-4eb2-8b9a-b861edec6d36 tempest-VolumesActionsTest-1535955755 tempest-VolumesActionsTest-1535955755-project-member] RESP STATUS: 201 Created {{(pid=99891) http_log /opt/stack/data/venv/lib/python3.12/site-packages/swiftclient/client.py:161}}
Aug 13 18:16:42.214584 np0000007244 devstack@g-api.service[99891]: DEBUG swiftclient [None req-5a5504ba-fcea-4eb2-8b9a-b861edec6d36 tempest-VolumesActionsTest-1535955755 tempest-VolumesActionsTest-1535955755-project-member] RESP HEADERS: {'Date': 'Thu, 13 Aug 2026 18:16:42 GMT', 'Server': 'Apache/2.4.58 (Ubuntu)', 'Content-Type': 'text/html; charset=UTF-8', 'Content-Length': '0', 'Etag': 'eda9a9889837ac4bc81d6387d92c1bec', 'Last-Modified': 'Thu, 13 Aug 2026 18:16:41 GMT', 'X-Trans-Id': 'txe641d8e3e9ce4a6788d5d-006a7e0a08', 'X-Openstack-Request-Id': 'txe641d8e3e9ce4a6788d5d-006a7e0a08', 'Connection': 'close'} {{(pid=99891) http_log /opt/stack/data/venv/lib/python3.12/site-packages/swiftclient/client.py:162}}
Aug 13 18:16:42.214584 np0000007244 devstack@g-api.service[99891]: DEBUG glance_store._drivers.swift.store [None req-5a5504ba-fcea-4eb2-8b9a-b861edec6d36 tempest-VolumesActionsTest-1535955755 tempest-VolumesActionsTest-1535955755-project-member] Wrote chunk 076310fe-36f9-4ef5-ba21-f3eff48a2e0e-00004 (4/?) of length 204800000 to Swift returning MD5 of content: eda9a9889837ac4bc81d6387d92c1bec {{(pid=99891) add /opt/stack/data/venv/lib/python3.12/site-packages/glance_store/_drivers/swift/store.py:1059}}
Aug 13 18:16:43.075563 np0000007244 devstack@g-api.service[99892]: DEBUG glance.api.middleware.version_negotiation [None req-49979a07-7689-475f-a7fd-2226a27fe76f tempest-VolumesActionsTest-1535955755 tempest-VolumesActionsTest-1535955755-project-member] Determining version of request: GET /v2/images/076310fe-36f9-4ef5-ba21-f3eff48a2e0e Accept: application/json {{(pid=99892) process_request /opt/stack/glance/glance/api/middleware/version_negotiation.py:44}}
Aug 13 18:16:43.077122 np0000007244 devstack@g-api.service[99892]: DEBUG glance.api.middleware.version_negotiation [None req-49979a07-7689-475f-a7fd-2226a27fe76f tempest-VolumesActionsTest-1535955755 tempest-VolumesActionsTest-1535955755-project-member] Using url versioning {{(pid=99892) process_request /opt/stack/glance/glance/api/middleware/version_negotiation.py:57}}
Aug 13 18:16:43.077122 np0000007244 devstack@g-api.service[99892]: DEBUG glance.api.middleware.version_negotiation [None req-49979a07-7689-475f-a7fd-2226a27fe76f tempest-VolumesActionsTest-1535955755 tempest-VolumesActionsTest-1535955755-project-member] Matched version: v2 {{(pid=99892) process_request /opt/stack/glance/glance/api/middleware/version_negotiation.py:69}}
