Aug 13 18:08:51.703826 np0000007244 nova-conductor[95972]: DEBUG cotyledon.oslo_config_glue [-] oslo_messaging_rabbit.rabbit_quorum_max_memory_bytes = 0 {{(pid=95972) log_opt_values /opt/stack/data/venv/lib/python3.12/site-packages/oslo_config/cfg.py:3560}}
Aug 13 18:08:51.703826 np0000007244 nova-conductor[95972]: DEBUG cotyledon.oslo_config_glue [-] oslo_messaging_rabbit.rabbit_quorum_max_memory_length = 0 {{(pid=95972) log_opt_values /opt/stack/data/venv/lib/python3.12/site-packages/oslo_config/cfg.py:3560}}
Aug 13 18:08:51.703826 np0000007244 nova-conductor[95972]: DEBUG cotyledon.oslo_config_glue [-] oslo_messaging_rabbit.rabbit_quorum_queue = False {{(pid=95972) log_opt_values /opt/stack/data/venv/lib/python3.12/site-packages/oslo_config/cfg.py:3560}}
Aug 13 18:08:51.703826 np0000007244 nova-conductor[95972]: DEBUG cotyledon.oslo_config_glue [-] oslo_messaging_rabbit.rabbit_retry_backoff = 2 {{(pid=95972) log_opt_values /opt/stack/data/venv/lib/python3.12/site-packages/oslo_config/cfg.py:3560}}
Aug 13 18:08:51.704282 np0000007244 nova-conductor[95972]: DEBUG cotyledon.oslo_config_glue [-] oslo_messaging_rabbit.rabbit_retry_interval = 1 {{(pid=95972) log_opt_values /opt/stack/data/venv/lib/python3.12/site-packages/oslo_config/cfg.py:3560}}
Aug 13 18:08:51.704282 np0000007244 nova-conductor[95972]: DEBUG cotyledon.oslo_config_glue [-] oslo_messaging_rabbit.rabbit_stream_fanout = False {{(pid=95972) log_opt_values /opt/stack/data/venv/lib/python3.12/site-packages/oslo_config/cfg.py:3560}}
Aug 13 18:08:51.704282 np0000007244 nova-conductor[95972]: DEBUG cotyledon.oslo_config_glue [-] oslo_messaging_rabbit.rabbit_transient_queues_ttl = 1800 {{(pid=95972) log_opt_values /opt/stack/data/venv/lib/python3.12/site-packages/oslo_config/cfg.py:3560}}
Aug 13 18:08:51.704282 np0000007244 nova-conductor[95972]: DEBUG cotyledon.oslo_config_glue [-] oslo_messaging_rabbit.rabbit_transient_quorum_queue = False {{(pid=95972) log_opt_values /opt/stack/data/venv/lib/python3.12/site-packages/oslo_config/cfg.py:3560}}
Aug 13 18:08:51.704282 np0000007244 nova-conductor[95972]: DEBUG cotyledon.oslo_config_glue [-] oslo_messaging_rabbit.rpc_conn_pool_size = 30 {{(pid=95972) log_opt_values /opt/stack/data/venv/lib/python3.12/site-packages/oslo_config/cfg.py:3560}}
Aug 13 18:08:51.704282 np0000007244 nova-conductor[95972]: DEBUG cotyledon.oslo_config_glue [-] oslo_messaging_rabbit.ssl = False {{(pid=95972) log_opt_values /opt/stack/data/venv/lib/python3.12/site-packages/oslo_config/cfg.py:3560}}
Aug 13 18:08:51.704282 np0000007244 nova-conductor[95972]: DEBUG cotyledon.oslo_config_glue [-] oslo_messaging_rabbit.ssl_ca_file = {{(pid=95972) log_opt_values /opt/stack/data/venv/lib/python3.12/site-packages/oslo_config/cfg.py:3560}}
Aug 13 18:08:51.704282 np0000007244 nova-conductor[95972]: DEBUG cotyledon.oslo_config_glue [-] oslo_messaging_rabbit.ssl_cert_file = {{(pid=95972) log_opt_values /opt/stack/data/venv/lib/python3.12/site-packages/oslo_config/cfg.py:3560}}
Aug 13 18:08:51.704282 np0000007244 nova-conductor[95972]: DEBUG cotyledon.oslo_config_glue [-] oslo_messaging_rabbit.ssl_enforce_fips_mode = False {{(pid=95972) log_opt_values /opt/stack/data/venv/lib/python3.12/site-packages/oslo_config/cfg.py:3560}}
Aug 13 18:08:51.704492 np0000007244 nova-conductor[95972]: DEBUG cotyledon.oslo_config_glue [-] oslo_messaging_rabbit.ssl_enforce_hostname_verification = True {{(pid=95972) log_opt_values /opt/stack/data/venv/lib/python3.12/site-packages/oslo_config/cfg.py:3560}}
Aug 13 18:08:51.704492 np0000007244 nova-conductor[95972]: DEBUG cotyledon.oslo_config_glue [-] oslo_messaging_rabbit.ssl_key_file = {{(pid=95972) log_opt_values /opt/stack/data/venv/lib/python3.12/site-packages/oslo_config/cfg.py:3560}}
Aug 13 18:08:51.704492 np0000007244 nova-conductor[95972]: DEBUG cotyledon.oslo_config_glue [-] oslo_messaging_rabbit.ssl_version = {{(pid=95972) log_opt_values /opt/stack/data/venv/lib/python3.12/site-packages/oslo_config/cfg.py:3560}}
Aug 13 18:08:51.704492 np0000007244 nova-conductor[95972]: DEBUG cotyledon.oslo_config_glue [-] oslo_messaging_rabbit.use_queue_manager = False {{(pid=95972) log_opt_values /opt/stack/data/venv/lib/python3.12/site-packages/oslo_config/cfg.py:3560}}
Aug 13 18:08:51.704492 np0000007244 nova-conductor[95972]: DEBUG cotyledon.oslo_config_glue [-] oslo_messaging_notifications.driver = ['messagingv2'] {{(pid=95972) log_opt_values /opt/stack/data/venv/lib/python3.12/site-packages/oslo_config/cfg.py:3560}}
Aug 13 18:08:51.704492 np0000007244 nova-conductor[95972]: DEBUG cotyledon.oslo_config_glue [-] oslo_messaging_notifications.retry = -1 {{(pid=95972) log_opt_values /opt/stack/data/venv/lib/python3.12/site-packages/oslo_config/cfg.py:3560}}
Aug 13 18:08:51.704492 np0000007244 nova-conductor[95972]: DEBUG cotyledon.oslo_config_glue [-] oslo_messaging_notifications.topics = ['notifications'] {{(pid=95972) log_opt_values /opt/stack/data/venv/lib/python3.12/site-packages/oslo_config/cfg.py:3560}}
Aug 13 18:08:51.704492 np0000007244 nova-conductor[95972]: DEBUG cotyledon.oslo_config_glue [-] oslo_messaging_notifications.transport_url = **** {{(pid=95972) log_opt_values /opt/stack/data/venv/lib/python3.12/site-packages/oslo_config/cfg.py:3560}}
Aug 13 18:08:51.704492 np0000007244 nova-conductor[95972]: DEBUG cotyledon.oslo_config_glue [-] oslo_limit.auth_section = None {{(pid=95972) log_opt_values /opt/stack/data/venv/lib/python3.12/site-packages/oslo_config/cfg.py:3560}}
Aug 13 18:08:51.704677 np0000007244 nova-conductor[95972]: DEBUG cotyledon.oslo_config_glue [-] oslo_limit.auth_type = None {{(pid=95972) log_opt_values /opt/stack/data/venv/lib/python3.12/site-packages/oslo_config/cfg.py:3560}}
Aug 13 18:08:51.704677 np0000007244 nova-conductor[95972]: DEBUG cotyledon.oslo_config_glue [-] oslo_limit.cafile = None {{(pid=95972) log_opt_values /opt/stack/data/venv/lib/python3.12/site-packages/oslo_config/cfg.py:3560}}
Aug 13 18:08:51.704677 np0000007244 nova-conductor[95972]: DEBUG cotyledon.oslo_config_glue [-] oslo_limit.certfile = None {{(pid=95972) log_opt_values /opt/stack/data/venv/lib/python3.12/site-packages/oslo_config/cfg.py:3560}}
Aug 13 18:08:51.704677 np0000007244 nova-conductor[95972]: DEBUG cotyledon.oslo_config_glue [-] oslo_limit.collect_timing = False {{(pid=95972) log_opt_values /opt/stack/data/venv/lib/python3.12/site-packages/oslo_config/cfg.py:3560}}
Aug 13 18:08:51.704677 np0000007244 nova-conductor[95972]: DEBUG cotyledon.oslo_config_glue [-] oslo_limit.connect_retries = None {{(pid=95972) log_opt_values /opt/stack/data/venv/lib/python3.12/site-packages/oslo_config/cfg.py:3560}}
Aug 13 18:08:51.704677 np0000007244 nova-conductor[95972]: DEBUG cotyledon.oslo_config_glue [-] oslo_limit.connect_retry_delay = None {{(pid=95972) log_opt_values /opt/stack/data/venv/lib/python3.12/site-packages/oslo_config/cfg.py:3560}}
Aug 13 18:08:51.704677 np0000007244 nova-conductor[95972]: DEBUG cotyledon.oslo_config_glue [-] oslo_limit.endpoint_id = None {{(pid=95972) log_opt_values /opt/stack/data/venv/lib/python3.12/site-packages/oslo_config/cfg.py:3560}}
Aug 13 18:08:51.704677 np0000007244 nova-conductor[95972]: DEBUG cotyledon.oslo_config_glue [-] oslo_limit.endpoint_interface = public {{(pid=95972) log_opt_values /opt/stack/data/venv/lib/python3.12/site-packages/oslo_config/cfg.py:3560}}
Aug 13 18:08:51.704677 np0000007244 nova-conductor[95972]: DEBUG cotyledon.oslo_config_glue [-] oslo_limit.endpoint_override = None {{(pid=95972) log_opt_values /opt/stack/data/venv/lib/python3.12/site-packages/oslo_config/cfg.py:3560}}
Aug 13 18:08:51.705538 np0000007244 nova-conductor[95972]: DEBUG cotyledon.oslo_config_glue [-] oslo_limit.endpoint_region_name = None {{(pid=95972) log_opt_values /opt/stack/data/venv/lib/python3.12/site-packages/oslo_config/cfg.py:3560}}
Aug 13 18:08:51.705538 np0000007244 nova-conductor[95972]: DEBUG cotyledon.oslo_config_glue [-] oslo_limit.endpoint_service_name = None {{(pid=95972) log_opt_values /opt/stack/data/venv/lib/python3.12/site-packages/oslo_config/cfg.py:3560}}
Aug 13 18:08:51.705538 np0000007244 nova-conductor[95972]: DEBUG cotyledon.oslo_config_glue [-] oslo_limit.endpoint_service_type = None {{(pid=95972) log_opt_values /opt/stack/data/venv/lib/python3.12/site-packages/oslo_config/cfg.py:3560}}
Aug 13 18:08:51.705538 np0000007244 nova-conductor[95972]: DEBUG cotyledon.oslo_config_glue [-] oslo_limit.insecure = False {{(pid=95972) log_opt_values /opt/stack/data/venv/lib/python3.12/site-packages/oslo_config/cfg.py:3560}}
Aug 13 18:08:51.705538 np0000007244 nova-conductor[95972]: DEBUG cotyledon.oslo_config_glue [-] oslo_limit.keyfile = None {{(pid=95972) log_opt_values /opt/stack/data/venv/lib/python3.12/site-packages/oslo_config/cfg.py:3560}}
Aug 13 18:08:51.705538 np0000007244 nova-conductor[95972]: DEBUG cotyledon.oslo_config_glue [-] oslo_limit.max_version = None {{(pid=95972) log_opt_values /opt/stack/data/venv/lib/python3.12/site-packages/oslo_config/cfg.py:3560}}
Aug 13 18:08:51.705538 np0000007244 nova-conductor[95972]: DEBUG cotyledon.oslo_config_glue [-] oslo_limit.min_version = None {{(pid=95972) log_opt_values /opt/stack/data/venv/lib/python3.12/site-packages/oslo_config/cfg.py:3560}}
Aug 13 18:08:51.705538 np0000007244 nova-conductor[95972]: DEBUG cotyledon.oslo_config_glue [-] oslo_limit.region_name = None {{(pid=95972) log_opt_values /opt/stack/data/venv/lib/python3.12/site-packages/oslo_config/cfg.py:3560}}
Aug 13 18:08:51.705538 np0000007244 nova-conductor[95972]: DEBUG cotyledon.oslo_config_glue [-] oslo_limit.retriable_status_codes = None {{(pid=95972) log_opt_values /opt/stack/data/venv/lib/python3.12/site-packages/oslo_config/cfg.py:3560}}
Aug 13 18:08:51.705735 np0000007244 nova-conductor[95972]: DEBUG cotyledon.oslo_config_glue [-] oslo_limit.service_name = None {{(pid=95972) log_opt_values /opt/stack/data/venv/lib/python3.12/site-packages/oslo_config/cfg.py:3560}}
Aug 13 18:08:51.705735 np0000007244 nova-conductor[95972]: DEBUG cotyledon.oslo_config_glue [-] oslo_limit.service_type = None {{(pid=95972) log_opt_values /opt/stack/data/venv/lib/python3.12/site-packages/oslo_config/cfg.py:3560}}
Aug 13 18:08:51.705735 np0000007244 nova-conductor[95972]: DEBUG cotyledon.oslo_config_glue [-] oslo_limit.split_loggers = False {{(pid=95972) log_opt_values /opt/stack/data/venv/lib/python3.12/site-packages/oslo_config/cfg.py:3560}}
Aug 13 18:08:51.705735 np0000007244 nova-conductor[95972]: DEBUG cotyledon.oslo_config_glue [-] oslo_limit.status_code_retries = None {{(pid=95972) log_opt_values /opt/stack/data/venv/lib/python3.12/site-packages/oslo_config/cfg.py:3560}}
Aug 13 18:08:51.705735 np0000007244 nova-conductor[95972]: DEBUG cotyledon.oslo_config_glue [-] oslo_limit.status_code_retry_delay = None {{(pid=95972) log_opt_values /opt/stack/data/venv/lib/python3.12/site-packages/oslo_config/cfg.py:3560}}
Aug 13 18:08:51.705735 np0000007244 nova-conductor[95972]: DEBUG cotyledon.oslo_config_glue [-] oslo_limit.timeout = None {{(pid=95972) log_opt_values /opt/stack/data/venv/lib/python3.12/site-packages/oslo_config/cfg.py:3560}}
Aug 13 18:08:51.705735 np0000007244 nova-conductor[95972]: DEBUG cotyledon.oslo_config_glue [-] oslo_limit.valid_interfaces = None {{(pid=95972) log_opt_values /opt/stack/data/venv/lib/python3.12/site-packages/oslo_config/cfg.py:3560}}
Aug 13 18:08:51.705735 np0000007244 nova-conductor[95972]: DEBUG cotyledon.oslo_config_glue [-] oslo_limit.version = None {{(pid=95972) log_opt_values /opt/stack/data/venv/lib/python3.12/site-packages/oslo_config/cfg.py:3560}}
Aug 13 18:08:51.705735 np0000007244 nova-conductor[95972]: DEBUG cotyledon.oslo_config_glue [-] oslo_reports.file_event_handler = None {{(pid=95972) log_opt_values /opt/stack/data/venv/lib/python3.12/site-packages/oslo_config/cfg.py:3560}}
Aug 13 18:08:51.706096 np0000007244 nova-conductor[95972]: DEBUG cotyledon.oslo_config_glue [-] oslo_reports.file_event_handler_interval = 1 {{(pid=95972) log_opt_values /opt/stack/data/venv/lib/python3.12/site-packages/oslo_config/cfg.py:3560}}
Aug 13 18:08:51.706096 np0000007244 nova-conductor[95972]: DEBUG cotyledon.oslo_config_glue [-] oslo_reports.log_dir = None {{(pid=95972) log_opt_values /opt/stack/data/venv/lib/python3.12/site-packages/oslo_config/cfg.py:3560}}
Aug 13 18:08:51.706096 np0000007244 nova-conductor[95972]: DEBUG cotyledon.oslo_config_glue [-] ******************************************************************************** {{(pid=95972) log_opt_values /opt/stack/data/venv/lib/python3.12/site-packages/oslo_config/cfg.py:3567}}
Aug 13 18:08:51.706096 np0000007244 nova-conductor[95972]: DEBUG cotyledon._service_worker [-] Run service ServiceWrapper(2) [95972] {{(pid=95972) wait_forever /opt/stack/data/venv/lib/python3.12/site-packages/cotyledon/_service_worker.py:218}}
Aug 13 18:08:51.706096 np0000007244 nova-conductor[95972]: INFO nova.service [-] Starting conductor node (version 33.1.0)
Aug 13 18:08:51.706096 np0000007244 nova-conductor[95972]: INFO dbcounter [None req-2bdb1f68-a3e8-4d8d-8965-4b7e1653c0ef None None] Registered counter for database nova_cell0
Aug 13 18:08:51.706640 np0000007244 nova-conductor[95966]: DEBUG oslo_db.sqlalchemy.engines [None req-3e72482e-7d15-41de-bb9b-5f77f688c25f None None] MySQL server mode set to STRICT_TRANS_TABLES,STRICT_ALL_TABLES,NO_ZERO_IN_DATE,NO_ZERO_DATE,ERROR_FOR_DIVISION_BY_ZERO,TRADITIONAL,NO_ENGINE_SUBSTITUTION {{(pid=95966) _check_effective_sql_mode /opt/stack/data/venv/lib/python3.12/site-packages/oslo_db/sqlalchemy/engines.py:325}}
Aug 13 18:08:51.706689 np0000007244 nova-conductor[95951]: DEBUG oslo_db.sqlalchemy.engines [None req-b38563bc-7f6d-4f53-9c50-4e217e0dedd0 None None] MySQL server mode set to STRICT_TRANS_TABLES,STRICT_ALL_TABLES,NO_ZERO_IN_DATE,NO_ZERO_DATE,ERROR_FOR_DIVISION_BY_ZERO,TRADITIONAL,NO_ENGINE_SUBSTITUTION {{(pid=95951) _check_effective_sql_mode /opt/stack/data/venv/lib/python3.12/site-packages/oslo_db/sqlalchemy/engines.py:325}}
Aug 13 18:08:51.706755 np0000007244 nova-conductor[95966]: DEBUG dbcounter [-] [95966] Writer thread running {{(pid=95966) stat_writer /opt/stack/data/venv/lib/python3.12/site-packages/dbcounter.py:102}}
Aug 13 18:08:51.706801 np0000007244 nova-conductor[95951]: DEBUG dbcounter [-] [95951] Writer thread running {{(pid=95951) stat_writer /opt/stack/data/venv/lib/python3.12/site-packages/dbcounter.py:102}}
Aug 13 18:08:51.706854 np0000007244 nova-conductor[95972]: DEBUG oslo_db.sqlalchemy.engines [None req-2bdb1f68-a3e8-4d8d-8965-4b7e1653c0ef None None] MySQL server mode set to STRICT_TRANS_TABLES,STRICT_ALL_TABLES,NO_ZERO_IN_DATE,NO_ZERO_DATE,ERROR_FOR_DIVISION_BY_ZERO,TRADITIONAL,NO_ENGINE_SUBSTITUTION {{(pid=95972) _check_effective_sql_mode /opt/stack/data/venv/lib/python3.12/site-packages/oslo_db/sqlalchemy/engines.py:325}}
Aug 13 18:08:51.707585 np0000007244 nova-conductor[95972]: DEBUG dbcounter [-] [95972] Writer thread running {{(pid=95972) stat_writer /opt/stack/data/venv/lib/python3.12/site-packages/dbcounter.py:102}}
Aug 13 18:08:51.711548 np0000007244 nova-conductor[95951]: DEBUG nova.service [None req-b38563bc-7f6d-4f53-9c50-4e217e0dedd0 None None] Creating RPC server for service: nova-conductor on topic: conductor {{(pid=95951) start /opt/stack/nova/nova/service.py:196}}
Aug 13 18:08:51.715300 np0000007244 nova-conductor[95966]: DEBUG nova.service [None req-3e72482e-7d15-41de-bb9b-5f77f688c25f None None] Creating RPC server for service: nova-conductor on topic: conductor {{(pid=95966) start /opt/stack/nova/nova/service.py:196}}
Aug 13 18:08:51.723907 np0000007244 nova-conductor[95972]: DEBUG nova.service [None req-2bdb1f68-a3e8-4d8d-8965-4b7e1653c0ef None None] Creating RPC server for service: nova-conductor on topic: conductor {{(pid=95972) start /opt/stack/nova/nova/service.py:196}}
Aug 13 18:08:51.734572 np0000007244 nova-conductor[95966]: DEBUG nova.service [None req-3e72482e-7d15-41de-bb9b-5f77f688c25f None None] Join ServiceGroup membership for this service conductor {{(pid=95966) start /opt/stack/nova/nova/service.py:222}}
Aug 13 18:08:51.734889 np0000007244 nova-conductor[95966]: DEBUG nova.servicegroup.drivers.db [None req-3e72482e-7d15-41de-bb9b-5f77f688c25f None None] DB_Driver: join new ServiceGroup member np0000007244 to the conductor group, service = {{(pid=95966) join /opt/stack/nova/nova/servicegroup/drivers/db.py:44}}
Aug 13 18:08:51.739835 np0000007244 nova-conductor[95972]: DEBUG nova.service [None req-2bdb1f68-a3e8-4d8d-8965-4b7e1653c0ef None None] Join ServiceGroup membership for this service conductor {{(pid=95972) start /opt/stack/nova/nova/service.py:222}}
Aug 13 18:08:51.739922 np0000007244 nova-conductor[95951]: DEBUG nova.service [None req-b38563bc-7f6d-4f53-9c50-4e217e0dedd0 None None] Join ServiceGroup membership for this service conductor {{(pid=95951) start /opt/stack/nova/nova/service.py:222}}
Aug 13 18:08:51.740086 np0000007244 nova-conductor[95951]: DEBUG nova.servicegroup.drivers.db [None req-b38563bc-7f6d-4f53-9c50-4e217e0dedd0 None None] DB_Driver: join new ServiceGroup member np0000007244 to the conductor group, service = {{(pid=95951) join /opt/stack/nova/nova/servicegroup/drivers/db.py:44}}
Aug 13 18:08:51.740186 np0000007244 nova-conductor[95972]: DEBUG nova.servicegroup.drivers.db [None req-2bdb1f68-a3e8-4d8d-8965-4b7e1653c0ef None None] DB_Driver: join new ServiceGroup member np0000007244 to the conductor group, service = {{(pid=95972) join /opt/stack/nova/nova/servicegroup/drivers/db.py:44}}
Aug 13 18:08:54.742106 np0000007244 nova-conductor[95972]: DEBUG oslo.service.backend._threading.loopingcall [None req-c0307a99-4fb4-448c-8dfc-a54719ac85e9 None None] Dynamic interval looping call 'nova.service.Service.periodic_tasks' sleeping for 60.00 seconds {{(pid=95972) _run_loop /opt/stack/data/venv/lib/python3.12/site-packages/oslo_service/backend/_threading/loopingcall.py:125}}
Aug 13 18:08:56.747862 np0000007244 nova-conductor[95966]: DEBUG oslo.service.backend._threading.loopingcall [-] Fixed interval looping call 'nova.servicegroup.drivers.db.DbDriver._report_state' sleeping for 119.99 seconds {{(pid=95966) _run_loop /opt/stack/data/venv/lib/python3.12/site-packages/oslo_service/backend/_threading/loopingcall.py:125}}
Aug 13 18:08:56.749782 np0000007244 nova-conductor[95972]: DEBUG oslo.service.backend._threading.loopingcall [-] Fixed interval looping call 'nova.servicegroup.drivers.db.DbDriver._report_state' sleeping for 119.99 seconds {{(pid=95972) _run_loop /opt/stack/data/venv/lib/python3.12/site-packages/oslo_service/backend/_threading/loopingcall.py:125}}
Aug 13 18:08:56.750119 np0000007244 nova-conductor[95951]: DEBUG oslo.service.backend._threading.loopingcall [-] Fixed interval looping call 'nova.servicegroup.drivers.db.DbDriver._report_state' sleeping for 119.99 seconds {{(pid=95951) _run_loop /opt/stack/data/venv/lib/python3.12/site-packages/oslo_service/backend/_threading/loopingcall.py:125}}
Aug 13 18:09:00.342743 np0000007244 nova-conductor[94528]: DEBUG dbcounter [-] [94528] Writing DB stats nova_api:SELECT=1 {{(pid=94528) stat_writer /opt/stack/data/venv/lib/python3.12/site-packages/dbcounter.py:115}}
Aug 13 18:09:00.450372 np0000007244 nova-conductor[94528]: DEBUG dbcounter [-] [94528] Writing DB stats nova_cell0:SELECT=1 {{(pid=94528) stat_writer /opt/stack/data/venv/lib/python3.12/site-packages/dbcounter.py:115}}
Aug 13 18:09:00.459330 np0000007244 nova-conductor[94528]: DEBUG dbcounter [-] [94528] Writing DB stats nova_cell1:SELECT=1 {{(pid=94528) stat_writer /opt/stack/data/venv/lib/python3.12/site-packages/dbcounter.py:115}}
Aug 13 18:09:06.744999 np0000007244 nova-conductor[95966]: DEBUG dbcounter [-] [95966] Writing DB stats nova_cell0:SELECT=5,nova_cell0:INSERT=1,nova_cell0:UPDATE=1 {{(pid=95966) stat_writer /opt/stack/data/venv/lib/python3.12/site-packages/dbcounter.py:115}}
Aug 13 18:09:06.747919 np0000007244 nova-conductor[95951]: DEBUG dbcounter [-] [95951] Writing DB stats nova_cell0:SELECT=4,nova_cell0:INSERT=1 {{(pid=95951) stat_writer /opt/stack/data/venv/lib/python3.12/site-packages/dbcounter.py:115}}
Aug 13 18:09:06.749255 np0000007244 nova-conductor[95972]: DEBUG dbcounter [-] [95972] Writing DB stats nova_cell0:SELECT=4,nova_cell0:INSERT=1,nova_cell0:UPDATE=1 {{(pid=95972) stat_writer /opt/stack/data/venv/lib/python3.12/site-packages/dbcounter.py:115}}
Aug 13 18:09:15.738801 np0000007244 nova-conductor[95966]: DEBUG oslo.service.backend._threading.loopingcall [None req-8841089f-d605-4cc1-98fe-08fff020611c None None] Dynamic interval looping call 'nova.service.Service.periodic_tasks' sleeping for 60.00 seconds {{(pid=95966) _run_loop /opt/stack/data/venv/lib/python3.12/site-packages/oslo_service/backend/_threading/loopingcall.py:125}}
Aug 13 18:09:22.742055 np0000007244 nova-conductor[95951]: DEBUG oslo.service.backend._threading.loopingcall [None req-05ef66fe-8563-4b57-84b2-31a039df9496 None None] Dynamic interval looping call 'nova.service.Service.periodic_tasks' sleeping for 60.00 seconds {{(pid=95951) _run_loop /opt/stack/data/venv/lib/python3.12/site-packages/oslo_service/backend/_threading/loopingcall.py:125}}
Aug 13 18:09:54.742591 np0000007244 nova-conductor[95972]: DEBUG oslo.service.backend._threading.loopingcall [None req-c0307a99-4fb4-448c-8dfc-a54719ac85e9 None None] Dynamic interval looping call 'nova.service.Service.periodic_tasks' sleeping for 60.00 seconds {{(pid=95972) _run_loop /opt/stack/data/venv/lib/python3.12/site-packages/oslo_service/backend/_threading/loopingcall.py:125}}
Aug 13 18:10:15.739307 np0000007244 nova-conductor[95966]: DEBUG oslo.service.backend._threading.loopingcall [None req-8841089f-d605-4cc1-98fe-08fff020611c None None] Dynamic interval looping call 'nova.service.Service.periodic_tasks' sleeping for 60.00 seconds {{(pid=95966) _run_loop /opt/stack/data/venv/lib/python3.12/site-packages/oslo_service/backend/_threading/loopingcall.py:125}}
Aug 13 18:10:22.742529 np0000007244 nova-conductor[95951]: DEBUG oslo.service.backend._threading.loopingcall [None req-05ef66fe-8563-4b57-84b2-31a039df9496 None None] Dynamic interval looping call 'nova.service.Service.periodic_tasks' sleeping for 60.00 seconds {{(pid=95951) _run_loop /opt/stack/data/venv/lib/python3.12/site-packages/oslo_service/backend/_threading/loopingcall.py:125}}
Aug 13 18:10:54.743588 np0000007244 nova-conductor[95972]: DEBUG oslo.service.backend._threading.loopingcall [None req-c0307a99-4fb4-448c-8dfc-a54719ac85e9 None None] Dynamic interval looping call 'nova.service.Service.periodic_tasks' sleeping for 60.00 seconds {{(pid=95972) _run_loop /opt/stack/data/venv/lib/python3.12/site-packages/oslo_service/backend/_threading/loopingcall.py:125}}
Aug 13 18:10:56.745530 np0000007244 nova-conductor[95966]: DEBUG oslo.service.backend._threading.loopingcall [-] Fixed interval looping call 'nova.servicegroup.drivers.db.DbDriver._report_state' sleeping for 119.99 seconds {{(pid=95966) _run_loop /opt/stack/data/venv/lib/python3.12/site-packages/oslo_service/backend/_threading/loopingcall.py:125}}
Aug 13 18:10:56.747252 np0000007244 nova-conductor[95951]: DEBUG oslo.service.backend._threading.loopingcall [-] Fixed interval looping call 'nova.servicegroup.drivers.db.DbDriver._report_state' sleeping for 119.99 seconds {{(pid=95951) _run_loop /opt/stack/data/venv/lib/python3.12/site-packages/oslo_service/backend/_threading/loopingcall.py:125}}
Aug 13 18:10:56.749014 np0000007244 nova-conductor[95972]: DEBUG oslo.service.backend._threading.loopingcall [-] Fixed interval looping call 'nova.servicegroup.drivers.db.DbDriver._report_state' sleeping for 119.99 seconds {{(pid=95972) _run_loop /opt/stack/data/venv/lib/python3.12/site-packages/oslo_service/backend/_threading/loopingcall.py:125}}
Aug 13 18:11:00.776247 np0000007244 nova-conductor[95966]: DEBUG oslo_db.sqlalchemy.engines [None req-47263efb-28ff-4f47-a472-18e9274a7e89 tempest-ServerBootFromVolumeStableRescueTest-1788113607 tempest-ServerBootFromVolumeStableRescueTest-1788113607-project-member] Parent process 94528 forked (95966) with an open database connection, which is being discarded and recreated. {{(pid=95966) checkout /opt/stack/data/venv/lib/python3.12/site-packages/oslo_db/sqlalchemy/engines.py:402}}
Aug 13 18:11:00.822469 np0000007244 nova-conductor[95966]: DEBUG dbcounter [-] [95966] Writer thread running {{(pid=95966) stat_writer /opt/stack/data/venv/lib/python3.12/site-packages/dbcounter.py:102}}
Aug 13 18:11:01.661241 np0000007244 nova-conductor[95966]: DEBUG nova.conductor.manager [None req-47263efb-28ff-4f47-a472-18e9274a7e89 tempest-ServerBootFromVolumeStableRescueTest-1788113607 tempest-ServerBootFromVolumeStableRescueTest-1788113607-project-member] Took 0.84 seconds to select destinations for 1 instance(s). {{(pid=95966) _schedule_instances /opt/stack/nova/nova/conductor/manager.py:968}}
Aug 13 18:11:01.694065 np0000007244 nova-conductor[95966]: DEBUG oslo_concurrency.lockutils [None req-47263efb-28ff-4f47-a472-18e9274a7e89 tempest-ServerBootFromVolumeStableRescueTest-1788113607 tempest-ServerBootFromVolumeStableRescueTest-1788113607-project-member] Acquiring lock "2d2bfce7-ae1b-48df-8616-ce4fb30ef869" by "nova.context.set_target_cell..get_or_set_cached_cell_and_set_connections" {{(pid=95966) inner /opt/stack/data/venv/lib/python3.12/site-packages/oslo_concurrency/lockutils.py:512}}
Aug 13 18:11:01.694322 np0000007244 nova-conductor[95966]: DEBUG oslo_concurrency.lockutils [None req-47263efb-28ff-4f47-a472-18e9274a7e89 tempest-ServerBootFromVolumeStableRescueTest-1788113607 tempest-ServerBootFromVolumeStableRescueTest-1788113607-project-member] Lock "2d2bfce7-ae1b-48df-8616-ce4fb30ef869" acquired by "nova.context.set_target_cell..get_or_set_cached_cell_and_set_connections" :: waited 0.000s {{(pid=95966) inner /opt/stack/data/venv/lib/python3.12/site-packages/oslo_concurrency/lockutils.py:525}}
Aug 13 18:11:01.695509 np0000007244 nova-conductor[95966]: DEBUG oslo_concurrency.lockutils [None req-47263efb-28ff-4f47-a472-18e9274a7e89 tempest-ServerBootFromVolumeStableRescueTest-1788113607 tempest-ServerBootFromVolumeStableRescueTest-1788113607-project-member] Lock "2d2bfce7-ae1b-48df-8616-ce4fb30ef869" "released" by "nova.context.set_target_cell..get_or_set_cached_cell_and_set_connections" :: held 0.001s {{(pid=95966) inner /opt/stack/data/venv/lib/python3.12/site-packages/oslo_concurrency/lockutils.py:544}}
Aug 13 18:11:01.697016 np0000007244 nova-conductor[95966]: INFO dbcounter [None req-47263efb-28ff-4f47-a472-18e9274a7e89 tempest-ServerBootFromVolumeStableRescueTest-1788113607 tempest-ServerBootFromVolumeStableRescueTest-1788113607-project-member] Registered counter for database nova_cell1
Aug 13 18:11:01.727179 np0000007244 nova-conductor[95966]: DEBUG oslo_db.sqlalchemy.engines [None req-47263efb-28ff-4f47-a472-18e9274a7e89 tempest-ServerBootFromVolumeStableRescueTest-1788113607 tempest-ServerBootFromVolumeStableRescueTest-1788113607-project-member] MySQL server mode set to STRICT_TRANS_TABLES,STRICT_ALL_TABLES,NO_ZERO_IN_DATE,NO_ZERO_DATE,ERROR_FOR_DIVISION_BY_ZERO,TRADITIONAL,NO_ENGINE_SUBSTITUTION {{(pid=95966) _check_effective_sql_mode /opt/stack/data/venv/lib/python3.12/site-packages/oslo_db/sqlalchemy/engines.py:325}}
Aug 13 18:11:01.733108 np0000007244 nova-conductor[95966]: DEBUG dbcounter [-] [95966] Writer thread running {{(pid=95966) stat_writer /opt/stack/data/venv/lib/python3.12/site-packages/dbcounter.py:102}}
Aug 13 18:11:01.797432 np0000007244 nova-conductor[95966]: INFO nova.utils [None req-47263efb-28ff-4f47-a472-18e9274a7e89 tempest-ServerBootFromVolumeStableRescueTest-1788113607 tempest-ServerBootFromVolumeStableRescueTest-1788113607-project-member] The cell worker thread pool ForkProcess-2.cell_worker is initialized
Aug 13 18:11:01.797432 np0000007244 nova-conductor[95966]: DEBUG oslo_concurrency.lockutils [None req-47263efb-28ff-4f47-a472-18e9274a7e89 tempest-ServerBootFromVolumeStableRescueTest-1788113607 tempest-ServerBootFromVolumeStableRescueTest-1788113607-project-member] Acquiring lock "00000000-0000-0000-0000-000000000000" by "nova.context.set_target_cell..get_or_set_cached_cell_and_set_connections" {{(pid=95966) inner /opt/stack/data/venv/lib/python3.12/site-packages/oslo_concurrency/lockutils.py:512}}
Aug 13 18:11:01.797432 np0000007244 nova-conductor[95966]: DEBUG oslo_concurrency.lockutils [None req-47263efb-28ff-4f47-a472-18e9274a7e89 tempest-ServerBootFromVolumeStableRescueTest-1788113607 tempest-ServerBootFromVolumeStableRescueTest-1788113607-project-member] Lock "00000000-0000-0000-0000-000000000000" acquired by "nova.context.set_target_cell..get_or_set_cached_cell_and_set_connections" :: waited 0.000s {{(pid=95966) inner /opt/stack/data/venv/lib/python3.12/site-packages/oslo_concurrency/lockutils.py:525}}
Aug 13 18:11:01.797975 np0000007244 nova-conductor[95966]: DEBUG oslo_concurrency.lockutils [None req-47263efb-28ff-4f47-a472-18e9274a7e89 tempest-ServerBootFromVolumeStableRescueTest-1788113607 tempest-ServerBootFromVolumeStableRescueTest-1788113607-project-member] Lock "00000000-0000-0000-0000-000000000000" "released" by "nova.context.set_target_cell..get_or_set_cached_cell_and_set_connections" :: held 0.000s {{(pid=95966) inner /opt/stack/data/venv/lib/python3.12/site-packages/oslo_concurrency/lockutils.py:544}}
Aug 13 18:11:01.798549 np0000007244 nova-conductor[95966]: DEBUG oslo_concurrency.lockutils [None req-47263efb-28ff-4f47-a472-18e9274a7e89 tempest-ServerBootFromVolumeStableRescueTest-1788113607 tempest-ServerBootFromVolumeStableRescueTest-1788113607-project-member] Acquiring lock "2d2bfce7-ae1b-48df-8616-ce4fb30ef869" by "nova.context.set_target_cell..get_or_set_cached_cell_and_set_connections" {{(pid=95966) inner /opt/stack/data/venv/lib/python3.12/site-packages/oslo_concurrency/lockutils.py:512}}
Aug 13 18:11:01.798748 np0000007244 nova-conductor[95966]: DEBUG oslo_concurrency.lockutils [None req-47263efb-28ff-4f47-a472-18e9274a7e89 tempest-ServerBootFromVolumeStableRescueTest-1788113607 tempest-ServerBootFromVolumeStableRescueTest-1788113607-project-member] Lock "2d2bfce7-ae1b-48df-8616-ce4fb30ef869" acquired by "nova.context.set_target_cell..get_or_set_cached_cell_and_set_connections" :: waited 0.000s {{(pid=95966) inner /opt/stack/data/venv/lib/python3.12/site-packages/oslo_concurrency/lockutils.py:525}}
Aug 13 18:11:01.798909 np0000007244 nova-conductor[95966]: DEBUG oslo_concurrency.lockutils [None req-47263efb-28ff-4f47-a472-18e9274a7e89 tempest-ServerBootFromVolumeStableRescueTest-1788113607 tempest-ServerBootFromVolumeStableRescueTest-1788113607-project-member] Lock "2d2bfce7-ae1b-48df-8616-ce4fb30ef869" "released" by "nova.context.set_target_cell..get_or_set_cached_cell_and_set_connections" :: held 0.000s {{(pid=95966) inner /opt/stack/data/venv/lib/python3.12/site-packages/oslo_concurrency/lockutils.py:544}}
Aug 13 18:11:01.800593 np0000007244 nova-conductor[95966]: INFO dbcounter [None req-47263efb-28ff-4f47-a472-18e9274a7e89 tempest-ServerBootFromVolumeStableRescueTest-1788113607 tempest-ServerBootFromVolumeStableRescueTest-1788113607-project-member] Registered counter for database nova_cell0
Aug 13 18:11:01.837544 np0000007244 nova-conductor[95966]: DEBUG oslo_db.sqlalchemy.engines [None req-47263efb-28ff-4f47-a472-18e9274a7e89 tempest-ServerBootFromVolumeStableRescueTest-1788113607 tempest-ServerBootFromVolumeStableRescueTest-1788113607-project-member] MySQL server mode set to STRICT_TRANS_TABLES,STRICT_ALL_TABLES,NO_ZERO_IN_DATE,NO_ZERO_DATE,ERROR_FOR_DIVISION_BY_ZERO,TRADITIONAL,NO_ENGINE_SUBSTITUTION {{(pid=95966) _check_effective_sql_mode /opt/stack/data/venv/lib/python3.12/site-packages/oslo_db/sqlalchemy/engines.py:325}}
Aug 13 18:11:01.845079 np0000007244 nova-conductor[95966]: DEBUG dbcounter [-] [95966] Writer thread running {{(pid=95966) stat_writer /opt/stack/data/venv/lib/python3.12/site-packages/dbcounter.py:102}}
Aug 13 18:11:01.855039 np0000007244 nova-conductor[95966]: DEBUG nova.quota [None req-47263efb-28ff-4f47-a472-18e9274a7e89 tempest-ServerBootFromVolumeStableRescueTest-1788113607 tempest-ServerBootFromVolumeStableRescueTest-1788113607-project-member] Getting quotas for project 20e7b7b7339b41c499431fb2a4fc858e. Resources: {'instances', 'cores', 'ram'} {{(pid=95966) _get_quotas /opt/stack/nova/nova/quota.py:389}}
Aug 13 18:11:01.858487 np0000007244 nova-conductor[95966]: DEBUG nova.quota [None req-47263efb-28ff-4f47-a472-18e9274a7e89 tempest-ServerBootFromVolumeStableRescueTest-1788113607 tempest-ServerBootFromVolumeStableRescueTest-1788113607-project-member] Getting quotas for user 2c2453b9f55f4942bfaf148c5c803ca3 and project 20e7b7b7339b41c499431fb2a4fc858e. Resources: {'instances', 'cores', 'ram'} {{(pid=95966) _get_quotas /opt/stack/nova/nova/quota.py:379}}
Aug 13 18:11:01.865862 np0000007244 nova-conductor[95966]: DEBUG nova.conductor.manager [None req-47263efb-28ff-4f47-a472-18e9274a7e89 tempest-ServerBootFromVolumeStableRescueTest-1788113607 tempest-ServerBootFromVolumeStableRescueTest-1788113607-project-member] [instance: 6aad345e-2dc7-48ec-92bd-136860c03ad6] Selected host: np0000007244; Selected node: np0000007244; Alternates: [] {{(pid=95966) schedule_and_build_instances /opt/stack/nova/nova/conductor/manager.py:1784}}
Aug 13 18:11:01.866546 np0000007244 nova-conductor[95966]: DEBUG oslo_concurrency.lockutils [None req-47263efb-28ff-4f47-a472-18e9274a7e89 tempest-ServerBootFromVolumeStableRescueTest-1788113607 tempest-ServerBootFromVolumeStableRescueTest-1788113607-project-member] Acquiring lock "2d2bfce7-ae1b-48df-8616-ce4fb30ef869" by "nova.context.set_target_cell..get_or_set_cached_cell_and_set_connections" {{(pid=95966) inner /opt/stack/data/venv/lib/python3.12/site-packages/oslo_concurrency/lockutils.py:512}}
Aug 13 18:11:01.866833 np0000007244 nova-conductor[95966]: DEBUG oslo_concurrency.lockutils [None req-47263efb-28ff-4f47-a472-18e9274a7e89 tempest-ServerBootFromVolumeStableRescueTest-1788113607 tempest-ServerBootFromVolumeStableRescueTest-1788113607-project-member] Lock "2d2bfce7-ae1b-48df-8616-ce4fb30ef869" acquired by "nova.context.set_target_cell..get_or_set_cached_cell_and_set_connections" :: waited 0.000s {{(pid=95966) inner /opt/stack/data/venv/lib/python3.12/site-packages/oslo_concurrency/lockutils.py:525}}
Aug 13 18:11:01.866913 np0000007244 nova-conductor[95966]: DEBUG oslo_concurrency.lockutils [None req-47263efb-28ff-4f47-a472-18e9274a7e89 tempest-ServerBootFromVolumeStableRescueTest-1788113607 tempest-ServerBootFromVolumeStableRescueTest-1788113607-project-member] Lock "2d2bfce7-ae1b-48df-8616-ce4fb30ef869" "released" by "nova.context.set_target_cell..get_or_set_cached_cell_and_set_connections" :: held 0.000s {{(pid=95966) inner /opt/stack/data/venv/lib/python3.12/site-packages/oslo_concurrency/lockutils.py:544}}
Aug 13 18:11:01.880733 np0000007244 nova-conductor[95966]: DEBUG nova.conductor.manager [None req-47263efb-28ff-4f47-a472-18e9274a7e89 tempest-ServerBootFromVolumeStableRescueTest-1788113607 tempest-ServerBootFromVolumeStableRescueTest-1788113607-project-member] [instance: 6aad345e-2dc7-48ec-92bd-136860c03ad6] block_device_mapping [BlockDeviceMapping(attachment_id=,boot_index=0,connection_info=None,created_at=,delete_on_termination=True,deleted=,deleted_at=,destination_type='local',device_name=None,device_type='disk',disk_bus=None,encrypted=False,encryption_format=None,encryption_options=None,encryption_secret_uuid=None,guest_format=None,id=,image_id='180511d6-8c3d-4d43-a57f-e997cbdc2cf7',instance=,instance_uuid=,no_device=False,snapshot_id=None,source_type='image',tag=None,updated_at=,uuid=,volume_id=None,volume_size=None,volume_type=None)] {{(pid=95966) _create_block_device_mapping /opt/stack/nova/nova/conductor/manager.py:1529}}
Aug 13 18:11:01.882004 np0000007244 nova-conductor[95966]: DEBUG oslo_concurrency.lockutils [None req-47263efb-28ff-4f47-a472-18e9274a7e89 tempest-ServerBootFromVolumeStableRescueTest-1788113607 tempest-ServerBootFromVolumeStableRescueTest-1788113607-project-member] Acquiring lock "2d2bfce7-ae1b-48df-8616-ce4fb30ef869" by "nova.context.set_target_cell..get_or_set_cached_cell_and_set_connections" {{(pid=95966) inner /opt/stack/data/venv/lib/python3.12/site-packages/oslo_concurrency/lockutils.py:512}}
Aug 13 18:11:01.882203 np0000007244 nova-conductor[95966]: DEBUG oslo_concurrency.lockutils [None req-47263efb-28ff-4f47-a472-18e9274a7e89 tempest-ServerBootFromVolumeStableRescueTest-1788113607 tempest-ServerBootFromVolumeStableRescueTest-1788113607-project-member] Lock "2d2bfce7-ae1b-48df-8616-ce4fb30ef869" acquired by "nova.context.set_target_cell..get_or_set_cached_cell_and_set_connections" :: waited 0.000s {{(pid=95966) inner /opt/stack/data/venv/lib/python3.12/site-packages/oslo_concurrency/lockutils.py:525}}
Aug 13 18:11:01.882434 np0000007244 nova-conductor[95966]: DEBUG oslo_concurrency.lockutils [None req-47263efb-28ff-4f47-a472-18e9274a7e89 tempest-ServerBootFromVolumeStableRescueTest-1788113607 tempest-ServerBootFromVolumeStableRescueTest-1788113607-project-member] Lock "2d2bfce7-ae1b-48df-8616-ce4fb30ef869" "released" by "nova.context.set_target_cell..get_or_set_cached_cell_and_set_connections" :: held 0.000s {{(pid=95966) inner /opt/stack/data/venv/lib/python3.12/site-packages/oslo_concurrency/lockutils.py:544}}
Aug 13 18:11:01.914941 np0000007244 nova-conductor[95966]: DEBUG oslo_concurrency.lockutils [None req-47263efb-28ff-4f47-a472-18e9274a7e89 tempest-ServerBootFromVolumeStableRescueTest-1788113607 tempest-ServerBootFromVolumeStableRescueTest-1788113607-project-member] Acquiring lock "2d2bfce7-ae1b-48df-8616-ce4fb30ef869" by "nova.context.set_target_cell..get_or_set_cached_cell_and_set_connections" {{(pid=95966) inner /opt/stack/data/venv/lib/python3.12/site-packages/oslo_concurrency/lockutils.py:512}}
Aug 13 18:11:01.914941 np0000007244 nova-conductor[95966]: DEBUG oslo_concurrency.lockutils [None req-47263efb-28ff-4f47-a472-18e9274a7e89 tempest-ServerBootFromVolumeStableRescueTest-1788113607 tempest-ServerBootFromVolumeStableRescueTest-1788113607-project-member] Lock "2d2bfce7-ae1b-48df-8616-ce4fb30ef869" acquired by "nova.context.set_target_cell..get_or_set_cached_cell_and_set_connections" :: waited 0.000s {{(pid=95966) inner /opt/stack/data/venv/lib/python3.12/site-packages/oslo_concurrency/lockutils.py:525}}
Aug 13 18:11:01.915049 np0000007244 nova-conductor[95966]: DEBUG oslo_concurrency.lockutils [None req-47263efb-28ff-4f47-a472-18e9274a7e89 tempest-ServerBootFromVolumeStableRescueTest-1788113607 tempest-ServerBootFromVolumeStableRescueTest-1788113607-project-member] Lock "2d2bfce7-ae1b-48df-8616-ce4fb30ef869" "released" by "nova.context.set_target_cell..get_or_set_cached_cell_and_set_connections" :: held 0.000s {{(pid=95966) inner /opt/stack/data/venv/lib/python3.12/site-packages/oslo_concurrency/lockutils.py:544}}
Aug 13 18:11:01.915193 np0000007244 nova-conductor[95966]: DEBUG oslo_concurrency.lockutils [None req-47263efb-28ff-4f47-a472-18e9274a7e89 tempest-ServerBootFromVolumeStableRescueTest-1788113607 tempest-ServerBootFromVolumeStableRescueTest-1788113607-project-member] Acquiring lock "compute-rpcapi-router" {{(pid=95966) lock /opt/stack/data/venv/lib/python3.12/site-packages/oslo_concurrency/lockutils.py:396}}
Aug 13 18:11:01.915270 np0000007244 nova-conductor[95966]: DEBUG oslo_concurrency.lockutils [None req-47263efb-28ff-4f47-a472-18e9274a7e89 tempest-ServerBootFromVolumeStableRescueTest-1788113607 tempest-ServerBootFromVolumeStableRescueTest-1788113607-project-member] Acquired lock "compute-rpcapi-router" {{(pid=95966) lock /opt/stack/data/venv/lib/python3.12/site-packages/oslo_concurrency/lockutils.py:399}}
Aug 13 18:11:01.915610 np0000007244 nova-conductor[95966]: DEBUG oslo_concurrency.lockutils [None req-b57cc457-aba5-4a67-a48a-831fc1dbdb61 None None] Acquiring lock "00000000-0000-0000-0000-000000000000" by "nova.context.set_target_cell..get_or_set_cached_cell_and_set_connections" {{(pid=95966) inner /opt/stack/data/venv/lib/python3.12/site-packages/oslo_concurrency/lockutils.py:512}}
Aug 13 18:11:01.915767 np0000007244 nova-conductor[95966]: DEBUG oslo_concurrency.lockutils [None req-b57cc457-aba5-4a67-a48a-831fc1dbdb61 None None] Lock "00000000-0000-0000-0000-000000000000" acquired by "nova.context.set_target_cell..get_or_set_cached_cell_and_set_connections" :: waited 0.000s {{(pid=95966) inner /opt/stack/data/venv/lib/python3.12/site-packages/oslo_concurrency/lockutils.py:525}}
Aug 13 18:11:01.915922 np0000007244 nova-conductor[95966]: DEBUG oslo_concurrency.lockutils [None req-b57cc457-aba5-4a67-a48a-831fc1dbdb61 None None] Lock "00000000-0000-0000-0000-000000000000" "released" by "nova.context.set_target_cell..get_or_set_cached_cell_and_set_connections" :: held 0.000s {{(pid=95966) inner /opt/stack/data/venv/lib/python3.12/site-packages/oslo_concurrency/lockutils.py:544}}
Aug 13 18:11:01.916602 np0000007244 nova-conductor[95966]: DEBUG oslo_concurrency.lockutils [None req-b57cc457-aba5-4a67-a48a-831fc1dbdb61 None None] Acquiring lock "2d2bfce7-ae1b-48df-8616-ce4fb30ef869" by "nova.context.set_target_cell..get_or_set_cached_cell_and_set_connections" {{(pid=95966) inner /opt/stack/data/venv/lib/python3.12/site-packages/oslo_concurrency/lockutils.py:512}}
Aug 13 18:11:01.916732 np0000007244 nova-conductor[95966]: DEBUG oslo_concurrency.lockutils [None req-b57cc457-aba5-4a67-a48a-831fc1dbdb61 None None] Lock "2d2bfce7-ae1b-48df-8616-ce4fb30ef869" acquired by "nova.context.set_target_cell..get_or_set_cached_cell_and_set_connections" :: waited 0.000s {{(pid=95966) inner /opt/stack/data/venv/lib/python3.12/site-packages/oslo_concurrency/lockutils.py:525}}
Aug 13 18:11:01.916825 np0000007244 nova-conductor[95966]: DEBUG oslo_concurrency.lockutils [None req-b57cc457-aba5-4a67-a48a-831fc1dbdb61 None None] Lock "2d2bfce7-ae1b-48df-8616-ce4fb30ef869" "released" by "nova.context.set_target_cell..get_or_set_cached_cell_and_set_connections" :: held 0.000s {{(pid=95966) inner /opt/stack/data/venv/lib/python3.12/site-packages/oslo_concurrency/lockutils.py:544}}
Aug 13 18:11:01.925223 np0000007244 nova-conductor[95966]: INFO nova.compute.rpcapi [None req-b57cc457-aba5-4a67-a48a-831fc1dbdb61 None None] Automatically selected compute RPC version 6.5 from minimum service version 72
Aug 13 18:11:01.925637 np0000007244 nova-conductor[95966]: DEBUG oslo_concurrency.lockutils [None req-b57cc457-aba5-4a67-a48a-831fc1dbdb61 None None] Releasing lock "compute-rpcapi-router" {{(pid=95966) lock /opt/stack/data/venv/lib/python3.12/site-packages/oslo_concurrency/lockutils.py:419}}
Aug 13 18:11:06.743475 np0000007244 nova-conductor[95972]: DEBUG dbcounter [-] [95972] Writing DB stats nova_cell0:SELECT=1,nova_cell0:UPDATE=1 {{(pid=95972) stat_writer /opt/stack/data/venv/lib/python3.12/site-packages/dbcounter.py:115}}
Aug 13 18:11:06.745317 np0000007244 nova-conductor[95951]: DEBUG dbcounter [-] [95951] Writing DB stats nova_cell0:SELECT=1 {{(pid=95951) stat_writer /opt/stack/data/venv/lib/python3.12/site-packages/dbcounter.py:115}}
Aug 13 18:11:08.195789 np0000007244 nova-conductor[95972]: DEBUG dbcounter [-] [95972] Writer thread running {{(pid=95972) stat_writer /opt/stack/data/venv/lib/python3.12/site-packages/dbcounter.py:102}}
Aug 13 18:11:08.638861 np0000007244 nova-conductor[95972]: DEBUG nova.conductor.manager [None req-0241a415-0595-464f-80a6-4808b7afe074 tempest-ServerActionsV293TestJSON-703699886 tempest-ServerActionsV293TestJSON-703699886-project-member] Took 0.44 seconds to select destinations for 1 instance(s). {{(pid=95972) _schedule_instances /opt/stack/nova/nova/conductor/manager.py:968}}
Aug 13 18:11:08.664738 np0000007244 nova-conductor[95972]: DEBUG oslo_concurrency.lockutils [None req-0241a415-0595-464f-80a6-4808b7afe074 tempest-ServerActionsV293TestJSON-703699886 tempest-ServerActionsV293TestJSON-703699886-project-member] Acquiring lock "2d2bfce7-ae1b-48df-8616-ce4fb30ef869" by "nova.context.set_target_cell..get_or_set_cached_cell_and_set_connections" {{(pid=95972) inner /opt/stack/data/venv/lib/python3.12/site-packages/oslo_concurrency/lockutils.py:512}}
Aug 13 18:11:08.664936 np0000007244 nova-conductor[95972]: DEBUG oslo_concurrency.lockutils [None req-0241a415-0595-464f-80a6-4808b7afe074 tempest-ServerActionsV293TestJSON-703699886 tempest-ServerActionsV293TestJSON-703699886-project-member] Lock "2d2bfce7-ae1b-48df-8616-ce4fb30ef869" acquired by "nova.context.set_target_cell..get_or_set_cached_cell_and_set_connections" :: waited 0.000s {{(pid=95972) inner /opt/stack/data/venv/lib/python3.12/site-packages/oslo_concurrency/lockutils.py:525}}
Aug 13 18:11:08.666091 np0000007244 nova-conductor[95972]: DEBUG oslo_concurrency.lockutils [None req-0241a415-0595-464f-80a6-4808b7afe074 tempest-ServerActionsV293TestJSON-703699886 tempest-ServerActionsV293TestJSON-703699886-project-member] Lock "2d2bfce7-ae1b-48df-8616-ce4fb30ef869" "released" by "nova.context.set_target_cell..get_or_set_cached_cell_and_set_connections" :: held 0.001s {{(pid=95972) inner /opt/stack/data/venv/lib/python3.12/site-packages/oslo_concurrency/lockutils.py:544}}
Aug 13 18:11:08.667575 np0000007244 nova-conductor[95972]: INFO dbcounter [None req-0241a415-0595-464f-80a6-4808b7afe074 tempest-ServerActionsV293TestJSON-703699886 tempest-ServerActionsV293TestJSON-703699886-project-member] Registered counter for database nova_cell1
Aug 13 18:11:08.713034 np0000007244 nova-conductor[95972]: DEBUG oslo_db.sqlalchemy.engines [None req-0241a415-0595-464f-80a6-4808b7afe074 tempest-ServerActionsV293TestJSON-703699886 tempest-ServerActionsV293TestJSON-703699886-project-member] MySQL server mode set to STRICT_TRANS_TABLES,STRICT_ALL_TABLES,NO_ZERO_IN_DATE,NO_ZERO_DATE,ERROR_FOR_DIVISION_BY_ZERO,TRADITIONAL,NO_ENGINE_SUBSTITUTION {{(pid=95972) _check_effective_sql_mode /opt/stack/data/venv/lib/python3.12/site-packages/oslo_db/sqlalchemy/engines.py:325}}
Aug 13 18:11:08.722776 np0000007244 nova-conductor[95972]: DEBUG dbcounter [-] [95972] Writer thread running {{(pid=95972) stat_writer /opt/stack/data/venv/lib/python3.12/site-packages/dbcounter.py:102}}
Aug 13 18:11:08.770621 np0000007244 nova-conductor[95972]: INFO nova.utils [None req-0241a415-0595-464f-80a6-4808b7afe074 tempest-ServerActionsV293TestJSON-703699886 tempest-ServerActionsV293TestJSON-703699886-project-member] The cell worker thread pool ForkProcess-3.cell_worker is initialized
Aug 13 18:11:08.770987 np0000007244 nova-conductor[95972]: DEBUG oslo_concurrency.lockutils [None req-0241a415-0595-464f-80a6-4808b7afe074 tempest-ServerActionsV293TestJSON-703699886 tempest-ServerActionsV293TestJSON-703699886-project-member] Acquiring lock "00000000-0000-0000-0000-000000000000" by "nova.context.set_target_cell..get_or_set_cached_cell_and_set_connections" {{(pid=95972) inner /opt/stack/data/venv/lib/python3.12/site-packages/oslo_concurrency/lockutils.py:512}}
Aug 13 18:11:08.771196 np0000007244 nova-conductor[95972]: DEBUG oslo_concurrency.lockutils [None req-0241a415-0595-464f-80a6-4808b7afe074 tempest-ServerActionsV293TestJSON-703699886 tempest-ServerActionsV293TestJSON-703699886-project-member] Lock "00000000-0000-0000-0000-000000000000" acquired by "nova.context.set_target_cell..get_or_set_cached_cell_and_set_connections" :: waited 0.000s {{(pid=95972) inner /opt/stack/data/venv/lib/python3.12/site-packages/oslo_concurrency/lockutils.py:525}}
Aug 13 18:11:08.772017 np0000007244 nova-conductor[95972]: DEBUG oslo_concurrency.lockutils [None req-0241a415-0595-464f-80a6-4808b7afe074 tempest-ServerActionsV293TestJSON-703699886 tempest-ServerActionsV293TestJSON-703699886-project-member] Lock "00000000-0000-0000-0000-000000000000" "released" by "nova.context.set_target_cell..get_or_set_cached_cell_and_set_connections" :: held 0.001s {{(pid=95972) inner /opt/stack/data/venv/lib/python3.12/site-packages/oslo_concurrency/lockutils.py:544}}
Aug 13 18:11:08.772780 np0000007244 nova-conductor[95972]: DEBUG oslo_concurrency.lockutils [None req-0241a415-0595-464f-80a6-4808b7afe074 tempest-ServerActionsV293TestJSON-703699886 tempest-ServerActionsV293TestJSON-703699886-project-member] Acquiring lock "2d2bfce7-ae1b-48df-8616-ce4fb30ef869" by "nova.context.set_target_cell..get_or_set_cached_cell_and_set_connections" {{(pid=95972) inner /opt/stack/data/venv/lib/python3.12/site-packages/oslo_concurrency/lockutils.py:512}}
Aug 13 18:11:08.774429 np0000007244 nova-conductor[95972]: INFO dbcounter [None req-0241a415-0595-464f-80a6-4808b7afe074 tempest-ServerActionsV293TestJSON-703699886 tempest-ServerActionsV293TestJSON-703699886-project-member] Registered counter for database nova_cell0
Aug 13 18:11:08.775801 np0000007244 nova-conductor[95972]: DEBUG oslo_concurrency.lockutils [None req-0241a415-0595-464f-80a6-4808b7afe074 tempest-ServerActionsV293TestJSON-703699886 tempest-ServerActionsV293TestJSON-703699886-project-member] Lock "2d2bfce7-ae1b-48df-8616-ce4fb30ef869" acquired by "nova.context.set_target_cell..get_or_set_cached_cell_and_set_connections" :: waited 0.001s {{(pid=95972) inner /opt/stack/data/venv/lib/python3.12/site-packages/oslo_concurrency/lockutils.py:525}}
Aug 13 18:11:08.775989 np0000007244 nova-conductor[95972]: DEBUG oslo_concurrency.lockutils [None req-0241a415-0595-464f-80a6-4808b7afe074 tempest-ServerActionsV293TestJSON-703699886 tempest-ServerActionsV293TestJSON-703699886-project-member] Lock "2d2bfce7-ae1b-48df-8616-ce4fb30ef869" "released" by "nova.context.set_target_cell..get_or_set_cached_cell_and_set_connections" :: held 0.002s {{(pid=95972) inner /opt/stack/data/venv/lib/python3.12/site-packages/oslo_concurrency/lockutils.py:544}}
