Jul 31 18:00:36.543359 np0000006251 nova-conductor[95926]: DEBUG cotyledon.oslo_config_glue [-] oslo_messaging_rabbit.rabbit_quorum_max_memory_bytes = 0 {{(pid=95926) log_opt_values /opt/stack/data/venv/lib/python3.12/site-packages/oslo_config/cfg.py:3253}}
Jul 31 18:00:36.543359 np0000006251 nova-conductor[95926]: DEBUG cotyledon.oslo_config_glue [-] oslo_messaging_rabbit.rabbit_quorum_max_memory_length = 0 {{(pid=95926) log_opt_values /opt/stack/data/venv/lib/python3.12/site-packages/oslo_config/cfg.py:3253}}
Jul 31 18:00:36.543359 np0000006251 nova-conductor[95926]: DEBUG cotyledon.oslo_config_glue [-] oslo_messaging_rabbit.rabbit_quorum_queue = False {{(pid=95926) log_opt_values /opt/stack/data/venv/lib/python3.12/site-packages/oslo_config/cfg.py:3253}}
Jul 31 18:00:36.543359 np0000006251 nova-conductor[95926]: DEBUG cotyledon.oslo_config_glue [-] oslo_messaging_rabbit.rabbit_retry_backoff = 2 {{(pid=95926) log_opt_values /opt/stack/data/venv/lib/python3.12/site-packages/oslo_config/cfg.py:3253}}
Jul 31 18:00:36.543359 np0000006251 nova-conductor[95926]: DEBUG cotyledon.oslo_config_glue [-] oslo_messaging_rabbit.rabbit_retry_interval = 1 {{(pid=95926) log_opt_values /opt/stack/data/venv/lib/python3.12/site-packages/oslo_config/cfg.py:3253}}
Jul 31 18:00:36.543359 np0000006251 nova-conductor[95926]: DEBUG cotyledon.oslo_config_glue [-] oslo_messaging_rabbit.rabbit_stream_fanout = False {{(pid=95926) log_opt_values /opt/stack/data/venv/lib/python3.12/site-packages/oslo_config/cfg.py:3253}}
Jul 31 18:00:36.543607 np0000006251 nova-conductor[95926]: DEBUG cotyledon.oslo_config_glue [-] oslo_messaging_rabbit.rabbit_transient_queues_ttl = 1800 {{(pid=95926) log_opt_values /opt/stack/data/venv/lib/python3.12/site-packages/oslo_config/cfg.py:3253}}
Jul 31 18:00:36.543607 np0000006251 nova-conductor[95926]: DEBUG cotyledon.oslo_config_glue [-] oslo_messaging_rabbit.rabbit_transient_quorum_queue = False {{(pid=95926) log_opt_values /opt/stack/data/venv/lib/python3.12/site-packages/oslo_config/cfg.py:3253}}
Jul 31 18:00:36.543607 np0000006251 nova-conductor[95926]: DEBUG cotyledon.oslo_config_glue [-] oslo_messaging_rabbit.rpc_conn_pool_size = 30 {{(pid=95926) log_opt_values /opt/stack/data/venv/lib/python3.12/site-packages/oslo_config/cfg.py:3253}}
Jul 31 18:00:36.543607 np0000006251 nova-conductor[95926]: DEBUG cotyledon.oslo_config_glue [-] oslo_messaging_rabbit.ssl = False {{(pid=95926) log_opt_values /opt/stack/data/venv/lib/python3.12/site-packages/oslo_config/cfg.py:3253}}
Jul 31 18:00:36.543607 np0000006251 nova-conductor[95926]: DEBUG cotyledon.oslo_config_glue [-] oslo_messaging_rabbit.ssl_ca_file = {{(pid=95926) log_opt_values /opt/stack/data/venv/lib/python3.12/site-packages/oslo_config/cfg.py:3253}}
Jul 31 18:00:36.543607 np0000006251 nova-conductor[95926]: DEBUG cotyledon.oslo_config_glue [-] oslo_messaging_rabbit.ssl_cert_file = {{(pid=95926) log_opt_values /opt/stack/data/venv/lib/python3.12/site-packages/oslo_config/cfg.py:3253}}
Jul 31 18:00:36.543607 np0000006251 nova-conductor[95926]: DEBUG cotyledon.oslo_config_glue [-] oslo_messaging_rabbit.ssl_enforce_fips_mode = False {{(pid=95926) log_opt_values /opt/stack/data/venv/lib/python3.12/site-packages/oslo_config/cfg.py:3253}}
Jul 31 18:00:36.543607 np0000006251 nova-conductor[95926]: DEBUG cotyledon.oslo_config_glue [-] oslo_messaging_rabbit.ssl_enforce_hostname_verification = True {{(pid=95926) log_opt_values /opt/stack/data/venv/lib/python3.12/site-packages/oslo_config/cfg.py:3253}}
Jul 31 18:00:36.543607 np0000006251 nova-conductor[95926]: DEBUG cotyledon.oslo_config_glue [-] oslo_messaging_rabbit.ssl_key_file = {{(pid=95926) log_opt_values /opt/stack/data/venv/lib/python3.12/site-packages/oslo_config/cfg.py:3253}}
Jul 31 18:00:36.543882 np0000006251 nova-conductor[95926]: DEBUG cotyledon.oslo_config_glue [-] oslo_messaging_rabbit.ssl_version = {{(pid=95926) log_opt_values /opt/stack/data/venv/lib/python3.12/site-packages/oslo_config/cfg.py:3253}}
Jul 31 18:00:36.543882 np0000006251 nova-conductor[95926]: DEBUG cotyledon.oslo_config_glue [-] oslo_messaging_rabbit.use_queue_manager = False {{(pid=95926) log_opt_values /opt/stack/data/venv/lib/python3.12/site-packages/oslo_config/cfg.py:3253}}
Jul 31 18:00:36.543882 np0000006251 nova-conductor[95926]: DEBUG cotyledon.oslo_config_glue [-] oslo_messaging_notifications.driver = ['messagingv2'] {{(pid=95926) log_opt_values /opt/stack/data/venv/lib/python3.12/site-packages/oslo_config/cfg.py:3253}}
Jul 31 18:00:36.543882 np0000006251 nova-conductor[95926]: DEBUG cotyledon.oslo_config_glue [-] oslo_messaging_notifications.retry = -1 {{(pid=95926) log_opt_values /opt/stack/data/venv/lib/python3.12/site-packages/oslo_config/cfg.py:3253}}
Jul 31 18:00:36.543882 np0000006251 nova-conductor[95926]: DEBUG cotyledon.oslo_config_glue [-] oslo_messaging_notifications.topics = ['notifications'] {{(pid=95926) log_opt_values /opt/stack/data/venv/lib/python3.12/site-packages/oslo_config/cfg.py:3253}}
Jul 31 18:00:36.543882 np0000006251 nova-conductor[95926]: DEBUG cotyledon.oslo_config_glue [-] oslo_messaging_notifications.transport_url = **** {{(pid=95926) log_opt_values /opt/stack/data/venv/lib/python3.12/site-packages/oslo_config/cfg.py:3253}}
Jul 31 18:00:36.543882 np0000006251 nova-conductor[95926]: DEBUG cotyledon.oslo_config_glue [-] oslo_limit.auth_section = None {{(pid=95926) log_opt_values /opt/stack/data/venv/lib/python3.12/site-packages/oslo_config/cfg.py:3253}}
Jul 31 18:00:36.543882 np0000006251 nova-conductor[95926]: DEBUG cotyledon.oslo_config_glue [-] oslo_limit.auth_type = None {{(pid=95926) log_opt_values /opt/stack/data/venv/lib/python3.12/site-packages/oslo_config/cfg.py:3253}}
Jul 31 18:00:36.543882 np0000006251 nova-conductor[95926]: DEBUG cotyledon.oslo_config_glue [-] oslo_limit.cafile = None {{(pid=95926) log_opt_values /opt/stack/data/venv/lib/python3.12/site-packages/oslo_config/cfg.py:3253}}
Jul 31 18:00:36.544139 np0000006251 nova-conductor[95936]: INFO dbcounter [None req-639eb844-40f2-429f-b3ee-1cae22725714 None None] Registered counter for database nova_cell0
Jul 31 18:00:36.544168 np0000006251 nova-conductor[95926]: DEBUG cotyledon.oslo_config_glue [-] oslo_limit.certfile = None {{(pid=95926) log_opt_values /opt/stack/data/venv/lib/python3.12/site-packages/oslo_config/cfg.py:3253}}
Jul 31 18:00:36.544168 np0000006251 nova-conductor[95926]: DEBUG cotyledon.oslo_config_glue [-] oslo_limit.collect_timing = False {{(pid=95926) log_opt_values /opt/stack/data/venv/lib/python3.12/site-packages/oslo_config/cfg.py:3253}}
Jul 31 18:00:36.544168 np0000006251 nova-conductor[95926]: DEBUG cotyledon.oslo_config_glue [-] oslo_limit.connect_retries = None {{(pid=95926) log_opt_values /opt/stack/data/venv/lib/python3.12/site-packages/oslo_config/cfg.py:3253}}
Jul 31 18:00:36.544168 np0000006251 nova-conductor[95926]: DEBUG cotyledon.oslo_config_glue [-] oslo_limit.connect_retry_delay = None {{(pid=95926) log_opt_values /opt/stack/data/venv/lib/python3.12/site-packages/oslo_config/cfg.py:3253}}
Jul 31 18:00:36.544168 np0000006251 nova-conductor[95926]: DEBUG cotyledon.oslo_config_glue [-] oslo_limit.endpoint_id = None {{(pid=95926) log_opt_values /opt/stack/data/venv/lib/python3.12/site-packages/oslo_config/cfg.py:3253}}
Jul 31 18:00:36.544168 np0000006251 nova-conductor[95926]: DEBUG cotyledon.oslo_config_glue [-] oslo_limit.endpoint_interface = public {{(pid=95926) log_opt_values /opt/stack/data/venv/lib/python3.12/site-packages/oslo_config/cfg.py:3253}}
Jul 31 18:00:36.544168 np0000006251 nova-conductor[95926]: DEBUG cotyledon.oslo_config_glue [-] oslo_limit.endpoint_override = None {{(pid=95926) log_opt_values /opt/stack/data/venv/lib/python3.12/site-packages/oslo_config/cfg.py:3253}}
Jul 31 18:00:36.544168 np0000006251 nova-conductor[95926]: DEBUG cotyledon.oslo_config_glue [-] oslo_limit.endpoint_region_name = None {{(pid=95926) log_opt_values /opt/stack/data/venv/lib/python3.12/site-packages/oslo_config/cfg.py:3253}}
Jul 31 18:00:36.544168 np0000006251 nova-conductor[95926]: DEBUG cotyledon.oslo_config_glue [-] oslo_limit.endpoint_service_name = None {{(pid=95926) log_opt_values /opt/stack/data/venv/lib/python3.12/site-packages/oslo_config/cfg.py:3253}}
Jul 31 18:00:36.544318 np0000006251 nova-conductor[95926]: DEBUG cotyledon.oslo_config_glue [-] oslo_limit.endpoint_service_type = None {{(pid=95926) log_opt_values /opt/stack/data/venv/lib/python3.12/site-packages/oslo_config/cfg.py:3253}}
Jul 31 18:00:36.544318 np0000006251 nova-conductor[95926]: DEBUG cotyledon.oslo_config_glue [-] oslo_limit.insecure = False {{(pid=95926) log_opt_values /opt/stack/data/venv/lib/python3.12/site-packages/oslo_config/cfg.py:3253}}
Jul 31 18:00:36.544318 np0000006251 nova-conductor[95926]: DEBUG cotyledon.oslo_config_glue [-] oslo_limit.keyfile = None {{(pid=95926) log_opt_values /opt/stack/data/venv/lib/python3.12/site-packages/oslo_config/cfg.py:3253}}
Jul 31 18:00:36.544318 np0000006251 nova-conductor[95926]: DEBUG cotyledon.oslo_config_glue [-] oslo_limit.max_version = None {{(pid=95926) log_opt_values /opt/stack/data/venv/lib/python3.12/site-packages/oslo_config/cfg.py:3253}}
Jul 31 18:00:36.544318 np0000006251 nova-conductor[95926]: DEBUG cotyledon.oslo_config_glue [-] oslo_limit.min_version = None {{(pid=95926) log_opt_values /opt/stack/data/venv/lib/python3.12/site-packages/oslo_config/cfg.py:3253}}
Jul 31 18:00:36.544318 np0000006251 nova-conductor[95926]: DEBUG cotyledon.oslo_config_glue [-] oslo_limit.region_name = None {{(pid=95926) log_opt_values /opt/stack/data/venv/lib/python3.12/site-packages/oslo_config/cfg.py:3253}}
Jul 31 18:00:36.544318 np0000006251 nova-conductor[95926]: DEBUG cotyledon.oslo_config_glue [-] oslo_limit.retriable_status_codes = None {{(pid=95926) log_opt_values /opt/stack/data/venv/lib/python3.12/site-packages/oslo_config/cfg.py:3253}}
Jul 31 18:00:36.544318 np0000006251 nova-conductor[95926]: DEBUG cotyledon.oslo_config_glue [-] oslo_limit.service_name = None {{(pid=95926) log_opt_values /opt/stack/data/venv/lib/python3.12/site-packages/oslo_config/cfg.py:3253}}
Jul 31 18:00:36.544318 np0000006251 nova-conductor[95926]: DEBUG cotyledon.oslo_config_glue [-] oslo_limit.service_type = None {{(pid=95926) log_opt_values /opt/stack/data/venv/lib/python3.12/site-packages/oslo_config/cfg.py:3253}}
Jul 31 18:00:36.544482 np0000006251 nova-conductor[95926]: DEBUG cotyledon.oslo_config_glue [-] oslo_limit.split_loggers = False {{(pid=95926) log_opt_values /opt/stack/data/venv/lib/python3.12/site-packages/oslo_config/cfg.py:3253}}
Jul 31 18:00:36.544482 np0000006251 nova-conductor[95926]: DEBUG cotyledon.oslo_config_glue [-] oslo_limit.status_code_retries = None {{(pid=95926) log_opt_values /opt/stack/data/venv/lib/python3.12/site-packages/oslo_config/cfg.py:3253}}
Jul 31 18:00:36.544482 np0000006251 nova-conductor[95926]: DEBUG cotyledon.oslo_config_glue [-] oslo_limit.status_code_retry_delay = None {{(pid=95926) log_opt_values /opt/stack/data/venv/lib/python3.12/site-packages/oslo_config/cfg.py:3253}}
Jul 31 18:00:36.544482 np0000006251 nova-conductor[95926]: DEBUG cotyledon.oslo_config_glue [-] oslo_limit.timeout = None {{(pid=95926) log_opt_values /opt/stack/data/venv/lib/python3.12/site-packages/oslo_config/cfg.py:3253}}
Jul 31 18:00:36.544482 np0000006251 nova-conductor[95926]: DEBUG cotyledon.oslo_config_glue [-] oslo_limit.valid_interfaces = None {{(pid=95926) log_opt_values /opt/stack/data/venv/lib/python3.12/site-packages/oslo_config/cfg.py:3253}}
Jul 31 18:00:36.544482 np0000006251 nova-conductor[95926]: DEBUG cotyledon.oslo_config_glue [-] oslo_limit.version = None {{(pid=95926) log_opt_values /opt/stack/data/venv/lib/python3.12/site-packages/oslo_config/cfg.py:3253}}
Jul 31 18:00:36.544482 np0000006251 nova-conductor[95926]: DEBUG cotyledon.oslo_config_glue [-] oslo_reports.file_event_handler = None {{(pid=95926) log_opt_values /opt/stack/data/venv/lib/python3.12/site-packages/oslo_config/cfg.py:3253}}
Jul 31 18:00:36.544482 np0000006251 nova-conductor[95926]: DEBUG cotyledon.oslo_config_glue [-] oslo_reports.file_event_handler_interval = 1 {{(pid=95926) log_opt_values /opt/stack/data/venv/lib/python3.12/site-packages/oslo_config/cfg.py:3253}}
Jul 31 18:00:36.544482 np0000006251 nova-conductor[95926]: DEBUG cotyledon.oslo_config_glue [-] oslo_reports.log_dir = None {{(pid=95926) log_opt_values /opt/stack/data/venv/lib/python3.12/site-packages/oslo_config/cfg.py:3253}}
Jul 31 18:00:36.544701 np0000006251 nova-conductor[95926]: DEBUG cotyledon.oslo_config_glue [-] ******************************************************************************** {{(pid=95926) log_opt_values /opt/stack/data/venv/lib/python3.12/site-packages/oslo_config/cfg.py:3260}}
Jul 31 18:00:36.544701 np0000006251 nova-conductor[95926]: DEBUG cotyledon._service_worker [-] Run service ServiceWrapper(0) [95926] {{(pid=95926) wait_forever /opt/stack/data/venv/lib/python3.12/site-packages/cotyledon/_service_worker.py:218}}
Jul 31 18:00:36.544701 np0000006251 nova-conductor[95926]: INFO nova.service [-] Starting conductor node (version 33.1.0)
Jul 31 18:00:36.547332 np0000006251 nova-conductor[95926]: INFO dbcounter [None req-7f56af5d-bb00-474b-bab1-8e58d4ebdcd6 None None] Registered counter for database nova_cell0
Jul 31 18:00:36.556498 np0000006251 nova-conductor[95930]: DEBUG oslo_db.sqlalchemy.engines [None req-d06a77b3-a455-4c1c-ad86-edfd4bccc1a1 None None] MySQL server mode set to STRICT_TRANS_TABLES,STRICT_ALL_TABLES,NO_ZERO_IN_DATE,NO_ZERO_DATE,ERROR_FOR_DIVISION_BY_ZERO,TRADITIONAL,NO_ENGINE_SUBSTITUTION {{(pid=95930) _check_effective_sql_mode /opt/stack/data/venv/lib/python3.12/site-packages/oslo_db/sqlalchemy/engines.py:325}}
Jul 31 18:00:36.565501 np0000006251 nova-conductor[95930]: DEBUG dbcounter [-] [95930] Writer thread running {{(pid=95930) stat_writer /opt/stack/data/venv/lib/python3.12/site-packages/dbcounter.py:102}}
Jul 31 18:00:36.577040 np0000006251 nova-conductor[95936]: DEBUG oslo_db.sqlalchemy.engines [None req-639eb844-40f2-429f-b3ee-1cae22725714 None None] MySQL server mode set to STRICT_TRANS_TABLES,STRICT_ALL_TABLES,NO_ZERO_IN_DATE,NO_ZERO_DATE,ERROR_FOR_DIVISION_BY_ZERO,TRADITIONAL,NO_ENGINE_SUBSTITUTION {{(pid=95936) _check_effective_sql_mode /opt/stack/data/venv/lib/python3.12/site-packages/oslo_db/sqlalchemy/engines.py:325}}
Jul 31 18:00:36.580856 np0000006251 nova-conductor[95930]: DEBUG nova.service [None req-d06a77b3-a455-4c1c-ad86-edfd4bccc1a1 None None] Creating RPC server for service: nova-conductor on topic: conductor {{(pid=95930) start /opt/stack/nova/nova/service.py:196}}
Jul 31 18:00:36.586510 np0000006251 nova-conductor[95936]: DEBUG dbcounter [-] [95936] Writer thread running {{(pid=95936) stat_writer /opt/stack/data/venv/lib/python3.12/site-packages/dbcounter.py:102}}
Jul 31 18:00:36.587144 np0000006251 nova-conductor[95926]: DEBUG oslo_db.sqlalchemy.engines [None req-7f56af5d-bb00-474b-bab1-8e58d4ebdcd6 None None] MySQL server mode set to STRICT_TRANS_TABLES,STRICT_ALL_TABLES,NO_ZERO_IN_DATE,NO_ZERO_DATE,ERROR_FOR_DIVISION_BY_ZERO,TRADITIONAL,NO_ENGINE_SUBSTITUTION {{(pid=95926) _check_effective_sql_mode /opt/stack/data/venv/lib/python3.12/site-packages/oslo_db/sqlalchemy/engines.py:325}}
Jul 31 18:00:36.590095 np0000006251 nova-conductor[95936]: DEBUG nova.service [None req-639eb844-40f2-429f-b3ee-1cae22725714 None None] Creating RPC server for service: nova-conductor on topic: conductor {{(pid=95936) start /opt/stack/nova/nova/service.py:196}}
Jul 31 18:00:36.598501 np0000006251 nova-conductor[95926]: DEBUG dbcounter [-] [95926] Writer thread running {{(pid=95926) stat_writer /opt/stack/data/venv/lib/python3.12/site-packages/dbcounter.py:102}}
Jul 31 18:00:36.601436 np0000006251 nova-conductor[95926]: DEBUG nova.service [None req-7f56af5d-bb00-474b-bab1-8e58d4ebdcd6 None None] Creating RPC server for service: nova-conductor on topic: conductor {{(pid=95926) start /opt/stack/nova/nova/service.py:196}}
Jul 31 18:00:36.603009 np0000006251 nova-conductor[95930]: DEBUG nova.service [None req-d06a77b3-a455-4c1c-ad86-edfd4bccc1a1 None None] Join ServiceGroup membership for this service conductor {{(pid=95930) start /opt/stack/nova/nova/service.py:222}}
Jul 31 18:00:36.603200 np0000006251 nova-conductor[95930]: DEBUG nova.servicegroup.drivers.db [None req-d06a77b3-a455-4c1c-ad86-edfd4bccc1a1 None None] DB_Driver: join new ServiceGroup member np0000006251 to the conductor group, service = {{(pid=95930) join /opt/stack/nova/nova/servicegroup/drivers/db.py:44}}
Jul 31 18:00:36.609253 np0000006251 nova-conductor[95936]: DEBUG nova.service [None req-639eb844-40f2-429f-b3ee-1cae22725714 None None] Join ServiceGroup membership for this service conductor {{(pid=95936) start /opt/stack/nova/nova/service.py:222}}
Jul 31 18:00:36.609459 np0000006251 nova-conductor[95936]: DEBUG nova.servicegroup.drivers.db [None req-639eb844-40f2-429f-b3ee-1cae22725714 None None] DB_Driver: join new ServiceGroup member np0000006251 to the conductor group, service = {{(pid=95936) join /opt/stack/nova/nova/servicegroup/drivers/db.py:44}}
Jul 31 18:00:36.618164 np0000006251 nova-conductor[95926]: DEBUG nova.service [None req-7f56af5d-bb00-474b-bab1-8e58d4ebdcd6 None None] Join ServiceGroup membership for this service conductor {{(pid=95926) start /opt/stack/nova/nova/service.py:222}}
Jul 31 18:00:36.618380 np0000006251 nova-conductor[95926]: DEBUG nova.servicegroup.drivers.db [None req-7f56af5d-bb00-474b-bab1-8e58d4ebdcd6 None None] DB_Driver: join new ServiceGroup member np0000006251 to the conductor group, service = {{(pid=95926) join /opt/stack/nova/nova/servicegroup/drivers/db.py:44}}
Jul 31 18:00:41.619353 np0000006251 nova-conductor[95930]: DEBUG oslo.service.backend._threading.loopingcall [-] Fixed interval looping call 'nova.servicegroup.drivers.db.DbDriver._report_state' sleeping for 119.99 seconds {{(pid=95930) _run_loop /opt/stack/data/venv/lib/python3.12/site-packages/oslo_service/backend/_threading/loopingcall.py:125}}
Jul 31 18:00:41.627413 np0000006251 nova-conductor[95936]: DEBUG oslo.service.backend._threading.loopingcall [-] Fixed interval looping call 'nova.servicegroup.drivers.db.DbDriver._report_state' sleeping for 119.98 seconds {{(pid=95936) _run_loop /opt/stack/data/venv/lib/python3.12/site-packages/oslo_service/backend/_threading/loopingcall.py:125}}
Jul 31 18:00:41.630501 np0000006251 nova-conductor[95926]: DEBUG oslo.service.backend._threading.loopingcall [-] Fixed interval looping call 'nova.servicegroup.drivers.db.DbDriver._report_state' sleeping for 119.99 seconds {{(pid=95926) _run_loop /opt/stack/data/venv/lib/python3.12/site-packages/oslo_service/backend/_threading/loopingcall.py:125}}
Jul 31 18:00:45.199215 np0000006251 nova-conductor[94412]: DEBUG dbcounter [-] [94412] Writing DB stats nova_api:SELECT=1 {{(pid=94412) stat_writer /opt/stack/data/venv/lib/python3.12/site-packages/dbcounter.py:115}}
Jul 31 18:00:45.311272 np0000006251 nova-conductor[94412]: DEBUG dbcounter [-] [94412] Writing DB stats nova_cell0:SELECT=1 {{(pid=94412) stat_writer /opt/stack/data/venv/lib/python3.12/site-packages/dbcounter.py:115}}
Jul 31 18:00:45.321082 np0000006251 nova-conductor[94412]: DEBUG dbcounter [-] [94412] Writing DB stats nova_cell1:SELECT=1 {{(pid=94412) stat_writer /opt/stack/data/venv/lib/python3.12/site-packages/dbcounter.py:115}}
Jul 31 18:00:47.605337 np0000006251 nova-conductor[95930]: DEBUG oslo.service.backend._threading.loopingcall [None req-7467496a-69e1-4741-b85d-7639d1c700ad None None] Dynamic interval looping call 'nova.service.Service.periodic_tasks' sleeping for 60.00 seconds {{(pid=95930) _run_loop /opt/stack/data/venv/lib/python3.12/site-packages/oslo_service/backend/_threading/loopingcall.py:125}}
Jul 31 18:00:51.614687 np0000006251 nova-conductor[95930]: DEBUG dbcounter [-] [95930] Writing DB stats nova_cell0:SELECT=4,nova_cell0:INSERT=1,nova_cell0:UPDATE=1 {{(pid=95930) stat_writer /opt/stack/data/venv/lib/python3.12/site-packages/dbcounter.py:115}}
Jul 31 18:00:51.626881 np0000006251 nova-conductor[95936]: DEBUG dbcounter [-] [95936] Writing DB stats nova_cell0:SELECT=3 {{(pid=95936) stat_writer /opt/stack/data/venv/lib/python3.12/site-packages/dbcounter.py:115}}
Jul 31 18:00:51.627207 np0000006251 nova-conductor[95926]: DEBUG dbcounter [-] [95926] Writing DB stats nova_cell0:SELECT=3 {{(pid=95926) stat_writer /opt/stack/data/venv/lib/python3.12/site-packages/dbcounter.py:115}}
Jul 31 18:00:55.611550 np0000006251 nova-conductor[95936]: DEBUG oslo.service.backend._threading.loopingcall [None req-fcb92fc6-74a6-47c1-999f-0c63114836a4 None None] Dynamic interval looping call 'nova.service.Service.periodic_tasks' sleeping for 60.00 seconds {{(pid=95936) _run_loop /opt/stack/data/venv/lib/python3.12/site-packages/oslo_service/backend/_threading/loopingcall.py:125}}
Jul 31 18:01:04.621234 np0000006251 nova-conductor[95926]: DEBUG oslo.service.backend._threading.loopingcall [None req-d62c84a3-606b-4d75-b1c7-6dffb73f954b None None] Dynamic interval looping call 'nova.service.Service.periodic_tasks' sleeping for 60.00 seconds {{(pid=95926) _run_loop /opt/stack/data/venv/lib/python3.12/site-packages/oslo_service/backend/_threading/loopingcall.py:125}}
Jul 31 18:01:47.605900 np0000006251 nova-conductor[95930]: DEBUG oslo.service.backend._threading.loopingcall [None req-7467496a-69e1-4741-b85d-7639d1c700ad None None] Dynamic interval looping call 'nova.service.Service.periodic_tasks' sleeping for 60.00 seconds {{(pid=95930) _run_loop /opt/stack/data/venv/lib/python3.12/site-packages/oslo_service/backend/_threading/loopingcall.py:125}}
Jul 31 18:01:55.612192 np0000006251 nova-conductor[95936]: DEBUG oslo.service.backend._threading.loopingcall [None req-fcb92fc6-74a6-47c1-999f-0c63114836a4 None None] Dynamic interval looping call 'nova.service.Service.periodic_tasks' sleeping for 60.00 seconds {{(pid=95936) _run_loop /opt/stack/data/venv/lib/python3.12/site-packages/oslo_service/backend/_threading/loopingcall.py:125}}
Jul 31 18:02:04.621758 np0000006251 nova-conductor[95926]: DEBUG oslo.service.backend._threading.loopingcall [None req-d62c84a3-606b-4d75-b1c7-6dffb73f954b None None] Dynamic interval looping call 'nova.service.Service.periodic_tasks' sleeping for 60.00 seconds {{(pid=95926) _run_loop /opt/stack/data/venv/lib/python3.12/site-packages/oslo_service/backend/_threading/loopingcall.py:125}}
Jul 31 18:02:41.617945 np0000006251 nova-conductor[95936]: DEBUG oslo.service.backend._threading.loopingcall [-] Fixed interval looping call 'nova.servicegroup.drivers.db.DbDriver._report_state' sleeping for 119.99 seconds {{(pid=95936) _run_loop /opt/stack/data/venv/lib/python3.12/site-packages/oslo_service/backend/_threading/loopingcall.py:125}}
Jul 31 18:02:41.618326 np0000006251 nova-conductor[95930]: DEBUG oslo.service.backend._threading.loopingcall [-] Fixed interval looping call 'nova.servicegroup.drivers.db.DbDriver._report_state' sleeping for 119.99 seconds {{(pid=95930) _run_loop /opt/stack/data/venv/lib/python3.12/site-packages/oslo_service/backend/_threading/loopingcall.py:125}}
Jul 31 18:02:41.623339 np0000006251 nova-conductor[95926]: DEBUG oslo.service.backend._threading.loopingcall [-] Fixed interval looping call 'nova.servicegroup.drivers.db.DbDriver._report_state' sleeping for 120.00 seconds {{(pid=95926) _run_loop /opt/stack/data/venv/lib/python3.12/site-packages/oslo_service/backend/_threading/loopingcall.py:125}}
Jul 31 18:02:47.606392 np0000006251 nova-conductor[95930]: DEBUG oslo.service.backend._threading.loopingcall [None req-7467496a-69e1-4741-b85d-7639d1c700ad None None] Dynamic interval looping call 'nova.service.Service.periodic_tasks' sleeping for 60.00 seconds {{(pid=95930) _run_loop /opt/stack/data/venv/lib/python3.12/site-packages/oslo_service/backend/_threading/loopingcall.py:125}}
Jul 31 18:02:51.613354 np0000006251 nova-conductor[95936]: DEBUG dbcounter [-] [95936] Writing DB stats nova_cell0:SELECT=1,nova_cell0:UPDATE=1 {{(pid=95936) stat_writer /opt/stack/data/venv/lib/python3.12/site-packages/dbcounter.py:115}}
Jul 31 18:02:51.614141 np0000006251 nova-conductor[95930]: DEBUG dbcounter [-] [95930] Writing DB stats nova_cell0:SELECT=1,nova_cell0:UPDATE=1 {{(pid=95930) stat_writer /opt/stack/data/venv/lib/python3.12/site-packages/dbcounter.py:115}}
Jul 31 18:02:51.622208 np0000006251 nova-conductor[95926]: DEBUG dbcounter [-] [95926] Writing DB stats nova_cell0:SELECT=1 {{(pid=95926) stat_writer /opt/stack/data/venv/lib/python3.12/site-packages/dbcounter.py:115}}
Jul 31 18:02:55.246143 np0000006251 nova-conductor[95930]: DEBUG oslo_db.sqlalchemy.engines [None req-39d47e91-969a-4c58-88eb-a8b4e095d825 tempest-DeleteServersTestJSON-834962143 tempest-DeleteServersTestJSON-834962143-project-member] Parent process 94412 forked (95930) with an open database connection, which is being discarded and recreated. {{(pid=95930) checkout /opt/stack/data/venv/lib/python3.12/site-packages/oslo_db/sqlalchemy/engines.py:402}}
Jul 31 18:02:55.292628 np0000006251 nova-conductor[95930]: DEBUG dbcounter [-] [95930] Writer thread running {{(pid=95930) stat_writer /opt/stack/data/venv/lib/python3.12/site-packages/dbcounter.py:102}}
Jul 31 18:02:55.613553 np0000006251 nova-conductor[95936]: DEBUG oslo.service.backend._threading.loopingcall [None req-fcb92fc6-74a6-47c1-999f-0c63114836a4 None None] Dynamic interval looping call 'nova.service.Service.periodic_tasks' sleeping for 60.00 seconds {{(pid=95936) _run_loop /opt/stack/data/venv/lib/python3.12/site-packages/oslo_service/backend/_threading/loopingcall.py:125}}
Jul 31 18:02:56.098624 np0000006251 nova-conductor[95930]: DEBUG nova.conductor.manager [None req-39d47e91-969a-4c58-88eb-a8b4e095d825 tempest-DeleteServersTestJSON-834962143 tempest-DeleteServersTestJSON-834962143-project-member] Took 0.80 seconds to select destinations for 1 instance(s). {{(pid=95930) _schedule_instances /opt/stack/nova/nova/conductor/manager.py:968}}
Jul 31 18:02:56.128216 np0000006251 nova-conductor[95930]: DEBUG oslo_concurrency.lockutils [None req-39d47e91-969a-4c58-88eb-a8b4e095d825 tempest-DeleteServersTestJSON-834962143 tempest-DeleteServersTestJSON-834962143-project-member] Acquiring lock "7c699d38-6eb5-46df-a56b-7498a783ea23" by "nova.context.set_target_cell..get_or_set_cached_cell_and_set_connections" {{(pid=95930) inner /opt/stack/data/venv/lib/python3.12/site-packages/oslo_concurrency/lockutils.py:512}}
Jul 31 18:02:56.128531 np0000006251 nova-conductor[95930]: DEBUG oslo_concurrency.lockutils [None req-39d47e91-969a-4c58-88eb-a8b4e095d825 tempest-DeleteServersTestJSON-834962143 tempest-DeleteServersTestJSON-834962143-project-member] Lock "7c699d38-6eb5-46df-a56b-7498a783ea23" acquired by "nova.context.set_target_cell..get_or_set_cached_cell_and_set_connections" :: waited 0.000s {{(pid=95930) inner /opt/stack/data/venv/lib/python3.12/site-packages/oslo_concurrency/lockutils.py:525}}
Jul 31 18:02:56.129818 np0000006251 nova-conductor[95930]: DEBUG oslo_concurrency.lockutils [None req-39d47e91-969a-4c58-88eb-a8b4e095d825 tempest-DeleteServersTestJSON-834962143 tempest-DeleteServersTestJSON-834962143-project-member] Lock "7c699d38-6eb5-46df-a56b-7498a783ea23" "released" by "nova.context.set_target_cell..get_or_set_cached_cell_and_set_connections" :: held 0.001s {{(pid=95930) inner /opt/stack/data/venv/lib/python3.12/site-packages/oslo_concurrency/lockutils.py:544}}
Jul 31 18:02:56.132075 np0000006251 nova-conductor[95930]: INFO dbcounter [None req-39d47e91-969a-4c58-88eb-a8b4e095d825 tempest-DeleteServersTestJSON-834962143 tempest-DeleteServersTestJSON-834962143-project-member] Registered counter for database nova_cell1
Jul 31 18:02:56.165416 np0000006251 nova-conductor[95930]: DEBUG oslo_db.sqlalchemy.engines [None req-39d47e91-969a-4c58-88eb-a8b4e095d825 tempest-DeleteServersTestJSON-834962143 tempest-DeleteServersTestJSON-834962143-project-member] MySQL server mode set to STRICT_TRANS_TABLES,STRICT_ALL_TABLES,NO_ZERO_IN_DATE,NO_ZERO_DATE,ERROR_FOR_DIVISION_BY_ZERO,TRADITIONAL,NO_ENGINE_SUBSTITUTION {{(pid=95930) _check_effective_sql_mode /opt/stack/data/venv/lib/python3.12/site-packages/oslo_db/sqlalchemy/engines.py:325}}
Jul 31 18:02:56.171775 np0000006251 nova-conductor[95930]: DEBUG dbcounter [-] [95930] Writer thread running {{(pid=95930) stat_writer /opt/stack/data/venv/lib/python3.12/site-packages/dbcounter.py:102}}
Jul 31 18:02:56.224437 np0000006251 nova-conductor[95930]: INFO nova.utils [None req-39d47e91-969a-4c58-88eb-a8b4e095d825 tempest-DeleteServersTestJSON-834962143 tempest-DeleteServersTestJSON-834962143-project-member] The cell worker thread pool ForkProcess-2.cell_worker is initialized
Jul 31 18:02:56.224437 np0000006251 nova-conductor[95930]: DEBUG oslo_concurrency.lockutils [None req-39d47e91-969a-4c58-88eb-a8b4e095d825 tempest-DeleteServersTestJSON-834962143 tempest-DeleteServersTestJSON-834962143-project-member] Acquiring lock "00000000-0000-0000-0000-000000000000" by "nova.context.set_target_cell..get_or_set_cached_cell_and_set_connections" {{(pid=95930) inner /opt/stack/data/venv/lib/python3.12/site-packages/oslo_concurrency/lockutils.py:512}}
Jul 31 18:02:56.224437 np0000006251 nova-conductor[95930]: DEBUG oslo_concurrency.lockutils [None req-39d47e91-969a-4c58-88eb-a8b4e095d825 tempest-DeleteServersTestJSON-834962143 tempest-DeleteServersTestJSON-834962143-project-member] Lock "00000000-0000-0000-0000-000000000000" acquired by "nova.context.set_target_cell..get_or_set_cached_cell_and_set_connections" :: waited 0.000s {{(pid=95930) inner /opt/stack/data/venv/lib/python3.12/site-packages/oslo_concurrency/lockutils.py:525}}
Jul 31 18:02:56.224437 np0000006251 nova-conductor[95930]: DEBUG oslo_concurrency.lockutils [None req-39d47e91-969a-4c58-88eb-a8b4e095d825 tempest-DeleteServersTestJSON-834962143 tempest-DeleteServersTestJSON-834962143-project-member] Lock "00000000-0000-0000-0000-000000000000" "released" by "nova.context.set_target_cell..get_or_set_cached_cell_and_set_connections" :: held 0.000s {{(pid=95930) inner /opt/stack/data/venv/lib/python3.12/site-packages/oslo_concurrency/lockutils.py:544}}
Jul 31 18:02:56.225045 np0000006251 nova-conductor[95930]: DEBUG oslo_concurrency.lockutils [None req-39d47e91-969a-4c58-88eb-a8b4e095d825 tempest-DeleteServersTestJSON-834962143 tempest-DeleteServersTestJSON-834962143-project-member] Acquiring lock "7c699d38-6eb5-46df-a56b-7498a783ea23" by "nova.context.set_target_cell..get_or_set_cached_cell_and_set_connections" {{(pid=95930) inner /opt/stack/data/venv/lib/python3.12/site-packages/oslo_concurrency/lockutils.py:512}}
Jul 31 18:02:56.225169 np0000006251 nova-conductor[95930]: DEBUG oslo_concurrency.lockutils [None req-39d47e91-969a-4c58-88eb-a8b4e095d825 tempest-DeleteServersTestJSON-834962143 tempest-DeleteServersTestJSON-834962143-project-member] Lock "7c699d38-6eb5-46df-a56b-7498a783ea23" acquired by "nova.context.set_target_cell..get_or_set_cached_cell_and_set_connections" :: waited 0.000s {{(pid=95930) inner /opt/stack/data/venv/lib/python3.12/site-packages/oslo_concurrency/lockutils.py:525}}
Jul 31 18:02:56.226661 np0000006251 nova-conductor[95930]: INFO dbcounter [None req-39d47e91-969a-4c58-88eb-a8b4e095d825 tempest-DeleteServersTestJSON-834962143 tempest-DeleteServersTestJSON-834962143-project-member] Registered counter for database nova_cell0
Jul 31 18:02:56.227900 np0000006251 nova-conductor[95930]: DEBUG oslo_concurrency.lockutils [None req-39d47e91-969a-4c58-88eb-a8b4e095d825 tempest-DeleteServersTestJSON-834962143 tempest-DeleteServersTestJSON-834962143-project-member] Lock "7c699d38-6eb5-46df-a56b-7498a783ea23" "released" by "nova.context.set_target_cell..get_or_set_cached_cell_and_set_connections" :: held 0.001s {{(pid=95930) inner /opt/stack/data/venv/lib/python3.12/site-packages/oslo_concurrency/lockutils.py:544}}
Jul 31 18:02:56.273275 np0000006251 nova-conductor[95930]: DEBUG oslo_db.sqlalchemy.engines [None req-39d47e91-969a-4c58-88eb-a8b4e095d825 tempest-DeleteServersTestJSON-834962143 tempest-DeleteServersTestJSON-834962143-project-member] MySQL server mode set to STRICT_TRANS_TABLES,STRICT_ALL_TABLES,NO_ZERO_IN_DATE,NO_ZERO_DATE,ERROR_FOR_DIVISION_BY_ZERO,TRADITIONAL,NO_ENGINE_SUBSTITUTION {{(pid=95930) _check_effective_sql_mode /opt/stack/data/venv/lib/python3.12/site-packages/oslo_db/sqlalchemy/engines.py:325}}
Jul 31 18:02:56.280929 np0000006251 nova-conductor[95930]: DEBUG dbcounter [-] [95930] Writer thread running {{(pid=95930) stat_writer /opt/stack/data/venv/lib/python3.12/site-packages/dbcounter.py:102}}
Jul 31 18:02:56.292277 np0000006251 nova-conductor[95930]: DEBUG nova.quota [None req-39d47e91-969a-4c58-88eb-a8b4e095d825 tempest-DeleteServersTestJSON-834962143 tempest-DeleteServersTestJSON-834962143-project-member] Getting quotas for project 2d8eec98e15b4e6fa0a222365ac3b3ff. Resources: {'ram', 'instances', 'cores'} {{(pid=95930) _get_quotas /opt/stack/nova/nova/quota.py:389}}
Jul 31 18:02:56.296425 np0000006251 nova-conductor[95930]: DEBUG nova.quota [None req-39d47e91-969a-4c58-88eb-a8b4e095d825 tempest-DeleteServersTestJSON-834962143 tempest-DeleteServersTestJSON-834962143-project-member] Getting quotas for user d8f4300abe8a401a8c6c9c496a5173b9 and project 2d8eec98e15b4e6fa0a222365ac3b3ff. Resources: {'ram', 'instances', 'cores'} {{(pid=95930) _get_quotas /opt/stack/nova/nova/quota.py:379}}
Jul 31 18:02:56.303111 np0000006251 nova-conductor[95930]: DEBUG nova.conductor.manager [None req-39d47e91-969a-4c58-88eb-a8b4e095d825 tempest-DeleteServersTestJSON-834962143 tempest-DeleteServersTestJSON-834962143-project-member] [instance: 37a913d9-d381-475a-8247-79045bc50239] Selected host: np0000006251; Selected node: np0000006251; Alternates: [] {{(pid=95930) schedule_and_build_instances /opt/stack/nova/nova/conductor/manager.py:1784}}
Jul 31 18:02:56.303880 np0000006251 nova-conductor[95930]: DEBUG oslo_concurrency.lockutils [None req-39d47e91-969a-4c58-88eb-a8b4e095d825 tempest-DeleteServersTestJSON-834962143 tempest-DeleteServersTestJSON-834962143-project-member] Acquiring lock "7c699d38-6eb5-46df-a56b-7498a783ea23" by "nova.context.set_target_cell..get_or_set_cached_cell_and_set_connections" {{(pid=95930) inner /opt/stack/data/venv/lib/python3.12/site-packages/oslo_concurrency/lockutils.py:512}}
Jul 31 18:02:56.304048 np0000006251 nova-conductor[95930]: DEBUG oslo_concurrency.lockutils [None req-39d47e91-969a-4c58-88eb-a8b4e095d825 tempest-DeleteServersTestJSON-834962143 tempest-DeleteServersTestJSON-834962143-project-member] Lock "7c699d38-6eb5-46df-a56b-7498a783ea23" acquired by "nova.context.set_target_cell..get_or_set_cached_cell_and_set_connections" :: waited 0.000s {{(pid=95930) inner /opt/stack/data/venv/lib/python3.12/site-packages/oslo_concurrency/lockutils.py:525}}
Jul 31 18:02:56.304176 np0000006251 nova-conductor[95930]: DEBUG oslo_concurrency.lockutils [None req-39d47e91-969a-4c58-88eb-a8b4e095d825 tempest-DeleteServersTestJSON-834962143 tempest-DeleteServersTestJSON-834962143-project-member] Lock "7c699d38-6eb5-46df-a56b-7498a783ea23" "released" by "nova.context.set_target_cell..get_or_set_cached_cell_and_set_connections" :: held 0.000s {{(pid=95930) inner /opt/stack/data/venv/lib/python3.12/site-packages/oslo_concurrency/lockutils.py:544}}
Jul 31 18:02:56.321925 np0000006251 nova-conductor[95930]: DEBUG nova.conductor.manager [None req-39d47e91-969a-4c58-88eb-a8b4e095d825 tempest-DeleteServersTestJSON-834962143 tempest-DeleteServersTestJSON-834962143-project-member] [instance: 37a913d9-d381-475a-8247-79045bc50239] block_device_mapping [BlockDeviceMapping(attachment_id=,boot_index=0,connection_info=None,created_at=,delete_on_termination=True,deleted=,deleted_at=,destination_type='local',device_name=None,device_type='disk',disk_bus=None,encrypted=False,encryption_format=None,encryption_options=None,encryption_secret_uuid=None,guest_format=None,id=,image_id='9928f874-d6b8-4f66-9bf3-0b0f11f0645b',instance=,instance_uuid=,no_device=False,snapshot_id=None,source_type='image',tag=None,updated_at=,uuid=,volume_id=None,volume_size=None,volume_type=None)] {{(pid=95930) _create_block_device_mapping /opt/stack/nova/nova/conductor/manager.py:1529}}
Jul 31 18:02:56.323868 np0000006251 nova-conductor[95930]: DEBUG oslo_concurrency.lockutils [None req-39d47e91-969a-4c58-88eb-a8b4e095d825 tempest-DeleteServersTestJSON-834962143 tempest-DeleteServersTestJSON-834962143-project-member] Acquiring lock "7c699d38-6eb5-46df-a56b-7498a783ea23" by "nova.context.set_target_cell..get_or_set_cached_cell_and_set_connections" {{(pid=95930) inner /opt/stack/data/venv/lib/python3.12/site-packages/oslo_concurrency/lockutils.py:512}}
Jul 31 18:02:56.323868 np0000006251 nova-conductor[95930]: DEBUG oslo_concurrency.lockutils [None req-39d47e91-969a-4c58-88eb-a8b4e095d825 tempest-DeleteServersTestJSON-834962143 tempest-DeleteServersTestJSON-834962143-project-member] Lock "7c699d38-6eb5-46df-a56b-7498a783ea23" acquired by "nova.context.set_target_cell..get_or_set_cached_cell_and_set_connections" :: waited 0.000s {{(pid=95930) inner /opt/stack/data/venv/lib/python3.12/site-packages/oslo_concurrency/lockutils.py:525}}
Jul 31 18:02:56.323868 np0000006251 nova-conductor[95930]: DEBUG oslo_concurrency.lockutils [None req-39d47e91-969a-4c58-88eb-a8b4e095d825 tempest-DeleteServersTestJSON-834962143 tempest-DeleteServersTestJSON-834962143-project-member] Lock "7c699d38-6eb5-46df-a56b-7498a783ea23" "released" by "nova.context.set_target_cell..get_or_set_cached_cell_and_set_connections" :: held 0.000s {{(pid=95930) inner /opt/stack/data/venv/lib/python3.12/site-packages/oslo_concurrency/lockutils.py:544}}
Jul 31 18:02:56.353906 np0000006251 nova-conductor[95930]: DEBUG oslo_concurrency.lockutils [None req-39d47e91-969a-4c58-88eb-a8b4e095d825 tempest-DeleteServersTestJSON-834962143 tempest-DeleteServersTestJSON-834962143-project-member] Acquiring lock "7c699d38-6eb5-46df-a56b-7498a783ea23" by "nova.context.set_target_cell..get_or_set_cached_cell_and_set_connections" {{(pid=95930) inner /opt/stack/data/venv/lib/python3.12/site-packages/oslo_concurrency/lockutils.py:512}}
Jul 31 18:02:56.354022 np0000006251 nova-conductor[95930]: DEBUG oslo_concurrency.lockutils [None req-39d47e91-969a-4c58-88eb-a8b4e095d825 tempest-DeleteServersTestJSON-834962143 tempest-DeleteServersTestJSON-834962143-project-member] Lock "7c699d38-6eb5-46df-a56b-7498a783ea23" acquired by "nova.context.set_target_cell..get_or_set_cached_cell_and_set_connections" :: waited 0.000s {{(pid=95930) inner /opt/stack/data/venv/lib/python3.12/site-packages/oslo_concurrency/lockutils.py:525}}
Jul 31 18:02:56.354109 np0000006251 nova-conductor[95930]: DEBUG oslo_concurrency.lockutils [None req-39d47e91-969a-4c58-88eb-a8b4e095d825 tempest-DeleteServersTestJSON-834962143 tempest-DeleteServersTestJSON-834962143-project-member] Lock "7c699d38-6eb5-46df-a56b-7498a783ea23" "released" by "nova.context.set_target_cell..get_or_set_cached_cell_and_set_connections" :: held 0.000s {{(pid=95930) inner /opt/stack/data/venv/lib/python3.12/site-packages/oslo_concurrency/lockutils.py:544}}
Jul 31 18:02:56.354332 np0000006251 nova-conductor[95930]: DEBUG oslo_concurrency.lockutils [None req-39d47e91-969a-4c58-88eb-a8b4e095d825 tempest-DeleteServersTestJSON-834962143 tempest-DeleteServersTestJSON-834962143-project-member] Acquiring lock "compute-rpcapi-router" {{(pid=95930) lock /opt/stack/data/venv/lib/python3.12/site-packages/oslo_concurrency/lockutils.py:396}}
Jul 31 18:02:56.354428 np0000006251 nova-conductor[95930]: DEBUG oslo_concurrency.lockutils [None req-39d47e91-969a-4c58-88eb-a8b4e095d825 tempest-DeleteServersTestJSON-834962143 tempest-DeleteServersTestJSON-834962143-project-member] Acquired lock "compute-rpcapi-router" {{(pid=95930) lock /opt/stack/data/venv/lib/python3.12/site-packages/oslo_concurrency/lockutils.py:399}}
Jul 31 18:02:56.354801 np0000006251 nova-conductor[95930]: DEBUG oslo_concurrency.lockutils [None req-86c2d1fb-88c8-4062-a370-07b96987a986 None None] Acquiring lock "00000000-0000-0000-0000-000000000000" by "nova.context.set_target_cell..get_or_set_cached_cell_and_set_connections" {{(pid=95930) inner /opt/stack/data/venv/lib/python3.12/site-packages/oslo_concurrency/lockutils.py:512}}
Jul 31 18:02:56.354937 np0000006251 nova-conductor[95930]: DEBUG oslo_concurrency.lockutils [None req-86c2d1fb-88c8-4062-a370-07b96987a986 None None] Lock "00000000-0000-0000-0000-000000000000" acquired by "nova.context.set_target_cell..get_or_set_cached_cell_and_set_connections" :: waited 0.000s {{(pid=95930) inner /opt/stack/data/venv/lib/python3.12/site-packages/oslo_concurrency/lockutils.py:525}}
Jul 31 18:02:56.355072 np0000006251 nova-conductor[95930]: DEBUG oslo_concurrency.lockutils [None req-86c2d1fb-88c8-4062-a370-07b96987a986 None None] Lock "00000000-0000-0000-0000-000000000000" "released" by "nova.context.set_target_cell..get_or_set_cached_cell_and_set_connections" :: held 0.000s {{(pid=95930) inner /opt/stack/data/venv/lib/python3.12/site-packages/oslo_concurrency/lockutils.py:544}}
Jul 31 18:02:56.355763 np0000006251 nova-conductor[95930]: DEBUG oslo_concurrency.lockutils [None req-86c2d1fb-88c8-4062-a370-07b96987a986 None None] Acquiring lock "7c699d38-6eb5-46df-a56b-7498a783ea23" by "nova.context.set_target_cell..get_or_set_cached_cell_and_set_connections" {{(pid=95930) inner /opt/stack/data/venv/lib/python3.12/site-packages/oslo_concurrency/lockutils.py:512}}
Jul 31 18:02:56.355917 np0000006251 nova-conductor[95930]: DEBUG oslo_concurrency.lockutils [None req-86c2d1fb-88c8-4062-a370-07b96987a986 None None] Lock "7c699d38-6eb5-46df-a56b-7498a783ea23" acquired by "nova.context.set_target_cell..get_or_set_cached_cell_and_set_connections" :: waited 0.000s {{(pid=95930) inner /opt/stack/data/venv/lib/python3.12/site-packages/oslo_concurrency/lockutils.py:525}}
Jul 31 18:02:56.356024 np0000006251 nova-conductor[95930]: DEBUG oslo_concurrency.lockutils [None req-86c2d1fb-88c8-4062-a370-07b96987a986 None None] Lock "7c699d38-6eb5-46df-a56b-7498a783ea23" "released" by "nova.context.set_target_cell..get_or_set_cached_cell_and_set_connections" :: held 0.000s {{(pid=95930) inner /opt/stack/data/venv/lib/python3.12/site-packages/oslo_concurrency/lockutils.py:544}}
Jul 31 18:02:56.361214 np0000006251 nova-conductor[95930]: INFO nova.compute.rpcapi [None req-86c2d1fb-88c8-4062-a370-07b96987a986 None None] Automatically selected compute RPC version 6.5 from minimum service version 72
Jul 31 18:02:56.361562 np0000006251 nova-conductor[95930]: DEBUG oslo_concurrency.lockutils [None req-86c2d1fb-88c8-4062-a370-07b96987a986 None None] Releasing lock "compute-rpcapi-router" {{(pid=95930) lock /opt/stack/data/venv/lib/python3.12/site-packages/oslo_concurrency/lockutils.py:419}}
Jul 31 18:02:57.717991 np0000006251 nova-conductor[95936]: DEBUG dbcounter [-] [95936] Writer thread running {{(pid=95936) stat_writer /opt/stack/data/venv/lib/python3.12/site-packages/dbcounter.py:102}}
Jul 31 18:02:58.192585 np0000006251 nova-conductor[95936]: DEBUG nova.conductor.manager [None req-0880b0c2-25b2-4b5e-b29d-047283a0c4f2 tempest-ServerActionsTestOtherB-185141203 tempest-ServerActionsTestOtherB-185141203-project-member] Took 0.47 seconds to select destinations for 1 instance(s). {{(pid=95936) _schedule_instances /opt/stack/nova/nova/conductor/manager.py:968}}
Jul 31 18:02:58.234418 np0000006251 nova-conductor[95936]: DEBUG oslo_concurrency.lockutils [None req-0880b0c2-25b2-4b5e-b29d-047283a0c4f2 tempest-ServerActionsTestOtherB-185141203 tempest-ServerActionsTestOtherB-185141203-project-member] Acquiring lock "7c699d38-6eb5-46df-a56b-7498a783ea23" by "nova.context.set_target_cell..get_or_set_cached_cell_and_set_connections" {{(pid=95936) inner /opt/stack/data/venv/lib/python3.12/site-packages/oslo_concurrency/lockutils.py:512}}
Jul 31 18:02:58.236856 np0000006251 nova-conductor[95936]: DEBUG oslo_concurrency.lockutils [None req-0880b0c2-25b2-4b5e-b29d-047283a0c4f2 tempest-ServerActionsTestOtherB-185141203 tempest-ServerActionsTestOtherB-185141203-project-member] Lock "7c699d38-6eb5-46df-a56b-7498a783ea23" acquired by "nova.context.set_target_cell..get_or_set_cached_cell_and_set_connections" :: waited 0.000s {{(pid=95936) inner /opt/stack/data/venv/lib/python3.12/site-packages/oslo_concurrency/lockutils.py:525}}
Jul 31 18:02:58.236856 np0000006251 nova-conductor[95936]: DEBUG oslo_concurrency.lockutils [None req-0880b0c2-25b2-4b5e-b29d-047283a0c4f2 tempest-ServerActionsTestOtherB-185141203 tempest-ServerActionsTestOtherB-185141203-project-member] Lock "7c699d38-6eb5-46df-a56b-7498a783ea23" "released" by "nova.context.set_target_cell..get_or_set_cached_cell_and_set_connections" :: held 0.001s {{(pid=95936) inner /opt/stack/data/venv/lib/python3.12/site-packages/oslo_concurrency/lockutils.py:544}}
Jul 31 18:02:58.238434 np0000006251 nova-conductor[95936]: INFO dbcounter [None req-0880b0c2-25b2-4b5e-b29d-047283a0c4f2 tempest-ServerActionsTestOtherB-185141203 tempest-ServerActionsTestOtherB-185141203-project-member] Registered counter for database nova_cell1
Jul 31 18:02:58.275516 np0000006251 nova-conductor[95936]: DEBUG oslo_db.sqlalchemy.engines [None req-0880b0c2-25b2-4b5e-b29d-047283a0c4f2 tempest-ServerActionsTestOtherB-185141203 tempest-ServerActionsTestOtherB-185141203-project-member] MySQL server mode set to STRICT_TRANS_TABLES,STRICT_ALL_TABLES,NO_ZERO_IN_DATE,NO_ZERO_DATE,ERROR_FOR_DIVISION_BY_ZERO,TRADITIONAL,NO_ENGINE_SUBSTITUTION {{(pid=95936) _check_effective_sql_mode /opt/stack/data/venv/lib/python3.12/site-packages/oslo_db/sqlalchemy/engines.py:325}}
Jul 31 18:02:58.283570 np0000006251 nova-conductor[95936]: DEBUG dbcounter [-] [95936] Writer thread running {{(pid=95936) stat_writer /opt/stack/data/venv/lib/python3.12/site-packages/dbcounter.py:102}}
Jul 31 18:02:58.332915 np0000006251 nova-conductor[95926]: DEBUG dbcounter [-] [95926] Writer thread running {{(pid=95926) stat_writer /opt/stack/data/venv/lib/python3.12/site-packages/dbcounter.py:102}}
Jul 31 18:02:58.365587 np0000006251 nova-conductor[95936]: INFO nova.utils [None req-0880b0c2-25b2-4b5e-b29d-047283a0c4f2 tempest-ServerActionsTestOtherB-185141203 tempest-ServerActionsTestOtherB-185141203-project-member] The cell worker thread pool ForkProcess-3.cell_worker is initialized
Jul 31 18:02:58.366213 np0000006251 nova-conductor[95936]: DEBUG oslo_concurrency.lockutils [None req-0880b0c2-25b2-4b5e-b29d-047283a0c4f2 tempest-ServerActionsTestOtherB-185141203 tempest-ServerActionsTestOtherB-185141203-project-member] Acquiring lock "00000000-0000-0000-0000-000000000000" by "nova.context.set_target_cell..get_or_set_cached_cell_and_set_connections" {{(pid=95936) inner /opt/stack/data/venv/lib/python3.12/site-packages/oslo_concurrency/lockutils.py:512}}
Jul 31 18:02:58.366803 np0000006251 nova-conductor[95936]: DEBUG oslo_concurrency.lockutils [None req-0880b0c2-25b2-4b5e-b29d-047283a0c4f2 tempest-ServerActionsTestOtherB-185141203 tempest-ServerActionsTestOtherB-185141203-project-member] Lock "00000000-0000-0000-0000-000000000000" acquired by "nova.context.set_target_cell..get_or_set_cached_cell_and_set_connections" :: waited 0.000s {{(pid=95936) inner /opt/stack/data/venv/lib/python3.12/site-packages/oslo_concurrency/lockutils.py:525}}
Jul 31 18:02:58.367378 np0000006251 nova-conductor[95936]: DEBUG oslo_concurrency.lockutils [None req-0880b0c2-25b2-4b5e-b29d-047283a0c4f2 tempest-ServerActionsTestOtherB-185141203 tempest-ServerActionsTestOtherB-185141203-project-member] Lock "00000000-0000-0000-0000-000000000000" "released" by "nova.context.set_target_cell..get_or_set_cached_cell_and_set_connections" :: held 0.001s {{(pid=95936) inner /opt/stack/data/venv/lib/python3.12/site-packages/oslo_concurrency/lockutils.py:544}}
Jul 31 18:02:58.368817 np0000006251 nova-conductor[95936]: DEBUG oslo_concurrency.lockutils [None req-0880b0c2-25b2-4b5e-b29d-047283a0c4f2 tempest-ServerActionsTestOtherB-185141203 tempest-ServerActionsTestOtherB-185141203-project-member] Acquiring lock "7c699d38-6eb5-46df-a56b-7498a783ea23" by "nova.context.set_target_cell..get_or_set_cached_cell_and_set_connections" {{(pid=95936) inner /opt/stack/data/venv/lib/python3.12/site-packages/oslo_concurrency/lockutils.py:512}}
Jul 31 18:02:58.371246 np0000006251 nova-conductor[95936]: INFO dbcounter [None req-0880b0c2-25b2-4b5e-b29d-047283a0c4f2 tempest-ServerActionsTestOtherB-185141203 tempest-ServerActionsTestOtherB-185141203-project-member] Registered counter for database nova_cell0
Jul 31 18:02:58.373040 np0000006251 nova-conductor[95936]: DEBUG oslo_concurrency.lockutils [None req-0880b0c2-25b2-4b5e-b29d-047283a0c4f2 tempest-ServerActionsTestOtherB-185141203 tempest-ServerActionsTestOtherB-185141203-project-member] Lock "7c699d38-6eb5-46df-a56b-7498a783ea23" acquired by "nova.context.set_target_cell..get_or_set_cached_cell_and_set_connections" :: waited 0.003s {{(pid=95936) inner /opt/stack/data/venv/lib/python3.12/site-packages/oslo_concurrency/lockutils.py:525}}
Jul 31 18:02:58.373040 np0000006251 nova-conductor[95936]: DEBUG oslo_concurrency.lockutils [None req-0880b0c2-25b2-4b5e-b29d-047283a0c4f2 tempest-ServerActionsTestOtherB-185141203 tempest-ServerActionsTestOtherB-185141203-project-member] Lock "7c699d38-6eb5-46df-a56b-7498a783ea23" "released" by "nova.context.set_target_cell..get_or_set_cached_cell_and_set_connections" :: held 0.002s {{(pid=95936) inner /opt/stack/data/venv/lib/python3.12/site-packages/oslo_concurrency/lockutils.py:544}}
Jul 31 18:02:58.414216 np0000006251 nova-conductor[95936]: DEBUG oslo_db.sqlalchemy.engines [None req-0880b0c2-25b2-4b5e-b29d-047283a0c4f2 tempest-ServerActionsTestOtherB-185141203 tempest-ServerActionsTestOtherB-185141203-project-member] MySQL server mode set to STRICT_TRANS_TABLES,STRICT_ALL_TABLES,NO_ZERO_IN_DATE,NO_ZERO_DATE,ERROR_FOR_DIVISION_BY_ZERO,TRADITIONAL,NO_ENGINE_SUBSTITUTION {{(pid=95936) _check_effective_sql_mode /opt/stack/data/venv/lib/python3.12/site-packages/oslo_db/sqlalchemy/engines.py:325}}
