Aug 13 06:57:27.040540 np0000007169 devstack@g-api.service[103062]: WARNING glance.api.v2.images [None req-a4709c17-331f-4b1a-ac48-1f0156ffe3f4 tempest-AttachVolumeShelveTestJSON-4390989 tempest-AttachVolumeShelveTestJSON-4390989-project-member] After upload to backend, deletion of staged image data has failed because it cannot be found at /tmp/staging//c1d321d1-6986-4336-9493-286b212ea862
Aug 13 06:57:27.041221 np0000007169 devstack@g-api.service[103062]: DEBUG glance_store.backend [None req-a4709c17-331f-4b1a-ac48-1f0156ffe3f4 tempest-AttachVolumeShelveTestJSON-4390989 tempest-AttachVolumeShelveTestJSON-4390989-project-member] Attempting to import store swift {{(pid=103062) _load_store /opt/stack/data/venv/lib/python3.12/site-packages/glance_store/backend.py:215}}
Aug 13 06:57:27.043190 np0000007169 devstack@g-api.service[103062]: DEBUG glance_store.capabilities [None req-a4709c17-331f-4b1a-ac48-1f0156ffe3f4 tempest-AttachVolumeShelveTestJSON-4390989 tempest-AttachVolumeShelveTestJSON-4390989-project-member] Store glance_store._drivers.swift.store.SingleTenantStore doesn't support updating dynamic storage capabilities. Please overwrite 'update_capabilities' method of the store to implement updating logics if needed. {{(pid=103062) update_capabilities /opt/stack/data/venv/lib/python3.12/site-packages/glance_store/capabilities.py:91}}
Aug 13 06:57:27.043419 np0000007169 devstack@g-api.service[103062]: DEBUG glance_store.driver [None req-a4709c17-331f-4b1a-ac48-1f0156ffe3f4 tempest-AttachVolumeShelveTestJSON-4390989 tempest-AttachVolumeShelveTestJSON-4390989-project-member] Late loading location class glance_store._drivers.swift.store.StoreLocation {{(pid=103062) get_store_location_class /opt/stack/data/venv/lib/python3.12/site-packages/glance_store/driver.py:134}}
Aug 13 06:57:27.043419 np0000007169 devstack@g-api.service[103062]: DEBUG glance_store.location [None req-a4709c17-331f-4b1a-ac48-1f0156ffe3f4 tempest-AttachVolumeShelveTestJSON-4390989 tempest-AttachVolumeShelveTestJSON-4390989-project-member] Registering scheme swift+https with {'store': , 'location_class': , 'store_entry': 'swift'} {{(pid=103062) register_scheme_map /opt/stack/data/venv/lib/python3.12/site-packages/glance_store/location.py:146}}
Aug 13 06:57:27.043538 np0000007169 devstack@g-api.service[103062]: DEBUG glance_store.location [None req-a4709c17-331f-4b1a-ac48-1f0156ffe3f4 tempest-AttachVolumeShelveTestJSON-4390989 tempest-AttachVolumeShelveTestJSON-4390989-project-member] Registering scheme swift+https with {'store': , 'location_class': , 'store_entry': 'swift'} {{(pid=103062) register_scheme_map /opt/stack/data/venv/lib/python3.12/site-packages/glance_store/location.py:146}}
Aug 13 06:57:27.043788 np0000007169 devstack@g-api.service[103062]: DEBUG glance_store.location [None req-a4709c17-331f-4b1a-ac48-1f0156ffe3f4 tempest-AttachVolumeShelveTestJSON-4390989 tempest-AttachVolumeShelveTestJSON-4390989-project-member] Registering scheme swift with {'store': , 'location_class': , 'store_entry': 'swift'} {{(pid=103062) register_scheme_map /opt/stack/data/venv/lib/python3.12/site-packages/glance_store/location.py:146}}
Aug 13 06:57:27.043788 np0000007169 devstack@g-api.service[103062]: DEBUG glance_store.location [None req-a4709c17-331f-4b1a-ac48-1f0156ffe3f4 tempest-AttachVolumeShelveTestJSON-4390989 tempest-AttachVolumeShelveTestJSON-4390989-project-member] Registering scheme swift+https with {'store': , 'location_class': , 'store_entry': 'swift'} {{(pid=103062) register_scheme_map /opt/stack/data/venv/lib/python3.12/site-packages/glance_store/location.py:146}}
Aug 13 06:57:27.044479 np0000007169 devstack@g-api.service[103062]: DEBUG glance_store.location [None req-a4709c17-331f-4b1a-ac48-1f0156ffe3f4 tempest-AttachVolumeShelveTestJSON-4390989 tempest-AttachVolumeShelveTestJSON-4390989-project-member] Registering scheme swift with {'store': , 'location_class': , 'store_entry': 'swift'} {{(pid=103062) register_scheme_map /opt/stack/data/venv/lib/python3.12/site-packages/glance_store/location.py:146}}
Aug 13 06:57:27.044479 np0000007169 devstack@g-api.service[103062]: DEBUG glance_store.location [None req-a4709c17-331f-4b1a-ac48-1f0156ffe3f4 tempest-AttachVolumeShelveTestJSON-4390989 tempest-AttachVolumeShelveTestJSON-4390989-project-member] Registering scheme swift+http with {'store': , 'location_class': , 'store_entry': 'swift'} {{(pid=103062) register_scheme_map /opt/stack/data/venv/lib/python3.12/site-packages/glance_store/location.py:146}}
Aug 13 06:57:27.044479 np0000007169 devstack@g-api.service[103062]: DEBUG glance_store.location [None req-a4709c17-331f-4b1a-ac48-1f0156ffe3f4 tempest-AttachVolumeShelveTestJSON-4390989 tempest-AttachVolumeShelveTestJSON-4390989-project-member] Registering scheme swift+https with {'store': , 'location_class': , 'store_entry': 'swift'} {{(pid=103062) register_scheme_map /opt/stack/data/venv/lib/python3.12/site-packages/glance_store/location.py:146}}
Aug 13 06:57:27.044479 np0000007169 devstack@g-api.service[103062]: DEBUG glance_store.location [None req-a4709c17-331f-4b1a-ac48-1f0156ffe3f4 tempest-AttachVolumeShelveTestJSON-4390989 tempest-AttachVolumeShelveTestJSON-4390989-project-member] Registering scheme swift with {'store': , 'location_class': , 'store_entry': 'swift'} {{(pid=103062) register_scheme_map /opt/stack/data/venv/lib/python3.12/site-packages/glance_store/location.py:146}}
Aug 13 06:57:27.044479 np0000007169 devstack@g-api.service[103062]: DEBUG glance_store.location [None req-a4709c17-331f-4b1a-ac48-1f0156ffe3f4 tempest-AttachVolumeShelveTestJSON-4390989 tempest-AttachVolumeShelveTestJSON-4390989-project-member] Registering scheme swift+http with {'store': , 'location_class': , 'store_entry': 'swift'} {{(pid=103062) register_scheme_map /opt/stack/data/venv/lib/python3.12/site-packages/glance_store/location.py:146}}
Aug 13 06:57:27.044479 np0000007169 devstack@g-api.service[103062]: DEBUG glance_store.location [None req-a4709c17-331f-4b1a-ac48-1f0156ffe3f4 tempest-AttachVolumeShelveTestJSON-4390989 tempest-AttachVolumeShelveTestJSON-4390989-project-member] Registering scheme swift+config with {'store': , 'location_class': , 'store_entry': 'swift'} {{(pid=103062) register_scheme_map /opt/stack/data/venv/lib/python3.12/site-packages/glance_store/location.py:146}}
Aug 13 06:57:27.045250 np0000007169 devstack@g-api.service[103062]: DEBUG keystoneclient.auth.identity.v3.base [None req-a4709c17-331f-4b1a-ac48-1f0156ffe3f4 tempest-AttachVolumeShelveTestJSON-4390989 tempest-AttachVolumeShelveTestJSON-4390989-project-member] Making authentication request to https://10.4.3.81/identity/v3/auth/tokens {{(pid=103062) get_auth_ref /opt/stack/data/venv/lib/python3.12/site-packages/keystoneclient/auth/identity/v3/base.py:185}}
Aug 13 06:57:27.100148 np0000007169 devstack@g-api.service[103061]: DEBUG glance.api.middleware.version_negotiation [None req-a4709c17-331f-4b1a-ac48-1f0156ffe3f4 tempest-AttachVolumeShelveTestJSON-4390989 tempest-AttachVolumeShelveTestJSON-4390989-project-member] Determining version of request: GET /v2/images/5edc9e59-4d5c-43f4-ad8d-fdebe0242b03 Accept: application/json {{(pid=103061) process_request /opt/stack/glance/glance/api/middleware/version_negotiation.py:44}}
Aug 13 06:57:27.100464 np0000007169 devstack@g-api.service[103061]: DEBUG glance.api.middleware.version_negotiation [None req-a4709c17-331f-4b1a-ac48-1f0156ffe3f4 tempest-AttachVolumeShelveTestJSON-4390989 tempest-AttachVolumeShelveTestJSON-4390989-project-member] Using url versioning {{(pid=103061) process_request /opt/stack/glance/glance/api/middleware/version_negotiation.py:57}}
Aug 13 06:57:27.100464 np0000007169 devstack@g-api.service[103061]: DEBUG glance.api.middleware.version_negotiation [None req-a4709c17-331f-4b1a-ac48-1f0156ffe3f4 tempest-AttachVolumeShelveTestJSON-4390989 tempest-AttachVolumeShelveTestJSON-4390989-project-member] Matched version: v2 {{(pid=103061) process_request /opt/stack/glance/glance/api/middleware/version_negotiation.py:69}}
Aug 13 06:57:27.100524 np0000007169 devstack@g-api.service[103061]: DEBUG glance.api.middleware.version_negotiation [None req-a4709c17-331f-4b1a-ac48-1f0156ffe3f4 tempest-AttachVolumeShelveTestJSON-4390989 tempest-AttachVolumeShelveTestJSON-4390989-project-member] new path /v2/images/5edc9e59-4d5c-43f4-ad8d-fdebe0242b03 {{(pid=103061) process_request /opt/stack/glance/glance/api/middleware/version_negotiation.py:70}}
Aug 13 06:57:27.135270 np0000007169 devstack@g-api.service[103062]: DEBUG keystoneclient.auth.identity.v3.base [None req-a4709c17-331f-4b1a-ac48-1f0156ffe3f4 tempest-AttachVolumeShelveTestJSON-4390989 tempest-AttachVolumeShelveTestJSON-4390989-project-member] {"token": {"methods": ["password"], "user": {"domain": {"id": "default", "name": "Default"}, "id": "552a33c2fca3461d98103727a15d6092", "name": "glance-swift", "password_expires_at": null}, "audit_ids": ["fEz6zvWERx-rmpsNuKNCCw"], "expires_at": "2026-08-13T07:57:27.000000Z", "issued_at": "2026-08-13T06:57:27.000000Z", "project": {"domain": {"id": "default", "name": "Default"}, "id": "9de1a9d4abd14a1a84c80bc914653168", "name": "service"}, "is_domain": false, "roles": [{"id": "f41e5c032101433998df3a04285eb727", "name": "ResellerAdmin"}, {"id": "9a1a03b46c3e46f4b602960575c393d4", "name": "service"}], "catalog": [{"endpoints": [{"id": "00246048c3b24441a795a4dd593f5656", "interface": "public", "region_id": "RegionOne", "url": "https://10.4.3.81:8080/v1/AUTH_9de1a9d4abd14a1a84c80bc914653168", "region": "RegionOne"}, {"id": "d5edce8fcd31430a8712548c25f0f9aa", "interface": "admin", "region_id": "RegionOne", "url": "https://10.4.3.81:8080", "region": "RegionOne"}], "id": "33b2c308983c4f6caae344c9d0ff2263", "type": "object-store", "name": "swift"}, {"endpoints": [{"id": "c73ac92302b840bbace29f0b707deacc", "interface": "public", "region_id": "RegionOne", "url": "https://10.4.3.81/placement", "region": "RegionOne"}], "id": "468de420dd414a29bf85e342ee06e46a", "type": "placement", "name": "placement"}, {"endpoints": [{"id": "d5f4654ce2474b8fa88a77815711ed26", "interface": "public", "region_id": "RegionOne", "url": "https://10.4.3.81/compute/v2.1", "region": "RegionOne"}], "id": "6b0dbc8b65f64209b1f2daabda1e32dd", "type": "compute", "name": "nova"}, {"endpoints": [{"id": "eb78f1160e634766911326d0db6c3f55", "interface": "public", "region_id": "RegionOne", "url": "https://10.4.3.81/identity", "region": "RegionOne"}], "id": "82c42f852d1c46a3b867ad92066dff19", "type": "identity", "name": "keystone"}, {"endpoints": [{"id": "58bc978464894d83b331652c12b973b1", "interface": "public", "region_id": "RegionOne", "url": "https://10.4.3.81/image", "region": "RegionOne"}], "id": "b7bf2447e2264313b98cb344ee317d70", "type": "image", "name": "glance"}, {"endpoints": [{"id": "61bbe39341f447359703a09caf09c341", "interface": "public", "region_id": "RegionOne", "url": "https://10.4.3.81/compute/v2/9de1a9d4abd14a1a84c80bc914653168", "region": "RegionOne"}], "id": "b819d07207204a5cb81bd53f27dbd9ef", "type": "compute_legacy", "name": "nova_legacy"}, {"endpoints": [{"id": "ad7ce8c4fe274db2af4ccc9d5395006e", "interface": "public", "region_id": "RegionOne", "url": "https://10.4.3.81/volume/v3", "region": "RegionOne"}], "id": "d607ced19b76467c9c8a74394b45dd4a", "type": "block-storage", "name": "cinder"}, {"endpoints": [{"id": "b0504e701c064e4eb0c84fd28a09580e", "interface": "public", "region_id": "RegionOne", "url": "https://10.4.3.81/networking", "region": "RegionOne"}], "id": "dca27fff98ae4354a89a739ed84a1401", "type": "network", "name": "neutron"}]}} {{(pid=103062) get_auth_ref /opt/stack/data/venv/lib/python3.12/site-packages/keystoneclient/auth/identity/v3/base.py:190}}
Aug 13 06:57:27.136425 np0000007169 devstack@g-api.service[103062]: DEBUG keystoneclient.httpclient [None req-a4709c17-331f-4b1a-ac48-1f0156ffe3f4 tempest-AttachVolumeShelveTestJSON-4390989 tempest-AttachVolumeShelveTestJSON-4390989-project-member] Failed to find endpoint for management url admin endpoint for identity service not found {{(pid=103062) _process_management_url /opt/stack/data/venv/lib/python3.12/site-packages/keystoneclient/httpclient.py:670}}
Aug 13 06:57:27.215495 np0000007169 devstack@g-api.service[103061]: [pid: 103061|app: 0|req: 78/306] 127.0.0.1 () {40 vars in 834 bytes} [Thu Aug 13 06:57:27 2026] GET /v2/images/5edc9e59-4d5c-43f4-ad8d-fdebe0242b03 => generated 1044 bytes in 115 msecs (HTTP/1.1 200) 4 headers in 158 bytes (1 switches on core 0)
Aug 13 06:57:27.229369 np0000007169 devstack@g-api.service[103062]: DEBUG swiftclient [None req-a4709c17-331f-4b1a-ac48-1f0156ffe3f4 tempest-AttachVolumeShelveTestJSON-4390989 tempest-AttachVolumeShelveTestJSON-4390989-project-member] REQ: curl -i https://10.4.3.81:8080/v1/AUTH_9de1a9d4abd14a1a84c80bc914653168/glance/c1d321d1-6986-4336-9493-286b212ea862 -I -H "X-Auth-Token: gAAAAABqfWrXKI5i..." {{(pid=103062) http_log /opt/stack/data/venv/lib/python3.12/site-packages/swiftclient/client.py:160}}
Aug 13 06:57:27.229530 np0000007169 devstack@g-api.service[103062]: DEBUG swiftclient [None req-a4709c17-331f-4b1a-ac48-1f0156ffe3f4 tempest-AttachVolumeShelveTestJSON-4390989 tempest-AttachVolumeShelveTestJSON-4390989-project-member] RESP STATUS: 200 OK {{(pid=103062) http_log /opt/stack/data/venv/lib/python3.12/site-packages/swiftclient/client.py:161}}
Aug 13 06:57:27.229692 np0000007169 devstack@g-api.service[103062]: DEBUG swiftclient [None req-a4709c17-331f-4b1a-ac48-1f0156ffe3f4 tempest-AttachVolumeShelveTestJSON-4390989 tempest-AttachVolumeShelveTestJSON-4390989-project-member] RESP HEADERS: {'Date': 'Thu, 13 Aug 2026 06:57:27 GMT', 'Server': 'Apache/2.4.58 (Ubuntu)', 'Content-Type': 'application/octet-stream', 'Content-Length': '53608448', 'X-Object-Manifest': 'glance/c1d321d1-6986-4336-9493-286b212ea862-', 'Last-Modified': 'Thu, 13 Aug 2026 06:57:12 GMT', 'X-Timestamp': '1786604231.71456', 'Accept-Ranges': 'bytes', 'Etag': '"5892c3a6794c07d43561c01efe416a6c"', 'X-Trans-Id': 'tx064acdee15d14c7fb99f5-006a7d6ad7', 'X-Openstack-Request-Id': 'tx064acdee15d14c7fb99f5-006a7d6ad7', 'Connection': 'close'} {{(pid=103062) http_log /opt/stack/data/venv/lib/python3.12/site-packages/swiftclient/client.py:162}}
Aug 13 06:57:27.237879 np0000007169 devstack@g-api.service[103063]: DEBUG glance.api.middleware.version_negotiation [None req-5c8477d6-bc60-4e26-beff-b5efdbe79774 tempest-AttachVolumeNegativeTest-2109175858 tempest-AttachVolumeNegativeTest-2109175858-project-member] Determining version of request: GET /v2/images/5edc9e59-4d5c-43f4-ad8d-fdebe0242b03 Accept: */* {{(pid=103063) process_request /opt/stack/glance/glance/api/middleware/version_negotiation.py:44}}
Aug 13 06:57:27.238259 np0000007169 devstack@g-api.service[103063]: DEBUG glance.api.middleware.version_negotiation [None req-5c8477d6-bc60-4e26-beff-b5efdbe79774 tempest-AttachVolumeNegativeTest-2109175858 tempest-AttachVolumeNegativeTest-2109175858-project-member] Using url versioning {{(pid=103063) process_request /opt/stack/glance/glance/api/middleware/version_negotiation.py:57}}
Aug 13 06:57:27.238259 np0000007169 devstack@g-api.service[103063]: DEBUG glance.api.middleware.version_negotiation [None req-5c8477d6-bc60-4e26-beff-b5efdbe79774 tempest-AttachVolumeNegativeTest-2109175858 tempest-AttachVolumeNegativeTest-2109175858-project-member] Matched version: v2 {{(pid=103063) process_request /opt/stack/glance/glance/api/middleware/version_negotiation.py:69}}
Aug 13 06:57:27.238259 np0000007169 devstack@g-api.service[103063]: DEBUG glance.api.middleware.version_negotiation [None req-5c8477d6-bc60-4e26-beff-b5efdbe79774 tempest-AttachVolumeNegativeTest-2109175858 tempest-AttachVolumeNegativeTest-2109175858-project-member] new path /v2/images/5edc9e59-4d5c-43f4-ad8d-fdebe0242b03 {{(pid=103063) process_request /opt/stack/glance/glance/api/middleware/version_negotiation.py:70}}
Aug 13 06:57:27.245997 np0000007169 devstack@g-api.service[103062]: DEBUG swiftclient [None req-a4709c17-331f-4b1a-ac48-1f0156ffe3f4 tempest-AttachVolumeShelveTestJSON-4390989 tempest-AttachVolumeShelveTestJSON-4390989-project-member] REQ: curl -i https://10.4.3.81:8080/v1/AUTH_9de1a9d4abd14a1a84c80bc914653168/glance?format=json&prefix=c1d321d1-6986-4336-9493-286b212ea862- -X GET -H "X-Auth-Token: gAAAAABqfWrXKI5i..." -H "Accept-Encoding: gzip" {{(pid=103062) http_log /opt/stack/data/venv/lib/python3.12/site-packages/swiftclient/client.py:160}}
Aug 13 06:57:27.246172 np0000007169 devstack@g-api.service[103062]: DEBUG swiftclient [None req-a4709c17-331f-4b1a-ac48-1f0156ffe3f4 tempest-AttachVolumeShelveTestJSON-4390989 tempest-AttachVolumeShelveTestJSON-4390989-project-member] RESP STATUS: 200 OK {{(pid=103062) http_log /opt/stack/data/venv/lib/python3.12/site-packages/swiftclient/client.py:161}}
Aug 13 06:57:27.246261 np0000007169 devstack@g-api.service[103062]: DEBUG swiftclient [None req-a4709c17-331f-4b1a-ac48-1f0156ffe3f4 tempest-AttachVolumeShelveTestJSON-4390989 tempest-AttachVolumeShelveTestJSON-4390989-project-member] RESP HEADERS: {'Date': 'Thu, 13 Aug 2026 06:57:27 GMT', 'Server': 'Apache/2.4.58 (Ubuntu)', 'Content-Type': 'application/json; charset=utf-8', 'Content-Length': '210', 'X-Container-Object-Count': '7', 'X-Container-Bytes-Used': '171573248', 'X-Timestamp': '1786603917.69067', 'Last-Modified': 'Thu, 13 Aug 2026 06:51:58 GMT', 'Accept-Ranges': 'bytes', 'X-Storage-Policy': 'Policy-0', 'X-Container-Sharding': 'False', 'X-Trans-Id': 'tx4d58d3c41ef74145817d4-006a7d6ad7', 'X-Openstack-Request-Id': 'tx4d58d3c41ef74145817d4-006a7d6ad7', 'Connection': 'close'} {{(pid=103062) http_log /opt/stack/data/venv/lib/python3.12/site-packages/swiftclient/client.py:162}}
Aug 13 06:57:27.246826 np0000007169 devstack@g-api.service[103062]: DEBUG swiftclient [None req-a4709c17-331f-4b1a-ac48-1f0156ffe3f4 tempest-AttachVolumeShelveTestJSON-4390989 tempest-AttachVolumeShelveTestJSON-4390989-project-member] RESP BODY: b'[{"bytes": 53608448, "hash": "90b8bff3e592b15c5966e5a844c21688", "name": "c1d321d1-6986-4336-9493-286b212ea862-00001", "content_type": "application/octet-stream", "last_modified": "2026-08-13T06:57:11.220770"}]' {{(pid=103062) http_log /opt/stack/data/venv/lib/python3.12/site-packages/swiftclient/client.py:166}}
Aug 13 06:57:27.247452 np0000007169 devstack@g-api.service[103063]: [pid: 103063|app: 0|req: 77/307] 127.0.0.1 () {44 vars in 1111 bytes} [Thu Aug 13 06:57:27 2026] GET /v2/images/5edc9e59-4d5c-43f4-ad8d-fdebe0242b03 => generated 1044 bytes in 10 msecs (HTTP/1.1 200) 4 headers in 158 bytes (1 switches on core 0)
Aug 13 06:57:27.274864 np0000007169 devstack@g-api.service[103060]: DEBUG glance.api.middleware.version_negotiation [None req-5c8477d6-bc60-4e26-beff-b5efdbe79774 tempest-AttachVolumeNegativeTest-2109175858 tempest-AttachVolumeNegativeTest-2109175858-project-member] Determining version of request: GET /v2/schemas/image Accept: */* {{(pid=103060) process_request /opt/stack/glance/glance/api/middleware/version_negotiation.py:44}}
Aug 13 06:57:27.275167 np0000007169 devstack@g-api.service[103060]: DEBUG glance.api.middleware.version_negotiation [None req-5c8477d6-bc60-4e26-beff-b5efdbe79774 tempest-AttachVolumeNegativeTest-2109175858 tempest-AttachVolumeNegativeTest-2109175858-project-member] Using url versioning {{(pid=103060) process_request /opt/stack/glance/glance/api/middleware/version_negotiation.py:57}}
Aug 13 06:57:27.275503 np0000007169 devstack@g-api.service[103060]: DEBUG glance.api.middleware.version_negotiation [None req-5c8477d6-bc60-4e26-beff-b5efdbe79774 tempest-AttachVolumeNegativeTest-2109175858 tempest-AttachVolumeNegativeTest-2109175858-project-member] Matched version: v2 {{(pid=103060) process_request /opt/stack/glance/glance/api/middleware/version_negotiation.py:69}}
Aug 13 06:57:27.275503 np0000007169 devstack@g-api.service[103060]: DEBUG glance.api.middleware.version_negotiation [None req-5c8477d6-bc60-4e26-beff-b5efdbe79774 tempest-AttachVolumeNegativeTest-2109175858 tempest-AttachVolumeNegativeTest-2109175858-project-member] new path /v2/schemas/image {{(pid=103060) process_request /opt/stack/glance/glance/api/middleware/version_negotiation.py:70}}
Aug 13 06:57:27.277698 np0000007169 devstack@g-api.service[103060]: [pid: 103060|app: 0|req: 75/308] 127.0.0.1 () {44 vars in 1051 bytes} [Thu Aug 13 06:57:27 2026] GET /v2/schemas/image => generated 6083 bytes in 3 msecs (HTTP/1.1 200) 4 headers in 158 bytes (1 switches on core 0)
Aug 13 06:57:27.287639 np0000007169 devstack@g-api.service[103062]: DEBUG swiftclient [None req-a4709c17-331f-4b1a-ac48-1f0156ffe3f4 tempest-AttachVolumeShelveTestJSON-4390989 tempest-AttachVolumeShelveTestJSON-4390989-project-member] REQ: curl -i https://10.4.3.81:8080/v1/AUTH_9de1a9d4abd14a1a84c80bc914653168/glance/c1d321d1-6986-4336-9493-286b212ea862-00001 DELETE -H "X-Auth-Token: gAAAAABqfWrXKI5i..." {{(pid=103062) http_log /opt/stack/data/venv/lib/python3.12/site-packages/swiftclient/client.py:160}}
Aug 13 06:57:27.287756 np0000007169 devstack@g-api.service[103062]: DEBUG swiftclient [None req-a4709c17-331f-4b1a-ac48-1f0156ffe3f4 tempest-AttachVolumeShelveTestJSON-4390989 tempest-AttachVolumeShelveTestJSON-4390989-project-member] RESP STATUS: 204 No Content {{(pid=103062) http_log /opt/stack/data/venv/lib/python3.12/site-packages/swiftclient/client.py:161}}
Aug 13 06:57:27.287873 np0000007169 devstack@g-api.service[103062]: DEBUG swiftclient [None req-a4709c17-331f-4b1a-ac48-1f0156ffe3f4 tempest-AttachVolumeShelveTestJSON-4390989 tempest-AttachVolumeShelveTestJSON-4390989-project-member] RESP HEADERS: {'Date': 'Thu, 13 Aug 2026 06:57:27 GMT', 'Server': 'Apache/2.4.58 (Ubuntu)', 'Content-Type': 'text/html; charset=UTF-8', 'X-Trans-Id': 'txceee6e4c474e488a85350-006a7d6ad7', 'X-Openstack-Request-Id': 'txceee6e4c474e488a85350-006a7d6ad7', 'Connection': 'close'} {{(pid=103062) http_log /opt/stack/data/venv/lib/python3.12/site-packages/swiftclient/client.py:162}}
Aug 13 06:57:27.290524 np0000007169 devstack@g-api.service[103061]: DEBUG glance.api.middleware.version_negotiation [None req-cfb82c9b-b695-4102-9a9d-bb169b4453ea tempest-VolumesImageMetadata-1092442234 tempest-VolumesImageMetadata-1092442234-project-member] Determining version of request: GET /v2/schemas/image Accept: */* {{(pid=103061) process_request /opt/stack/glance/glance/api/middleware/version_negotiation.py:44}}
Aug 13 06:57:27.290687 np0000007169 devstack@g-api.service[103061]: DEBUG glance.api.middleware.version_negotiation [None req-cfb82c9b-b695-4102-9a9d-bb169b4453ea tempest-VolumesImageMetadata-1092442234 tempest-VolumesImageMetadata-1092442234-project-member] Using url versioning {{(pid=103061) process_request /opt/stack/glance/glance/api/middleware/version_negotiation.py:57}}
Aug 13 06:57:27.290840 np0000007169 devstack@g-api.service[103061]: DEBUG glance.api.middleware.version_negotiation [None req-cfb82c9b-b695-4102-9a9d-bb169b4453ea tempest-VolumesImageMetadata-1092442234 tempest-VolumesImageMetadata-1092442234-project-member] Matched version: v2 {{(pid=103061) process_request /opt/stack/glance/glance/api/middleware/version_negotiation.py:69}}
Aug 13 06:57:27.290951 np0000007169 devstack@g-api.service[103061]: DEBUG glance.api.middleware.version_negotiation [None req-cfb82c9b-b695-4102-9a9d-bb169b4453ea tempest-VolumesImageMetadata-1092442234 tempest-VolumesImageMetadata-1092442234-project-member] new path /v2/schemas/image {{(pid=103061) process_request /opt/stack/glance/glance/api/middleware/version_negotiation.py:70}}
Aug 13 06:57:27.293784 np0000007169 devstack@g-api.service[103061]: [pid: 103061|app: 0|req: 79/309] 127.0.0.1 () {44 vars in 1051 bytes} [Thu Aug 13 06:57:27 2026] GET /v2/schemas/image => generated 6083 bytes in 3 msecs (HTTP/1.1 200) 4 headers in 158 bytes (1 switches on core 0)
Aug 13 06:57:27.304867 np0000007169 devstack@g-api.service[103063]: DEBUG glance.api.middleware.version_negotiation [None req-031739a8-2fe1-4dcb-9c44-275a06c8295c tempest-VolumesImageMetadata-1092442234 tempest-VolumesImageMetadata-1092442234-project-member] Determining version of request: GET /v2/images/5edc9e59-4d5c-43f4-ad8d-fdebe0242b03 Accept: */* {{(pid=103063) process_request /opt/stack/glance/glance/api/middleware/version_negotiation.py:44}}
Aug 13 06:57:27.304867 np0000007169 devstack@g-api.service[103063]: DEBUG glance.api.middleware.version_negotiation [None req-031739a8-2fe1-4dcb-9c44-275a06c8295c tempest-VolumesImageMetadata-1092442234 tempest-VolumesImageMetadata-1092442234-project-member] Using url versioning {{(pid=103063) process_request /opt/stack/glance/glance/api/middleware/version_negotiation.py:57}}
Aug 13 06:57:27.304867 np0000007169 devstack@g-api.service[103063]: DEBUG glance.api.middleware.version_negotiation [None req-031739a8-2fe1-4dcb-9c44-275a06c8295c tempest-VolumesImageMetadata-1092442234 tempest-VolumesImageMetadata-1092442234-project-member] Matched version: v2 {{(pid=103063) process_request /opt/stack/glance/glance/api/middleware/version_negotiation.py:69}}
Aug 13 06:57:27.304867 np0000007169 devstack@g-api.service[103063]: DEBUG glance.api.middleware.version_negotiation [None req-031739a8-2fe1-4dcb-9c44-275a06c8295c tempest-VolumesImageMetadata-1092442234 tempest-VolumesImageMetadata-1092442234-project-member] new path /v2/images/5edc9e59-4d5c-43f4-ad8d-fdebe0242b03 {{(pid=103063) process_request /opt/stack/glance/glance/api/middleware/version_negotiation.py:70}}
Aug 13 06:57:27.308830 np0000007169 devstack@g-api.service[103062]: DEBUG swiftclient [None req-a4709c17-331f-4b1a-ac48-1f0156ffe3f4 tempest-AttachVolumeShelveTestJSON-4390989 tempest-AttachVolumeShelveTestJSON-4390989-project-member] REQ: curl -i https://10.4.3.81:8080/v1/AUTH_9de1a9d4abd14a1a84c80bc914653168/glance/c1d321d1-6986-4336-9493-286b212ea862 DELETE -H "X-Auth-Token: gAAAAABqfWrXKI5i..." {{(pid=103062) http_log /opt/stack/data/venv/lib/python3.12/site-packages/swiftclient/client.py:160}}
Aug 13 06:57:27.308944 np0000007169 devstack@g-api.service[103062]: DEBUG swiftclient [None req-a4709c17-331f-4b1a-ac48-1f0156ffe3f4 tempest-AttachVolumeShelveTestJSON-4390989 tempest-AttachVolumeShelveTestJSON-4390989-project-member] RESP STATUS: 204 No Content {{(pid=103062) http_log /opt/stack/data/venv/lib/python3.12/site-packages/swiftclient/client.py:161}}
Aug 13 06:57:27.309084 np0000007169 devstack@g-api.service[103062]: DEBUG swiftclient [None req-a4709c17-331f-4b1a-ac48-1f0156ffe3f4 tempest-AttachVolumeShelveTestJSON-4390989 tempest-AttachVolumeShelveTestJSON-4390989-project-member] RESP HEADERS: {'Date': 'Thu, 13 Aug 2026 06:57:27 GMT', 'Server': 'Apache/2.4.58 (Ubuntu)', 'Content-Type': 'text/html; charset=UTF-8', 'X-Trans-Id': 'tx3d59d2038a4c41b580f56-006a7d6ad7', 'X-Openstack-Request-Id': 'tx3d59d2038a4c41b580f56-006a7d6ad7', 'Connection': 'close'} {{(pid=103062) http_log /opt/stack/data/venv/lib/python3.12/site-packages/swiftclient/client.py:162}}
Aug 13 06:57:27.314354 np0000007169 devstack@g-api.service[103063]: [pid: 103063|app: 0|req: 78/310] 127.0.0.1 () {44 vars in 1111 bytes} [Thu Aug 13 06:57:27 2026] GET /v2/images/5edc9e59-4d5c-43f4-ad8d-fdebe0242b03 => generated 1044 bytes in 10 msecs (HTTP/1.1 200) 4 headers in 158 bytes (1 switches on core 0)
Aug 13 06:57:27.321581 np0000007169 devstack@g-api.service[103060]: DEBUG glance.api.middleware.version_negotiation [None req-031739a8-2fe1-4dcb-9c44-275a06c8295c tempest-VolumesImageMetadata-1092442234 tempest-VolumesImageMetadata-1092442234-project-member] Determining version of request: GET /v2/schemas/image Accept: */* {{(pid=103060) process_request /opt/stack/glance/glance/api/middleware/version_negotiation.py:44}}
Aug 13 06:57:27.321839 np0000007169 devstack@g-api.service[103060]: DEBUG glance.api.middleware.version_negotiation [None req-031739a8-2fe1-4dcb-9c44-275a06c8295c tempest-VolumesImageMetadata-1092442234 tempest-VolumesImageMetadata-1092442234-project-member] Using url versioning {{(pid=103060) process_request /opt/stack/glance/glance/api/middleware/version_negotiation.py:57}}
Aug 13 06:57:27.321957 np0000007169 devstack@g-api.service[103060]: DEBUG glance.api.middleware.version_negotiation [None req-031739a8-2fe1-4dcb-9c44-275a06c8295c tempest-VolumesImageMetadata-1092442234 tempest-VolumesImageMetadata-1092442234-project-member] Matched version: v2 {{(pid=103060) process_request /opt/stack/glance/glance/api/middleware/version_negotiation.py:69}}
Aug 13 06:57:27.322081 np0000007169 devstack@g-api.service[103060]: DEBUG glance.api.middleware.version_negotiation [None req-031739a8-2fe1-4dcb-9c44-275a06c8295c tempest-VolumesImageMetadata-1092442234 tempest-VolumesImageMetadata-1092442234-project-member] new path /v2/schemas/image {{(pid=103060) process_request /opt/stack/glance/glance/api/middleware/version_negotiation.py:70}}
Aug 13 06:57:27.324419 np0000007169 devstack@g-api.service[103060]: [pid: 103060|app: 0|req: 76/311] 127.0.0.1 () {44 vars in 1051 bytes} [Thu Aug 13 06:57:27 2026] GET /v2/schemas/image => generated 6083 bytes in 3 msecs (HTTP/1.1 200) 4 headers in 158 bytes (1 switches on core 0)
Aug 13 06:57:27.333152 np0000007169 devstack@g-api.service[103061]: DEBUG glance.api.middleware.version_negotiation [None req-031739a8-2fe1-4dcb-9c44-275a06c8295c tempest-VolumesImageMetadata-1092442234 tempest-VolumesImageMetadata-1092442234-project-member] Determining version of request: GET /v2/schemas/image Accept: */* {{(pid=103061) process_request /opt/stack/glance/glance/api/middleware/version_negotiation.py:44}}
Aug 13 06:57:27.333337 np0000007169 devstack@g-api.service[103061]: DEBUG glance.api.middleware.version_negotiation [None req-031739a8-2fe1-4dcb-9c44-275a06c8295c tempest-VolumesImageMetadata-1092442234 tempest-VolumesImageMetadata-1092442234-project-member] Using url versioning {{(pid=103061) process_request /opt/stack/glance/glance/api/middleware/version_negotiation.py:57}}
Aug 13 06:57:27.333500 np0000007169 devstack@g-api.service[103061]: DEBUG glance.api.middleware.version_negotiation [None req-031739a8-2fe1-4dcb-9c44-275a06c8295c tempest-VolumesImageMetadata-1092442234 tempest-VolumesImageMetadata-1092442234-project-member] Matched version: v2 {{(pid=103061) process_request /opt/stack/glance/glance/api/middleware/version_negotiation.py:69}}
Aug 13 06:57:27.333628 np0000007169 devstack@g-api.service[103061]: DEBUG glance.api.middleware.version_negotiation [None req-031739a8-2fe1-4dcb-9c44-275a06c8295c tempest-VolumesImageMetadata-1092442234 tempest-VolumesImageMetadata-1092442234-project-member] new path /v2/schemas/image {{(pid=103061) process_request /opt/stack/glance/glance/api/middleware/version_negotiation.py:70}}
Aug 13 06:57:27.337879 np0000007169 devstack@g-api.service[103061]: [pid: 103061|app: 0|req: 80/312] 127.0.0.1 () {44 vars in 1051 bytes} [Thu Aug 13 06:57:27 2026] GET /v2/schemas/image => generated 6083 bytes in 5 msecs (HTTP/1.1 200) 4 headers in 158 bytes (1 switches on core 0)
Aug 13 06:57:27.359709 np0000007169 devstack@g-api.service[103063]: DEBUG glance.api.middleware.version_negotiation [None req-031739a8-2fe1-4dcb-9c44-275a06c8295c tempest-VolumesImageMetadata-1092442234 tempest-VolumesImageMetadata-1092442234-project-member] Determining version of request: GET /v2/images/5edc9e59-4d5c-43f4-ad8d-fdebe0242b03 Accept: */* {{(pid=103063) process_request /opt/stack/glance/glance/api/middleware/version_negotiation.py:44}}
Aug 13 06:57:27.359937 np0000007169 devstack@g-api.service[103063]: DEBUG glance.api.middleware.version_negotiation [None req-031739a8-2fe1-4dcb-9c44-275a06c8295c tempest-VolumesImageMetadata-1092442234 tempest-VolumesImageMetadata-1092442234-project-member] Using url versioning {{(pid=103063) process_request /opt/stack/glance/glance/api/middleware/version_negotiation.py:57}}
Aug 13 06:57:27.360058 np0000007169 devstack@g-api.service[103063]: DEBUG glance.api.middleware.version_negotiation [None req-031739a8-2fe1-4dcb-9c44-275a06c8295c tempest-VolumesImageMetadata-1092442234 tempest-VolumesImageMetadata-1092442234-project-member] Matched version: v2 {{(pid=103063) process_request /opt/stack/glance/glance/api/middleware/version_negotiation.py:69}}
Aug 13 06:57:27.360149 np0000007169 devstack@g-api.service[103063]: DEBUG glance.api.middleware.version_negotiation [None req-031739a8-2fe1-4dcb-9c44-275a06c8295c tempest-VolumesImageMetadata-1092442234 tempest-VolumesImageMetadata-1092442234-project-member] new path /v2/images/5edc9e59-4d5c-43f4-ad8d-fdebe0242b03 {{(pid=103063) process_request /opt/stack/glance/glance/api/middleware/version_negotiation.py:70}}
Aug 13 06:57:27.371645 np0000007169 devstack@g-api.service[103063]: [pid: 103063|app: 0|req: 79/313] 127.0.0.1 () {44 vars in 1111 bytes} [Thu Aug 13 06:57:27 2026] GET /v2/images/5edc9e59-4d5c-43f4-ad8d-fdebe0242b03 => generated 1044 bytes in 12 msecs (HTTP/1.1 200) 4 headers in 158 bytes (1 switches on core 0)
Aug 13 06:57:27.382028 np0000007169 devstack@g-api.service[103060]: DEBUG glance.api.middleware.version_negotiation [None req-031739a8-2fe1-4dcb-9c44-275a06c8295c tempest-VolumesImageMetadata-1092442234 tempest-VolumesImageMetadata-1092442234-project-member] Determining version of request: GET /v2/schemas/image Accept: */* {{(pid=103060) process_request /opt/stack/glance/glance/api/middleware/version_negotiation.py:44}}
Aug 13 06:57:27.382221 np0000007169 devstack@g-api.service[103060]: DEBUG glance.api.middleware.version_negotiation [None req-031739a8-2fe1-4dcb-9c44-275a06c8295c tempest-VolumesImageMetadata-1092442234 tempest-VolumesImageMetadata-1092442234-project-member] Using url versioning {{(pid=103060) process_request /opt/stack/glance/glance/api/middleware/version_negotiation.py:57}}
Aug 13 06:57:27.382312 np0000007169 devstack@g-api.service[103060]: DEBUG glance.api.middleware.version_negotiation [None req-031739a8-2fe1-4dcb-9c44-275a06c8295c tempest-VolumesImageMetadata-1092442234 tempest-VolumesImageMetadata-1092442234-project-member] Matched version: v2 {{(pid=103060) process_request /opt/stack/glance/glance/api/middleware/version_negotiation.py:69}}
Aug 13 06:57:27.382441 np0000007169 devstack@g-api.service[103060]: DEBUG glance.api.middleware.version_negotiation [None req-031739a8-2fe1-4dcb-9c44-275a06c8295c tempest-VolumesImageMetadata-1092442234 tempest-VolumesImageMetadata-1092442234-project-member] new path /v2/schemas/image {{(pid=103060) process_request /opt/stack/glance/glance/api/middleware/version_negotiation.py:70}}
Aug 13 06:57:27.388085 np0000007169 devstack@g-api.service[103060]: [pid: 103060|app: 0|req: 77/314] 127.0.0.1 () {44 vars in 1051 bytes} [Thu Aug 13 06:57:27 2026] GET /v2/schemas/image => generated 6083 bytes in 6 msecs (HTTP/1.1 200) 4 headers in 158 bytes (1 switches on core 0)
Aug 13 06:57:27.392722 np0000007169 devstack@g-api.service[103062]: DEBUG glance.api.middleware.cache [None req-a4709c17-331f-4b1a-ac48-1f0156ffe3f4 tempest-AttachVolumeShelveTestJSON-4390989 tempest-AttachVolumeShelveTestJSON-4390989-project-member] Removing image c1d321d1-6986-4336-9493-286b212ea862 from cache {{(pid=103062) _process_DELETE_response /opt/stack/glance/glance/api/middleware/cache.py:264}}
Aug 13 06:57:27.392997 np0000007169 devstack@g-api.service[103062]: DEBUG glance.image_cache.drivers.centralized_db [None req-a4709c17-331f-4b1a-ac48-1f0156ffe3f4 tempest-AttachVolumeShelveTestJSON-4390989 tempest-AttachVolumeShelveTestJSON-4390989-project-member] Deleting image cache file '/opt/stack/data/glance/cache/c1d321d1-6986-4336-9493-286b212ea862' {{(pid=103062) delete_cached_file /opt/stack/glance/glance/image_cache/drivers/centralized_db.py:400}}
Aug 13 06:57:27.413765 np0000007169 devstack@g-api.service[103062]: [pid: 103062|app: 0|req: 79/315] 127.0.0.1 () {46 vars in 1133 bytes} [Thu Aug 13 06:57:27 2026] DELETE /v2/images/c1d321d1-6986-4336-9493-286b212ea862 => generated 0 bytes in 387 msecs (HTTP/1.1 204) 4 headers in 171 bytes (1 switches on core 0)
Aug 13 06:57:27.725885 np0000007169 devstack@g-api.service[103061]: DEBUG glance.api.middleware.version_negotiation [None req-031739a8-2fe1-4dcb-9c44-275a06c8295c tempest-VolumesImageMetadata-1092442234 tempest-VolumesImageMetadata-1092442234-project-member] Determining version of request: GET /versions Accept: */* {{(pid=103061) process_request /opt/stack/glance/glance/api/middleware/version_negotiation.py:44}}
Aug 13 06:57:27.726549 np0000007169 devstack@g-api.service[103061]: [pid: 103061|app: 0|req: 81/316] 127.0.0.1 () {44 vars in 1035 bytes} [Thu Aug 13 06:57:27 2026] GET /versions => generated 1501 bytes in 1 msecs (HTTP/1.1 200) 3 headers in 92 bytes (1 switches on core 0)
Aug 13 06:57:27.733864 np0000007169 devstack@g-api.service[103063]: DEBUG glance.api.middleware.version_negotiation [None req-031739a8-2fe1-4dcb-9c44-275a06c8295c tempest-VolumesImageMetadata-1092442234 tempest-VolumesImageMetadata-1092442234-project-member] Determining version of request: GET /v2/images/5edc9e59-4d5c-43f4-ad8d-fdebe0242b03/locations Accept: */* {{(pid=103063) process_request /opt/stack/glance/glance/api/middleware/version_negotiation.py:44}}
Aug 13 06:57:27.734039 np0000007169 devstack@g-api.service[103063]: DEBUG glance.api.middleware.version_negotiation [None req-031739a8-2fe1-4dcb-9c44-275a06c8295c tempest-VolumesImageMetadata-1092442234 tempest-VolumesImageMetadata-1092442234-project-member] Using url versioning {{(pid=103063) process_request /opt/stack/glance/glance/api/middleware/version_negotiation.py:57}}
Aug 13 06:57:27.734173 np0000007169 devstack@g-api.service[103063]: DEBUG glance.api.middleware.version_negotiation [None req-031739a8-2fe1-4dcb-9c44-275a06c8295c tempest-VolumesImageMetadata-1092442234 tempest-VolumesImageMetadata-1092442234-project-member] Matched version: v2 {{(pid=103063) process_request /opt/stack/glance/glance/api/middleware/version_negotiation.py:69}}
Aug 13 06:57:27.734524 np0000007169 devstack@g-api.service[103063]: DEBUG glance.api.middleware.version_negotiation [None req-031739a8-2fe1-4dcb-9c44-275a06c8295c tempest-VolumesImageMetadata-1092442234 tempest-VolumesImageMetadata-1092442234-project-member] new path /v2/images/5edc9e59-4d5c-43f4-ad8d-fdebe0242b03/locations {{(pid=103063) process_request /opt/stack/glance/glance/api/middleware/version_negotiation.py:70}}
Aug 13 06:57:27.783636 np0000007169 devstack@g-api.service[103063]: [pid: 103063|app: 0|req: 80/317] 127.0.0.1 () {44 vars in 1131 bytes} [Thu Aug 13 06:57:27 2026] GET /v2/images/5edc9e59-4d5c-43f4-ad8d-fdebe0242b03/locations => generated 92 bytes in 50 msecs (HTTP/1.1 200) 4 headers in 156 bytes (1 switches on core 0)
Aug 13 06:57:27.793781 np0000007169 devstack@g-api.service[103060]: DEBUG glance.api.middleware.version_negotiation [None req-031739a8-2fe1-4dcb-9c44-275a06c8295c tempest-VolumesImageMetadata-1092442234 tempest-VolumesImageMetadata-1092442234-project-member] Determining version of request: GET /v2/images/5edc9e59-4d5c-43f4-ad8d-fdebe0242b03 Accept: */* {{(pid=103060) process_request /opt/stack/glance/glance/api/middleware/version_negotiation.py:44}}
Aug 13 06:57:27.793781 np0000007169 devstack@g-api.service[103060]: DEBUG glance.api.middleware.version_negotiation [None req-031739a8-2fe1-4dcb-9c44-275a06c8295c tempest-VolumesImageMetadata-1092442234 tempest-VolumesImageMetadata-1092442234-project-member] Using url versioning {{(pid=103060) process_request /opt/stack/glance/glance/api/middleware/version_negotiation.py:57}}
Aug 13 06:57:27.793781 np0000007169 devstack@g-api.service[103060]: DEBUG glance.api.middleware.version_negotiation [None req-031739a8-2fe1-4dcb-9c44-275a06c8295c tempest-VolumesImageMetadata-1092442234 tempest-VolumesImageMetadata-1092442234-project-member] Matched version: v2 {{(pid=103060) process_request /opt/stack/glance/glance/api/middleware/version_negotiation.py:69}}
Aug 13 06:57:27.793781 np0000007169 devstack@g-api.service[103060]: DEBUG glance.api.middleware.version_negotiation [None req-031739a8-2fe1-4dcb-9c44-275a06c8295c tempest-VolumesImageMetadata-1092442234 tempest-VolumesImageMetadata-1092442234-project-member] new path /v2/images/5edc9e59-4d5c-43f4-ad8d-fdebe0242b03 {{(pid=103060) process_request /opt/stack/glance/glance/api/middleware/version_negotiation.py:70}}
Aug 13 06:57:27.806019 np0000007169 devstack@g-api.service[103060]: [pid: 103060|app: 0|req: 78/318] 127.0.0.1 () {44 vars in 1111 bytes} [Thu Aug 13 06:57:27 2026] GET /v2/images/5edc9e59-4d5c-43f4-ad8d-fdebe0242b03 => generated 1044 bytes in 13 msecs (HTTP/1.1 200) 4 headers in 158 bytes (1 switches on core 0)
Aug 13 06:57:27.813461 np0000007169 devstack@g-api.service[103062]: DEBUG glance.api.middleware.version_negotiation [None req-a4709c17-331f-4b1a-ac48-1f0156ffe3f4 tempest-AttachVolumeShelveTestJSON-4390989 tempest-AttachVolumeShelveTestJSON-4390989-project-member] Determining version of request: GET /v2/schemas/image Accept: */* {{(pid=103062) process_request /opt/stack/glance/glance/api/middleware/version_negotiation.py:44}}
Aug 13 06:57:27.813674 np0000007169 devstack@g-api.service[103062]: DEBUG glance.api.middleware.version_negotiation [None req-a4709c17-331f-4b1a-ac48-1f0156ffe3f4 tempest-AttachVolumeShelveTestJSON-4390989 tempest-AttachVolumeShelveTestJSON-4390989-project-member] Using url versioning {{(pid=103062) process_request /opt/stack/glance/glance/api/middleware/version_negotiation.py:57}}
Aug 13 06:57:27.813856 np0000007169 devstack@g-api.service[103062]: DEBUG glance.api.middleware.version_negotiation [None req-a4709c17-331f-4b1a-ac48-1f0156ffe3f4 tempest-AttachVolumeShelveTestJSON-4390989 tempest-AttachVolumeShelveTestJSON-4390989-project-member] Matched version: v2 {{(pid=103062) process_request /opt/stack/glance/glance/api/middleware/version_negotiation.py:69}}
Aug 13 06:57:27.814001 np0000007169 devstack@g-api.service[103062]: DEBUG glance.api.middleware.version_negotiation [None req-a4709c17-331f-4b1a-ac48-1f0156ffe3f4 tempest-AttachVolumeShelveTestJSON-4390989 tempest-AttachVolumeShelveTestJSON-4390989-project-member] new path /v2/schemas/image {{(pid=103062) process_request /opt/stack/glance/glance/api/middleware/version_negotiation.py:70}}
Aug 13 06:57:27.816856 np0000007169 devstack@g-api.service[103062]: [pid: 103062|app: 0|req: 80/319] 127.0.0.1 () {44 vars in 1051 bytes} [Thu Aug 13 06:57:27 2026] GET /v2/schemas/image => generated 6083 bytes in 3 msecs (HTTP/1.1 200) 4 headers in 158 bytes (1 switches on core 0)
Aug 13 06:57:27.825573 np0000007169 devstack@g-api.service[103061]: DEBUG glance.api.middleware.version_negotiation [None req-031739a8-2fe1-4dcb-9c44-275a06c8295c tempest-VolumesImageMetadata-1092442234 tempest-VolumesImageMetadata-1092442234-project-member] Determining version of request: GET /v2/schemas/image Accept: */* {{(pid=103061) process_request /opt/stack/glance/glance/api/middleware/version_negotiation.py:44}}
Aug 13 06:57:27.825778 np0000007169 devstack@g-api.service[103061]: DEBUG glance.api.middleware.version_negotiation [None req-031739a8-2fe1-4dcb-9c44-275a06c8295c tempest-VolumesImageMetadata-1092442234 tempest-VolumesImageMetadata-1092442234-project-member] Using url versioning {{(pid=103061) process_request /opt/stack/glance/glance/api/middleware/version_negotiation.py:57}}
Aug 13 06:57:27.826017 np0000007169 devstack@g-api.service[103061]: DEBUG glance.api.middleware.version_negotiation [None req-031739a8-2fe1-4dcb-9c44-275a06c8295c tempest-VolumesImageMetadata-1092442234 tempest-VolumesImageMetadata-1092442234-project-member] Matched version: v2 {{(pid=103061) process_request /opt/stack/glance/glance/api/middleware/version_negotiation.py:69}}
Aug 13 06:57:27.826107 np0000007169 devstack@g-api.service[103061]: DEBUG glance.api.middleware.version_negotiation [None req-031739a8-2fe1-4dcb-9c44-275a06c8295c tempest-VolumesImageMetadata-1092442234 tempest-VolumesImageMetadata-1092442234-project-member] new path /v2/schemas/image {{(pid=103061) process_request /opt/stack/glance/glance/api/middleware/version_negotiation.py:70}}
Aug 13 06:57:27.830988 np0000007169 devstack@g-api.service[103061]: [pid: 103061|app: 0|req: 82/320] 127.0.0.1 () {44 vars in 1051 bytes} [Thu Aug 13 06:57:27 2026] GET /v2/schemas/image => generated 6083 bytes in 5 msecs (HTTP/1.1 200) 4 headers in 158 bytes (1 switches on core 0)
Aug 13 06:57:37.213604 np0000007169 devstack@g-api.service[103061]: DEBUG dbcounter [-] [103061] Writing DB stats glance:SELECT=2 {{(pid=103061) stat_writer /opt/stack/data/venv/lib/python3.12/site-packages/dbcounter.py:115}}
Aug 13 06:57:37.327719 np0000007169 devstack@g-api.service[103063]: DEBUG glance.api.middleware.version_negotiation [None req-031739a8-2fe1-4dcb-9c44-275a06c8295c service glance] Determining version of request: GET /v2/images/5edc9e59-4d5c-43f4-ad8d-fdebe0242b03 Accept: */* {{(pid=103063) process_request /opt/stack/glance/glance/api/middleware/version_negotiation.py:44}}
Aug 13 06:57:37.328179 np0000007169 devstack@g-api.service[103063]: DEBUG glance.api.middleware.version_negotiation [None req-031739a8-2fe1-4dcb-9c44-275a06c8295c service glance] Using url versioning {{(pid=103063) process_request /opt/stack/glance/glance/api/middleware/version_negotiation.py:57}}
Aug 13 06:57:37.328179 np0000007169 devstack@g-api.service[103063]: DEBUG glance.api.middleware.version_negotiation [None req-031739a8-2fe1-4dcb-9c44-275a06c8295c service glance] Matched version: v2 {{(pid=103063) process_request /opt/stack/glance/glance/api/middleware/version_negotiation.py:69}}
Aug 13 06:57:37.328265 np0000007169 devstack@g-api.service[103063]: DEBUG glance.api.middleware.version_negotiation [None req-031739a8-2fe1-4dcb-9c44-275a06c8295c service glance] new path /v2/images/5edc9e59-4d5c-43f4-ad8d-fdebe0242b03 {{(pid=103063) process_request /opt/stack/glance/glance/api/middleware/version_negotiation.py:70}}
Aug 13 06:57:37.341675 np0000007169 devstack@g-api.service[103063]: [pid: 103063|app: 0|req: 81/321] 127.0.0.1 () {44 vars in 1111 bytes} [Thu Aug 13 06:57:37 2026] GET /v2/images/5edc9e59-4d5c-43f4-ad8d-fdebe0242b03 => generated 1044 bytes in 14 msecs (HTTP/1.1 200) 4 headers in 158 bytes (1 switches on core 0)
Aug 13 06:57:37.375676 np0000007169 devstack@g-api.service[103060]: DEBUG glance.api.middleware.version_negotiation [None req-031739a8-2fe1-4dcb-9c44-275a06c8295c tempest-VolumesImageMetadata-1092442234 tempest-VolumesImageMetadata-1092442234-project-member] Determining version of request: GET /v2/schemas/image Accept: */* {{(pid=103060) process_request /opt/stack/glance/glance/api/middleware/version_negotiation.py:44}}
Aug 13 06:57:37.376140 np0000007169 devstack@g-api.service[103060]: DEBUG glance.api.middleware.version_negotiation [None req-031739a8-2fe1-4dcb-9c44-275a06c8295c tempest-VolumesImageMetadata-1092442234 tempest-VolumesImageMetadata-1092442234-project-member] Using url versioning {{(pid=103060) process_request /opt/stack/glance/glance/api/middleware/version_negotiation.py:57}}
Aug 13 06:57:37.376140 np0000007169 devstack@g-api.service[103060]: DEBUG glance.api.middleware.version_negotiation [None req-031739a8-2fe1-4dcb-9c44-275a06c8295c tempest-VolumesImageMetadata-1092442234 tempest-VolumesImageMetadata-1092442234-project-member] Matched version: v2 {{(pid=103060) process_request /opt/stack/glance/glance/api/middleware/version_negotiation.py:69}}
Aug 13 06:57:37.376140 np0000007169 devstack@g-api.service[103060]: DEBUG glance.api.middleware.version_negotiation [None req-031739a8-2fe1-4dcb-9c44-275a06c8295c tempest-VolumesImageMetadata-1092442234 tempest-VolumesImageMetadata-1092442234-project-member] new path /v2/schemas/image {{(pid=103060) process_request /opt/stack/glance/glance/api/middleware/version_negotiation.py:70}}
Aug 13 06:57:37.378864 np0000007169 devstack@g-api.service[103060]: [pid: 103060|app: 0|req: 79/322] 127.0.0.1 () {44 vars in 1051 bytes} [Thu Aug 13 06:57:37 2026] GET /v2/schemas/image => generated 6083 bytes in 3 msecs (HTTP/1.1 200) 4 headers in 158 bytes (1 switches on core 0)
Aug 13 06:57:37.410944 np0000007169 devstack@g-api.service[103062]: DEBUG dbcounter [-] [103062] Writing DB stats glance:SELECT=36,glance:UPDATE=25,glance:DELETE=1 {{(pid=103062) stat_writer /opt/stack/data/venv/lib/python3.12/site-packages/dbcounter.py:115}}
Aug 13 06:57:37.802740 np0000007169 devstack@g-api.service[103060]: DEBUG dbcounter [-] [103060] Writing DB stats glance:SELECT=28,glance:INSERT=19,glance:UPDATE=2 {{(pid=103060) stat_writer /opt/stack/data/venv/lib/python3.12/site-packages/dbcounter.py:115}}
Aug 13 06:57:43.541532 np0000007169 devstack@g-api.service[103062]: DEBUG glance.api.middleware.version_negotiation [None req-031739a8-2fe1-4dcb-9c44-275a06c8295c tempest-VolumesImageMetadata-1092442234 tempest-VolumesImageMetadata-1092442234-project-member] Determining version of request: DELETE /v2/images/229799bd-d78a-4a34-8263-fba8f03cf07c Accept: */* {{(pid=103062) process_request /opt/stack/glance/glance/api/middleware/version_negotiation.py:44}}
Aug 13 06:57:43.541937 np0000007169 devstack@g-api.service[103062]: DEBUG glance.api.middleware.version_negotiation [None req-031739a8-2fe1-4dcb-9c44-275a06c8295c tempest-VolumesImageMetadata-1092442234 tempest-VolumesImageMetadata-1092442234-project-member] Using url versioning {{(pid=103062) process_request /opt/stack/glance/glance/api/middleware/version_negotiation.py:57}}
Aug 13 06:57:43.541937 np0000007169 devstack@g-api.service[103062]: DEBUG glance.api.middleware.version_negotiation [None req-031739a8-2fe1-4dcb-9c44-275a06c8295c tempest-VolumesImageMetadata-1092442234 tempest-VolumesImageMetadata-1092442234-project-member] Matched version: v2 {{(pid=103062) process_request /opt/stack/glance/glance/api/middleware/version_negotiation.py:69}}
Aug 13 06:57:43.541937 np0000007169 devstack@g-api.service[103062]: DEBUG glance.api.middleware.version_negotiation [None req-031739a8-2fe1-4dcb-9c44-275a06c8295c tempest-VolumesImageMetadata-1092442234 tempest-VolumesImageMetadata-1092442234-project-member] new path /v2/images/229799bd-d78a-4a34-8263-fba8f03cf07c {{(pid=103062) process_request /opt/stack/glance/glance/api/middleware/version_negotiation.py:70}}
