Aug 13 06:51:00.888717 np0000007169 devstack@neutron-api.service[90793]: DEBUG neutron_lib.callbacks.manager [None req-9d6854a0-8e9a-4789-9c57-f318b011795b None None] Subscribe: > port precommit_delete 55550000, False {{(pid=90793) subscribe /opt/stack/data/venv/lib/python3.12/site-packages/neutron_lib/callbacks/manager.py:52}}
Aug 13 06:51:00.888753 np0000007169 devstack@neutron-api.service[90793]: DEBUG neutron_lib.callbacks.manager [None req-9d6854a0-8e9a-4789-9c57-f318b011795b None None] Subscribe: port before_update 55550000, False {{(pid=90793) subscribe /opt/stack/data/venv/lib/python3.12/site-packages/neutron_lib/callbacks/manager.py:52}}
Aug 13 06:51:00.889199 np0000007169 devstack@neutron-api.service[90793]: DEBUG neutron_lib.callbacks.manager [None req-9d6854a0-8e9a-4789-9c57-f318b011795b None None] Subscribe: port before_delete 55550000, False {{(pid=90793) subscribe /opt/stack/data/venv/lib/python3.12/site-packages/neutron_lib/callbacks/manager.py:52}}
Aug 13 06:51:00.889199 np0000007169 devstack@neutron-api.service[90793]: DEBUG neutron_lib.callbacks.manager [None req-9d6854a0-8e9a-4789-9c57-f318b011795b None None] Subscribe: > router precommit_create 55550000, False {{(pid=90793) subscribe /opt/stack/data/venv/lib/python3.12/site-packages/neutron_lib/callbacks/manager.py:52}}
Aug 13 06:51:00.889199 np0000007169 devstack@neutron-api.service[90793]: DEBUG neutron_lib.callbacks.manager [None req-9d6854a0-8e9a-4789-9c57-f318b011795b None None] Subscribe: > router precommit_create 55550000, False {{(pid=90793) subscribe /opt/stack/data/venv/lib/python3.12/site-packages/neutron_lib/callbacks/manager.py:52}}
Aug 13 06:51:00.889199 np0000007169 devstack@neutron-api.service[90793]: DEBUG neutron_lib.callbacks.manager [None req-9d6854a0-8e9a-4789-9c57-f318b011795b None None] Subscribe: > router precommit_update 55550000, False {{(pid=90793) subscribe /opt/stack/data/venv/lib/python3.12/site-packages/neutron_lib/callbacks/manager.py:52}}
Aug 13 06:51:00.889364 np0000007169 devstack@neutron-api.service[90793]: DEBUG neutron_lib.callbacks.manager [None req-9d6854a0-8e9a-4789-9c57-f318b011795b None None] Subscribe: subnet after_update 55550000, False {{(pid=90793) subscribe /opt/stack/data/venv/lib/python3.12/site-packages/neutron_lib/callbacks/manager.py:52}}
Aug 13 06:51:00.889661 np0000007169 devstack@neutron-api.service[90793]: DEBUG neutron.quota.resource_registry [None req-9d6854a0-8e9a-4789-9c57-f318b011795b None None] Tracking information for resource: router configured {{(pid=90793) set_tracked_resource /opt/stack/neutron/neutron/quota/resource_registry.py:203}}
Aug 13 06:51:00.889661 np0000007169 devstack@neutron-api.service[90793]: DEBUG neutron.quota.resource_registry [None req-9d6854a0-8e9a-4789-9c57-f318b011795b None None] Tracking information for resource: floatingip configured {{(pid=90793) set_tracked_resource /opt/stack/neutron/neutron/quota/resource_registry.py:203}}
Aug 13 06:51:00.889754 np0000007169 devstack@neutron-api.service[90793]: INFO neutron.services.ovn_l3.plugin [None req-9d6854a0-8e9a-4789-9c57-f318b011795b None None] Starting OVNL3RouterPlugin
Aug 13 06:51:00.889998 np0000007169 devstack@neutron-api.service[90793]: DEBUG neutron_lib.callbacks.manager [None req-9d6854a0-8e9a-4789-9c57-f318b011795b None None] Subscribe: > port_forwarding_plugin after_init 55550000, False {{(pid=90793) subscribe /opt/stack/data/venv/lib/python3.12/site-packages/neutron_lib/callbacks/manager.py:52}}
Aug 13 06:51:00.890251 np0000007169 devstack@neutron-api.service[90793]: DEBUG neutron_lib.callbacks.manager [None req-9d6854a0-8e9a-4789-9c57-f318b011795b None None] Subscribe: > router before_create 55550100, False {{(pid=90793) subscribe /opt/stack/data/venv/lib/python3.12/site-packages/neutron_lib/callbacks/manager.py:52}}
Aug 13 06:51:00.890396 np0000007169 devstack@neutron-api.service[90793]: DEBUG neutron_lib.callbacks.manager [None req-9d6854a0-8e9a-4789-9c57-f318b011795b None None] Subscribe: > router precommit_delete 55550100, False {{(pid=90793) subscribe /opt/stack/data/venv/lib/python3.12/site-packages/neutron_lib/callbacks/manager.py:52}}
Aug 13 06:51:00.890499 np0000007169 devstack@neutron-api.service[90793]: DEBUG neutron_lib.callbacks.manager [None req-9d6854a0-8e9a-4789-9c57-f318b011795b None None] Subscribe: > router precommit_create 55550100, False {{(pid=90793) subscribe /opt/stack/data/venv/lib/python3.12/site-packages/neutron_lib/callbacks/manager.py:52}}
Aug 13 06:51:00.890593 np0000007169 devstack@neutron-api.service[90793]: DEBUG neutron_lib.callbacks.manager [None req-9d6854a0-8e9a-4789-9c57-f318b011795b None None] Subscribe: > router precommit_update 55550100, False {{(pid=90793) subscribe /opt/stack/data/venv/lib/python3.12/site-packages/neutron_lib/callbacks/manager.py:52}}
Aug 13 06:51:00.893994 np0000007169 devstack@neutron-api.service[90793]: DEBUG neutron.services.provider_configuration [None req-9d6854a0-8e9a-4789-9c57-f318b011795b None None] Service providers = [] {{(pid=90793) parse_service_provider_opt /opt/stack/neutron/neutron/services/provider_configuration.py:170}}
Aug 13 06:51:00.894125 np0000007169 devstack@neutron-api.service[90793]: DEBUG neutron.db.servicetype_db [None req-9d6854a0-8e9a-4789-9c57-f318b011795b None None] Adding provider configuration for service L3_ROUTER_NAT {{(pid=90793) add_provider_configuration /opt/stack/neutron/neutron/db/servicetype_db.py:45}}
Aug 13 06:51:00.895622 np0000007169 devstack@neutron-api.service[90793]: DEBUG neutron_lib.callbacks.manager [None req-9d6854a0-8e9a-4789-9c57-f318b011795b None None] Subscribe: > router precommit_create 55549900, False {{(pid=90793) subscribe /opt/stack/data/venv/lib/python3.12/site-packages/neutron_lib/callbacks/manager.py:52}}
Aug 13 06:51:00.895802 np0000007169 devstack@neutron-api.service[90793]: DEBUG neutron_lib.callbacks.manager [None req-9d6854a0-8e9a-4789-9c57-f318b011795b None None] Subscribe: > router_interface after_create 55550000, False {{(pid=90793) subscribe /opt/stack/data/venv/lib/python3.12/site-packages/neutron_lib/callbacks/manager.py:52}}
Aug 13 06:51:00.896023 np0000007169 devstack@neutron-api.service[90793]: DEBUG neutron_lib.callbacks.manager [None req-9d6854a0-8e9a-4789-9c57-f318b011795b None None] Subscribe: > floatingip after_create 55550000, False {{(pid=90793) subscribe /opt/stack/data/venv/lib/python3.12/site-packages/neutron_lib/callbacks/manager.py:52}}
Aug 13 06:51:00.896023 np0000007169 devstack@neutron-api.service[90793]: DEBUG neutron_lib.callbacks.manager [None req-9d6854a0-8e9a-4789-9c57-f318b011795b None None] Subscribe: > floatingip precommit_create 55550000, False {{(pid=90793) subscribe /opt/stack/data/venv/lib/python3.12/site-packages/neutron_lib/callbacks/manager.py:52}}
Aug 13 06:51:00.896023 np0000007169 devstack@neutron-api.service[90793]: DEBUG neutron_lib.callbacks.manager [None req-9d6854a0-8e9a-4789-9c57-f318b011795b None None] Subscribe: > floatingip precommit_update 55550000, False {{(pid=90793) subscribe /opt/stack/data/venv/lib/python3.12/site-packages/neutron_lib/callbacks/manager.py:52}}
Aug 13 06:51:00.896302 np0000007169 devstack@neutron-api.service[90793]: DEBUG neutron_lib.callbacks.manager [None req-9d6854a0-8e9a-4789-9c57-f318b011795b None None] Subscribe: > floatingip after_delete 55550000, False {{(pid=90793) subscribe /opt/stack/data/venv/lib/python3.12/site-packages/neutron_lib/callbacks/manager.py:52}}
Aug 13 06:51:00.896302 np0000007169 devstack@neutron-api.service[90793]: DEBUG neutron_lib.callbacks.manager [None req-9d6854a0-8e9a-4789-9c57-f318b011795b None None] Subscribe: > floatingip after_status_update 55550000, False {{(pid=90793) subscribe /opt/stack/data/venv/lib/python3.12/site-packages/neutron_lib/callbacks/manager.py:52}}
Aug 13 06:51:00.896505 np0000007169 devstack@neutron-api.service[90793]: DEBUG neutron_lib.callbacks.manager [None req-9d6854a0-8e9a-4789-9c57-f318b011795b None None] Subscribe: > floatingip after_update 55550000, False {{(pid=90793) subscribe /opt/stack/data/venv/lib/python3.12/site-packages/neutron_lib/callbacks/manager.py:52}}
Aug 13 06:51:00.896538 np0000007169 devstack@neutron-api.service[90793]: DEBUG neutron_lib.callbacks.manager [None req-9d6854a0-8e9a-4789-9c57-f318b011795b None None] Subscribe: > port_forwarding after_create 55550000, False {{(pid=90793) subscribe /opt/stack/data/venv/lib/python3.12/site-packages/neutron_lib/callbacks/manager.py:52}}
Aug 13 06:51:00.896638 np0000007169 devstack@neutron-api.service[90793]: DEBUG neutron_lib.callbacks.manager [None req-9d6854a0-8e9a-4789-9c57-f318b011795b None None] Subscribe: > router_interface after_delete 55550000, False {{(pid=90793) subscribe /opt/stack/data/venv/lib/python3.12/site-packages/neutron_lib/callbacks/manager.py:52}}
Aug 13 06:51:00.896738 np0000007169 devstack@neutron-api.service[90793]: DEBUG neutron_lib.callbacks.manager [None req-9d6854a0-8e9a-4789-9c57-f318b011795b None None] Subscribe: > router after_create 55550000, False {{(pid=90793) subscribe /opt/stack/data/venv/lib/python3.12/site-packages/neutron_lib/callbacks/manager.py:52}}
Aug 13 06:51:00.897076 np0000007169 devstack@neutron-api.service[90793]: DEBUG neutron_lib.callbacks.manager [None req-9d6854a0-8e9a-4789-9c57-f318b011795b None None] Subscribe: > router precommit_create 55550000, False {{(pid=90793) subscribe /opt/stack/data/venv/lib/python3.12/site-packages/neutron_lib/callbacks/manager.py:52}}
Aug 13 06:51:00.897076 np0000007169 devstack@neutron-api.service[90793]: DEBUG neutron_lib.callbacks.manager [None req-9d6854a0-8e9a-4789-9c57-f318b011795b None None] Subscribe: > router after_delete 55550000, False {{(pid=90793) subscribe /opt/stack/data/venv/lib/python3.12/site-packages/neutron_lib/callbacks/manager.py:52}}
Aug 13 06:51:00.897076 np0000007169 devstack@neutron-api.service[90793]: DEBUG neutron_lib.callbacks.manager [None req-9d6854a0-8e9a-4789-9c57-f318b011795b None None] Subscribe: > router after_update 55550000, False {{(pid=90793) subscribe /opt/stack/data/venv/lib/python3.12/site-packages/neutron_lib/callbacks/manager.py:52}}
Aug 13 06:51:00.897829 np0000007169 devstack@neutron-api.service[90793]: DEBUG neutron.services.service_base [None req-9d6854a0-8e9a-4789-9c57-f318b011795b None None] Loaded 'neutron.services.ovn_l3.service_providers.ovn.OvnDriver' provider for service L3_ROUTER_NAT {{(pid=90793) load_drivers /opt/stack/neutron/neutron/services/service_base.py:49}}
Aug 13 06:51:00.897829 np0000007169 devstack@neutron-api.service[90793]: DEBUG neutron_lib.callbacks.manager [None req-9d6854a0-8e9a-4789-9c57-f318b011795b None None] Subscribe: > process after_init 55550001, True {{(pid=90793) subscribe /opt/stack/data/venv/lib/python3.12/site-packages/neutron_lib/callbacks/manager.py:52}}
Aug 13 06:51:00.897829 np0000007169 devstack@neutron-api.service[90793]: DEBUG neutron.manager [None req-9d6854a0-8e9a-4789-9c57-f318b011795b None None] Successfully loaded L3_ROUTER_NAT plugin. Description: L3 Router Service Plugin for basic L3 forwarding using OVN {{(pid=90793) _create_and_add_service_plugin /opt/stack/neutron/neutron/manager.py:236}}
Aug 13 06:51:00.897829 np0000007169 devstack@neutron-api.service[90793]: INFO neutron.manager [None req-9d6854a0-8e9a-4789-9c57-f318b011795b None None] Loading Plugin: auto_allocate
Aug 13 06:51:00.899366 np0000007169 devstack@neutron-api.service[90793]: DEBUG neutron_lib.callbacks.manager [None req-9d6854a0-8e9a-4789-9c57-f318b011795b None None] Subscribe: network precommit_update 55550000, False {{(pid=90793) subscribe /opt/stack/data/venv/lib/python3.12/site-packages/neutron_lib/callbacks/manager.py:52}}
Aug 13 06:51:00.899366 np0000007169 devstack@neutron-api.service[90793]: DEBUG neutron_lib.callbacks.manager [None req-9d6854a0-8e9a-4789-9c57-f318b011795b None None] Subscribe: network precommit_create 55550000, False {{(pid=90793) subscribe /opt/stack/data/venv/lib/python3.12/site-packages/neutron_lib/callbacks/manager.py:52}}
Aug 13 06:51:00.899366 np0000007169 devstack@neutron-api.service[90793]: DEBUG neutron.manager [None req-9d6854a0-8e9a-4789-9c57-f318b011795b None None] Successfully loaded auto-allocated-topology plugin. Description: Auto Allocated Topology - aka get me a network. {{(pid=90793) _create_and_add_service_plugin /opt/stack/neutron/neutron/manager.py:236}}
Aug 13 06:51:00.899366 np0000007169 devstack@neutron-api.service[90793]: INFO neutron.manager [None req-9d6854a0-8e9a-4789-9c57-f318b011795b None None] Loading Plugin: tag
Aug 13 06:51:00.902930 np0000007169 devstack@neutron-api.service[90793]: DEBUG neutron.manager [None req-9d6854a0-8e9a-4789-9c57-f318b011795b None None] Successfully loaded TAG plugin. Description: Tag support {{(pid=90793) _create_and_add_service_plugin /opt/stack/neutron/neutron/manager.py:236}}
Aug 13 06:51:00.902930 np0000007169 devstack@neutron-api.service[90793]: INFO neutron.manager [None req-9d6854a0-8e9a-4789-9c57-f318b011795b None None] Loading Plugin: timestamp
Aug 13 06:51:00.904808 np0000007169 devstack@neutron-api.service[90792]: INFO neutron.plugins.ml2.drivers.type_vlan [None req-b4e05256-8362-475a-934d-b5404563f129 None None] VlanTypeDriver initialization complete
Aug 13 06:51:00.905597 np0000007169 devstack@neutron-api.service[90793]: DEBUG neutron.manager [None req-9d6854a0-8e9a-4789-9c57-f318b011795b None None] Successfully loaded timestamp plugin. Description: Adds timestamps to Neutron resources with standard attributes {{(pid=90793) _create_and_add_service_plugin /opt/stack/neutron/neutron/manager.py:236}}
Aug 13 06:51:00.905597 np0000007169 devstack@neutron-api.service[90793]: INFO neutron.manager [None req-9d6854a0-8e9a-4789-9c57-f318b011795b None None] Loading Plugin: network_ip_availability
Aug 13 06:51:00.906094 np0000007169 devstack@neutron-api.service[90792]: INFO neutron.plugins.ml2.managers [None req-b4e05256-8362-475a-934d-b5404563f129 None None] Initializing extension driver 'port_security'
Aug 13 06:51:00.906094 np0000007169 devstack@neutron-api.service[90792]: INFO neutron.plugins.ml2.extensions.port_security [None req-b4e05256-8362-475a-934d-b5404563f129 None None] PortSecurityExtensionDriver initialization complete
Aug 13 06:51:00.906094 np0000007169 devstack@neutron-api.service[90792]: INFO neutron.plugins.ml2.managers [None req-b4e05256-8362-475a-934d-b5404563f129 None None] Initializing extension driver 'qos'
Aug 13 06:51:00.906094 np0000007169 devstack@neutron-api.service[90792]: DEBUG neutron.plugins.ml2.extensions.qos [None req-b4e05256-8362-475a-934d-b5404563f129 None None] QosExtensionDriver initialization complete {{(pid=90792) initialize /opt/stack/neutron/neutron/plugins/ml2/extensions/qos.py:31}}
Aug 13 06:51:00.906094 np0000007169 devstack@neutron-api.service[90792]: INFO neutron.plugins.ml2.managers [None req-b4e05256-8362-475a-934d-b5404563f129 None None] Initializing mechanism driver 'ovn'
Aug 13 06:51:00.906094 np0000007169 devstack@neutron-api.service[90792]: INFO neutron.plugins.ml2.drivers.ovn.mech_driver.mech_driver [None req-b4e05256-8362-475a-934d-b5404563f129 None None] Starting OVNMechanismDriver
Aug 13 06:51:00.906898 np0000007169 devstack@neutron-api.service[90793]: DEBUG neutron.manager [None req-9d6854a0-8e9a-4789-9c57-f318b011795b None None] Successfully loaded network-ip-availability plugin. Description: Provides IP availability data for each network and subnet. {{(pid=90793) _create_and_add_service_plugin /opt/stack/neutron/neutron/manager.py:236}}
Aug 13 06:51:00.906950 np0000007169 devstack@neutron-api.service[90792]: DEBUG neutron_lib.callbacks.manager [None req-b4e05256-8362-475a-934d-b5404563f129 None None] Subscribe: > process before_spawn 55550000, False {{(pid=90792) subscribe /opt/stack/data/venv/lib/python3.12/site-packages/neutron_lib/callbacks/manager.py:52}}
Aug 13 06:51:00.906974 np0000007169 devstack@neutron-api.service[90793]: INFO neutron.manager [None req-9d6854a0-8e9a-4789-9c57-f318b011795b None None] Loading Plugin: flavors
Aug 13 06:51:00.906996 np0000007169 devstack@neutron-api.service[90792]: DEBUG neutron_lib.callbacks.manager [None req-b4e05256-8362-475a-934d-b5404563f129 None None] Subscribe: > process after_init 55550000, True {{(pid=90792) subscribe /opt/stack/data/venv/lib/python3.12/site-packages/neutron_lib/callbacks/manager.py:52}}
Aug 13 06:51:00.907073 np0000007169 devstack@neutron-api.service[90792]: DEBUG neutron_lib.callbacks.manager [None req-b4e05256-8362-475a-934d-b5404563f129 None None] Subscribe: > segment after_create 55550000, False {{(pid=90792) subscribe /opt/stack/data/venv/lib/python3.12/site-packages/neutron_lib/callbacks/manager.py:52}}
Aug 13 06:51:00.907151 np0000007169 devstack@neutron-api.service[90792]: DEBUG neutron_lib.callbacks.manager [None req-b4e05256-8362-475a-934d-b5404563f129 None None] Subscribe: > segment after_create 55550000, False {{(pid=90792) subscribe /opt/stack/data/venv/lib/python3.12/site-packages/neutron_lib/callbacks/manager.py:52}}
Aug 13 06:51:00.908291 np0000007169 devstack@neutron-api.service[90792]: DEBUG neutron_lib.callbacks.manager [None req-b4e05256-8362-475a-934d-b5404563f129 None None] Subscribe: > segment after_delete 55550000, False {{(pid=90792) subscribe /opt/stack/data/venv/lib/python3.12/site-packages/neutron_lib/callbacks/manager.py:52}}
Aug 13 06:51:00.908291 np0000007169 devstack@neutron-api.service[90792]: DEBUG neutron_lib.callbacks.manager [None req-b4e05256-8362-475a-934d-b5404563f129 None None] Subscribe: > allowed_address_pair before_create 55550000, False {{(pid=90792) subscribe /opt/stack/data/venv/lib/python3.12/site-packages/neutron_lib/callbacks/manager.py:52}}
Aug 13 06:51:00.908291 np0000007169 devstack@neutron-api.service[90792]: DEBUG neutron_lib.callbacks.manager [None req-b4e05256-8362-475a-934d-b5404563f129 None None] Subscribe: > security_group precommit_create 55550000, False {{(pid=90792) subscribe /opt/stack/data/venv/lib/python3.12/site-packages/neutron_lib/callbacks/manager.py:52}}
Aug 13 06:51:00.908291 np0000007169 devstack@neutron-api.service[90792]: DEBUG neutron_lib.callbacks.manager [None req-b4e05256-8362-475a-934d-b5404563f129 None None] Subscribe: > security_group after_update 55550000, False {{(pid=90792) subscribe /opt/stack/data/venv/lib/python3.12/site-packages/neutron_lib/callbacks/manager.py:52}}
Aug 13 06:51:00.909296 np0000007169 devstack@neutron-api.service[90792]: DEBUG neutron_lib.callbacks.manager [None req-b4e05256-8362-475a-934d-b5404563f129 None None] Subscribe: > security_group after_create 55550000, False {{(pid=90792) subscribe /opt/stack/data/venv/lib/python3.12/site-packages/neutron_lib/callbacks/manager.py:52}}
Aug 13 06:51:00.909296 np0000007169 devstack@neutron-api.service[90792]: DEBUG neutron_lib.callbacks.manager [None req-b4e05256-8362-475a-934d-b5404563f129 None None] Subscribe: > security_group precommit_delete 55550000, False {{(pid=90792) subscribe /opt/stack/data/venv/lib/python3.12/site-packages/neutron_lib/callbacks/manager.py:52}}
Aug 13 06:51:00.909296 np0000007169 devstack@neutron-api.service[90792]: DEBUG neutron_lib.callbacks.manager [None req-b4e05256-8362-475a-934d-b5404563f129 None None] Subscribe: > security_group after_delete 55550000, False {{(pid=90792) subscribe /opt/stack/data/venv/lib/python3.12/site-packages/neutron_lib/callbacks/manager.py:52}}
Aug 13 06:51:00.909296 np0000007169 devstack@neutron-api.service[90792]: DEBUG neutron_lib.callbacks.manager [None req-b4e05256-8362-475a-934d-b5404563f129 None None] Subscribe: > security_group_rule precommit_create 55550000, False {{(pid=90792) subscribe /opt/stack/data/venv/lib/python3.12/site-packages/neutron_lib/callbacks/manager.py:52}}
Aug 13 06:51:00.910253 np0000007169 devstack@neutron-api.service[90793]: DEBUG neutron.manager [None req-9d6854a0-8e9a-4789-9c57-f318b011795b None None] Successfully loaded FLAVORS plugin. Description: Neutron Flavors and Service Profiles manager plugin {{(pid=90793) _create_and_add_service_plugin /opt/stack/neutron/neutron/manager.py:236}}
Aug 13 06:51:00.910493 np0000007169 devstack@neutron-api.service[90792]: DEBUG neutron_lib.callbacks.manager [None req-b4e05256-8362-475a-934d-b5404563f129 None None] Subscribe: > security_group_rule after_create 55550000, False {{(pid=90792) subscribe /opt/stack/data/venv/lib/python3.12/site-packages/neutron_lib/callbacks/manager.py:52}}
Aug 13 06:51:00.910871 np0000007169 devstack@neutron-api.service[90793]: INFO neutron.manager [None req-9d6854a0-8e9a-4789-9c57-f318b011795b None None] Loading Plugin: revisions
Aug 13 06:51:00.910951 np0000007169 devstack@neutron-api.service[90792]: DEBUG neutron_lib.callbacks.manager [None req-b4e05256-8362-475a-934d-b5404563f129 None None] Subscribe: > security_group_rule before_delete 55550000, False {{(pid=90792) subscribe /opt/stack/data/venv/lib/python3.12/site-packages/neutron_lib/callbacks/manager.py:52}}
Aug 13 06:51:00.910951 np0000007169 devstack@neutron-api.service[90792]: DEBUG neutron_lib.callbacks.manager [None req-b4e05256-8362-475a-934d-b5404563f129 None None] Subscribe: > address_group after_create 55550000, False {{(pid=90792) subscribe /opt/stack/data/venv/lib/python3.12/site-packages/neutron_lib/callbacks/manager.py:52}}
Aug 13 06:51:00.910951 np0000007169 devstack@neutron-api.service[90792]: DEBUG neutron_lib.callbacks.manager [None req-b4e05256-8362-475a-934d-b5404563f129 None None] Subscribe: > address_group after_update 55550000, False {{(pid=90792) subscribe /opt/stack/data/venv/lib/python3.12/site-packages/neutron_lib/callbacks/manager.py:52}}
Aug 13 06:51:00.910951 np0000007169 devstack@neutron-api.service[90792]: DEBUG neutron_lib.callbacks.manager [None req-b4e05256-8362-475a-934d-b5404563f129 None None] Subscribe: > address_group after_delete 55550000, False {{(pid=90792) subscribe /opt/stack/data/venv/lib/python3.12/site-packages/neutron_lib/callbacks/manager.py:52}}
Aug 13 06:51:00.911117 np0000007169 devstack@neutron-api.service[90792]: DEBUG neutron_lib.callbacks.manager [None req-b4e05256-8362-475a-934d-b5404563f129 None None] Subscribe: > qos_plugin after_init 55550000, False {{(pid=90792) subscribe /opt/stack/data/venv/lib/python3.12/site-packages/neutron_lib/callbacks/manager.py:52}}
Aug 13 06:51:00.911117 np0000007169 devstack@neutron-api.service[90792]: DEBUG neutron_lib.callbacks.manager [None req-b4e05256-8362-475a-934d-b5404563f129 None None] Subscribe: > trunk_plugin after_init 55550000, False {{(pid=90792) subscribe /opt/stack/data/venv/lib/python3.12/site-packages/neutron_lib/callbacks/manager.py:52}}
Aug 13 06:51:00.911117 np0000007169 devstack@neutron-api.service[90792]: DEBUG neutron_lib.callbacks.manager [None req-b4e05256-8362-475a-934d-b5404563f129 None None] Subscribe: > logging-plugin after_init 55550000, False {{(pid=90792) subscribe /opt/stack/data/venv/lib/python3.12/site-packages/neutron_lib/callbacks/manager.py:52}}
Aug 13 06:51:00.911597 np0000007169 devstack@neutron-api.service[90793]: DEBUG neutron.manager [None req-9d6854a0-8e9a-4789-9c57-f318b011795b None None] Successfully loaded revision_plugin plugin. Description: Adds revision numbers to resources. {{(pid=90793) _create_and_add_service_plugin /opt/stack/neutron/neutron/manager.py:236}}
Aug 13 06:51:00.911737 np0000007169 devstack@neutron-api.service[90792]: INFO neutron.services.logapi.drivers.ovn.driver [None req-b4e05256-8362-475a-934d-b5404563f129 None None] OVN logging driver registered
Aug 13 06:51:00.911737 np0000007169 devstack@neutron-api.service[90792]: DEBUG neutron_lib.callbacks.manager [None req-b4e05256-8362-475a-934d-b5404563f129 None None] Subscribe: ._register_pvlan_driver at 0x7cde8d93aca0> pvlan_plugin before_spawn 55550000, False {{(pid=90792) subscribe /opt/stack/data/venv/lib/python3.12/site-packages/neutron_lib/callbacks/manager.py:52}}
Aug 13 06:51:00.911944 np0000007169 devstack@neutron-api.service[90793]: DEBUG oslo_concurrency.lockutils [None req-9d6854a0-8e9a-4789-9c57-f318b011795b None None] Lock "manager" "released" by "neutron.manager.NeutronManager._create_instance" :: held 4.124s {{(pid=90793) inner /opt/stack/data/venv/lib/python3.12/site-packages/oslo_concurrency/lockutils.py:544}}
Aug 13 06:51:00.912083 np0000007169 devstack@neutron-api.service[90792]: DEBUG neutron_lib.callbacks.manager [None req-b4e05256-8362-475a-934d-b5404563f129 None None] Subscribe: process after_init 55550000, False {{(pid=90792) subscribe /opt/stack/data/venv/lib/python3.12/site-packages/neutron_lib/callbacks/manager.py:52}}
Aug 13 06:51:00.912226 np0000007169 devstack@neutron-api.service[90793]: DEBUG neutron.api.extensions [None req-9d6854a0-8e9a-4789-9c57-f318b011795b None None] get_extension_paths = OrderedDict({'/opt/stack/neutron/neutron/extensions': 1}) {{(pid=90793) get_extensions_path /opt/stack/neutron/neutron/api/extensions.py:640}}
Aug 13 06:51:00.912226 np0000007169 devstack@neutron-api.service[90793]: INFO neutron.api.extensions [None req-9d6854a0-8e9a-4789-9c57-f318b011795b None None] Initializing extension manager.
Aug 13 06:51:00.912226 np0000007169 devstack@neutron-api.service[90793]: DEBUG neutron.api.extensions [None req-9d6854a0-8e9a-4789-9c57-f318b011795b None None] Loading extension file: __init__.py {{(pid=90793) _load_all_extensions_from_path /opt/stack/neutron/neutron/api/extensions.py:449}}
Aug 13 06:51:00.912226 np0000007169 devstack@neutron-api.service[90793]: DEBUG neutron.api.extensions [None req-9d6854a0-8e9a-4789-9c57-f318b011795b None None] Loading extension file: __pycache__ {{(pid=90793) _load_all_extensions_from_path /opt/stack/neutron/neutron/api/extensions.py:449}}
Aug 13 06:51:00.912226 np0000007169 devstack@neutron-api.service[90793]: DEBUG neutron.api.extensions [None req-9d6854a0-8e9a-4789-9c57-f318b011795b None None] Loading extension file: aap_reject_multicast.py {{(pid=90793) _load_all_extensions_from_path /opt/stack/neutron/neutron/api/extensions.py:449}}
Aug 13 06:51:00.912226 np0000007169 devstack@neutron-api.service[90793]: DEBUG neutron.api.extensions [None req-9d6854a0-8e9a-4789-9c57-f318b011795b None None] Ext name="Allowed address pairs reject multicast extension" alias="aap-reject-multicast" description="Reject multicast addresses in Allowed Address Pairs" updated="2026-04-01T00:00:00-00:00" {{(pid=90793) _check_extension /opt/stack/neutron/neutron/api/extensions.py:415}}
Aug 13 06:51:00.912718 np0000007169 devstack@neutron-api.service[90792]: DEBUG neutron.plugins.ml2.plugin [None req-b4e05256-8362-475a-934d-b5404563f129 None None] neutron.plugins.ml2.plugin.Ml2Plugin method _start_rpc_notifiers called with arguments () {} {{(pid=90792) wrapper /opt/stack/data/venv/lib/python3.12/site-packages/oslo_log/helpers.py:77}}
Aug 13 06:51:00.912977 np0000007169 devstack@neutron-api.service[90793]: INFO neutron.api.extensions [None req-9d6854a0-8e9a-4789-9c57-f318b011795b None None] Extension aap-reject-multicast not supported by any of loaded plugins
Aug 13 06:51:00.912977 np0000007169 devstack@neutron-api.service[90793]: DEBUG neutron.api.extensions [None req-9d6854a0-8e9a-4789-9c57-f318b011795b None None] Loading extension file: address_group.py {{(pid=90793) _load_all_extensions_from_path /opt/stack/neutron/neutron/api/extensions.py:449}}
Aug 13 06:51:00.913171 np0000007169 devstack@neutron-api.service[90792]: DEBUG neutron_lib.callbacks.manager [None req-b4e05256-8362-475a-934d-b5404563f129 None None] Subscribe: > port after_create 55550000, False {{(pid=90792) subscribe /opt/stack/data/venv/lib/python3.12/site-packages/neutron_lib/callbacks/manager.py:52}}
Aug 13 06:51:00.913171 np0000007169 devstack@neutron-api.service[90792]: DEBUG neutron_lib.callbacks.manager [None req-b4e05256-8362-475a-934d-b5404563f129 None None] Subscribe: > port after_update 55550000, False {{(pid=90792) subscribe /opt/stack/data/venv/lib/python3.12/site-packages/neutron_lib/callbacks/manager.py:52}}
Aug 13 06:51:00.913171 np0000007169 devstack@neutron-api.service[90792]: DEBUG neutron_lib.callbacks.manager [None req-b4e05256-8362-475a-934d-b5404563f129 None None] Subscribe: > port after_delete 55550000, False {{(pid=90792) subscribe /opt/stack/data/venv/lib/python3.12/site-packages/neutron_lib/callbacks/manager.py:52}}
Aug 13 06:51:00.913357 np0000007169 devstack@neutron-api.service[90793]: DEBUG neutron.api.extensions [None req-9d6854a0-8e9a-4789-9c57-f318b011795b None None] Ext name="Address group" alias="address-group" description="Support address group" updated="2020-07-15T10:00:00-00:00" {{(pid=90793) _check_extension /opt/stack/neutron/neutron/api/extensions.py:415}}
Aug 13 06:51:00.913485 np0000007169 devstack@neutron-api.service[90792]: DEBUG neutron_lib.callbacks.manager [None req-b4e05256-8362-475a-934d-b5404563f129 None None] Subscribe: > subnet after_create 55550000, False {{(pid=90792) subscribe /opt/stack/data/venv/lib/python3.12/site-packages/neutron_lib/callbacks/manager.py:52}}
Aug 13 06:51:00.913560 np0000007169 devstack@neutron-api.service[90793]: INFO neutron.api.extensions [None req-9d6854a0-8e9a-4789-9c57-f318b011795b None None] Loaded extension: address-group
Aug 13 06:51:00.913627 np0000007169 devstack@neutron-api.service[90792]: DEBUG neutron_lib.callbacks.manager [None req-b4e05256-8362-475a-934d-b5404563f129 None None] Subscribe: > subnet after_update 55550000, False {{(pid=90792) subscribe /opt/stack/data/venv/lib/python3.12/site-packages/neutron_lib/callbacks/manager.py:52}}
Aug 13 06:51:00.913704 np0000007169 devstack@neutron-api.service[90793]: DEBUG neutron.api.extensions [None req-9d6854a0-8e9a-4789-9c57-f318b011795b None None] Loading extension file: address_scope.py {{(pid=90793) _load_all_extensions_from_path /opt/stack/neutron/neutron/api/extensions.py:449}}
Aug 13 06:51:00.913781 np0000007169 devstack@neutron-api.service[90792]: DEBUG neutron_lib.callbacks.manager [None req-b4e05256-8362-475a-934d-b5404563f129 None None] Subscribe: > subnet after_delete 55550000, False {{(pid=90792) subscribe /opt/stack/data/venv/lib/python3.12/site-packages/neutron_lib/callbacks/manager.py:52}}
Aug 13 06:51:00.913781 np0000007169 devstack@neutron-api.service[90792]: DEBUG neutron_lib.callbacks.manager [None req-b4e05256-8362-475a-934d-b5404563f129 None None] Subscribe: > network after_create 55550000, False {{(pid=90792) subscribe /opt/stack/data/venv/lib/python3.12/site-packages/neutron_lib/callbacks/manager.py:52}}
Aug 13 06:51:00.913781 np0000007169 devstack@neutron-api.service[90792]: DEBUG neutron_lib.callbacks.manager [None req-b4e05256-8362-475a-934d-b5404563f129 None None] Subscribe: > network after_update 55550000, False {{(pid=90792) subscribe /opt/stack/data/venv/lib/python3.12/site-packages/neutron_lib/callbacks/manager.py:52}}
Aug 13 06:51:00.913781 np0000007169 devstack@neutron-api.service[90792]: DEBUG neutron_lib.callbacks.manager [None req-b4e05256-8362-475a-934d-b5404563f129 None None] Subscribe: > network after_delete 55550000, False {{(pid=90792) subscribe /opt/stack/data/venv/lib/python3.12/site-packages/neutron_lib/callbacks/manager.py:52}}
Aug 13 06:51:00.913936 np0000007169 devstack@neutron-api.service[90793]: DEBUG neutron.api.extensions [None req-9d6854a0-8e9a-4789-9c57-f318b011795b None None] Ext name="Address scope" alias="address-scope" description="Address scopes extension." updated="2015-07-26T10:00:00-00:00" {{(pid=90793) _check_extension /opt/stack/neutron/neutron/api/extensions.py:415}}
Aug 13 06:51:00.913999 np0000007169 devstack@neutron-api.service[90792]: DEBUG neutron_lib.callbacks.manager [None req-b4e05256-8362-475a-934d-b5404563f129 None None] Subscribe: > security_group after_create 55550000, False {{(pid=90792) subscribe /opt/stack/data/venv/lib/python3.12/site-packages/neutron_lib/callbacks/manager.py:52}}
Aug 13 06:51:00.913999 np0000007169 devstack@neutron-api.service[90792]: DEBUG neutron_lib.callbacks.manager [None req-b4e05256-8362-475a-934d-b5404563f129 None None] Subscribe: > security_group after_update 55550000, False {{(pid=90792) subscribe /opt/stack/data/venv/lib/python3.12/site-packages/neutron_lib/callbacks/manager.py:52}}
Aug 13 06:51:00.914130 np0000007169 devstack@neutron-api.service[90793]: INFO neutron.api.extensions [None req-9d6854a0-8e9a-4789-9c57-f318b011795b None None] Loaded extension: address-scope
Aug 13 06:51:00.914193 np0000007169 devstack@neutron-api.service[90792]: DEBUG neutron_lib.callbacks.manager [None req-b4e05256-8362-475a-934d-b5404563f129 None None] Subscribe: > security_group after_delete 55550000, False {{(pid=90792) subscribe /opt/stack/data/venv/lib/python3.12/site-packages/neutron_lib/callbacks/manager.py:52}}
Aug 13 06:51:00.914259 np0000007169 devstack@neutron-api.service[90793]: DEBUG neutron.api.extensions [None req-9d6854a0-8e9a-4789-9c57-f318b011795b None None] Loading extension file: admin_state_down_before_update.py {{(pid=90793) _load_all_extensions_from_path /opt/stack/neutron/neutron/api/extensions.py:449}}
Aug 13 06:51:00.914467 np0000007169 devstack@neutron-api.service[90792]: DEBUG neutron_lib.callbacks.manager [None req-b4e05256-8362-475a-934d-b5404563f129 None None] Subscribe: > security_group_rule after_create 55550000, False {{(pid=90792) subscribe /opt/stack/data/venv/lib/python3.12/site-packages/neutron_lib/callbacks/manager.py:52}}
Aug 13 06:51:00.914467 np0000007169 devstack@neutron-api.service[90792]: DEBUG neutron_lib.callbacks.manager [None req-b4e05256-8362-475a-934d-b5404563f129 None None] Subscribe: > security_group_rule after_update 55550000, False {{(pid=90792) subscribe /opt/stack/data/venv/lib/python3.12/site-packages/neutron_lib/callbacks/manager.py:52}}
Aug 13 06:51:00.914467 np0000007169 devstack@neutron-api.service[90792]: DEBUG neutron_lib.callbacks.manager [None req-b4e05256-8362-475a-934d-b5404563f129 None None] Subscribe: > security_group_rule after_delete 55550000, False {{(pid=90792) subscribe /opt/stack/data/venv/lib/python3.12/site-packages/neutron_lib/callbacks/manager.py:52}}
Aug 13 06:51:00.914831 np0000007169 devstack@neutron-api.service[90793]: DEBUG neutron.api.extensions [None req-9d6854a0-8e9a-4789-9c57-f318b011795b None None] Ext name="Enforce Router's Admin State Down Before Update Extension" alias="router-admin-state-down-before-update" description="Ensure that the admin state of a router is DOWN (admin_state_up=False) before updating the distributed attribute" updated="2019-07-02T15:56:00" {{(pid=90793) _check_extension /opt/stack/neutron/neutron/api/extensions.py:415}}
Aug 13 06:51:00.914990 np0000007169 devstack@neutron-api.service[90792]: DEBUG neutron_lib.callbacks.manager [None req-b4e05256-8362-475a-934d-b5404563f129 None None] Subscribe: > address_group after_create 55550000, False {{(pid=90792) subscribe /opt/stack/data/venv/lib/python3.12/site-packages/neutron_lib/callbacks/manager.py:52}}
Aug 13 06:51:00.914990 np0000007169 devstack@neutron-api.service[90792]: DEBUG neutron_lib.callbacks.manager [None req-b4e05256-8362-475a-934d-b5404563f129 None None] Subscribe: > address_group after_update 55550000, False {{(pid=90792) subscribe /opt/stack/data/venv/lib/python3.12/site-packages/neutron_lib/callbacks/manager.py:52}}
Aug 13 06:51:00.915110 np0000007169 devstack@neutron-api.service[90793]: INFO neutron.api.extensions [None req-9d6854a0-8e9a-4789-9c57-f318b011795b None None] Extension router-admin-state-down-before-update not supported by any of loaded plugins
Aug 13 06:51:00.915223 np0000007169 devstack@neutron-api.service[90792]: DEBUG neutron_lib.callbacks.manager [None req-b4e05256-8362-475a-934d-b5404563f129 None None] Subscribe: > address_group after_delete 55550000, False {{(pid=90792) subscribe /opt/stack/data/venv/lib/python3.12/site-packages/neutron_lib/callbacks/manager.py:52}}
Aug 13 06:51:00.915361 np0000007169 devstack@neutron-api.service[90793]: DEBUG neutron.api.extensions [None req-9d6854a0-8e9a-4789-9c57-f318b011795b None None] Loading extension file: agent.py {{(pid=90793) _load_all_extensions_from_path /opt/stack/neutron/neutron/api/extensions.py:449}}
Aug 13 06:51:00.915461 np0000007169 devstack@neutron-api.service[90792]: DEBUG neutron.plugins.ml2.ovo_rpc [None req-b4e05256-8362-475a-934d-b5404563f129 None None] ML2 OVO RPC backend initialized. {{(pid=90792) __init__ /opt/stack/neutron/neutron/plugins/ml2/ovo_rpc.py:117}}
Aug 13 06:51:00.915548 np0000007169 devstack@neutron-api.service[90793]: DEBUG neutron.api.extensions [None req-9d6854a0-8e9a-4789-9c57-f318b011795b None None] Ext name="agent" alias="agent" description="The agent management extension." updated="2013-02-03T10:00:00-00:00" {{(pid=90793) _check_extension /opt/stack/neutron/neutron/api/extensions.py:415}}
Aug 13 06:51:00.915548 np0000007169 devstack@neutron-api.service[90793]: INFO neutron.api.extensions [None req-9d6854a0-8e9a-4789-9c57-f318b011795b None None] Loaded extension: agent
Aug 13 06:51:00.915548 np0000007169 devstack@neutron-api.service[90793]: DEBUG neutron.api.extensions [None req-9d6854a0-8e9a-4789-9c57-f318b011795b None None] Loading extension file: agent_resources_synced.py {{(pid=90793) _load_all_extensions_from_path /opt/stack/neutron/neutron/api/extensions.py:449}}
Aug 13 06:51:00.915548 np0000007169 devstack@neutron-api.service[90793]: DEBUG neutron.api.extensions [None req-9d6854a0-8e9a-4789-9c57-f318b011795b None None] Ext name="Agent's Resource View Synced to Placement" alias="agent-resources-synced" description="Stores success/failure of last sync to Placement" updated="2018-12-19T00:00:00-00:00" {{(pid=90793) _check_extension /opt/stack/neutron/neutron/api/extensions.py:415}}
Aug 13 06:51:00.915548 np0000007169 devstack@neutron-api.service[90793]: INFO neutron.api.extensions [None req-9d6854a0-8e9a-4789-9c57-f318b011795b None None] Extension agent-resources-synced not supported by any of loaded plugins
Aug 13 06:51:00.915729 np0000007169 devstack@neutron-api.service[90792]: INFO neutron.quota [None req-b4e05256-8362-475a-934d-b5404563f129 None None] Loaded quota_driver: .
Aug 13 06:51:00.915880 np0000007169 devstack@neutron-api.service[90793]: DEBUG neutron.api.extensions [None req-9d6854a0-8e9a-4789-9c57-f318b011795b None None] Loading extension file: agent_sort_key.py {{(pid=90793) _load_all_extensions_from_path /opt/stack/neutron/neutron/api/extensions.py:449}}
Aug 13 06:51:00.915957 np0000007169 devstack@neutron-api.service[90792]: INFO neutron.plugins.ml2.plugin [None req-b4e05256-8362-475a-934d-b5404563f129 None None] Modular L2 Plugin initialization complete
Aug 13 06:51:00.915957 np0000007169 devstack@neutron-api.service[90792]: DEBUG neutron.manager [None req-b4e05256-8362-475a-934d-b5404563f129 None None] Loading services supported by the core plugin {{(pid=90792) _load_services_from_core_plugin /opt/stack/neutron/neutron/manager.py:167}}
Aug 13 06:51:00.916062 np0000007169 devstack@neutron-api.service[90793]: DEBUG neutron.api.extensions [None req-9d6854a0-8e9a-4789-9c57-f318b011795b None None] Ext name="Agents Sort Key" alias="agent_sort_key" description="Enabling the keyword sort_key for sorting in agents." updated="2013-02-03T10:00:00-00:00" {{(pid=90793) _check_extension /opt/stack/neutron/neutron/api/extensions.py:415}}
Aug 13 06:51:00.916168 np0000007169 devstack@neutron-api.service[90792]: INFO neutron.plugins.ml2.managers [None req-b4e05256-8362-475a-934d-b5404563f129 None None] Got port-security extension from driver 'port_security'
Aug 13 06:51:00.916272 np0000007169 devstack@neutron-api.service[90793]: INFO neutron.api.extensions [None req-9d6854a0-8e9a-4789-9c57-f318b011795b None None] Extension agent_sort_key not supported by any of loaded plugins
Aug 13 06:51:00.916582 np0000007169 devstack@neutron-api.service[90792]: DEBUG neutron.manager [None req-b4e05256-8362-475a-934d-b5404563f129 None None] Loading service plugins: ['ovn-router', 'auto_allocate', 'tag', 'timestamp', 'network_ip_availability', 'flavors', 'revisions'] {{(pid=90792) _load_service_plugins /opt/stack/neutron/neutron/manager.py:192}}
Aug 13 06:51:00.916695 np0000007169 devstack@neutron-api.service[90793]: DEBUG neutron.api.extensions [None req-9d6854a0-8e9a-4789-9c57-f318b011795b None None] Loading extension file: allowedaddresspairs.py {{(pid=90793) _load_all_extensions_from_path /opt/stack/neutron/neutron/api/extensions.py:449}}
Aug 13 06:51:00.916878 np0000007169 devstack@neutron-api.service[90792]: INFO neutron.manager [None req-b4e05256-8362-475a-934d-b5404563f129 None None] Loading Plugin: ovn-router
Aug 13 06:51:00.917009 np0000007169 devstack@neutron-api.service[90793]: DEBUG neutron.api.extensions [None req-9d6854a0-8e9a-4789-9c57-f318b011795b None None] Ext name="Allowed Address Pairs" alias="allowed-address-pairs" description="Provides allowed address pairs" updated="2013-07-23T10:00:00-00:00" {{(pid=90793) _check_extension /opt/stack/neutron/neutron/api/extensions.py:415}}
Aug 13 06:51:00.917009 np0000007169 devstack@neutron-api.service[90793]: INFO neutron.api.extensions [None req-9d6854a0-8e9a-4789-9c57-f318b011795b None None] Loaded extension: allowed-address-pairs
Aug 13 06:51:00.917009 np0000007169 devstack@neutron-api.service[90793]: DEBUG neutron.api.extensions [None req-9d6854a0-8e9a-4789-9c57-f318b011795b None None] Loading extension file: auto_allocated_topology.py {{(pid=90793) _load_all_extensions_from_path /opt/stack/neutron/neutron/api/extensions.py:449}}
Aug 13 06:51:00.917009 np0000007169 devstack@neutron-api.service[90793]: DEBUG neutron.api.extensions [None req-9d6854a0-8e9a-4789-9c57-f318b011795b None None] Ext name="Auto Allocated Topology Services" alias="auto-allocated-topology" description="Auto Allocated Topology Services." updated="2016-01-01T00:00:00-00:00" {{(pid=90793) _check_extension /opt/stack/neutron/neutron/api/extensions.py:415}}
Aug 13 06:51:00.917009 np0000007169 devstack@neutron-api.service[90793]: INFO neutron.api.extensions [None req-9d6854a0-8e9a-4789-9c57-f318b011795b None None] Loaded extension: auto-allocated-topology
Aug 13 06:51:00.917009 np0000007169 devstack@neutron-api.service[90793]: DEBUG neutron.api.extensions [None req-9d6854a0-8e9a-4789-9c57-f318b011795b None None] Loading extension file: availability_zone.py {{(pid=90793) _load_all_extensions_from_path /opt/stack/neutron/neutron/api/extensions.py:449}}
Aug 13 06:51:00.917462 np0000007169 devstack@neutron-api.service[90793]: DEBUG neutron.api.extensions [None req-9d6854a0-8e9a-4789-9c57-f318b011795b None None] Ext name="Availability Zone" alias="availability_zone" description="The availability zone extension." updated="2015-01-01T10:00:00-00:00" {{(pid=90793) _check_extension /opt/stack/neutron/neutron/api/extensions.py:415}}
Aug 13 06:51:00.917462 np0000007169 devstack@neutron-api.service[90793]: INFO neutron.api.extensions [None req-9d6854a0-8e9a-4789-9c57-f318b011795b None None] Loaded extension: availability_zone
Aug 13 06:51:00.917656 np0000007169 devstack@neutron-api.service[90793]: DEBUG neutron.api.extensions [None req-9d6854a0-8e9a-4789-9c57-f318b011795b None None] Loading extension file: availability_zone_filter.py {{(pid=90793) _load_all_extensions_from_path /opt/stack/neutron/neutron/api/extensions.py:449}}
Aug 13 06:51:00.918142 np0000007169 devstack@neutron-api.service[90793]: DEBUG neutron.api.extensions [None req-9d6854a0-8e9a-4789-9c57-f318b011795b None None] Ext name="Availability Zone Filter Extension" alias="availability_zone_filter" description="Add filter parameters to AvailabilityZone resource" updated="2018-06-22T10:00:00-00:00" {{(pid=90793) _check_extension /opt/stack/neutron/neutron/api/extensions.py:415}}
Aug 13 06:51:00.918364 np0000007169 devstack@neutron-api.service[90793]: INFO neutron.api.extensions [None req-9d6854a0-8e9a-4789-9c57-f318b011795b None None] Extension availability_zone_filter not supported by any of loaded plugins
Aug 13 06:51:00.918364 np0000007169 devstack@neutron-api.service[90793]: DEBUG neutron.api.extensions [None req-9d6854a0-8e9a-4789-9c57-f318b011795b None None] Loading extension file: data_plane_status.py {{(pid=90793) _load_all_extensions_from_path /opt/stack/neutron/neutron/api/extensions.py:449}}
Aug 13 06:51:00.918692 np0000007169 devstack@neutron-api.service[90793]: DEBUG neutron.api.extensions [None req-9d6854a0-8e9a-4789-9c57-f318b011795b None None] Ext name="Port data plane status extension" alias="data-plane-status" description="Expose status of underlying data plane" updated="2017-01-24T10:00:00-00:00" {{(pid=90793) _check_extension /opt/stack/neutron/neutron/api/extensions.py:415}}
Aug 13 06:51:00.918838 np0000007169 devstack@neutron-api.service[90793]: INFO neutron.api.extensions [None req-9d6854a0-8e9a-4789-9c57-f318b011795b None None] Extension data-plane-status not supported by any of loaded plugins
Aug 13 06:51:00.918838 np0000007169 devstack@neutron-api.service[90793]: DEBUG neutron.api.extensions [None req-9d6854a0-8e9a-4789-9c57-f318b011795b None None] Loading extension file: default_subnetpools.py {{(pid=90793) _load_all_extensions_from_path /opt/stack/neutron/neutron/api/extensions.py:449}}
Aug 13 06:51:00.919171 np0000007169 devstack@neutron-api.service[90793]: DEBUG neutron.api.extensions [None req-9d6854a0-8e9a-4789-9c57-f318b011795b None None] Ext name="Default Subnetpools" alias="default-subnetpools" description="Provides ability to mark and use a subnetpool as the default." updated="2016-02-18T18:00:00-00:00" {{(pid=90793) _check_extension /opt/stack/neutron/neutron/api/extensions.py:415}}
Aug 13 06:51:00.919396 np0000007169 devstack@neutron-api.service[90793]: INFO neutron.api.extensions [None req-9d6854a0-8e9a-4789-9c57-f318b011795b None None] Loaded extension: default-subnetpools
Aug 13 06:51:00.919396 np0000007169 devstack@neutron-api.service[90793]: DEBUG neutron.api.extensions [None req-9d6854a0-8e9a-4789-9c57-f318b011795b None None] Loading extension file: dhcpagentscheduler.py {{(pid=90793) _load_all_extensions_from_path /opt/stack/neutron/neutron/api/extensions.py:449}}
Aug 13 06:51:00.920083 np0000007169 devstack@neutron-api.service[90793]: DEBUG neutron.api.extensions [None req-9d6854a0-8e9a-4789-9c57-f318b011795b None None] Ext name="DHCP Agent Scheduler" alias="dhcp_agent_scheduler" description="Schedule networks among dhcp agents" updated="2013-02-07T10:00:00-00:00" {{(pid=90793) _check_extension /opt/stack/neutron/neutron/api/extensions.py:415}}
Aug 13 06:51:00.920083 np0000007169 devstack@neutron-api.service[90793]: INFO neutron.api.extensions [None req-9d6854a0-8e9a-4789-9c57-f318b011795b None None] Loaded extension: dhcp_agent_scheduler
Aug 13 06:51:00.920305 np0000007169 devstack@neutron-api.service[90793]: DEBUG neutron.api.extensions [None req-9d6854a0-8e9a-4789-9c57-f318b011795b None None] Loading extension file: dns.py {{(pid=90793) _load_all_extensions_from_path /opt/stack/neutron/neutron/api/extensions.py:449}}
Aug 13 06:51:00.920441 np0000007169 devstack@neutron-api.service[90793]: DEBUG neutron.api.extensions [None req-9d6854a0-8e9a-4789-9c57-f318b011795b None None] Ext name="DNS Integration" alias="dns-integration" description="Provides integration with DNS." updated="2015-08-15T18:00:00-00:00" {{(pid=90793) _check_extension /opt/stack/neutron/neutron/api/extensions.py:415}}
Aug 13 06:51:00.920629 np0000007169 devstack@neutron-api.service[90793]: INFO neutron.api.extensions [None req-9d6854a0-8e9a-4789-9c57-f318b011795b None None] Loaded extension: dns-integration
Aug 13 06:51:00.920707 np0000007169 devstack@neutron-api.service[90793]: DEBUG neutron.api.extensions [None req-9d6854a0-8e9a-4789-9c57-f318b011795b None None] Loading extension file: dns_domain_ports.py {{(pid=90793) _load_all_extensions_from_path /opt/stack/neutron/neutron/api/extensions.py:449}}
Aug 13 06:51:00.920981 np0000007169 devstack@neutron-api.service[90793]: DEBUG neutron.api.extensions [None req-9d6854a0-8e9a-4789-9c57-f318b011795b None None] Ext name="dns_domain for ports" alias="dns-domain-ports" description="Allows the DNS domain to be specified for a network port." updated="2017-04-24T10:00:00-00:00" {{(pid=90793) _check_extension /opt/stack/neutron/neutron/api/extensions.py:415}}
Aug 13 06:51:00.921166 np0000007169 devstack@neutron-api.service[90793]: INFO neutron.api.extensions [None req-9d6854a0-8e9a-4789-9c57-f318b011795b None None] Loaded extension: dns-domain-ports
Aug 13 06:51:00.921648 np0000007169 devstack@neutron-api.service[90793]: DEBUG neutron.api.extensions [None req-9d6854a0-8e9a-4789-9c57-f318b011795b None None] Loading extension file: dns_integration_domain_keywords.py {{(pid=90793) _load_all_extensions_from_path /opt/stack/neutron/neutron/api/extensions.py:449}}
Aug 13 06:51:00.921648 np0000007169 devstack@neutron-api.service[90793]: DEBUG neutron.api.extensions [None req-9d6854a0-8e9a-4789-9c57-f318b011795b None None] Ext name="DNS domain names with keywords allowed" alias="dns-integration-domain-keywords" description="Allows to use keywords like , , and as DNS domain name" updated="2020-06-15T18:00:00-00:00" {{(pid=90793) _check_extension /opt/stack/neutron/neutron/api/extensions.py:415}}
Aug 13 06:51:00.921749 np0000007169 devstack@neutron-api.service[90793]: INFO neutron.api.extensions [None req-9d6854a0-8e9a-4789-9c57-f318b011795b None None] Loaded extension: dns-integration-domain-keywords
Aug 13 06:51:00.921875 np0000007169 devstack@neutron-api.service[90793]: DEBUG neutron.api.extensions [None req-9d6854a0-8e9a-4789-9c57-f318b011795b None None] Loading extension file: dvr.py {{(pid=90793) _load_all_extensions_from_path /opt/stack/neutron/neutron/api/extensions.py:449}}
Aug 13 06:51:00.922695 np0000007169 devstack@neutron-api.service[90793]: DEBUG neutron.api.extensions [None req-9d6854a0-8e9a-4789-9c57-f318b011795b None None] Ext name="Distributed Virtual Router" alias="dvr" description="Enables configuration of Distributed Virtual Routers." updated="2014-06-1T10:00:00-00:00" {{(pid=90793) _check_extension /opt/stack/neutron/neutron/api/extensions.py:415}}
