Jul 10 12:33:21.313323 np0000005003 devstack@g-api.service[99705]: DEBUG glance.api.middleware.version_negotiation [None req-a5a39a16-d8d0-44ce-8d52-976d51334688 tempest-VolumesActionsTest-1620714640 tempest-VolumesActionsTest-1620714640-project-member] Using url versioning {{(pid=99705) process_request /opt/stack/glance/glance/api/middleware/version_negotiation.py:57}}
Jul 10 12:33:21.313323 np0000005003 devstack@g-api.service[99705]: DEBUG glance.api.middleware.version_negotiation [None req-a5a39a16-d8d0-44ce-8d52-976d51334688 tempest-VolumesActionsTest-1620714640 tempest-VolumesActionsTest-1620714640-project-member] Matched version: v2 {{(pid=99705) process_request /opt/stack/glance/glance/api/middleware/version_negotiation.py:69}}
Jul 10 12:33:21.313323 np0000005003 devstack@g-api.service[99705]: DEBUG glance.api.middleware.version_negotiation [None req-a5a39a16-d8d0-44ce-8d52-976d51334688 tempest-VolumesActionsTest-1620714640 tempest-VolumesActionsTest-1620714640-project-member] new path /v2/images/16dab10b-d974-4d98-8c6c-d0e15c0b1e1d/file {{(pid=99705) process_request /opt/stack/glance/glance/api/middleware/version_negotiation.py:70}}
Jul 10 12:33:21.798169 np0000005003 devstack@g-api.service[99703]: DEBUG glance.api.middleware.version_negotiation [None req-a5a39a16-d8d0-44ce-8d52-976d51334688 tempest-VolumesActionsTest-1620714640 tempest-VolumesActionsTest-1620714640-project-member] Determining version of request: GET /v2/images/16dab10b-d974-4d98-8c6c-d0e15c0b1e1d Accept: application/json {{(pid=99703) process_request /opt/stack/glance/glance/api/middleware/version_negotiation.py:44}}
Jul 10 12:33:21.798503 np0000005003 devstack@g-api.service[99703]: DEBUG glance.api.middleware.version_negotiation [None req-a5a39a16-d8d0-44ce-8d52-976d51334688 tempest-VolumesActionsTest-1620714640 tempest-VolumesActionsTest-1620714640-project-member] Using url versioning {{(pid=99703) process_request /opt/stack/glance/glance/api/middleware/version_negotiation.py:57}}
Jul 10 12:33:21.798503 np0000005003 devstack@g-api.service[99703]: DEBUG glance.api.middleware.version_negotiation [None req-a5a39a16-d8d0-44ce-8d52-976d51334688 tempest-VolumesActionsTest-1620714640 tempest-VolumesActionsTest-1620714640-project-member] Matched version: v2 {{(pid=99703) process_request /opt/stack/glance/glance/api/middleware/version_negotiation.py:69}}
Jul 10 12:33:21.798622 np0000005003 devstack@g-api.service[99703]: DEBUG glance.api.middleware.version_negotiation [None req-a5a39a16-d8d0-44ce-8d52-976d51334688 tempest-VolumesActionsTest-1620714640 tempest-VolumesActionsTest-1620714640-project-member] new path /v2/images/16dab10b-d974-4d98-8c6c-d0e15c0b1e1d {{(pid=99703) process_request /opt/stack/glance/glance/api/middleware/version_negotiation.py:70}}
Jul 10 12:33:21.804405 np0000005003 devstack@g-api.service[99705]: INFO glance.api.v2.image_data [None req-a5a39a16-d8d0-44ce-8d52-976d51334688 tempest-VolumesActionsTest-1620714640 tempest-VolumesActionsTest-1620714640-project-member] Unable to create trust: no such option collect_timing in group [keystone_authtoken] Use the existing user token.
Jul 10 12:33:21.807733 np0000005003 devstack@g-api.service[99703]: [pid: 99703|app: 0|req: 157/455] 127.0.0.1 () {40 vars in 838 bytes} [Fri Jul 10 12:33:21 2026] GET /v2/images/16dab10b-d974-4d98-8c6c-d0e15c0b1e1d => generated 649 bytes in 10 msecs (HTTP/1.1 200) 4 headers in 157 bytes (1 switches on core 0)
Jul 10 12:33:22.246300 np0000005003 devstack@g-api.service[99705]: DEBUG glance.location [None req-a5a39a16-d8d0-44ce-8d52-976d51334688 tempest-VolumesActionsTest-1620714640 tempest-VolumesActionsTest-1620714640-project-member] Enabling in-flight format inspection for raw {{(pid=99705) set_data /opt/stack/glance/glance/location.py:596}}
Jul 10 12:33:22.247173 np0000005003 devstack@g-api.service[99705]: DEBUG glance_store.backend [None req-a5a39a16-d8d0-44ce-8d52-976d51334688 tempest-VolumesActionsTest-1620714640 tempest-VolumesActionsTest-1620714640-project-member] Attempting to import store swift {{(pid=99705) _load_store /opt/stack/data/venv/lib/python3.12/site-packages/glance_store/backend.py:215}}
Jul 10 12:33:22.248588 np0000005003 devstack@g-api.service[99705]: DEBUG glance_store.capabilities [None req-a5a39a16-d8d0-44ce-8d52-976d51334688 tempest-VolumesActionsTest-1620714640 tempest-VolumesActionsTest-1620714640-project-member] Store glance_store._drivers.swift.store.SingleTenantStore doesn't support updating dynamic storage capabilities. Please overwrite 'update_capabilities' method of the store to implement updating logics if needed. {{(pid=99705) update_capabilities /opt/stack/data/venv/lib/python3.12/site-packages/glance_store/capabilities.py:91}}
Jul 10 12:33:22.248793 np0000005003 devstack@g-api.service[99705]: DEBUG glance_store.driver [None req-a5a39a16-d8d0-44ce-8d52-976d51334688 tempest-VolumesActionsTest-1620714640 tempest-VolumesActionsTest-1620714640-project-member] Late loading location class glance_store._drivers.swift.store.StoreLocation {{(pid=99705) get_store_location_class /opt/stack/data/venv/lib/python3.12/site-packages/glance_store/driver.py:134}}
Jul 10 12:33:22.248793 np0000005003 devstack@g-api.service[99705]: DEBUG glance_store.location [None req-a5a39a16-d8d0-44ce-8d52-976d51334688 tempest-VolumesActionsTest-1620714640 tempest-VolumesActionsTest-1620714640-project-member] Registering scheme swift+https with {'store': , 'location_class': , 'store_entry': 'swift'} {{(pid=99705) register_scheme_map /opt/stack/data/venv/lib/python3.12/site-packages/glance_store/location.py:146}}
Jul 10 12:33:22.248970 np0000005003 devstack@g-api.service[99705]: DEBUG glance_store.location [None req-a5a39a16-d8d0-44ce-8d52-976d51334688 tempest-VolumesActionsTest-1620714640 tempest-VolumesActionsTest-1620714640-project-member] Registering scheme swift+https with {'store': , 'location_class': , 'store_entry': 'swift'} {{(pid=99705) register_scheme_map /opt/stack/data/venv/lib/python3.12/site-packages/glance_store/location.py:146}}
Jul 10 12:33:22.249130 np0000005003 devstack@g-api.service[99705]: DEBUG glance_store.location [None req-a5a39a16-d8d0-44ce-8d52-976d51334688 tempest-VolumesActionsTest-1620714640 tempest-VolumesActionsTest-1620714640-project-member] Registering scheme swift with {'store': , 'location_class': , 'store_entry': 'swift'} {{(pid=99705) register_scheme_map /opt/stack/data/venv/lib/python3.12/site-packages/glance_store/location.py:146}}
Jul 10 12:33:22.249341 np0000005003 devstack@g-api.service[99705]: DEBUG glance_store.location [None req-a5a39a16-d8d0-44ce-8d52-976d51334688 tempest-VolumesActionsTest-1620714640 tempest-VolumesActionsTest-1620714640-project-member] Registering scheme swift+https with {'store': , 'location_class': , 'store_entry': 'swift'} {{(pid=99705) register_scheme_map /opt/stack/data/venv/lib/python3.12/site-packages/glance_store/location.py:146}}
Jul 10 12:33:22.249341 np0000005003 devstack@g-api.service[99705]: DEBUG glance_store.location [None req-a5a39a16-d8d0-44ce-8d52-976d51334688 tempest-VolumesActionsTest-1620714640 tempest-VolumesActionsTest-1620714640-project-member] Registering scheme swift with {'store': , 'location_class': , 'store_entry': 'swift'} {{(pid=99705) register_scheme_map /opt/stack/data/venv/lib/python3.12/site-packages/glance_store/location.py:146}}
Jul 10 12:33:22.249466 np0000005003 devstack@g-api.service[99705]: DEBUG glance_store.location [None req-a5a39a16-d8d0-44ce-8d52-976d51334688 tempest-VolumesActionsTest-1620714640 tempest-VolumesActionsTest-1620714640-project-member] Registering scheme swift+http with {'store': , 'location_class': , 'store_entry': 'swift'} {{(pid=99705) register_scheme_map /opt/stack/data/venv/lib/python3.12/site-packages/glance_store/location.py:146}}
Jul 10 12:33:22.249545 np0000005003 devstack@g-api.service[99705]: DEBUG glance_store.location [None req-a5a39a16-d8d0-44ce-8d52-976d51334688 tempest-VolumesActionsTest-1620714640 tempest-VolumesActionsTest-1620714640-project-member] Registering scheme swift+https with {'store': , 'location_class': , 'store_entry': 'swift'} {{(pid=99705) register_scheme_map /opt/stack/data/venv/lib/python3.12/site-packages/glance_store/location.py:146}}
Jul 10 12:33:22.249656 np0000005003 devstack@g-api.service[99705]: DEBUG glance_store.location [None req-a5a39a16-d8d0-44ce-8d52-976d51334688 tempest-VolumesActionsTest-1620714640 tempest-VolumesActionsTest-1620714640-project-member] Registering scheme swift with {'store': , 'location_class': , 'store_entry': 'swift'} {{(pid=99705) register_scheme_map /opt/stack/data/venv/lib/python3.12/site-packages/glance_store/location.py:146}}
Jul 10 12:33:22.249795 np0000005003 devstack@g-api.service[99705]: DEBUG glance_store.location [None req-a5a39a16-d8d0-44ce-8d52-976d51334688 tempest-VolumesActionsTest-1620714640 tempest-VolumesActionsTest-1620714640-project-member] Registering scheme swift+http with {'store': , 'location_class': , 'store_entry': 'swift'} {{(pid=99705) register_scheme_map /opt/stack/data/venv/lib/python3.12/site-packages/glance_store/location.py:146}}
Jul 10 12:33:22.249881 np0000005003 devstack@g-api.service[99705]: DEBUG glance_store.location [None req-a5a39a16-d8d0-44ce-8d52-976d51334688 tempest-VolumesActionsTest-1620714640 tempest-VolumesActionsTest-1620714640-project-member] Registering scheme swift+config with {'store': , 'location_class': , 'store_entry': 'swift'} {{(pid=99705) register_scheme_map /opt/stack/data/venv/lib/python3.12/site-packages/glance_store/location.py:146}}
Jul 10 12:33:22.490390 np0000005003 devstack@g-api.service[99705]: DEBUG swiftclient [None req-a5a39a16-d8d0-44ce-8d52-976d51334688 tempest-VolumesActionsTest-1620714640 tempest-VolumesActionsTest-1620714640-project-member] REQ: curl -i https://10.4.3.130:8080/v1/AUTH_1ff109fa16e244eba0122c55f5384ba1/glance -I -H "X-Auth-Token: gAAAAABqUOaS6dbO..." {{(pid=99705) http_log /opt/stack/data/venv/lib/python3.12/site-packages/swiftclient/client.py:160}}
Jul 10 12:33:22.490894 np0000005003 devstack@g-api.service[99705]: DEBUG swiftclient [None req-a5a39a16-d8d0-44ce-8d52-976d51334688 tempest-VolumesActionsTest-1620714640 tempest-VolumesActionsTest-1620714640-project-member] RESP STATUS: 204 No Content {{(pid=99705) http_log /opt/stack/data/venv/lib/python3.12/site-packages/swiftclient/client.py:161}}
Jul 10 12:33:22.490894 np0000005003 devstack@g-api.service[99705]: DEBUG swiftclient [None req-a5a39a16-d8d0-44ce-8d52-976d51334688 tempest-VolumesActionsTest-1620714640 tempest-VolumesActionsTest-1620714640-project-member] RESP HEADERS: {'Date': 'Fri, 10 Jul 2026 12:33:22 GMT', 'Server': 'Apache/2.4.58 (Ubuntu)', 'Content-Type': 'text/plain; charset=utf-8', 'X-Container-Object-Count': '3', 'X-Container-Bytes-Used': '64356352', 'X-Timestamp': '1783686222.18588', 'Last-Modified': 'Fri, 10 Jul 2026 12:23:43 GMT', 'Accept-Ranges': 'bytes', 'X-Storage-Policy': 'Policy-0', 'X-Container-Sharding': 'False', 'Vary': 'Accept', 'X-Trans-Id': 'tx66456a667db04547814cd-006a50e692', 'X-Openstack-Request-Id': 'tx66456a667db04547814cd-006a50e692', 'Connection': 'close'} {{(pid=99705) http_log /opt/stack/data/venv/lib/python3.12/site-packages/swiftclient/client.py:162}}
Jul 10 12:33:22.490894 np0000005003 devstack@g-api.service[99705]: DEBUG glance_store._drivers.swift.store [None req-a5a39a16-d8d0-44ce-8d52-976d51334688 tempest-VolumesActionsTest-1620714640 tempest-VolumesActionsTest-1620714640-project-member] Adding image object '16dab10b-d974-4d98-8c6c-d0e15c0b1e1d' to Swift {{(pid=99705) add /opt/stack/data/venv/lib/python3.12/site-packages/glance_store/_drivers/swift/store.py:970}}
Jul 10 12:33:22.491226 np0000005003 devstack@g-api.service[99705]: DEBUG glance_store._drivers.swift.store [None req-a5a39a16-d8d0-44ce-8d52-976d51334688 tempest-VolumesActionsTest-1620714640 tempest-VolumesActionsTest-1620714640-project-member] Cannot determine image size because it is either not provided in the request or chunked-transfer encoding is used. Adding image as a segmented object to Swift. {{(pid=99705) add /opt/stack/data/venv/lib/python3.12/site-packages/glance_store/_drivers/swift/store.py:994}}
Jul 10 12:33:22.497839 np0000005003 devstack@g-api.service[99705]: DEBUG oslo_utils.imageutils.format_inspector [None req-a5a39a16-d8d0-44ce-8d52-976d51334688 tempest-VolumesActionsTest-1620714640 tempest-VolumesActionsTest-1620714640-project-member] Format inspector for vmdk does not match, excluding from consideration (Signature KDMV not found: b'\x00\x00\x00\x00') {{(pid=99705) _process_chunk /opt/stack/data/venv/lib/python3.12/site-packages/oslo_utils/imageutils/format_inspector.py:1758}}
Jul 10 12:33:22.499772 np0000005003 devstack@g-api.service[99705]: DEBUG oslo_utils.imageutils.format_inspector [None req-a5a39a16-d8d0-44ce-8d52-976d51334688 tempest-VolumesActionsTest-1620714640 tempest-VolumesActionsTest-1620714640-project-member] Format inspector for vhdx does not match, excluding from consideration (Region signature not found at 30000) {{(pid=99705) _process_chunk /opt/stack/data/venv/lib/python3.12/site-packages/oslo_utils/imageutils/format_inspector.py:1758}}
Jul 10 12:33:22.817799 np0000005003 devstack@g-api.service[99704]: DEBUG glance.api.middleware.version_negotiation [None req-37eeb8d1-087a-4207-832e-fc22c6805837 tempest-VolumesActionsTest-1620714640 tempest-VolumesActionsTest-1620714640-project-member] Determining version of request: GET /v2/images/16dab10b-d974-4d98-8c6c-d0e15c0b1e1d Accept: application/json {{(pid=99704) process_request /opt/stack/glance/glance/api/middleware/version_negotiation.py:44}}
Jul 10 12:33:22.818525 np0000005003 devstack@g-api.service[99704]: DEBUG glance.api.middleware.version_negotiation [None req-37eeb8d1-087a-4207-832e-fc22c6805837 tempest-VolumesActionsTest-1620714640 tempest-VolumesActionsTest-1620714640-project-member] Using url versioning {{(pid=99704) process_request /opt/stack/glance/glance/api/middleware/version_negotiation.py:57}}
Jul 10 12:33:22.821060 np0000005003 devstack@g-api.service[99704]: DEBUG glance.api.middleware.version_negotiation [None req-37eeb8d1-087a-4207-832e-fc22c6805837 tempest-VolumesActionsTest-1620714640 tempest-VolumesActionsTest-1620714640-project-member] Matched version: v2 {{(pid=99704) process_request /opt/stack/glance/glance/api/middleware/version_negotiation.py:69}}
Jul 10 12:33:22.821414 np0000005003 devstack@g-api.service[99704]: DEBUG glance.api.middleware.version_negotiation [None req-37eeb8d1-087a-4207-832e-fc22c6805837 tempest-VolumesActionsTest-1620714640 tempest-VolumesActionsTest-1620714640-project-member] new path /v2/images/16dab10b-d974-4d98-8c6c-d0e15c0b1e1d {{(pid=99704) process_request /opt/stack/glance/glance/api/middleware/version_negotiation.py:70}}
Jul 10 12:33:22.836976 np0000005003 devstack@g-api.service[99704]: [pid: 99704|app: 0|req: 152/456] 127.0.0.1 () {40 vars in 838 bytes} [Fri Jul 10 12:33:22 2026] GET /v2/images/16dab10b-d974-4d98-8c6c-d0e15c0b1e1d => generated 649 bytes in 20 msecs (HTTP/1.1 200) 4 headers in 157 bytes (1 switches on core 0)
Jul 10 12:33:23.847514 np0000005003 devstack@g-api.service[99703]: DEBUG glance.api.middleware.version_negotiation [None req-3720b3a3-6055-44a0-983a-f370664c015a tempest-VolumesActionsTest-1620714640 tempest-VolumesActionsTest-1620714640-project-member] Determining version of request: GET /v2/images/16dab10b-d974-4d98-8c6c-d0e15c0b1e1d Accept: application/json {{(pid=99703) process_request /opt/stack/glance/glance/api/middleware/version_negotiation.py:44}}
Jul 10 12:33:23.847514 np0000005003 devstack@g-api.service[99703]: DEBUG glance.api.middleware.version_negotiation [None req-3720b3a3-6055-44a0-983a-f370664c015a tempest-VolumesActionsTest-1620714640 tempest-VolumesActionsTest-1620714640-project-member] Using url versioning {{(pid=99703) process_request /opt/stack/glance/glance/api/middleware/version_negotiation.py:57}}
Jul 10 12:33:23.847514 np0000005003 devstack@g-api.service[99703]: DEBUG glance.api.middleware.version_negotiation [None req-3720b3a3-6055-44a0-983a-f370664c015a tempest-VolumesActionsTest-1620714640 tempest-VolumesActionsTest-1620714640-project-member] Matched version: v2 {{(pid=99703) process_request /opt/stack/glance/glance/api/middleware/version_negotiation.py:69}}
Jul 10 12:33:23.848156 np0000005003 devstack@g-api.service[99703]: DEBUG glance.api.middleware.version_negotiation [None req-3720b3a3-6055-44a0-983a-f370664c015a tempest-VolumesActionsTest-1620714640 tempest-VolumesActionsTest-1620714640-project-member] new path /v2/images/16dab10b-d974-4d98-8c6c-d0e15c0b1e1d {{(pid=99703) process_request /opt/stack/glance/glance/api/middleware/version_negotiation.py:70}}
Jul 10 12:33:23.863177 np0000005003 devstack@g-api.service[99703]: [pid: 99703|app: 0|req: 158/457] 127.0.0.1 () {40 vars in 838 bytes} [Fri Jul 10 12:33:23 2026] GET /v2/images/16dab10b-d974-4d98-8c6c-d0e15c0b1e1d => generated 649 bytes in 16 msecs (HTTP/1.1 200) 4 headers in 157 bytes (1 switches on core 0)
Jul 10 12:33:24.447671 np0000005003 devstack@g-api.service[99705]: DEBUG swiftclient [None req-a5a39a16-d8d0-44ce-8d52-976d51334688 tempest-VolumesActionsTest-1620714640 tempest-VolumesActionsTest-1620714640-project-member] REQ: curl -i https://10.4.3.130:8080/v1/AUTH_1ff109fa16e244eba0122c55f5384ba1/glance/16dab10b-d974-4d98-8c6c-d0e15c0b1e1d-00001 -X PUT -H "X-Auth-Token: gAAAAABqUOaS6dbO..." {{(pid=99705) http_log /opt/stack/data/venv/lib/python3.12/site-packages/swiftclient/client.py:160}}
Jul 10 12:33:24.448061 np0000005003 devstack@g-api.service[99705]: DEBUG swiftclient [None req-a5a39a16-d8d0-44ce-8d52-976d51334688 tempest-VolumesActionsTest-1620714640 tempest-VolumesActionsTest-1620714640-project-member] RESP STATUS: 201 Created {{(pid=99705) http_log /opt/stack/data/venv/lib/python3.12/site-packages/swiftclient/client.py:161}}
Jul 10 12:33:24.448061 np0000005003 devstack@g-api.service[99705]: DEBUG swiftclient [None req-a5a39a16-d8d0-44ce-8d52-976d51334688 tempest-VolumesActionsTest-1620714640 tempest-VolumesActionsTest-1620714640-project-member] RESP HEADERS: {'Date': 'Fri, 10 Jul 2026 12:33:24 GMT', 'Server': 'Apache/2.4.58 (Ubuntu)', 'Content-Type': 'text/html; charset=UTF-8', 'Content-Length': '0', 'Etag': 'eda9a9889837ac4bc81d6387d92c1bec', 'Last-Modified': 'Fri, 10 Jul 2026 12:33:23 GMT', 'X-Trans-Id': 'txff33e1a0ccb544b69da12-006a50e692', 'X-Openstack-Request-Id': 'txff33e1a0ccb544b69da12-006a50e692', 'Connection': 'close'} {{(pid=99705) http_log /opt/stack/data/venv/lib/python3.12/site-packages/swiftclient/client.py:162}}
Jul 10 12:33:24.448407 np0000005003 devstack@g-api.service[99705]: DEBUG glance_store._drivers.swift.store [None req-a5a39a16-d8d0-44ce-8d52-976d51334688 tempest-VolumesActionsTest-1620714640 tempest-VolumesActionsTest-1620714640-project-member] Wrote chunk 16dab10b-d974-4d98-8c6c-d0e15c0b1e1d-00001 (1/?) of length 204800000 to Swift returning MD5 of content: eda9a9889837ac4bc81d6387d92c1bec {{(pid=99705) add /opt/stack/data/venv/lib/python3.12/site-packages/glance_store/_drivers/swift/store.py:1059}}
Jul 10 12:33:24.871391 np0000005003 devstack@g-api.service[99704]: DEBUG glance.api.middleware.version_negotiation [None req-8e9fae41-cddb-467e-9993-020cea7abe66 tempest-VolumesActionsTest-1620714640 tempest-VolumesActionsTest-1620714640-project-member] Determining version of request: GET /v2/images/16dab10b-d974-4d98-8c6c-d0e15c0b1e1d Accept: application/json {{(pid=99704) process_request /opt/stack/glance/glance/api/middleware/version_negotiation.py:44}}
Jul 10 12:33:24.871828 np0000005003 devstack@g-api.service[99704]: DEBUG glance.api.middleware.version_negotiation [None req-8e9fae41-cddb-467e-9993-020cea7abe66 tempest-VolumesActionsTest-1620714640 tempest-VolumesActionsTest-1620714640-project-member] Using url versioning {{(pid=99704) process_request /opt/stack/glance/glance/api/middleware/version_negotiation.py:57}}
Jul 10 12:33:24.871828 np0000005003 devstack@g-api.service[99704]: DEBUG glance.api.middleware.version_negotiation [None req-8e9fae41-cddb-467e-9993-020cea7abe66 tempest-VolumesActionsTest-1620714640 tempest-VolumesActionsTest-1620714640-project-member] Matched version: v2 {{(pid=99704) process_request /opt/stack/glance/glance/api/middleware/version_negotiation.py:69}}
Jul 10 12:33:24.871828 np0000005003 devstack@g-api.service[99704]: DEBUG glance.api.middleware.version_negotiation [None req-8e9fae41-cddb-467e-9993-020cea7abe66 tempest-VolumesActionsTest-1620714640 tempest-VolumesActionsTest-1620714640-project-member] new path /v2/images/16dab10b-d974-4d98-8c6c-d0e15c0b1e1d {{(pid=99704) process_request /opt/stack/glance/glance/api/middleware/version_negotiation.py:70}}
Jul 10 12:33:24.881060 np0000005003 devstack@g-api.service[99704]: [pid: 99704|app: 0|req: 153/458] 127.0.0.1 () {40 vars in 838 bytes} [Fri Jul 10 12:33:24 2026] GET /v2/images/16dab10b-d974-4d98-8c6c-d0e15c0b1e1d => generated 649 bytes in 10 msecs (HTTP/1.1 200) 4 headers in 157 bytes (1 switches on core 0)
Jul 10 12:33:25.889744 np0000005003 devstack@g-api.service[99703]: DEBUG glance.api.middleware.version_negotiation [None req-465e1d29-bb93-4b16-805c-12e55bd4ab6a tempest-VolumesActionsTest-1620714640 tempest-VolumesActionsTest-1620714640-project-member] Determining version of request: GET /v2/images/16dab10b-d974-4d98-8c6c-d0e15c0b1e1d Accept: application/json {{(pid=99703) process_request /opt/stack/glance/glance/api/middleware/version_negotiation.py:44}}
Jul 10 12:33:25.890050 np0000005003 devstack@g-api.service[99703]: DEBUG glance.api.middleware.version_negotiation [None req-465e1d29-bb93-4b16-805c-12e55bd4ab6a tempest-VolumesActionsTest-1620714640 tempest-VolumesActionsTest-1620714640-project-member] Using url versioning {{(pid=99703) process_request /opt/stack/glance/glance/api/middleware/version_negotiation.py:57}}
Jul 10 12:33:25.890050 np0000005003 devstack@g-api.service[99703]: DEBUG glance.api.middleware.version_negotiation [None req-465e1d29-bb93-4b16-805c-12e55bd4ab6a tempest-VolumesActionsTest-1620714640 tempest-VolumesActionsTest-1620714640-project-member] Matched version: v2 {{(pid=99703) process_request /opt/stack/glance/glance/api/middleware/version_negotiation.py:69}}
Jul 10 12:33:25.890142 np0000005003 devstack@g-api.service[99703]: DEBUG glance.api.middleware.version_negotiation [None req-465e1d29-bb93-4b16-805c-12e55bd4ab6a tempest-VolumesActionsTest-1620714640 tempest-VolumesActionsTest-1620714640-project-member] new path /v2/images/16dab10b-d974-4d98-8c6c-d0e15c0b1e1d {{(pid=99703) process_request /opt/stack/glance/glance/api/middleware/version_negotiation.py:70}}
Jul 10 12:33:25.898802 np0000005003 devstack@g-api.service[99703]: [pid: 99703|app: 0|req: 159/459] 127.0.0.1 () {40 vars in 838 bytes} [Fri Jul 10 12:33:25 2026] GET /v2/images/16dab10b-d974-4d98-8c6c-d0e15c0b1e1d => generated 649 bytes in 9 msecs (HTTP/1.1 200) 4 headers in 157 bytes (1 switches on core 0)
Jul 10 12:33:26.460411 np0000005003 devstack@g-api.service[99705]: DEBUG swiftclient [None req-a5a39a16-d8d0-44ce-8d52-976d51334688 tempest-VolumesActionsTest-1620714640 tempest-VolumesActionsTest-1620714640-project-member] REQ: curl -i https://10.4.3.130:8080/v1/AUTH_1ff109fa16e244eba0122c55f5384ba1/glance/16dab10b-d974-4d98-8c6c-d0e15c0b1e1d-00002 -X PUT -H "X-Auth-Token: gAAAAABqUOaS6dbO..." {{(pid=99705) http_log /opt/stack/data/venv/lib/python3.12/site-packages/swiftclient/client.py:160}}
Jul 10 12:33:26.460701 np0000005003 devstack@g-api.service[99705]: DEBUG swiftclient [None req-a5a39a16-d8d0-44ce-8d52-976d51334688 tempest-VolumesActionsTest-1620714640 tempest-VolumesActionsTest-1620714640-project-member] RESP STATUS: 201 Created {{(pid=99705) http_log /opt/stack/data/venv/lib/python3.12/site-packages/swiftclient/client.py:161}}
Jul 10 12:33:26.460701 np0000005003 devstack@g-api.service[99705]: DEBUG swiftclient [None req-a5a39a16-d8d0-44ce-8d52-976d51334688 tempest-VolumesActionsTest-1620714640 tempest-VolumesActionsTest-1620714640-project-member] RESP HEADERS: {'Date': 'Fri, 10 Jul 2026 12:33:26 GMT', 'Server': 'Apache/2.4.58 (Ubuntu)', 'Content-Type': 'text/html; charset=UTF-8', 'Content-Length': '0', 'Etag': 'eda9a9889837ac4bc81d6387d92c1bec', 'Last-Modified': 'Fri, 10 Jul 2026 12:33:25 GMT', 'X-Trans-Id': 'txf6548ffdd32042298567f-006a50e694', 'X-Openstack-Request-Id': 'txf6548ffdd32042298567f-006a50e694', 'Connection': 'close'} {{(pid=99705) http_log /opt/stack/data/venv/lib/python3.12/site-packages/swiftclient/client.py:162}}
Jul 10 12:33:26.460799 np0000005003 devstack@g-api.service[99705]: DEBUG glance_store._drivers.swift.store [None req-a5a39a16-d8d0-44ce-8d52-976d51334688 tempest-VolumesActionsTest-1620714640 tempest-VolumesActionsTest-1620714640-project-member] Wrote chunk 16dab10b-d974-4d98-8c6c-d0e15c0b1e1d-00002 (2/?) of length 204800000 to Swift returning MD5 of content: eda9a9889837ac4bc81d6387d92c1bec {{(pid=99705) add /opt/stack/data/venv/lib/python3.12/site-packages/glance_store/_drivers/swift/store.py:1059}}
Jul 10 12:33:26.908643 np0000005003 devstack@g-api.service[99704]: DEBUG glance.api.middleware.version_negotiation [None req-1823e10c-e346-416c-8e75-ffb3420745d7 tempest-VolumesActionsTest-1620714640 tempest-VolumesActionsTest-1620714640-project-member] Determining version of request: GET /v2/images/16dab10b-d974-4d98-8c6c-d0e15c0b1e1d Accept: application/json {{(pid=99704) process_request /opt/stack/glance/glance/api/middleware/version_negotiation.py:44}}
Jul 10 12:33:26.909100 np0000005003 devstack@g-api.service[99704]: DEBUG glance.api.middleware.version_negotiation [None req-1823e10c-e346-416c-8e75-ffb3420745d7 tempest-VolumesActionsTest-1620714640 tempest-VolumesActionsTest-1620714640-project-member] Using url versioning {{(pid=99704) process_request /opt/stack/glance/glance/api/middleware/version_negotiation.py:57}}
Jul 10 12:33:26.909100 np0000005003 devstack@g-api.service[99704]: DEBUG glance.api.middleware.version_negotiation [None req-1823e10c-e346-416c-8e75-ffb3420745d7 tempest-VolumesActionsTest-1620714640 tempest-VolumesActionsTest-1620714640-project-member] Matched version: v2 {{(pid=99704) process_request /opt/stack/glance/glance/api/middleware/version_negotiation.py:69}}
Jul 10 12:33:26.909100 np0000005003 devstack@g-api.service[99704]: DEBUG glance.api.middleware.version_negotiation [None req-1823e10c-e346-416c-8e75-ffb3420745d7 tempest-VolumesActionsTest-1620714640 tempest-VolumesActionsTest-1620714640-project-member] new path /v2/images/16dab10b-d974-4d98-8c6c-d0e15c0b1e1d {{(pid=99704) process_request /opt/stack/glance/glance/api/middleware/version_negotiation.py:70}}
Jul 10 12:33:26.917879 np0000005003 devstack@g-api.service[99704]: [pid: 99704|app: 0|req: 154/460] 127.0.0.1 () {40 vars in 838 bytes} [Fri Jul 10 12:33:26 2026] GET /v2/images/16dab10b-d974-4d98-8c6c-d0e15c0b1e1d => generated 649 bytes in 9 msecs (HTTP/1.1 200) 4 headers in 157 bytes (1 switches on core 0)
Jul 10 12:33:27.927020 np0000005003 devstack@g-api.service[99703]: DEBUG glance.api.middleware.version_negotiation [None req-39ab19fe-fc46-47d0-970a-7a4794c78fbd tempest-VolumesActionsTest-1620714640 tempest-VolumesActionsTest-1620714640-project-member] Determining version of request: GET /v2/images/16dab10b-d974-4d98-8c6c-d0e15c0b1e1d Accept: application/json {{(pid=99703) process_request /opt/stack/glance/glance/api/middleware/version_negotiation.py:44}}
Jul 10 12:33:27.927923 np0000005003 devstack@g-api.service[99703]: DEBUG glance.api.middleware.version_negotiation [None req-39ab19fe-fc46-47d0-970a-7a4794c78fbd tempest-VolumesActionsTest-1620714640 tempest-VolumesActionsTest-1620714640-project-member] Using url versioning {{(pid=99703) process_request /opt/stack/glance/glance/api/middleware/version_negotiation.py:57}}
Jul 10 12:33:27.927923 np0000005003 devstack@g-api.service[99703]: DEBUG glance.api.middleware.version_negotiation [None req-39ab19fe-fc46-47d0-970a-7a4794c78fbd tempest-VolumesActionsTest-1620714640 tempest-VolumesActionsTest-1620714640-project-member] Matched version: v2 {{(pid=99703) process_request /opt/stack/glance/glance/api/middleware/version_negotiation.py:69}}
Jul 10 12:33:27.927923 np0000005003 devstack@g-api.service[99703]: DEBUG glance.api.middleware.version_negotiation [None req-39ab19fe-fc46-47d0-970a-7a4794c78fbd tempest-VolumesActionsTest-1620714640 tempest-VolumesActionsTest-1620714640-project-member] new path /v2/images/16dab10b-d974-4d98-8c6c-d0e15c0b1e1d {{(pid=99703) process_request /opt/stack/glance/glance/api/middleware/version_negotiation.py:70}}
Jul 10 12:33:27.945316 np0000005003 devstack@g-api.service[99703]: [pid: 99703|app: 0|req: 160/461] 127.0.0.1 () {40 vars in 838 bytes} [Fri Jul 10 12:33:27 2026] GET /v2/images/16dab10b-d974-4d98-8c6c-d0e15c0b1e1d => generated 649 bytes in 18 msecs (HTTP/1.1 200) 4 headers in 157 bytes (1 switches on core 0)
Jul 10 12:33:28.494496 np0000005003 devstack@g-api.service[99705]: DEBUG swiftclient [None req-a5a39a16-d8d0-44ce-8d52-976d51334688 tempest-VolumesActionsTest-1620714640 tempest-VolumesActionsTest-1620714640-project-member] REQ: curl -i https://10.4.3.130:8080/v1/AUTH_1ff109fa16e244eba0122c55f5384ba1/glance/16dab10b-d974-4d98-8c6c-d0e15c0b1e1d-00003 -X PUT -H "X-Auth-Token: gAAAAABqUOaS6dbO..." {{(pid=99705) http_log /opt/stack/data/venv/lib/python3.12/site-packages/swiftclient/client.py:160}}
Jul 10 12:33:28.494496 np0000005003 devstack@g-api.service[99705]: DEBUG swiftclient [None req-a5a39a16-d8d0-44ce-8d52-976d51334688 tempest-VolumesActionsTest-1620714640 tempest-VolumesActionsTest-1620714640-project-member] RESP STATUS: 201 Created {{(pid=99705) http_log /opt/stack/data/venv/lib/python3.12/site-packages/swiftclient/client.py:161}}
Jul 10 12:33:28.494496 np0000005003 devstack@g-api.service[99705]: DEBUG swiftclient [None req-a5a39a16-d8d0-44ce-8d52-976d51334688 tempest-VolumesActionsTest-1620714640 tempest-VolumesActionsTest-1620714640-project-member] RESP HEADERS: {'Date': 'Fri, 10 Jul 2026 12:33:28 GMT', 'Server': 'Apache/2.4.58 (Ubuntu)', 'Content-Type': 'text/html; charset=UTF-8', 'Content-Length': '0', 'Etag': 'eda9a9889837ac4bc81d6387d92c1bec', 'Last-Modified': 'Fri, 10 Jul 2026 12:33:27 GMT', 'X-Trans-Id': 'txe3de919058404989ab2ee-006a50e696', 'X-Openstack-Request-Id': 'txe3de919058404989ab2ee-006a50e696', 'Connection': 'close'} {{(pid=99705) http_log /opt/stack/data/venv/lib/python3.12/site-packages/swiftclient/client.py:162}}
Jul 10 12:33:28.495471 np0000005003 devstack@g-api.service[99705]: DEBUG glance_store._drivers.swift.store [None req-a5a39a16-d8d0-44ce-8d52-976d51334688 tempest-VolumesActionsTest-1620714640 tempest-VolumesActionsTest-1620714640-project-member] Wrote chunk 16dab10b-d974-4d98-8c6c-d0e15c0b1e1d-00003 (3/?) of length 204800000 to Swift returning MD5 of content: eda9a9889837ac4bc81d6387d92c1bec {{(pid=99705) add /opt/stack/data/venv/lib/python3.12/site-packages/glance_store/_drivers/swift/store.py:1059}}
Jul 10 12:33:28.955642 np0000005003 devstack@g-api.service[99704]: DEBUG glance.api.middleware.version_negotiation [None req-aaf07731-f1c4-4526-9ccf-0104ec923dee tempest-VolumesActionsTest-1620714640 tempest-VolumesActionsTest-1620714640-project-member] Determining version of request: GET /v2/images/16dab10b-d974-4d98-8c6c-d0e15c0b1e1d Accept: application/json {{(pid=99704) process_request /opt/stack/glance/glance/api/middleware/version_negotiation.py:44}}
Jul 10 12:33:28.956244 np0000005003 devstack@g-api.service[99704]: DEBUG glance.api.middleware.version_negotiation [None req-aaf07731-f1c4-4526-9ccf-0104ec923dee tempest-VolumesActionsTest-1620714640 tempest-VolumesActionsTest-1620714640-project-member] Using url versioning {{(pid=99704) process_request /opt/stack/glance/glance/api/middleware/version_negotiation.py:57}}
Jul 10 12:33:28.956244 np0000005003 devstack@g-api.service[99704]: DEBUG glance.api.middleware.version_negotiation [None req-aaf07731-f1c4-4526-9ccf-0104ec923dee tempest-VolumesActionsTest-1620714640 tempest-VolumesActionsTest-1620714640-project-member] Matched version: v2 {{(pid=99704) process_request /opt/stack/glance/glance/api/middleware/version_negotiation.py:69}}
Jul 10 12:33:28.957535 np0000005003 devstack@g-api.service[99704]: DEBUG glance.api.middleware.version_negotiation [None req-aaf07731-f1c4-4526-9ccf-0104ec923dee tempest-VolumesActionsTest-1620714640 tempest-VolumesActionsTest-1620714640-project-member] new path /v2/images/16dab10b-d974-4d98-8c6c-d0e15c0b1e1d {{(pid=99704) process_request /opt/stack/glance/glance/api/middleware/version_negotiation.py:70}}
Jul 10 12:33:28.977900 np0000005003 devstack@g-api.service[99704]: [pid: 99704|app: 0|req: 155/462] 127.0.0.1 () {40 vars in 838 bytes} [Fri Jul 10 12:33:28 2026] GET /v2/images/16dab10b-d974-4d98-8c6c-d0e15c0b1e1d => generated 649 bytes in 22 msecs (HTTP/1.1 200) 4 headers in 157 bytes (1 switches on core 0)
Jul 10 12:33:29.991329 np0000005003 devstack@g-api.service[99703]: DEBUG glance.api.middleware.version_negotiation [None req-905d3b9d-bbe8-49ff-9d61-3430a2088fd2 tempest-VolumesActionsTest-1620714640 tempest-VolumesActionsTest-1620714640-project-member] Determining version of request: GET /v2/images/16dab10b-d974-4d98-8c6c-d0e15c0b1e1d Accept: application/json {{(pid=99703) process_request /opt/stack/glance/glance/api/middleware/version_negotiation.py:44}}
Jul 10 12:33:29.992414 np0000005003 devstack@g-api.service[99703]: DEBUG glance.api.middleware.version_negotiation [None req-905d3b9d-bbe8-49ff-9d61-3430a2088fd2 tempest-VolumesActionsTest-1620714640 tempest-VolumesActionsTest-1620714640-project-member] Using url versioning {{(pid=99703) process_request /opt/stack/glance/glance/api/middleware/version_negotiation.py:57}}
Jul 10 12:33:29.992839 np0000005003 devstack@g-api.service[99703]: DEBUG glance.api.middleware.version_negotiation [None req-905d3b9d-bbe8-49ff-9d61-3430a2088fd2 tempest-VolumesActionsTest-1620714640 tempest-VolumesActionsTest-1620714640-project-member] Matched version: v2 {{(pid=99703) process_request /opt/stack/glance/glance/api/middleware/version_negotiation.py:69}}
Jul 10 12:33:29.993797 np0000005003 devstack@g-api.service[99703]: DEBUG glance.api.middleware.version_negotiation [None req-905d3b9d-bbe8-49ff-9d61-3430a2088fd2 tempest-VolumesActionsTest-1620714640 tempest-VolumesActionsTest-1620714640-project-member] new path /v2/images/16dab10b-d974-4d98-8c6c-d0e15c0b1e1d {{(pid=99703) process_request /opt/stack/glance/glance/api/middleware/version_negotiation.py:70}}
Jul 10 12:33:30.008046 np0000005003 devstack@g-api.service[99703]: [pid: 99703|app: 0|req: 161/463] 127.0.0.1 () {40 vars in 838 bytes} [Fri Jul 10 12:33:29 2026] GET /v2/images/16dab10b-d974-4d98-8c6c-d0e15c0b1e1d => generated 649 bytes in 17 msecs (HTTP/1.1 200) 4 headers in 157 bytes (1 switches on core 0)
Jul 10 12:33:30.769602 np0000005003 devstack@g-api.service[99705]: DEBUG swiftclient [None req-a5a39a16-d8d0-44ce-8d52-976d51334688 tempest-VolumesActionsTest-1620714640 tempest-VolumesActionsTest-1620714640-project-member] REQ: curl -i https://10.4.3.130:8080/v1/AUTH_1ff109fa16e244eba0122c55f5384ba1/glance/16dab10b-d974-4d98-8c6c-d0e15c0b1e1d-00004 -X PUT -H "X-Auth-Token: gAAAAABqUOaS6dbO..." {{(pid=99705) http_log /opt/stack/data/venv/lib/python3.12/site-packages/swiftclient/client.py:160}}
Jul 10 12:33:30.769897 np0000005003 devstack@g-api.service[99705]: DEBUG swiftclient [None req-a5a39a16-d8d0-44ce-8d52-976d51334688 tempest-VolumesActionsTest-1620714640 tempest-VolumesActionsTest-1620714640-project-member] RESP STATUS: 201 Created {{(pid=99705) http_log /opt/stack/data/venv/lib/python3.12/site-packages/swiftclient/client.py:161}}
Jul 10 12:33:30.769940 np0000005003 devstack@g-api.service[99705]: DEBUG swiftclient [None req-a5a39a16-d8d0-44ce-8d52-976d51334688 tempest-VolumesActionsTest-1620714640 tempest-VolumesActionsTest-1620714640-project-member] RESP HEADERS: {'Date': 'Fri, 10 Jul 2026 12:33:30 GMT', 'Server': 'Apache/2.4.58 (Ubuntu)', 'Content-Type': 'text/html; charset=UTF-8', 'Content-Length': '0', 'Etag': 'eda9a9889837ac4bc81d6387d92c1bec', 'Last-Modified': 'Fri, 10 Jul 2026 12:33:29 GMT', 'X-Trans-Id': 'txba5fb854ad8f43f8af9b9-006a50e698', 'X-Openstack-Request-Id': 'txba5fb854ad8f43f8af9b9-006a50e698', 'Connection': 'close'} {{(pid=99705) http_log /opt/stack/data/venv/lib/python3.12/site-packages/swiftclient/client.py:162}}
Jul 10 12:33:30.770039 np0000005003 devstack@g-api.service[99705]: DEBUG glance_store._drivers.swift.store [None req-a5a39a16-d8d0-44ce-8d52-976d51334688 tempest-VolumesActionsTest-1620714640 tempest-VolumesActionsTest-1620714640-project-member] Wrote chunk 16dab10b-d974-4d98-8c6c-d0e15c0b1e1d-00004 (4/?) of length 204800000 to Swift returning MD5 of content: eda9a9889837ac4bc81d6387d92c1bec {{(pid=99705) add /opt/stack/data/venv/lib/python3.12/site-packages/glance_store/_drivers/swift/store.py:1059}}
Jul 10 12:33:31.019042 np0000005003 devstack@g-api.service[99704]: DEBUG glance.api.middleware.version_negotiation [None req-f5a853f7-5ded-4aa0-819a-5194fef0dfbc tempest-VolumesActionsTest-1620714640 tempest-VolumesActionsTest-1620714640-project-member] Determining version of request: GET /v2/images/16dab10b-d974-4d98-8c6c-d0e15c0b1e1d Accept: application/json {{(pid=99704) process_request /opt/stack/glance/glance/api/middleware/version_negotiation.py:44}}
Jul 10 12:33:31.019501 np0000005003 devstack@g-api.service[99704]: DEBUG glance.api.middleware.version_negotiation [None req-f5a853f7-5ded-4aa0-819a-5194fef0dfbc tempest-VolumesActionsTest-1620714640 tempest-VolumesActionsTest-1620714640-project-member] Using url versioning {{(pid=99704) process_request /opt/stack/glance/glance/api/middleware/version_negotiation.py:57}}
Jul 10 12:33:31.019501 np0000005003 devstack@g-api.service[99704]: DEBUG glance.api.middleware.version_negotiation [None req-f5a853f7-5ded-4aa0-819a-5194fef0dfbc tempest-VolumesActionsTest-1620714640 tempest-VolumesActionsTest-1620714640-project-member] Matched version: v2 {{(pid=99704) process_request /opt/stack/glance/glance/api/middleware/version_negotiation.py:69}}
Jul 10 12:33:31.019621 np0000005003 devstack@g-api.service[99704]: DEBUG glance.api.middleware.version_negotiation [None req-f5a853f7-5ded-4aa0-819a-5194fef0dfbc tempest-VolumesActionsTest-1620714640 tempest-VolumesActionsTest-1620714640-project-member] new path /v2/images/16dab10b-d974-4d98-8c6c-d0e15c0b1e1d {{(pid=99704) process_request /opt/stack/glance/glance/api/middleware/version_negotiation.py:70}}
Jul 10 12:33:31.041818 np0000005003 devstack@g-api.service[99704]: [pid: 99704|app: 0|req: 156/464] 127.0.0.1 () {40 vars in 838 bytes} [Fri Jul 10 12:33:31 2026] GET /v2/images/16dab10b-d974-4d98-8c6c-d0e15c0b1e1d => generated 649 bytes in 21 msecs (HTTP/1.1 200) 4 headers in 157 bytes (1 switches on core 0)
Jul 10 12:33:32.050950 np0000005003 devstack@g-api.service[99703]: DEBUG glance.api.middleware.version_negotiation [None req-b2fda9e1-fea6-4cb1-af8e-a6374ff13c34 tempest-VolumesActionsTest-1620714640 tempest-VolumesActionsTest-1620714640-project-member] Determining version of request: GET /v2/images/16dab10b-d974-4d98-8c6c-d0e15c0b1e1d Accept: application/json {{(pid=99703) process_request /opt/stack/glance/glance/api/middleware/version_negotiation.py:44}}
Jul 10 12:33:32.051493 np0000005003 devstack@g-api.service[99703]: DEBUG glance.api.middleware.version_negotiation [None req-b2fda9e1-fea6-4cb1-af8e-a6374ff13c34 tempest-VolumesActionsTest-1620714640 tempest-VolumesActionsTest-1620714640-project-member] Using url versioning {{(pid=99703) process_request /opt/stack/glance/glance/api/middleware/version_negotiation.py:57}}
Jul 10 12:33:32.051493 np0000005003 devstack@g-api.service[99703]: DEBUG glance.api.middleware.version_negotiation [None req-b2fda9e1-fea6-4cb1-af8e-a6374ff13c34 tempest-VolumesActionsTest-1620714640 tempest-VolumesActionsTest-1620714640-project-member] Matched version: v2 {{(pid=99703) process_request /opt/stack/glance/glance/api/middleware/version_negotiation.py:69}}
Jul 10 12:33:32.051493 np0000005003 devstack@g-api.service[99703]: DEBUG glance.api.middleware.version_negotiation [None req-b2fda9e1-fea6-4cb1-af8e-a6374ff13c34 tempest-VolumesActionsTest-1620714640 tempest-VolumesActionsTest-1620714640-project-member] new path /v2/images/16dab10b-d974-4d98-8c6c-d0e15c0b1e1d {{(pid=99703) process_request /opt/stack/glance/glance/api/middleware/version_negotiation.py:70}}
Jul 10 12:33:32.060307 np0000005003 devstack@g-api.service[99703]: [pid: 99703|app: 0|req: 162/465] 127.0.0.1 () {40 vars in 838 bytes} [Fri Jul 10 12:33:32 2026] GET /v2/images/16dab10b-d974-4d98-8c6c-d0e15c0b1e1d => generated 649 bytes in 9 msecs (HTTP/1.1 200) 4 headers in 157 bytes (1 switches on core 0)
Jul 10 12:33:32.243893 np0000005003 devstack@g-api.service[99705]: DEBUG dbcounter [-] [99705] Writing DB stats glance:SELECT=12,glance:UPDATE=1 {{(pid=99705) stat_writer /opt/stack/data/venv/lib/python3.12/site-packages/dbcounter.py:115}}
Jul 10 12:33:32.810665 np0000005003 devstack@g-api.service[99705]: DEBUG swiftclient [None req-a5a39a16-d8d0-44ce-8d52-976d51334688 tempest-VolumesActionsTest-1620714640 tempest-VolumesActionsTest-1620714640-project-member] REQ: curl -i https://10.4.3.130:8080/v1/AUTH_1ff109fa16e244eba0122c55f5384ba1/glance/16dab10b-d974-4d98-8c6c-d0e15c0b1e1d-00005 -X PUT -H "X-Auth-Token: gAAAAABqUOaS6dbO..." {{(pid=99705) http_log /opt/stack/data/venv/lib/python3.12/site-packages/swiftclient/client.py:160}}
Jul 10 12:33:32.810763 np0000005003 devstack@g-api.service[99705]: DEBUG swiftclient [None req-a5a39a16-d8d0-44ce-8d52-976d51334688 tempest-VolumesActionsTest-1620714640 tempest-VolumesActionsTest-1620714640-project-member] RESP STATUS: 201 Created {{(pid=99705) http_log /opt/stack/data/venv/lib/python3.12/site-packages/swiftclient/client.py:161}}
Jul 10 12:33:32.810913 np0000005003 devstack@g-api.service[99705]: DEBUG swiftclient [None req-a5a39a16-d8d0-44ce-8d52-976d51334688 tempest-VolumesActionsTest-1620714640 tempest-VolumesActionsTest-1620714640-project-member] RESP HEADERS: {'Date': 'Fri, 10 Jul 2026 12:33:32 GMT', 'Server': 'Apache/2.4.58 (Ubuntu)', 'Content-Type': 'text/html; charset=UTF-8', 'Content-Length': '0', 'Etag': 'eda9a9889837ac4bc81d6387d92c1bec', 'Last-Modified': 'Fri, 10 Jul 2026 12:33:31 GMT', 'X-Trans-Id': 'txfcd5802c3d8948d282295-006a50e69a', 'X-Openstack-Request-Id': 'txfcd5802c3d8948d282295-006a50e69a', 'Connection': 'close'} {{(pid=99705) http_log /opt/stack/data/venv/lib/python3.12/site-packages/swiftclient/client.py:162}}
Jul 10 12:33:32.811018 np0000005003 devstack@g-api.service[99705]: DEBUG glance_store._drivers.swift.store [None req-a5a39a16-d8d0-44ce-8d52-976d51334688 tempest-VolumesActionsTest-1620714640 tempest-VolumesActionsTest-1620714640-project-member] Wrote chunk 16dab10b-d974-4d98-8c6c-d0e15c0b1e1d-00005 (5/?) of length 204800000 to Swift returning MD5 of content: eda9a9889837ac4bc81d6387d92c1bec {{(pid=99705) add /opt/stack/data/venv/lib/python3.12/site-packages/glance_store/_drivers/swift/store.py:1059}}
Jul 10 12:33:33.071448 np0000005003 devstack@g-api.service[99704]: DEBUG glance.api.middleware.version_negotiation [None req-c5bc3288-5fa6-4b1b-ac49-5b19c7106e9f tempest-VolumesActionsTest-1620714640 tempest-VolumesActionsTest-1620714640-project-member] Determining version of request: GET /v2/images/16dab10b-d974-4d98-8c6c-d0e15c0b1e1d Accept: application/json {{(pid=99704) process_request /opt/stack/glance/glance/api/middleware/version_negotiation.py:44}}
Jul 10 12:33:33.072925 np0000005003 devstack@g-api.service[99704]: DEBUG glance.api.middleware.version_negotiation [None req-c5bc3288-5fa6-4b1b-ac49-5b19c7106e9f tempest-VolumesActionsTest-1620714640 tempest-VolumesActionsTest-1620714640-project-member] Using url versioning {{(pid=99704) process_request /opt/stack/glance/glance/api/middleware/version_negotiation.py:57}}
Jul 10 12:33:33.072925 np0000005003 devstack@g-api.service[99704]: DEBUG glance.api.middleware.version_negotiation [None req-c5bc3288-5fa6-4b1b-ac49-5b19c7106e9f tempest-VolumesActionsTest-1620714640 tempest-VolumesActionsTest-1620714640-project-member] Matched version: v2 {{(pid=99704) process_request /opt/stack/glance/glance/api/middleware/version_negotiation.py:69}}
Jul 10 12:33:33.072925 np0000005003 devstack@g-api.service[99704]: DEBUG glance.api.middleware.version_negotiation [None req-c5bc3288-5fa6-4b1b-ac49-5b19c7106e9f tempest-VolumesActionsTest-1620714640 tempest-VolumesActionsTest-1620714640-project-member] new path /v2/images/16dab10b-d974-4d98-8c6c-d0e15c0b1e1d {{(pid=99704) process_request /opt/stack/glance/glance/api/middleware/version_negotiation.py:70}}
Jul 10 12:33:33.084445 np0000005003 devstack@g-api.service[99704]: [pid: 99704|app: 0|req: 157/466] 127.0.0.1 () {40 vars in 838 bytes} [Fri Jul 10 12:33:33 2026] GET /v2/images/16dab10b-d974-4d98-8c6c-d0e15c0b1e1d => generated 649 bytes in 13 msecs (HTTP/1.1 200) 4 headers in 157 bytes (1 switches on core 0)
Jul 10 12:33:33.280593 np0000005003 devstack@g-api.service[99705]: DEBUG swiftclient [None req-a5a39a16-d8d0-44ce-8d52-976d51334688 tempest-VolumesActionsTest-1620714640 tempest-VolumesActionsTest-1620714640-project-member] REQ: curl -i https://10.4.3.130:8080/v1/AUTH_1ff109fa16e244eba0122c55f5384ba1/glance/16dab10b-d974-4d98-8c6c-d0e15c0b1e1d-00006 -X PUT -H "X-Auth-Token: gAAAAABqUOaS6dbO..." {{(pid=99705) http_log /opt/stack/data/venv/lib/python3.12/site-packages/swiftclient/client.py:160}}
Jul 10 12:33:33.281075 np0000005003 devstack@g-api.service[99705]: DEBUG swiftclient [None req-a5a39a16-d8d0-44ce-8d52-976d51334688 tempest-VolumesActionsTest-1620714640 tempest-VolumesActionsTest-1620714640-project-member] RESP STATUS: 201 Created {{(pid=99705) http_log /opt/stack/data/venv/lib/python3.12/site-packages/swiftclient/client.py:161}}
Jul 10 12:33:33.281075 np0000005003 devstack@g-api.service[99705]: DEBUG swiftclient [None req-a5a39a16-d8d0-44ce-8d52-976d51334688 tempest-VolumesActionsTest-1620714640 tempest-VolumesActionsTest-1620714640-project-member] RESP HEADERS: {'Date': 'Fri, 10 Jul 2026 12:33:33 GMT', 'Server': 'Apache/2.4.58 (Ubuntu)', 'Content-Type': 'text/html; charset=UTF-8', 'Content-Length': '0', 'Etag': '708761f3b8777ec77058e63da08eeeb6', 'Last-Modified': 'Fri, 10 Jul 2026 12:33:33 GMT', 'X-Trans-Id': 'tx41dd99182d024c499b72b-006a50e69c', 'X-Openstack-Request-Id': 'tx41dd99182d024c499b72b-006a50e69c', 'Connection': 'close'} {{(pid=99705) http_log /opt/stack/data/venv/lib/python3.12/site-packages/swiftclient/client.py:162}}
Jul 10 12:33:33.281221 np0000005003 devstack@g-api.service[99705]: DEBUG glance_store._drivers.swift.store [None req-a5a39a16-d8d0-44ce-8d52-976d51334688 tempest-VolumesActionsTest-1620714640 tempest-VolumesActionsTest-1620714640-project-member] Wrote chunk 16dab10b-d974-4d98-8c6c-d0e15c0b1e1d-00006 (6/?) of length 49741824 to Swift returning MD5 of content: 708761f3b8777ec77058e63da08eeeb6 {{(pid=99705) add /opt/stack/data/venv/lib/python3.12/site-packages/glance_store/_drivers/swift/store.py:1059}}
Jul 10 12:33:33.281628 np0000005003 devstack@g-api.service[99705]: DEBUG glance_store._drivers.swift.store [None req-a5a39a16-d8d0-44ce-8d52-976d51334688 tempest-VolumesActionsTest-1620714640 tempest-VolumesActionsTest-1620714640-project-member] Not writing zero-length chunk. {{(pid=99705) add /opt/stack/data/venv/lib/python3.12/site-packages/glance_store/_drivers/swift/store.py:1028}}
Jul 10 12:33:33.302664 np0000005003 devstack@g-api.service[99705]: DEBUG swiftclient [None req-a5a39a16-d8d0-44ce-8d52-976d51334688 tempest-VolumesActionsTest-1620714640 tempest-VolumesActionsTest-1620714640-project-member] REQ: curl -i https://10.4.3.130:8080/v1/AUTH_1ff109fa16e244eba0122c55f5384ba1/glance/16dab10b-d974-4d98-8c6c-d0e15c0b1e1d -X PUT -H "X-Object-Manifest: glance/16dab10b-d974-4d98-8c6c-d0e15c0b1e1d-" -H "X-Auth-Token: gAAAAABqUOaS6dbO..." -H "Content-Length: 0" {{(pid=99705) http_log /opt/stack/data/venv/lib/python3.12/site-packages/swiftclient/client.py:160}}
Jul 10 12:33:33.303032 np0000005003 devstack@g-api.service[99705]: DEBUG swiftclient [None req-a5a39a16-d8d0-44ce-8d52-976d51334688 tempest-VolumesActionsTest-1620714640 tempest-VolumesActionsTest-1620714640-project-member] RESP STATUS: 201 Created {{(pid=99705) http_log /opt/stack/data/venv/lib/python3.12/site-packages/swiftclient/client.py:161}}
Jul 10 12:33:33.303032 np0000005003 devstack@g-api.service[99705]: DEBUG swiftclient [None req-a5a39a16-d8d0-44ce-8d52-976d51334688 tempest-VolumesActionsTest-1620714640 tempest-VolumesActionsTest-1620714640-project-member] RESP HEADERS: {'Date': 'Fri, 10 Jul 2026 12:33:33 GMT', 'Server': 'Apache/2.4.58 (Ubuntu)', 'Content-Type': 'text/html; charset=UTF-8', 'Content-Length': '0', 'Etag': 'd41d8cd98f00b204e9800998ecf8427e', 'Last-Modified': 'Fri, 10 Jul 2026 12:33:34 GMT', 'X-Trans-Id': 'txe3f1f3335e4649e791593-006a50e69d', 'X-Openstack-Request-Id': 'txe3f1f3335e4649e791593-006a50e69d', 'Connection': 'close'} {{(pid=99705) http_log /opt/stack/data/venv/lib/python3.12/site-packages/swiftclient/client.py:162}}
Jul 10 12:33:33.303301 np0000005003 devstack@g-api.service[99705]: INFO glance.location [None req-a5a39a16-d8d0-44ce-8d52-976d51334688 tempest-VolumesActionsTest-1620714640 tempest-VolumesActionsTest-1620714640-project-member] Image format matched and virtual size computed: 1073741824
Jul 10 12:33:33.329316 np0000005003 devstack@g-api.service[99705]: DEBUG glance_store.backend [None req-a5a39a16-d8d0-44ce-8d52-976d51334688 tempest-VolumesActionsTest-1620714640 tempest-VolumesActionsTest-1620714640-project-member] Attempting to import store swift {{(pid=99705) _load_store /opt/stack/data/venv/lib/python3.12/site-packages/glance_store/backend.py:215}}
