Jul 10 12:23:15.759948 np0000005003 nova-conductor[95667]: DEBUG cotyledon.oslo_config_glue [-] oslo_messaging_rabbit.ssl = False {{(pid=95667) log_opt_values /opt/stack/data/venv/lib/python3.12/site-packages/oslo_config/cfg.py:3253}}
Jul 10 12:23:15.759948 np0000005003 nova-conductor[95667]: DEBUG cotyledon.oslo_config_glue [-] oslo_messaging_rabbit.ssl_ca_file = {{(pid=95667) log_opt_values /opt/stack/data/venv/lib/python3.12/site-packages/oslo_config/cfg.py:3253}}
Jul 10 12:23:15.760145 np0000005003 nova-conductor[95667]: DEBUG cotyledon.oslo_config_glue [-] oslo_messaging_rabbit.ssl_cert_file = {{(pid=95667) log_opt_values /opt/stack/data/venv/lib/python3.12/site-packages/oslo_config/cfg.py:3253}}
Jul 10 12:23:15.760145 np0000005003 nova-conductor[95667]: DEBUG cotyledon.oslo_config_glue [-] oslo_messaging_rabbit.ssl_enforce_fips_mode = False {{(pid=95667) log_opt_values /opt/stack/data/venv/lib/python3.12/site-packages/oslo_config/cfg.py:3253}}
Jul 10 12:23:15.760145 np0000005003 nova-conductor[95667]: DEBUG cotyledon.oslo_config_glue [-] oslo_messaging_rabbit.ssl_enforce_hostname_verification = True {{(pid=95667) log_opt_values /opt/stack/data/venv/lib/python3.12/site-packages/oslo_config/cfg.py:3253}}
Jul 10 12:23:15.760145 np0000005003 nova-conductor[95667]: DEBUG cotyledon.oslo_config_glue [-] oslo_messaging_rabbit.ssl_key_file = {{(pid=95667) log_opt_values /opt/stack/data/venv/lib/python3.12/site-packages/oslo_config/cfg.py:3253}}
Jul 10 12:23:15.760145 np0000005003 nova-conductor[95667]: DEBUG cotyledon.oslo_config_glue [-] oslo_messaging_rabbit.ssl_version = {{(pid=95667) log_opt_values /opt/stack/data/venv/lib/python3.12/site-packages/oslo_config/cfg.py:3253}}
Jul 10 12:23:15.760145 np0000005003 nova-conductor[95667]: DEBUG cotyledon.oslo_config_glue [-] oslo_messaging_rabbit.use_queue_manager = False {{(pid=95667) log_opt_values /opt/stack/data/venv/lib/python3.12/site-packages/oslo_config/cfg.py:3253}}
Jul 10 12:23:15.760145 np0000005003 nova-conductor[95667]: DEBUG cotyledon.oslo_config_glue [-] oslo_messaging_notifications.driver = ['messagingv2'] {{(pid=95667) log_opt_values /opt/stack/data/venv/lib/python3.12/site-packages/oslo_config/cfg.py:3253}}
Jul 10 12:23:15.760145 np0000005003 nova-conductor[95667]: DEBUG cotyledon.oslo_config_glue [-] oslo_messaging_notifications.retry = -1 {{(pid=95667) log_opt_values /opt/stack/data/venv/lib/python3.12/site-packages/oslo_config/cfg.py:3253}}
Jul 10 12:23:15.760145 np0000005003 nova-conductor[95667]: DEBUG cotyledon.oslo_config_glue [-] oslo_messaging_notifications.topics = ['notifications'] {{(pid=95667) log_opt_values /opt/stack/data/venv/lib/python3.12/site-packages/oslo_config/cfg.py:3253}}
Jul 10 12:23:15.760339 np0000005003 nova-conductor[95667]: DEBUG cotyledon.oslo_config_glue [-] oslo_messaging_notifications.transport_url = **** {{(pid=95667) log_opt_values /opt/stack/data/venv/lib/python3.12/site-packages/oslo_config/cfg.py:3253}}
Jul 10 12:23:15.760339 np0000005003 nova-conductor[95667]: DEBUG cotyledon.oslo_config_glue [-] oslo_limit.auth_section = None {{(pid=95667) log_opt_values /opt/stack/data/venv/lib/python3.12/site-packages/oslo_config/cfg.py:3253}}
Jul 10 12:23:15.760339 np0000005003 nova-conductor[95667]: DEBUG cotyledon.oslo_config_glue [-] oslo_limit.auth_type = None {{(pid=95667) log_opt_values /opt/stack/data/venv/lib/python3.12/site-packages/oslo_config/cfg.py:3253}}
Jul 10 12:23:15.760339 np0000005003 nova-conductor[95667]: DEBUG cotyledon.oslo_config_glue [-] oslo_limit.cafile = None {{(pid=95667) log_opt_values /opt/stack/data/venv/lib/python3.12/site-packages/oslo_config/cfg.py:3253}}
Jul 10 12:23:15.760339 np0000005003 nova-conductor[95667]: DEBUG cotyledon.oslo_config_glue [-] oslo_limit.certfile = None {{(pid=95667) log_opt_values /opt/stack/data/venv/lib/python3.12/site-packages/oslo_config/cfg.py:3253}}
Jul 10 12:23:15.760339 np0000005003 nova-conductor[95667]: DEBUG cotyledon.oslo_config_glue [-] oslo_limit.collect_timing = False {{(pid=95667) log_opt_values /opt/stack/data/venv/lib/python3.12/site-packages/oslo_config/cfg.py:3253}}
Jul 10 12:23:15.760339 np0000005003 nova-conductor[95667]: DEBUG cotyledon.oslo_config_glue [-] oslo_limit.connect_retries = None {{(pid=95667) log_opt_values /opt/stack/data/venv/lib/python3.12/site-packages/oslo_config/cfg.py:3253}}
Jul 10 12:23:15.760339 np0000005003 nova-conductor[95667]: DEBUG cotyledon.oslo_config_glue [-] oslo_limit.connect_retry_delay = None {{(pid=95667) log_opt_values /opt/stack/data/venv/lib/python3.12/site-packages/oslo_config/cfg.py:3253}}
Jul 10 12:23:15.760339 np0000005003 nova-conductor[95667]: DEBUG cotyledon.oslo_config_glue [-] oslo_limit.endpoint_id = None {{(pid=95667) log_opt_values /opt/stack/data/venv/lib/python3.12/site-packages/oslo_config/cfg.py:3253}}
Jul 10 12:23:15.760538 np0000005003 nova-conductor[95667]: DEBUG cotyledon.oslo_config_glue [-] oslo_limit.endpoint_interface = public {{(pid=95667) log_opt_values /opt/stack/data/venv/lib/python3.12/site-packages/oslo_config/cfg.py:3253}}
Jul 10 12:23:15.760538 np0000005003 nova-conductor[95667]: DEBUG cotyledon.oslo_config_glue [-] oslo_limit.endpoint_override = None {{(pid=95667) log_opt_values /opt/stack/data/venv/lib/python3.12/site-packages/oslo_config/cfg.py:3253}}
Jul 10 12:23:15.760538 np0000005003 nova-conductor[95667]: DEBUG cotyledon.oslo_config_glue [-] oslo_limit.endpoint_region_name = None {{(pid=95667) log_opt_values /opt/stack/data/venv/lib/python3.12/site-packages/oslo_config/cfg.py:3253}}
Jul 10 12:23:15.760538 np0000005003 nova-conductor[95667]: DEBUG cotyledon.oslo_config_glue [-] oslo_limit.endpoint_service_name = None {{(pid=95667) log_opt_values /opt/stack/data/venv/lib/python3.12/site-packages/oslo_config/cfg.py:3253}}
Jul 10 12:23:15.760538 np0000005003 nova-conductor[95667]: DEBUG cotyledon.oslo_config_glue [-] oslo_limit.endpoint_service_type = None {{(pid=95667) log_opt_values /opt/stack/data/venv/lib/python3.12/site-packages/oslo_config/cfg.py:3253}}
Jul 10 12:23:15.760538 np0000005003 nova-conductor[95667]: DEBUG cotyledon.oslo_config_glue [-] oslo_limit.insecure = False {{(pid=95667) log_opt_values /opt/stack/data/venv/lib/python3.12/site-packages/oslo_config/cfg.py:3253}}
Jul 10 12:23:15.760538 np0000005003 nova-conductor[95667]: DEBUG cotyledon.oslo_config_glue [-] oslo_limit.keyfile = None {{(pid=95667) log_opt_values /opt/stack/data/venv/lib/python3.12/site-packages/oslo_config/cfg.py:3253}}
Jul 10 12:23:15.760538 np0000005003 nova-conductor[95667]: DEBUG cotyledon.oslo_config_glue [-] oslo_limit.max_version = None {{(pid=95667) log_opt_values /opt/stack/data/venv/lib/python3.12/site-packages/oslo_config/cfg.py:3253}}
Jul 10 12:23:15.760538 np0000005003 nova-conductor[95667]: DEBUG cotyledon.oslo_config_glue [-] oslo_limit.min_version = None {{(pid=95667) log_opt_values /opt/stack/data/venv/lib/python3.12/site-packages/oslo_config/cfg.py:3253}}
Jul 10 12:23:15.760707 np0000005003 nova-conductor[95667]: DEBUG cotyledon.oslo_config_glue [-] oslo_limit.region_name = None {{(pid=95667) log_opt_values /opt/stack/data/venv/lib/python3.12/site-packages/oslo_config/cfg.py:3253}}
Jul 10 12:23:15.760707 np0000005003 nova-conductor[95667]: DEBUG cotyledon.oslo_config_glue [-] oslo_limit.retriable_status_codes = None {{(pid=95667) log_opt_values /opt/stack/data/venv/lib/python3.12/site-packages/oslo_config/cfg.py:3253}}
Jul 10 12:23:15.760707 np0000005003 nova-conductor[95667]: DEBUG cotyledon.oslo_config_glue [-] oslo_limit.service_name = None {{(pid=95667) log_opt_values /opt/stack/data/venv/lib/python3.12/site-packages/oslo_config/cfg.py:3253}}
Jul 10 12:23:15.760707 np0000005003 nova-conductor[95667]: DEBUG cotyledon.oslo_config_glue [-] oslo_limit.service_type = None {{(pid=95667) log_opt_values /opt/stack/data/venv/lib/python3.12/site-packages/oslo_config/cfg.py:3253}}
Jul 10 12:23:15.760707 np0000005003 nova-conductor[95667]: DEBUG cotyledon.oslo_config_glue [-] oslo_limit.split_loggers = False {{(pid=95667) log_opt_values /opt/stack/data/venv/lib/python3.12/site-packages/oslo_config/cfg.py:3253}}
Jul 10 12:23:15.760707 np0000005003 nova-conductor[95667]: DEBUG cotyledon.oslo_config_glue [-] oslo_limit.status_code_retries = None {{(pid=95667) log_opt_values /opt/stack/data/venv/lib/python3.12/site-packages/oslo_config/cfg.py:3253}}
Jul 10 12:23:15.760707 np0000005003 nova-conductor[95667]: DEBUG cotyledon.oslo_config_glue [-] oslo_limit.status_code_retry_delay = None {{(pid=95667) log_opt_values /opt/stack/data/venv/lib/python3.12/site-packages/oslo_config/cfg.py:3253}}
Jul 10 12:23:15.760707 np0000005003 nova-conductor[95667]: DEBUG cotyledon.oslo_config_glue [-] oslo_limit.timeout = None {{(pid=95667) log_opt_values /opt/stack/data/venv/lib/python3.12/site-packages/oslo_config/cfg.py:3253}}
Jul 10 12:23:15.760707 np0000005003 nova-conductor[95667]: DEBUG cotyledon.oslo_config_glue [-] oslo_limit.valid_interfaces = None {{(pid=95667) log_opt_values /opt/stack/data/venv/lib/python3.12/site-packages/oslo_config/cfg.py:3253}}
Jul 10 12:23:15.760883 np0000005003 nova-conductor[95667]: DEBUG cotyledon.oslo_config_glue [-] oslo_limit.version = None {{(pid=95667) log_opt_values /opt/stack/data/venv/lib/python3.12/site-packages/oslo_config/cfg.py:3253}}
Jul 10 12:23:15.760883 np0000005003 nova-conductor[95667]: DEBUG cotyledon.oslo_config_glue [-] oslo_reports.file_event_handler = None {{(pid=95667) log_opt_values /opt/stack/data/venv/lib/python3.12/site-packages/oslo_config/cfg.py:3253}}
Jul 10 12:23:15.760883 np0000005003 nova-conductor[95667]: DEBUG cotyledon.oslo_config_glue [-] oslo_reports.file_event_handler_interval = 1 {{(pid=95667) log_opt_values /opt/stack/data/venv/lib/python3.12/site-packages/oslo_config/cfg.py:3253}}
Jul 10 12:23:15.760883 np0000005003 nova-conductor[95667]: DEBUG cotyledon.oslo_config_glue [-] oslo_reports.log_dir = None {{(pid=95667) log_opt_values /opt/stack/data/venv/lib/python3.12/site-packages/oslo_config/cfg.py:3253}}
Jul 10 12:23:15.760883 np0000005003 nova-conductor[95667]: DEBUG cotyledon.oslo_config_glue [-] ******************************************************************************** {{(pid=95667) log_opt_values /opt/stack/data/venv/lib/python3.12/site-packages/oslo_config/cfg.py:3260}}
Jul 10 12:23:15.760883 np0000005003 nova-conductor[95667]: DEBUG cotyledon._service_worker [-] Run service ServiceWrapper(2) [95667] {{(pid=95667) wait_forever /opt/stack/data/venv/lib/python3.12/site-packages/cotyledon/_service_worker.py:218}}
Jul 10 12:23:15.760883 np0000005003 nova-conductor[95667]: INFO nova.service [-] Starting conductor node (version 33.1.0)
Jul 10 12:23:15.765112 np0000005003 nova-conductor[95667]: INFO dbcounter [None req-99073e9d-f17f-486d-a9a6-a94c6d39c36e None None] Registered counter for database nova_cell0
Jul 10 12:23:15.780823 np0000005003 nova-conductor[95644]: DEBUG oslo_db.sqlalchemy.engines [None req-f20cd18c-1eac-480a-813b-0e0181b58098 None None] MySQL server mode set to STRICT_TRANS_TABLES,STRICT_ALL_TABLES,NO_ZERO_IN_DATE,NO_ZERO_DATE,ERROR_FOR_DIVISION_BY_ZERO,TRADITIONAL,NO_ENGINE_SUBSTITUTION {{(pid=95644) _check_effective_sql_mode /opt/stack/data/venv/lib/python3.12/site-packages/oslo_db/sqlalchemy/engines.py:325}}
Jul 10 12:23:15.791654 np0000005003 nova-conductor[95644]: DEBUG dbcounter [-] [95644] Writer thread running {{(pid=95644) stat_writer /opt/stack/data/venv/lib/python3.12/site-packages/dbcounter.py:102}}
Jul 10 12:23:15.804560 np0000005003 nova-conductor[95659]: DEBUG oslo_db.sqlalchemy.engines [None req-0aac52f3-0869-4704-b2a5-6e73d0197be7 None None] MySQL server mode set to STRICT_TRANS_TABLES,STRICT_ALL_TABLES,NO_ZERO_IN_DATE,NO_ZERO_DATE,ERROR_FOR_DIVISION_BY_ZERO,TRADITIONAL,NO_ENGINE_SUBSTITUTION {{(pid=95659) _check_effective_sql_mode /opt/stack/data/venv/lib/python3.12/site-packages/oslo_db/sqlalchemy/engines.py:325}}
Jul 10 12:23:15.809070 np0000005003 nova-conductor[95667]: DEBUG oslo_db.sqlalchemy.engines [None req-99073e9d-f17f-486d-a9a6-a94c6d39c36e None None] MySQL server mode set to STRICT_TRANS_TABLES,STRICT_ALL_TABLES,NO_ZERO_IN_DATE,NO_ZERO_DATE,ERROR_FOR_DIVISION_BY_ZERO,TRADITIONAL,NO_ENGINE_SUBSTITUTION {{(pid=95667) _check_effective_sql_mode /opt/stack/data/venv/lib/python3.12/site-packages/oslo_db/sqlalchemy/engines.py:325}}
Jul 10 12:23:15.809731 np0000005003 nova-conductor[95644]: DEBUG nova.service [None req-f20cd18c-1eac-480a-813b-0e0181b58098 None None] Creating RPC server for service: nova-conductor on topic: conductor {{(pid=95644) start /opt/stack/nova/nova/service.py:196}}
Jul 10 12:23:15.819674 np0000005003 nova-conductor[95667]: DEBUG dbcounter [-] [95667] Writer thread running {{(pid=95667) stat_writer /opt/stack/data/venv/lib/python3.12/site-packages/dbcounter.py:102}}
Jul 10 12:23:15.821786 np0000005003 nova-conductor[95659]: DEBUG dbcounter [-] [95659] Writer thread running {{(pid=95659) stat_writer /opt/stack/data/venv/lib/python3.12/site-packages/dbcounter.py:102}}
Jul 10 12:23:15.823532 np0000005003 nova-conductor[95667]: DEBUG nova.service [None req-99073e9d-f17f-486d-a9a6-a94c6d39c36e None None] Creating RPC server for service: nova-conductor on topic: conductor {{(pid=95667) start /opt/stack/nova/nova/service.py:196}}
Jul 10 12:23:15.827066 np0000005003 nova-conductor[95659]: DEBUG nova.service [None req-0aac52f3-0869-4704-b2a5-6e73d0197be7 None None] Creating RPC server for service: nova-conductor on topic: conductor {{(pid=95659) start /opt/stack/nova/nova/service.py:196}}
Jul 10 12:23:15.842454 np0000005003 nova-conductor[95644]: DEBUG nova.service [None req-f20cd18c-1eac-480a-813b-0e0181b58098 None None] Join ServiceGroup membership for this service conductor {{(pid=95644) start /opt/stack/nova/nova/service.py:222}}
Jul 10 12:23:15.843371 np0000005003 nova-conductor[95644]: DEBUG nova.servicegroup.drivers.db [None req-f20cd18c-1eac-480a-813b-0e0181b58098 None None] DB_Driver: join new ServiceGroup member np0000005003 to the conductor group, service = {{(pid=95644) join /opt/stack/nova/nova/servicegroup/drivers/db.py:44}}
Jul 10 12:23:15.851185 np0000005003 nova-conductor[95667]: DEBUG nova.service [None req-99073e9d-f17f-486d-a9a6-a94c6d39c36e None None] Join ServiceGroup membership for this service conductor {{(pid=95667) start /opt/stack/nova/nova/service.py:222}}
Jul 10 12:23:15.851687 np0000005003 nova-conductor[95667]: DEBUG nova.servicegroup.drivers.db [None req-99073e9d-f17f-486d-a9a6-a94c6d39c36e None None] DB_Driver: join new ServiceGroup member np0000005003 to the conductor group, service = {{(pid=95667) join /opt/stack/nova/nova/servicegroup/drivers/db.py:44}}
Jul 10 12:23:15.861978 np0000005003 nova-conductor[95659]: DEBUG nova.service [None req-0aac52f3-0869-4704-b2a5-6e73d0197be7 None None] Join ServiceGroup membership for this service conductor {{(pid=95659) start /opt/stack/nova/nova/service.py:222}}
Jul 10 12:23:15.862463 np0000005003 nova-conductor[95659]: DEBUG nova.servicegroup.drivers.db [None req-0aac52f3-0869-4704-b2a5-6e73d0197be7 None None] DB_Driver: join new ServiceGroup member np0000005003 to the conductor group, service = {{(pid=95659) join /opt/stack/nova/nova/servicegroup/drivers/db.py:44}}
Jul 10 12:23:16.845775 np0000005003 nova-conductor[95644]: DEBUG oslo.service.backend._threading.loopingcall [None req-db34c6d3-602e-4a36-a034-e4a7126233f6 None None] Dynamic interval looping call 'nova.service.Service.periodic_tasks' sleeping for 60.00 seconds {{(pid=95644) _run_loop /opt/stack/data/venv/lib/python3.12/site-packages/oslo_service/backend/_threading/loopingcall.py:125}}
Jul 10 12:23:20.857393 np0000005003 nova-conductor[95644]: DEBUG oslo.service.backend._threading.loopingcall [-] Fixed interval looping call 'nova.servicegroup.drivers.db.DbDriver._report_state' sleeping for 119.99 seconds {{(pid=95644) _run_loop /opt/stack/data/venv/lib/python3.12/site-packages/oslo_service/backend/_threading/loopingcall.py:125}}
Jul 10 12:23:20.863203 np0000005003 nova-conductor[95667]: DEBUG oslo.service.backend._threading.loopingcall [-] Fixed interval looping call 'nova.servicegroup.drivers.db.DbDriver._report_state' sleeping for 119.99 seconds {{(pid=95667) _run_loop /opt/stack/data/venv/lib/python3.12/site-packages/oslo_service/backend/_threading/loopingcall.py:125}}
Jul 10 12:23:20.876755 np0000005003 nova-conductor[95659]: DEBUG oslo.service.backend._threading.loopingcall [-] Fixed interval looping call 'nova.servicegroup.drivers.db.DbDriver._report_state' sleeping for 119.99 seconds {{(pid=95659) _run_loop /opt/stack/data/venv/lib/python3.12/site-packages/oslo_service/backend/_threading/loopingcall.py:125}}
Jul 10 12:23:24.396928 np0000005003 nova-conductor[94293]: DEBUG dbcounter [-] [94293] Writing DB stats nova_api:SELECT=1 {{(pid=94293) stat_writer /opt/stack/data/venv/lib/python3.12/site-packages/dbcounter.py:115}}
Jul 10 12:23:24.529719 np0000005003 nova-conductor[94293]: DEBUG dbcounter [-] [94293] Writing DB stats nova_cell0:SELECT=1 {{(pid=94293) stat_writer /opt/stack/data/venv/lib/python3.12/site-packages/dbcounter.py:115}}
Jul 10 12:23:24.536379 np0000005003 nova-conductor[94293]: DEBUG dbcounter [-] [94293] Writing DB stats nova_cell1:SELECT=1 {{(pid=94293) stat_writer /opt/stack/data/venv/lib/python3.12/site-packages/dbcounter.py:115}}
Jul 10 12:23:30.853519 np0000005003 nova-conductor[95644]: DEBUG dbcounter [-] [95644] Writing DB stats nova_cell0:SELECT=4,nova_cell0:INSERT=1,nova_cell0:UPDATE=1 {{(pid=95644) stat_writer /opt/stack/data/venv/lib/python3.12/site-packages/dbcounter.py:115}}
Jul 10 12:23:30.863377 np0000005003 nova-conductor[95667]: DEBUG dbcounter [-] [95667] Writing DB stats nova_cell0:SELECT=3 {{(pid=95667) stat_writer /opt/stack/data/venv/lib/python3.12/site-packages/dbcounter.py:115}}
Jul 10 12:23:30.873604 np0000005003 nova-conductor[95659]: DEBUG dbcounter [-] [95659] Writing DB stats nova_cell0:SELECT=3 {{(pid=95659) stat_writer /opt/stack/data/venv/lib/python3.12/site-packages/dbcounter.py:115}}
Jul 10 12:24:01.865336 np0000005003 nova-conductor[95659]: DEBUG oslo.service.backend._threading.loopingcall [None req-7296fe62-2e9f-4ebe-9143-4bcee05dbbd4 None None] Dynamic interval looping call 'nova.service.Service.periodic_tasks' sleeping for 60.00 seconds {{(pid=95659) _run_loop /opt/stack/data/venv/lib/python3.12/site-packages/oslo_service/backend/_threading/loopingcall.py:125}}
Jul 10 12:24:12.853937 np0000005003 nova-conductor[95667]: DEBUG oslo.service.backend._threading.loopingcall [None req-28dd5be6-a6cc-4715-91c9-da96ae8b145d None None] Dynamic interval looping call 'nova.service.Service.periodic_tasks' sleeping for 60.00 seconds {{(pid=95667) _run_loop /opt/stack/data/venv/lib/python3.12/site-packages/oslo_service/backend/_threading/loopingcall.py:125}}
Jul 10 12:24:16.846183 np0000005003 nova-conductor[95644]: DEBUG oslo.service.backend._threading.loopingcall [None req-db34c6d3-602e-4a36-a034-e4a7126233f6 None None] Dynamic interval looping call 'nova.service.Service.periodic_tasks' sleeping for 60.00 seconds {{(pid=95644) _run_loop /opt/stack/data/venv/lib/python3.12/site-packages/oslo_service/backend/_threading/loopingcall.py:125}}
Jul 10 12:25:01.865832 np0000005003 nova-conductor[95659]: DEBUG oslo.service.backend._threading.loopingcall [None req-7296fe62-2e9f-4ebe-9143-4bcee05dbbd4 None None] Dynamic interval looping call 'nova.service.Service.periodic_tasks' sleeping for 60.00 seconds {{(pid=95659) _run_loop /opt/stack/data/venv/lib/python3.12/site-packages/oslo_service/backend/_threading/loopingcall.py:125}}
Jul 10 12:25:12.854448 np0000005003 nova-conductor[95667]: DEBUG oslo.service.backend._threading.loopingcall [None req-28dd5be6-a6cc-4715-91c9-da96ae8b145d None None] Dynamic interval looping call 'nova.service.Service.periodic_tasks' sleeping for 60.00 seconds {{(pid=95667) _run_loop /opt/stack/data/venv/lib/python3.12/site-packages/oslo_service/backend/_threading/loopingcall.py:125}}
Jul 10 12:25:16.846689 np0000005003 nova-conductor[95644]: DEBUG oslo.service.backend._threading.loopingcall [None req-db34c6d3-602e-4a36-a034-e4a7126233f6 None None] Dynamic interval looping call 'nova.service.Service.periodic_tasks' sleeping for 60.00 seconds {{(pid=95644) _run_loop /opt/stack/data/venv/lib/python3.12/site-packages/oslo_service/backend/_threading/loopingcall.py:125}}
Jul 10 12:25:20.858412 np0000005003 nova-conductor[95644]: DEBUG oslo.service.backend._threading.loopingcall [-] Fixed interval looping call 'nova.servicegroup.drivers.db.DbDriver._report_state' sleeping for 119.99 seconds {{(pid=95644) _run_loop /opt/stack/data/venv/lib/python3.12/site-packages/oslo_service/backend/_threading/loopingcall.py:125}}
Jul 10 12:25:20.859378 np0000005003 nova-conductor[95667]: DEBUG oslo.service.backend._threading.loopingcall [-] Fixed interval looping call 'nova.servicegroup.drivers.db.DbDriver._report_state' sleeping for 119.99 seconds {{(pid=95667) _run_loop /opt/stack/data/venv/lib/python3.12/site-packages/oslo_service/backend/_threading/loopingcall.py:125}}
Jul 10 12:25:20.870793 np0000005003 nova-conductor[95659]: DEBUG oslo.service.backend._threading.loopingcall [-] Fixed interval looping call 'nova.servicegroup.drivers.db.DbDriver._report_state' sleeping for 120.00 seconds {{(pid=95659) _run_loop /opt/stack/data/venv/lib/python3.12/site-packages/oslo_service/backend/_threading/loopingcall.py:125}}
Jul 10 12:25:30.850391 np0000005003 nova-conductor[95644]: DEBUG dbcounter [-] [95644] Writing DB stats nova_cell0:SELECT=1,nova_cell0:UPDATE=1 {{(pid=95644) stat_writer /opt/stack/data/venv/lib/python3.12/site-packages/dbcounter.py:115}}
Jul 10 12:25:30.858593 np0000005003 nova-conductor[95667]: DEBUG dbcounter [-] [95667] Writing DB stats nova_cell0:SELECT=1,nova_cell0:UPDATE=1 {{(pid=95667) stat_writer /opt/stack/data/venv/lib/python3.12/site-packages/dbcounter.py:115}}
Jul 10 12:25:30.868992 np0000005003 nova-conductor[95659]: DEBUG dbcounter [-] [95659] Writing DB stats nova_cell0:SELECT=1 {{(pid=95659) stat_writer /opt/stack/data/venv/lib/python3.12/site-packages/dbcounter.py:115}}
Jul 10 12:25:50.145111 np0000005003 nova-conductor[95644]: DEBUG oslo_db.sqlalchemy.engines [None req-e8d117c4-e53f-4909-9214-254b91b80383 tempest-DeleteServersTestJSON-2066068431 tempest-DeleteServersTestJSON-2066068431-project-member] Parent process 94293 forked (95644) with an open database connection, which is being discarded and recreated. {{(pid=95644) checkout /opt/stack/data/venv/lib/python3.12/site-packages/oslo_db/sqlalchemy/engines.py:402}}
Jul 10 12:25:50.190955 np0000005003 nova-conductor[95644]: DEBUG dbcounter [-] [95644] Writer thread running {{(pid=95644) stat_writer /opt/stack/data/venv/lib/python3.12/site-packages/dbcounter.py:102}}
Jul 10 12:25:51.216553 np0000005003 nova-conductor[95644]: DEBUG nova.conductor.manager [None req-e8d117c4-e53f-4909-9214-254b91b80383 tempest-DeleteServersTestJSON-2066068431 tempest-DeleteServersTestJSON-2066068431-project-member] Took 1.02 seconds to select destinations for 1 instance(s). {{(pid=95644) _schedule_instances /opt/stack/nova/nova/conductor/manager.py:968}}
Jul 10 12:25:51.261709 np0000005003 nova-conductor[95644]: DEBUG oslo_concurrency.lockutils [None req-e8d117c4-e53f-4909-9214-254b91b80383 tempest-DeleteServersTestJSON-2066068431 tempest-DeleteServersTestJSON-2066068431-project-member] Acquiring lock "67537242-f2fb-4214-aa52-b59d2573de10" by "nova.context.set_target_cell..get_or_set_cached_cell_and_set_connections" {{(pid=95644) inner /opt/stack/data/venv/lib/python3.12/site-packages/oslo_concurrency/lockutils.py:511}}
Jul 10 12:25:51.261709 np0000005003 nova-conductor[95644]: DEBUG oslo_concurrency.lockutils [None req-e8d117c4-e53f-4909-9214-254b91b80383 tempest-DeleteServersTestJSON-2066068431 tempest-DeleteServersTestJSON-2066068431-project-member] Lock "67537242-f2fb-4214-aa52-b59d2573de10" acquired by "nova.context.set_target_cell..get_or_set_cached_cell_and_set_connections" :: waited 0.000s {{(pid=95644) inner /opt/stack/data/venv/lib/python3.12/site-packages/oslo_concurrency/lockutils.py:524}}
Jul 10 12:25:51.262892 np0000005003 nova-conductor[95644]: DEBUG oslo_concurrency.lockutils [None req-e8d117c4-e53f-4909-9214-254b91b80383 tempest-DeleteServersTestJSON-2066068431 tempest-DeleteServersTestJSON-2066068431-project-member] Lock "67537242-f2fb-4214-aa52-b59d2573de10" "released" by "nova.context.set_target_cell..get_or_set_cached_cell_and_set_connections" :: held 0.002s {{(pid=95644) inner /opt/stack/data/venv/lib/python3.12/site-packages/oslo_concurrency/lockutils.py:543}}
Jul 10 12:25:51.265479 np0000005003 nova-conductor[95644]: INFO dbcounter [None req-e8d117c4-e53f-4909-9214-254b91b80383 tempest-DeleteServersTestJSON-2066068431 tempest-DeleteServersTestJSON-2066068431-project-member] Registered counter for database nova_cell1
Jul 10 12:25:51.315938 np0000005003 nova-conductor[95644]: DEBUG oslo_db.sqlalchemy.engines [None req-e8d117c4-e53f-4909-9214-254b91b80383 tempest-DeleteServersTestJSON-2066068431 tempest-DeleteServersTestJSON-2066068431-project-member] MySQL server mode set to STRICT_TRANS_TABLES,STRICT_ALL_TABLES,NO_ZERO_IN_DATE,NO_ZERO_DATE,ERROR_FOR_DIVISION_BY_ZERO,TRADITIONAL,NO_ENGINE_SUBSTITUTION {{(pid=95644) _check_effective_sql_mode /opt/stack/data/venv/lib/python3.12/site-packages/oslo_db/sqlalchemy/engines.py:325}}
Jul 10 12:25:51.327651 np0000005003 nova-conductor[95644]: DEBUG dbcounter [-] [95644] Writer thread running {{(pid=95644) stat_writer /opt/stack/data/venv/lib/python3.12/site-packages/dbcounter.py:102}}
Jul 10 12:25:51.423086 np0000005003 nova-conductor[95644]: INFO nova.utils [None req-e8d117c4-e53f-4909-9214-254b91b80383 tempest-DeleteServersTestJSON-2066068431 tempest-DeleteServersTestJSON-2066068431-project-member] The cell worker thread pool ForkProcess-1.cell_worker is initialized
Jul 10 12:25:51.423462 np0000005003 nova-conductor[95644]: DEBUG oslo_concurrency.lockutils [None req-e8d117c4-e53f-4909-9214-254b91b80383 tempest-DeleteServersTestJSON-2066068431 tempest-DeleteServersTestJSON-2066068431-project-member] Acquiring lock "00000000-0000-0000-0000-000000000000" by "nova.context.set_target_cell..get_or_set_cached_cell_and_set_connections" {{(pid=95644) inner /opt/stack/data/venv/lib/python3.12/site-packages/oslo_concurrency/lockutils.py:511}}
Jul 10 12:25:51.423748 np0000005003 nova-conductor[95644]: DEBUG oslo_concurrency.lockutils [None req-e8d117c4-e53f-4909-9214-254b91b80383 tempest-DeleteServersTestJSON-2066068431 tempest-DeleteServersTestJSON-2066068431-project-member] Lock "00000000-0000-0000-0000-000000000000" acquired by "nova.context.set_target_cell..get_or_set_cached_cell_and_set_connections" :: waited 0.000s {{(pid=95644) inner /opt/stack/data/venv/lib/python3.12/site-packages/oslo_concurrency/lockutils.py:524}}
Jul 10 12:25:51.424076 np0000005003 nova-conductor[95644]: DEBUG oslo_concurrency.lockutils [None req-e8d117c4-e53f-4909-9214-254b91b80383 tempest-DeleteServersTestJSON-2066068431 tempest-DeleteServersTestJSON-2066068431-project-member] Lock "00000000-0000-0000-0000-000000000000" "released" by "nova.context.set_target_cell..get_or_set_cached_cell_and_set_connections" :: held 0.000s {{(pid=95644) inner /opt/stack/data/venv/lib/python3.12/site-packages/oslo_concurrency/lockutils.py:543}}
Jul 10 12:25:51.425045 np0000005003 nova-conductor[95644]: DEBUG oslo_concurrency.lockutils [None req-e8d117c4-e53f-4909-9214-254b91b80383 tempest-DeleteServersTestJSON-2066068431 tempest-DeleteServersTestJSON-2066068431-project-member] Acquiring lock "67537242-f2fb-4214-aa52-b59d2573de10" by "nova.context.set_target_cell..get_or_set_cached_cell_and_set_connections" {{(pid=95644) inner /opt/stack/data/venv/lib/python3.12/site-packages/oslo_concurrency/lockutils.py:511}}
Jul 10 12:25:51.426829 np0000005003 nova-conductor[95644]: INFO dbcounter [None req-e8d117c4-e53f-4909-9214-254b91b80383 tempest-DeleteServersTestJSON-2066068431 tempest-DeleteServersTestJSON-2066068431-project-member] Registered counter for database nova_cell0
Jul 10 12:25:51.428304 np0000005003 nova-conductor[95644]: DEBUG oslo_concurrency.lockutils [None req-e8d117c4-e53f-4909-9214-254b91b80383 tempest-DeleteServersTestJSON-2066068431 tempest-DeleteServersTestJSON-2066068431-project-member] Lock "67537242-f2fb-4214-aa52-b59d2573de10" acquired by "nova.context.set_target_cell..get_or_set_cached_cell_and_set_connections" :: waited 0.001s {{(pid=95644) inner /opt/stack/data/venv/lib/python3.12/site-packages/oslo_concurrency/lockutils.py:524}}
Jul 10 12:25:51.428489 np0000005003 nova-conductor[95644]: DEBUG oslo_concurrency.lockutils [None req-e8d117c4-e53f-4909-9214-254b91b80383 tempest-DeleteServersTestJSON-2066068431 tempest-DeleteServersTestJSON-2066068431-project-member] Lock "67537242-f2fb-4214-aa52-b59d2573de10" "released" by "nova.context.set_target_cell..get_or_set_cached_cell_and_set_connections" :: held 0.002s {{(pid=95644) inner /opt/stack/data/venv/lib/python3.12/site-packages/oslo_concurrency/lockutils.py:543}}
Jul 10 12:25:51.474317 np0000005003 nova-conductor[95644]: DEBUG oslo_db.sqlalchemy.engines [None req-e8d117c4-e53f-4909-9214-254b91b80383 tempest-DeleteServersTestJSON-2066068431 tempest-DeleteServersTestJSON-2066068431-project-member] MySQL server mode set to STRICT_TRANS_TABLES,STRICT_ALL_TABLES,NO_ZERO_IN_DATE,NO_ZERO_DATE,ERROR_FOR_DIVISION_BY_ZERO,TRADITIONAL,NO_ENGINE_SUBSTITUTION {{(pid=95644) _check_effective_sql_mode /opt/stack/data/venv/lib/python3.12/site-packages/oslo_db/sqlalchemy/engines.py:325}}
Jul 10 12:25:51.480616 np0000005003 nova-conductor[95644]: DEBUG dbcounter [-] [95644] Writer thread running {{(pid=95644) stat_writer /opt/stack/data/venv/lib/python3.12/site-packages/dbcounter.py:102}}
Jul 10 12:25:51.493163 np0000005003 nova-conductor[95644]: DEBUG nova.quota [None req-e8d117c4-e53f-4909-9214-254b91b80383 tempest-DeleteServersTestJSON-2066068431 tempest-DeleteServersTestJSON-2066068431-project-member] Getting quotas for project 74645862d142487c9400d975713768ed. Resources: {'instances', 'cores', 'ram'} {{(pid=95644) _get_quotas /opt/stack/nova/nova/quota.py:389}}
Jul 10 12:25:51.497098 np0000005003 nova-conductor[95644]: DEBUG nova.quota [None req-e8d117c4-e53f-4909-9214-254b91b80383 tempest-DeleteServersTestJSON-2066068431 tempest-DeleteServersTestJSON-2066068431-project-member] Getting quotas for user 79a2cda0a9e94323851fef23acb1d53e and project 74645862d142487c9400d975713768ed. Resources: {'instances', 'cores', 'ram'} {{(pid=95644) _get_quotas /opt/stack/nova/nova/quota.py:379}}
Jul 10 12:25:51.503495 np0000005003 nova-conductor[95644]: DEBUG nova.conductor.manager [None req-e8d117c4-e53f-4909-9214-254b91b80383 tempest-DeleteServersTestJSON-2066068431 tempest-DeleteServersTestJSON-2066068431-project-member] [instance: a0039589-0599-4e4a-8985-33cb2b5979e7] Selected host: np0000005003; Selected node: np0000005003; Alternates: [] {{(pid=95644) schedule_and_build_instances /opt/stack/nova/nova/conductor/manager.py:1784}}
Jul 10 12:25:51.504014 np0000005003 nova-conductor[95644]: DEBUG oslo_concurrency.lockutils [None req-e8d117c4-e53f-4909-9214-254b91b80383 tempest-DeleteServersTestJSON-2066068431 tempest-DeleteServersTestJSON-2066068431-project-member] Acquiring lock "67537242-f2fb-4214-aa52-b59d2573de10" by "nova.context.set_target_cell..get_or_set_cached_cell_and_set_connections" {{(pid=95644) inner /opt/stack/data/venv/lib/python3.12/site-packages/oslo_concurrency/lockutils.py:511}}
Jul 10 12:25:51.504163 np0000005003 nova-conductor[95644]: DEBUG oslo_concurrency.lockutils [None req-e8d117c4-e53f-4909-9214-254b91b80383 tempest-DeleteServersTestJSON-2066068431 tempest-DeleteServersTestJSON-2066068431-project-member] Lock "67537242-f2fb-4214-aa52-b59d2573de10" acquired by "nova.context.set_target_cell..get_or_set_cached_cell_and_set_connections" :: waited 0.000s {{(pid=95644) inner /opt/stack/data/venv/lib/python3.12/site-packages/oslo_concurrency/lockutils.py:524}}
Jul 10 12:25:51.504290 np0000005003 nova-conductor[95644]: DEBUG oslo_concurrency.lockutils [None req-e8d117c4-e53f-4909-9214-254b91b80383 tempest-DeleteServersTestJSON-2066068431 tempest-DeleteServersTestJSON-2066068431-project-member] Lock "67537242-f2fb-4214-aa52-b59d2573de10" "released" by "nova.context.set_target_cell..get_or_set_cached_cell_and_set_connections" :: held 0.000s {{(pid=95644) inner /opt/stack/data/venv/lib/python3.12/site-packages/oslo_concurrency/lockutils.py:543}}
Jul 10 12:25:51.515440 np0000005003 nova-conductor[95644]: DEBUG nova.conductor.manager [None req-e8d117c4-e53f-4909-9214-254b91b80383 tempest-DeleteServersTestJSON-2066068431 tempest-DeleteServersTestJSON-2066068431-project-member] [instance: a0039589-0599-4e4a-8985-33cb2b5979e7] block_device_mapping [BlockDeviceMapping(attachment_id=,boot_index=0,connection_info=None,created_at=,delete_on_termination=True,deleted=,deleted_at=,destination_type='local',device_name=None,device_type='disk',disk_bus=None,encrypted=False,encryption_format=None,encryption_options=None,encryption_secret_uuid=None,guest_format=None,id=,image_id='e9f272fb-100d-475b-ba32-ca34ec4c1259',instance=,instance_uuid=,no_device=False,snapshot_id=None,source_type='image',tag=None,updated_at=,uuid=,volume_id=None,volume_size=None,volume_type=None)] {{(pid=95644) _create_block_device_mapping /opt/stack/nova/nova/conductor/manager.py:1529}}
Jul 10 12:25:51.517032 np0000005003 nova-conductor[95644]: DEBUG oslo_concurrency.lockutils [None req-e8d117c4-e53f-4909-9214-254b91b80383 tempest-DeleteServersTestJSON-2066068431 tempest-DeleteServersTestJSON-2066068431-project-member] Acquiring lock "67537242-f2fb-4214-aa52-b59d2573de10" by "nova.context.set_target_cell..get_or_set_cached_cell_and_set_connections" {{(pid=95644) inner /opt/stack/data/venv/lib/python3.12/site-packages/oslo_concurrency/lockutils.py:511}}
Jul 10 12:25:51.517238 np0000005003 nova-conductor[95644]: DEBUG oslo_concurrency.lockutils [None req-e8d117c4-e53f-4909-9214-254b91b80383 tempest-DeleteServersTestJSON-2066068431 tempest-DeleteServersTestJSON-2066068431-project-member] Lock "67537242-f2fb-4214-aa52-b59d2573de10" acquired by "nova.context.set_target_cell..get_or_set_cached_cell_and_set_connections" :: waited 0.000s {{(pid=95644) inner /opt/stack/data/venv/lib/python3.12/site-packages/oslo_concurrency/lockutils.py:524}}
Jul 10 12:25:51.517411 np0000005003 nova-conductor[95644]: DEBUG oslo_concurrency.lockutils [None req-e8d117c4-e53f-4909-9214-254b91b80383 tempest-DeleteServersTestJSON-2066068431 tempest-DeleteServersTestJSON-2066068431-project-member] Lock "67537242-f2fb-4214-aa52-b59d2573de10" "released" by "nova.context.set_target_cell..get_or_set_cached_cell_and_set_connections" :: held 0.000s {{(pid=95644) inner /opt/stack/data/venv/lib/python3.12/site-packages/oslo_concurrency/lockutils.py:543}}
Jul 10 12:25:51.558095 np0000005003 nova-conductor[95644]: DEBUG oslo_concurrency.lockutils [None req-e8d117c4-e53f-4909-9214-254b91b80383 tempest-DeleteServersTestJSON-2066068431 tempest-DeleteServersTestJSON-2066068431-project-member] Acquiring lock "67537242-f2fb-4214-aa52-b59d2573de10" by "nova.context.set_target_cell..get_or_set_cached_cell_and_set_connections" {{(pid=95644) inner /opt/stack/data/venv/lib/python3.12/site-packages/oslo_concurrency/lockutils.py:511}}
Jul 10 12:25:51.558259 np0000005003 nova-conductor[95644]: DEBUG oslo_concurrency.lockutils [None req-e8d117c4-e53f-4909-9214-254b91b80383 tempest-DeleteServersTestJSON-2066068431 tempest-DeleteServersTestJSON-2066068431-project-member] Lock "67537242-f2fb-4214-aa52-b59d2573de10" acquired by "nova.context.set_target_cell..get_or_set_cached_cell_and_set_connections" :: waited 0.000s {{(pid=95644) inner /opt/stack/data/venv/lib/python3.12/site-packages/oslo_concurrency/lockutils.py:524}}
Jul 10 12:25:51.558514 np0000005003 nova-conductor[95644]: DEBUG oslo_concurrency.lockutils [None req-e8d117c4-e53f-4909-9214-254b91b80383 tempest-DeleteServersTestJSON-2066068431 tempest-DeleteServersTestJSON-2066068431-project-member] Lock "67537242-f2fb-4214-aa52-b59d2573de10" "released" by "nova.context.set_target_cell..get_or_set_cached_cell_and_set_connections" :: held 0.000s {{(pid=95644) inner /opt/stack/data/venv/lib/python3.12/site-packages/oslo_concurrency/lockutils.py:543}}
Jul 10 12:25:51.558809 np0000005003 nova-conductor[95644]: DEBUG oslo_concurrency.lockutils [None req-e8d117c4-e53f-4909-9214-254b91b80383 tempest-DeleteServersTestJSON-2066068431 tempest-DeleteServersTestJSON-2066068431-project-member] Acquiring lock "compute-rpcapi-router" {{(pid=95644) lock /opt/stack/data/venv/lib/python3.12/site-packages/oslo_concurrency/lockutils.py:395}}
Jul 10 12:25:51.558954 np0000005003 nova-conductor[95644]: DEBUG oslo_concurrency.lockutils [None req-e8d117c4-e53f-4909-9214-254b91b80383 tempest-DeleteServersTestJSON-2066068431 tempest-DeleteServersTestJSON-2066068431-project-member] Acquired lock "compute-rpcapi-router" {{(pid=95644) lock /opt/stack/data/venv/lib/python3.12/site-packages/oslo_concurrency/lockutils.py:398}}
Jul 10 12:25:51.559342 np0000005003 nova-conductor[95644]: DEBUG oslo_concurrency.lockutils [None req-d620369b-cb00-4de4-8d9a-d3a40e2f4ca5 None None] Acquiring lock "00000000-0000-0000-0000-000000000000" by "nova.context.set_target_cell..get_or_set_cached_cell_and_set_connections" {{(pid=95644) inner /opt/stack/data/venv/lib/python3.12/site-packages/oslo_concurrency/lockutils.py:511}}
Jul 10 12:25:51.559518 np0000005003 nova-conductor[95644]: DEBUG oslo_concurrency.lockutils [None req-d620369b-cb00-4de4-8d9a-d3a40e2f4ca5 None None] Lock "00000000-0000-0000-0000-000000000000" acquired by "nova.context.set_target_cell..get_or_set_cached_cell_and_set_connections" :: waited 0.000s {{(pid=95644) inner /opt/stack/data/venv/lib/python3.12/site-packages/oslo_concurrency/lockutils.py:524}}
Jul 10 12:25:51.559820 np0000005003 nova-conductor[95644]: DEBUG oslo_concurrency.lockutils [None req-d620369b-cb00-4de4-8d9a-d3a40e2f4ca5 None None] Lock "00000000-0000-0000-0000-000000000000" "released" by "nova.context.set_target_cell..get_or_set_cached_cell_and_set_connections" :: held 0.000s {{(pid=95644) inner /opt/stack/data/venv/lib/python3.12/site-packages/oslo_concurrency/lockutils.py:543}}
Jul 10 12:25:51.560760 np0000005003 nova-conductor[95644]: DEBUG oslo_concurrency.lockutils [None req-d620369b-cb00-4de4-8d9a-d3a40e2f4ca5 None None] Acquiring lock "67537242-f2fb-4214-aa52-b59d2573de10" by "nova.context.set_target_cell..get_or_set_cached_cell_and_set_connections" {{(pid=95644) inner /opt/stack/data/venv/lib/python3.12/site-packages/oslo_concurrency/lockutils.py:511}}
Jul 10 12:25:51.560893 np0000005003 nova-conductor[95644]: DEBUG oslo_concurrency.lockutils [None req-d620369b-cb00-4de4-8d9a-d3a40e2f4ca5 None None] Lock "67537242-f2fb-4214-aa52-b59d2573de10" acquired by "nova.context.set_target_cell..get_or_set_cached_cell_and_set_connections" :: waited 0.000s {{(pid=95644) inner /opt/stack/data/venv/lib/python3.12/site-packages/oslo_concurrency/lockutils.py:524}}
Jul 10 12:25:51.561073 np0000005003 nova-conductor[95644]: DEBUG oslo_concurrency.lockutils [None req-d620369b-cb00-4de4-8d9a-d3a40e2f4ca5 None None] Lock "67537242-f2fb-4214-aa52-b59d2573de10" "released" by "nova.context.set_target_cell..get_or_set_cached_cell_and_set_connections" :: held 0.000s {{(pid=95644) inner /opt/stack/data/venv/lib/python3.12/site-packages/oslo_concurrency/lockutils.py:543}}
Jul 10 12:25:51.571046 np0000005003 nova-conductor[95644]: INFO nova.compute.rpcapi [None req-d620369b-cb00-4de4-8d9a-d3a40e2f4ca5 None None] Automatically selected compute RPC version 6.5 from minimum service version 72
Jul 10 12:25:51.571569 np0000005003 nova-conductor[95644]: DEBUG oslo_concurrency.lockutils [None req-d620369b-cb00-4de4-8d9a-d3a40e2f4ca5 None None] Releasing lock "compute-rpcapi-router" {{(pid=95644) lock /opt/stack/data/venv/lib/python3.12/site-packages/oslo_concurrency/lockutils.py:418}}
Jul 10 12:25:55.837237 np0000005003 nova-conductor[95667]: DEBUG dbcounter [-] [95667] Writer thread running {{(pid=95667) stat_writer /opt/stack/data/venv/lib/python3.12/site-packages/dbcounter.py:102}}
Jul 10 12:25:55.924044 np0000005003 nova-conductor[95659]: DEBUG dbcounter [-] [95659] Writer thread running {{(pid=95659) stat_writer /opt/stack/data/venv/lib/python3.12/site-packages/dbcounter.py:102}}
Jul 10 12:25:56.387082 np0000005003 nova-conductor[95667]: DEBUG nova.conductor.manager [None req-94bb7286-f10b-42b5-8feb-a3a802656687 tempest-ServerActionsTestOtherB-1739384796 tempest-ServerActionsTestOtherB-1739384796-project-member] Took 0.55 seconds to select destinations for 1 instance(s). {{(pid=95667) _schedule_instances /opt/stack/nova/nova/conductor/manager.py:968}}
Jul 10 12:25:56.430866 np0000005003 nova-conductor[95667]: DEBUG oslo_concurrency.lockutils [None req-94bb7286-f10b-42b5-8feb-a3a802656687 tempest-ServerActionsTestOtherB-1739384796 tempest-ServerActionsTestOtherB-1739384796-project-member] Acquiring lock "67537242-f2fb-4214-aa52-b59d2573de10" by "nova.context.set_target_cell..get_or_set_cached_cell_and_set_connections" {{(pid=95667) inner /opt/stack/data/venv/lib/python3.12/site-packages/oslo_concurrency/lockutils.py:511}}
Jul 10 12:25:56.430970 np0000005003 nova-conductor[95667]: DEBUG oslo_concurrency.lockutils [None req-94bb7286-f10b-42b5-8feb-a3a802656687 tempest-ServerActionsTestOtherB-1739384796 tempest-ServerActionsTestOtherB-1739384796-project-member] Lock "67537242-f2fb-4214-aa52-b59d2573de10" acquired by "nova.context.set_target_cell..get_or_set_cached_cell_and_set_connections" :: waited 0.000s {{(pid=95667) inner /opt/stack/data/venv/lib/python3.12/site-packages/oslo_concurrency/lockutils.py:524}}
Jul 10 12:25:56.432637 np0000005003 nova-conductor[95667]: DEBUG oslo_concurrency.lockutils [None req-94bb7286-f10b-42b5-8feb-a3a802656687 tempest-ServerActionsTestOtherB-1739384796 tempest-ServerActionsTestOtherB-1739384796-project-member] Lock "67537242-f2fb-4214-aa52-b59d2573de10" "released" by "nova.context.set_target_cell..get_or_set_cached_cell_and_set_connections" :: held 0.002s {{(pid=95667) inner /opt/stack/data/venv/lib/python3.12/site-packages/oslo_concurrency/lockutils.py:543}}
Jul 10 12:25:56.434988 np0000005003 nova-conductor[95667]: INFO dbcounter [None req-94bb7286-f10b-42b5-8feb-a3a802656687 tempest-ServerActionsTestOtherB-1739384796 tempest-ServerActionsTestOtherB-1739384796-project-member] Registered counter for database nova_cell1
Jul 10 12:25:56.468630 np0000005003 nova-conductor[95644]: DEBUG nova.conductor.manager [None req-e94a4757-ddfa-42bc-93b5-8f63cb5286e0 tempest-AttachVolumeShelveTestJSON-1057985584 tempest-AttachVolumeShelveTestJSON-1057985584-project-member] Took 0.51 seconds to select destinations for 1 instance(s). {{(pid=95644) _schedule_instances /opt/stack/nova/nova/conductor/manager.py:968}}
Jul 10 12:25:56.483722 np0000005003 nova-conductor[95667]: DEBUG oslo_db.sqlalchemy.engines [None req-94bb7286-f10b-42b5-8feb-a3a802656687 tempest-ServerActionsTestOtherB-1739384796 tempest-ServerActionsTestOtherB-1739384796-project-member] MySQL server mode set to STRICT_TRANS_TABLES,STRICT_ALL_TABLES,NO_ZERO_IN_DATE,NO_ZERO_DATE,ERROR_FOR_DIVISION_BY_ZERO,TRADITIONAL,NO_ENGINE_SUBSTITUTION {{(pid=95667) _check_effective_sql_mode /opt/stack/data/venv/lib/python3.12/site-packages/oslo_db/sqlalchemy/engines.py:325}}
Jul 10 12:25:56.490879 np0000005003 nova-conductor[95667]: DEBUG dbcounter [-] [95667] Writer thread running {{(pid=95667) stat_writer /opt/stack/data/venv/lib/python3.12/site-packages/dbcounter.py:102}}
Jul 10 12:25:56.495878 np0000005003 nova-conductor[95644]: DEBUG oslo_concurrency.lockutils [None req-e94a4757-ddfa-42bc-93b5-8f63cb5286e0 tempest-AttachVolumeShelveTestJSON-1057985584 tempest-AttachVolumeShelveTestJSON-1057985584-project-member] Acquiring lock "67537242-f2fb-4214-aa52-b59d2573de10" by "nova.context.set_target_cell..get_or_set_cached_cell_and_set_connections" {{(pid=95644) inner /opt/stack/data/venv/lib/python3.12/site-packages/oslo_concurrency/lockutils.py:511}}
Jul 10 12:25:56.495878 np0000005003 nova-conductor[95644]: DEBUG oslo_concurrency.lockutils [None req-e94a4757-ddfa-42bc-93b5-8f63cb5286e0 tempest-AttachVolumeShelveTestJSON-1057985584 tempest-AttachVolumeShelveTestJSON-1057985584-project-member] Lock "67537242-f2fb-4214-aa52-b59d2573de10" acquired by "nova.context.set_target_cell..get_or_set_cached_cell_and_set_connections" :: waited 0.000s {{(pid=95644) inner /opt/stack/data/venv/lib/python3.12/site-packages/oslo_concurrency/lockutils.py:524}}
Jul 10 12:25:56.495878 np0000005003 nova-conductor[95644]: DEBUG oslo_concurrency.lockutils [None req-e94a4757-ddfa-42bc-93b5-8f63cb5286e0 tempest-AttachVolumeShelveTestJSON-1057985584 tempest-AttachVolumeShelveTestJSON-1057985584-project-member] Lock "67537242-f2fb-4214-aa52-b59d2573de10" "released" by "nova.context.set_target_cell..get_or_set_cached_cell_and_set_connections" :: held 0.000s {{(pid=95644) inner /opt/stack/data/venv/lib/python3.12/site-packages/oslo_concurrency/lockutils.py:543}}
Jul 10 12:25:56.549673 np0000005003 nova-conductor[95644]: DEBUG oslo_concurrency.lockutils [None req-e94a4757-ddfa-42bc-93b5-8f63cb5286e0 tempest-AttachVolumeShelveTestJSON-1057985584 tempest-AttachVolumeShelveTestJSON-1057985584-project-member] Acquiring lock "00000000-0000-0000-0000-000000000000" by "nova.context.set_target_cell..get_or_set_cached_cell_and_set_connections" {{(pid=95644) inner /opt/stack/data/venv/lib/python3.12/site-packages/oslo_concurrency/lockutils.py:511}}
Jul 10 12:25:56.550417 np0000005003 nova-conductor[95644]: DEBUG oslo_concurrency.lockutils [None req-e94a4757-ddfa-42bc-93b5-8f63cb5286e0 tempest-AttachVolumeShelveTestJSON-1057985584 tempest-AttachVolumeShelveTestJSON-1057985584-project-member] Lock "00000000-0000-0000-0000-000000000000" acquired by "nova.context.set_target_cell..get_or_set_cached_cell_and_set_connections" :: waited 0.000s {{(pid=95644) inner /opt/stack/data/venv/lib/python3.12/site-packages/oslo_concurrency/lockutils.py:524}}
Jul 10 12:25:56.550601 np0000005003 nova-conductor[95644]: DEBUG oslo_concurrency.lockutils [None req-e94a4757-ddfa-42bc-93b5-8f63cb5286e0 tempest-AttachVolumeShelveTestJSON-1057985584 tempest-AttachVolumeShelveTestJSON-1057985584-project-member] Lock "00000000-0000-0000-0000-000000000000" "released" by "nova.context.set_target_cell..get_or_set_cached_cell_and_set_connections" :: held 0.001s {{(pid=95644) inner /opt/stack/data/venv/lib/python3.12/site-packages/oslo_concurrency/lockutils.py:543}}
Jul 10 12:25:56.551444 np0000005003 nova-conductor[95644]: DEBUG oslo_concurrency.lockutils [None req-e94a4757-ddfa-42bc-93b5-8f63cb5286e0 tempest-AttachVolumeShelveTestJSON-1057985584 tempest-AttachVolumeShelveTestJSON-1057985584-project-member] Acquiring lock "67537242-f2fb-4214-aa52-b59d2573de10" by "nova.context.set_target_cell..get_or_set_cached_cell_and_set_connections" {{(pid=95644) inner /opt/stack/data/venv/lib/python3.12/site-packages/oslo_concurrency/lockutils.py:511}}
Jul 10 12:25:56.551616 np0000005003 nova-conductor[95644]: DEBUG oslo_concurrency.lockutils [None req-e94a4757-ddfa-42bc-93b5-8f63cb5286e0 tempest-AttachVolumeShelveTestJSON-1057985584 tempest-AttachVolumeShelveTestJSON-1057985584-project-member] Lock "67537242-f2fb-4214-aa52-b59d2573de10" acquired by "nova.context.set_target_cell..get_or_set_cached_cell_and_set_connections" :: waited 0.000s {{(pid=95644) inner /opt/stack/data/venv/lib/python3.12/site-packages/oslo_concurrency/lockutils.py:524}}
Jul 10 12:25:56.551756 np0000005003 nova-conductor[95644]: DEBUG oslo_concurrency.lockutils [None req-e94a4757-ddfa-42bc-93b5-8f63cb5286e0 tempest-AttachVolumeShelveTestJSON-1057985584 tempest-AttachVolumeShelveTestJSON-1057985584-project-member] Lock "67537242-f2fb-4214-aa52-b59d2573de10" "released" by "nova.context.set_target_cell..get_or_set_cached_cell_and_set_connections" :: held 0.000s {{(pid=95644) inner /opt/stack/data/venv/lib/python3.12/site-packages/oslo_concurrency/lockutils.py:543}}
Jul 10 12:25:56.568023 np0000005003 nova-conductor[95667]: INFO nova.utils [None req-94bb7286-f10b-42b5-8feb-a3a802656687 tempest-ServerActionsTestOtherB-1739384796 tempest-ServerActionsTestOtherB-1739384796-project-member] The cell worker thread pool ForkProcess-3.cell_worker is initialized
Jul 10 12:25:56.568571 np0000005003 nova-conductor[95667]: DEBUG oslo_concurrency.lockutils [None req-94bb7286-f10b-42b5-8feb-a3a802656687 tempest-ServerActionsTestOtherB-1739384796 tempest-ServerActionsTestOtherB-1739384796-project-member] Acquiring lock "00000000-0000-0000-0000-000000000000" by "nova.context.set_target_cell..get_or_set_cached_cell_and_set_connections" {{(pid=95667) inner /opt/stack/data/venv/lib/python3.12/site-packages/oslo_concurrency/lockutils.py:511}}
Jul 10 12:25:56.568754 np0000005003 nova-conductor[95644]: DEBUG nova.quota [None req-e94a4757-ddfa-42bc-93b5-8f63cb5286e0 tempest-AttachVolumeShelveTestJSON-1057985584 tempest-AttachVolumeShelveTestJSON-1057985584-project-member] Getting quotas for project aa3b4673943041d59598eb76666140e4. Resources: {'instances', 'cores', 'ram'} {{(pid=95644) _get_quotas /opt/stack/nova/nova/quota.py:389}}
Jul 10 12:25:56.568966 np0000005003 nova-conductor[95667]: DEBUG oslo_concurrency.lockutils [None req-94bb7286-f10b-42b5-8feb-a3a802656687 tempest-ServerActionsTestOtherB-1739384796 tempest-ServerActionsTestOtherB-1739384796-project-member] Lock "00000000-0000-0000-0000-000000000000" acquired by "nova.context.set_target_cell..get_or_set_cached_cell_and_set_connections" :: waited 0.000s {{(pid=95667) inner /opt/stack/data/venv/lib/python3.12/site-packages/oslo_concurrency/lockutils.py:524}}
