Aug 18 05:29:08.794867 np0000007601 devstack@g-api.service[103001]: DEBUG glance.api.middleware.version_negotiation [None req-36d103d3-a5f5-4b41-80ef-4e7fa5139df3 tempest-ServerStableDeviceRescueTest-1822952425 tempest-ServerStableDeviceRescueTest-1822952425-project-member] Matched version: v2 {{(pid=103001) process_request /opt/stack/glance/glance/api/middleware/version_negotiation.py:69}}
Aug 18 05:29:08.794867 np0000007601 devstack@g-api.service[103001]: DEBUG glance.api.middleware.version_negotiation [None req-36d103d3-a5f5-4b41-80ef-4e7fa5139df3 tempest-ServerStableDeviceRescueTest-1822952425 tempest-ServerStableDeviceRescueTest-1822952425-project-member] new path /v2/images/c4753b87-0a27-4d18-b073-f529d44bb5e8 {{(pid=103001) process_request /opt/stack/glance/glance/api/middleware/version_negotiation.py:70}}
Aug 18 05:29:08.834966 np0000007601 devstack@g-api.service[103001]: [pid: 103001|app: 0|req: 101/381] 127.0.0.1 () {40 vars in 838 bytes} [Tue Aug 18 05:29:08 2026] GET /v2/images/c4753b87-0a27-4d18-b073-f529d44bb5e8 => generated 650 bytes in 41 msecs (HTTP/1.1 200) 4 headers in 157 bytes (1 switches on core 0)
Aug 18 05:29:08.907433 np0000007601 devstack@g-api.service[103000]: DEBUG glance.api.middleware.version_negotiation [None req-6d922a5e-7075-4e4f-ba87-fcd98f7e605e tempest-VolumesActionsTest-1399585003 tempest-VolumesActionsTest-1399585003-project-member] Determining version of request: GET /v2/images/863177b3-2853-4392-bee7-b460dfef19a8 Accept: */* {{(pid=103000) process_request /opt/stack/glance/glance/api/middleware/version_negotiation.py:44}}
Aug 18 05:29:08.908143 np0000007601 devstack@g-api.service[103000]: DEBUG glance.api.middleware.version_negotiation [None req-6d922a5e-7075-4e4f-ba87-fcd98f7e605e tempest-VolumesActionsTest-1399585003 tempest-VolumesActionsTest-1399585003-project-member] Using url versioning {{(pid=103000) process_request /opt/stack/glance/glance/api/middleware/version_negotiation.py:57}}
Aug 18 05:29:08.908143 np0000007601 devstack@g-api.service[103000]: DEBUG glance.api.middleware.version_negotiation [None req-6d922a5e-7075-4e4f-ba87-fcd98f7e605e tempest-VolumesActionsTest-1399585003 tempest-VolumesActionsTest-1399585003-project-member] Matched version: v2 {{(pid=103000) process_request /opt/stack/glance/glance/api/middleware/version_negotiation.py:69}}
Aug 18 05:29:08.908143 np0000007601 devstack@g-api.service[103000]: DEBUG glance.api.middleware.version_negotiation [None req-6d922a5e-7075-4e4f-ba87-fcd98f7e605e tempest-VolumesActionsTest-1399585003 tempest-VolumesActionsTest-1399585003-project-member] new path /v2/images/863177b3-2853-4392-bee7-b460dfef19a8 {{(pid=103000) process_request /opt/stack/glance/glance/api/middleware/version_negotiation.py:70}}
Aug 18 05:29:08.941370 np0000007601 devstack@g-api.service[103000]: [pid: 103000|app: 0|req: 96/382] 127.0.0.1 () {44 vars in 1115 bytes} [Tue Aug 18 05:29:08 2026] GET /v2/images/863177b3-2853-4392-bee7-b460dfef19a8 => generated 1672 bytes in 34 msecs (HTTP/1.1 200) 4 headers in 158 bytes (1 switches on core 0)
Aug 18 05:29:08.996255 np0000007601 devstack@g-api.service[102999]: DEBUG glance.api.middleware.version_negotiation [None req-36d103d3-a5f5-4b41-80ef-4e7fa5139df3 tempest-ServerStableDeviceRescueTest-1822952425 tempest-ServerStableDeviceRescueTest-1822952425-project-member] Determining version of request: GET /v2/schemas/image Accept: */* {{(pid=102999) process_request /opt/stack/glance/glance/api/middleware/version_negotiation.py:44}}
Aug 18 05:29:08.996940 np0000007601 devstack@g-api.service[102999]: DEBUG glance.api.middleware.version_negotiation [None req-36d103d3-a5f5-4b41-80ef-4e7fa5139df3 tempest-ServerStableDeviceRescueTest-1822952425 tempest-ServerStableDeviceRescueTest-1822952425-project-member] Using url versioning {{(pid=102999) process_request /opt/stack/glance/glance/api/middleware/version_negotiation.py:57}}
Aug 18 05:29:08.996940 np0000007601 devstack@g-api.service[102999]: DEBUG glance.api.middleware.version_negotiation [None req-36d103d3-a5f5-4b41-80ef-4e7fa5139df3 tempest-ServerStableDeviceRescueTest-1822952425 tempest-ServerStableDeviceRescueTest-1822952425-project-member] Matched version: v2 {{(pid=102999) process_request /opt/stack/glance/glance/api/middleware/version_negotiation.py:69}}
Aug 18 05:29:08.997497 np0000007601 devstack@g-api.service[102999]: DEBUG glance.api.middleware.version_negotiation [None req-36d103d3-a5f5-4b41-80ef-4e7fa5139df3 tempest-ServerStableDeviceRescueTest-1822952425 tempest-ServerStableDeviceRescueTest-1822952425-project-member] new path /v2/schemas/image {{(pid=102999) process_request /opt/stack/glance/glance/api/middleware/version_negotiation.py:70}}
Aug 18 05:29:09.002719 np0000007601 devstack@g-api.service[102999]: [pid: 102999|app: 0|req: 103/383] 127.0.0.1 () {44 vars in 1055 bytes} [Tue Aug 18 05:29:08 2026] GET /v2/schemas/image => generated 6083 bytes in 7 msecs (HTTP/1.1 200) 4 headers in 158 bytes (1 switches on core 0)
Aug 18 05:29:09.014761 np0000007601 devstack@g-api.service[102998]: DEBUG swiftclient [None req-c2081406-71ab-4f07-a45d-430e9c3782b1 tempest-VolumesActionsTest-1399585003 tempest-VolumesActionsTest-1399585003-project-member] REQ: curl -i https://10.4.3.250:8080/v1/AUTH_ecdcdadb5acf446682955d5c275c904c/glance/c4753b87-0a27-4d18-b073-f529d44bb5e8-00003 -X PUT -H "X-Auth-Token: gAAAAABqg-2ZIHP4..." {{(pid=102998) http_log /opt/stack/data/venv/lib/python3.12/site-packages/swiftclient/client.py:160}}
Aug 18 05:29:09.014761 np0000007601 devstack@g-api.service[102998]: DEBUG swiftclient [None req-c2081406-71ab-4f07-a45d-430e9c3782b1 tempest-VolumesActionsTest-1399585003 tempest-VolumesActionsTest-1399585003-project-member] RESP STATUS: 201 Created {{(pid=102998) http_log /opt/stack/data/venv/lib/python3.12/site-packages/swiftclient/client.py:161}}
Aug 18 05:29:09.015505 np0000007601 devstack@g-api.service[102998]: DEBUG swiftclient [None req-c2081406-71ab-4f07-a45d-430e9c3782b1 tempest-VolumesActionsTest-1399585003 tempest-VolumesActionsTest-1399585003-project-member] RESP HEADERS: {'Date': 'Tue, 18 Aug 2026 05:29:09 GMT', 'Server': 'Apache/2.4.58 (Ubuntu)', 'Content-Type': 'text/html; charset=UTF-8', 'Content-Length': '0', 'Etag': 'eda9a9889837ac4bc81d6387d92c1bec', 'Last-Modified': 'Tue, 18 Aug 2026 05:29:06 GMT', 'X-Trans-Id': 'tx70373551cfc24c7fa16f4-006a83eda1', 'X-Openstack-Request-Id': 'tx70373551cfc24c7fa16f4-006a83eda1', 'Connection': 'close'} {{(pid=102998) http_log /opt/stack/data/venv/lib/python3.12/site-packages/swiftclient/client.py:162}}
Aug 18 05:29:09.015505 np0000007601 devstack@g-api.service[102998]: DEBUG glance_store._drivers.swift.store [None req-c2081406-71ab-4f07-a45d-430e9c3782b1 tempest-VolumesActionsTest-1399585003 tempest-VolumesActionsTest-1399585003-project-member] Wrote chunk c4753b87-0a27-4d18-b073-f529d44bb5e8-00003 (3/?) of length 204800000 to Swift returning MD5 of content: eda9a9889837ac4bc81d6387d92c1bec {{(pid=102998) add /opt/stack/data/venv/lib/python3.12/site-packages/glance_store/_drivers/swift/store.py:1059}}
Aug 18 05:29:09.850807 np0000007601 devstack@g-api.service[103001]: DEBUG glance.api.middleware.version_negotiation [None req-255a0cab-23f3-4e59-abf1-60c6060c587a tempest-VolumesActionsTest-1399585003 tempest-VolumesActionsTest-1399585003-project-member] Determining version of request: GET /v2/images/c4753b87-0a27-4d18-b073-f529d44bb5e8 Accept: application/json {{(pid=103001) process_request /opt/stack/glance/glance/api/middleware/version_negotiation.py:44}}
Aug 18 05:29:09.850807 np0000007601 devstack@g-api.service[103001]: DEBUG glance.api.middleware.version_negotiation [None req-255a0cab-23f3-4e59-abf1-60c6060c587a tempest-VolumesActionsTest-1399585003 tempest-VolumesActionsTest-1399585003-project-member] Using url versioning {{(pid=103001) process_request /opt/stack/glance/glance/api/middleware/version_negotiation.py:57}}
Aug 18 05:29:09.851399 np0000007601 devstack@g-api.service[103001]: DEBUG glance.api.middleware.version_negotiation [None req-255a0cab-23f3-4e59-abf1-60c6060c587a tempest-VolumesActionsTest-1399585003 tempest-VolumesActionsTest-1399585003-project-member] Matched version: v2 {{(pid=103001) process_request /opt/stack/glance/glance/api/middleware/version_negotiation.py:69}}
Aug 18 05:29:09.851399 np0000007601 devstack@g-api.service[103001]: DEBUG glance.api.middleware.version_negotiation [None req-255a0cab-23f3-4e59-abf1-60c6060c587a tempest-VolumesActionsTest-1399585003 tempest-VolumesActionsTest-1399585003-project-member] new path /v2/images/c4753b87-0a27-4d18-b073-f529d44bb5e8 {{(pid=103001) process_request /opt/stack/glance/glance/api/middleware/version_negotiation.py:70}}
Aug 18 05:29:09.869985 np0000007601 devstack@g-api.service[103001]: [pid: 103001|app: 0|req: 102/384] 127.0.0.1 () {40 vars in 838 bytes} [Tue Aug 18 05:29:09 2026] GET /v2/images/c4753b87-0a27-4d18-b073-f529d44bb5e8 => generated 650 bytes in 20 msecs (HTTP/1.1 200) 4 headers in 157 bytes (1 switches on core 0)
Aug 18 05:29:10.881143 np0000007601 devstack@g-api.service[103000]: DEBUG glance.api.middleware.version_negotiation [None req-36d103d3-a5f5-4b41-80ef-4e7fa5139df3 tempest-ServerStableDeviceRescueTest-1822952425 tempest-ServerStableDeviceRescueTest-1822952425-project-member] Determining version of request: GET /v2/images/c4753b87-0a27-4d18-b073-f529d44bb5e8 Accept: application/json {{(pid=103000) process_request /opt/stack/glance/glance/api/middleware/version_negotiation.py:44}}
Aug 18 05:29:10.881143 np0000007601 devstack@g-api.service[103000]: DEBUG glance.api.middleware.version_negotiation [None req-36d103d3-a5f5-4b41-80ef-4e7fa5139df3 tempest-ServerStableDeviceRescueTest-1822952425 tempest-ServerStableDeviceRescueTest-1822952425-project-member] Using url versioning {{(pid=103000) process_request /opt/stack/glance/glance/api/middleware/version_negotiation.py:57}}
Aug 18 05:29:10.881143 np0000007601 devstack@g-api.service[103000]: DEBUG glance.api.middleware.version_negotiation [None req-36d103d3-a5f5-4b41-80ef-4e7fa5139df3 tempest-ServerStableDeviceRescueTest-1822952425 tempest-ServerStableDeviceRescueTest-1822952425-project-member] Matched version: v2 {{(pid=103000) process_request /opt/stack/glance/glance/api/middleware/version_negotiation.py:69}}
Aug 18 05:29:10.882231 np0000007601 devstack@g-api.service[103000]: DEBUG glance.api.middleware.version_negotiation [None req-36d103d3-a5f5-4b41-80ef-4e7fa5139df3 tempest-ServerStableDeviceRescueTest-1822952425 tempest-ServerStableDeviceRescueTest-1822952425-project-member] new path /v2/images/c4753b87-0a27-4d18-b073-f529d44bb5e8 {{(pid=103000) process_request /opt/stack/glance/glance/api/middleware/version_negotiation.py:70}}
Aug 18 05:29:10.900728 np0000007601 devstack@g-api.service[103000]: [pid: 103000|app: 0|req: 97/385] 127.0.0.1 () {40 vars in 838 bytes} [Tue Aug 18 05:29:10 2026] GET /v2/images/c4753b87-0a27-4d18-b073-f529d44bb5e8 => generated 650 bytes in 20 msecs (HTTP/1.1 200) 4 headers in 157 bytes (1 switches on core 0)
Aug 18 05:29:11.851088 np0000007601 devstack@g-api.service[102998]: DEBUG swiftclient [None req-c2081406-71ab-4f07-a45d-430e9c3782b1 tempest-VolumesActionsTest-1399585003 tempest-VolumesActionsTest-1399585003-project-member] REQ: curl -i https://10.4.3.250:8080/v1/AUTH_ecdcdadb5acf446682955d5c275c904c/glance/c4753b87-0a27-4d18-b073-f529d44bb5e8-00004 -X PUT -H "X-Auth-Token: gAAAAABqg-2ZIHP4..." {{(pid=102998) http_log /opt/stack/data/venv/lib/python3.12/site-packages/swiftclient/client.py:160}}
Aug 18 05:29:11.851088 np0000007601 devstack@g-api.service[102998]: DEBUG swiftclient [None req-c2081406-71ab-4f07-a45d-430e9c3782b1 tempest-VolumesActionsTest-1399585003 tempest-VolumesActionsTest-1399585003-project-member] RESP STATUS: 201 Created {{(pid=102998) http_log /opt/stack/data/venv/lib/python3.12/site-packages/swiftclient/client.py:161}}
Aug 18 05:29:11.851088 np0000007601 devstack@g-api.service[102998]: DEBUG swiftclient [None req-c2081406-71ab-4f07-a45d-430e9c3782b1 tempest-VolumesActionsTest-1399585003 tempest-VolumesActionsTest-1399585003-project-member] RESP HEADERS: {'Date': 'Tue, 18 Aug 2026 05:29:11 GMT', 'Server': 'Apache/2.4.58 (Ubuntu)', 'Content-Type': 'text/html; charset=UTF-8', 'Content-Length': '0', 'Etag': 'eda9a9889837ac4bc81d6387d92c1bec', 'Last-Modified': 'Tue, 18 Aug 2026 05:29:10 GMT', 'X-Trans-Id': 'txcdde6de20928465eafd4e-006a83eda5', 'X-Openstack-Request-Id': 'txcdde6de20928465eafd4e-006a83eda5', 'Connection': 'close'} {{(pid=102998) http_log /opt/stack/data/venv/lib/python3.12/site-packages/swiftclient/client.py:162}}
Aug 18 05:29:11.851632 np0000007601 devstack@g-api.service[102998]: DEBUG glance_store._drivers.swift.store [None req-c2081406-71ab-4f07-a45d-430e9c3782b1 tempest-VolumesActionsTest-1399585003 tempest-VolumesActionsTest-1399585003-project-member] Wrote chunk c4753b87-0a27-4d18-b073-f529d44bb5e8-00004 (4/?) of length 204800000 to Swift returning MD5 of content: eda9a9889837ac4bc81d6387d92c1bec {{(pid=102998) add /opt/stack/data/venv/lib/python3.12/site-packages/glance_store/_drivers/swift/store.py:1059}}
Aug 18 05:29:11.915271 np0000007601 devstack@g-api.service[102999]: DEBUG glance.api.middleware.version_negotiation [None req-36d103d3-a5f5-4b41-80ef-4e7fa5139df3 tempest-ServerStableDeviceRescueTest-1822952425 tempest-ServerStableDeviceRescueTest-1822952425-project-member] Determining version of request: GET /v2/images/c4753b87-0a27-4d18-b073-f529d44bb5e8 Accept: application/json {{(pid=102999) process_request /opt/stack/glance/glance/api/middleware/version_negotiation.py:44}}
Aug 18 05:29:11.915271 np0000007601 devstack@g-api.service[102999]: DEBUG glance.api.middleware.version_negotiation [None req-36d103d3-a5f5-4b41-80ef-4e7fa5139df3 tempest-ServerStableDeviceRescueTest-1822952425 tempest-ServerStableDeviceRescueTest-1822952425-project-member] Using url versioning {{(pid=102999) process_request /opt/stack/glance/glance/api/middleware/version_negotiation.py:57}}
Aug 18 05:29:11.917178 np0000007601 devstack@g-api.service[102999]: DEBUG glance.api.middleware.version_negotiation [None req-36d103d3-a5f5-4b41-80ef-4e7fa5139df3 tempest-ServerStableDeviceRescueTest-1822952425 tempest-ServerStableDeviceRescueTest-1822952425-project-member] Matched version: v2 {{(pid=102999) process_request /opt/stack/glance/glance/api/middleware/version_negotiation.py:69}}
Aug 18 05:29:11.917178 np0000007601 devstack@g-api.service[102999]: DEBUG glance.api.middleware.version_negotiation [None req-36d103d3-a5f5-4b41-80ef-4e7fa5139df3 tempest-ServerStableDeviceRescueTest-1822952425 tempest-ServerStableDeviceRescueTest-1822952425-project-member] new path /v2/images/c4753b87-0a27-4d18-b073-f529d44bb5e8 {{(pid=102999) process_request /opt/stack/glance/glance/api/middleware/version_negotiation.py:70}}
Aug 18 05:29:11.927579 np0000007601 devstack@g-api.service[102999]: [pid: 102999|app: 0|req: 104/386] 127.0.0.1 () {40 vars in 838 bytes} [Tue Aug 18 05:29:11 2026] GET /v2/images/c4753b87-0a27-4d18-b073-f529d44bb5e8 => generated 650 bytes in 13 msecs (HTTP/1.1 200) 4 headers in 157 bytes (1 switches on core 0)
Aug 18 05:29:13.757280 np0000007601 devstack@g-api.service[103001]: DEBUG glance.api.middleware.version_negotiation [None req-7b19857a-e6e0-4c96-9973-0eaa4c63aad2 tempest-VolumesActionsTest-1399585003 tempest-VolumesActionsTest-1399585003-project-member] Determining version of request: GET /v2/images/c4753b87-0a27-4d18-b073-f529d44bb5e8 Accept: application/json {{(pid=103001) process_request /opt/stack/glance/glance/api/middleware/version_negotiation.py:44}}
Aug 18 05:29:13.757280 np0000007601 devstack@g-api.service[103001]: DEBUG glance.api.middleware.version_negotiation [None req-7b19857a-e6e0-4c96-9973-0eaa4c63aad2 tempest-VolumesActionsTest-1399585003 tempest-VolumesActionsTest-1399585003-project-member] Using url versioning {{(pid=103001) process_request /opt/stack/glance/glance/api/middleware/version_negotiation.py:57}}
Aug 18 05:29:13.757280 np0000007601 devstack@g-api.service[103001]: DEBUG glance.api.middleware.version_negotiation [None req-7b19857a-e6e0-4c96-9973-0eaa4c63aad2 tempest-VolumesActionsTest-1399585003 tempest-VolumesActionsTest-1399585003-project-member] Matched version: v2 {{(pid=103001) process_request /opt/stack/glance/glance/api/middleware/version_negotiation.py:69}}
Aug 18 05:29:13.757280 np0000007601 devstack@g-api.service[103001]: DEBUG glance.api.middleware.version_negotiation [None req-7b19857a-e6e0-4c96-9973-0eaa4c63aad2 tempest-VolumesActionsTest-1399585003 tempest-VolumesActionsTest-1399585003-project-member] new path /v2/images/c4753b87-0a27-4d18-b073-f529d44bb5e8 {{(pid=103001) process_request /opt/stack/glance/glance/api/middleware/version_negotiation.py:70}}
Aug 18 05:29:13.757280 np0000007601 devstack@g-api.service[103001]: [pid: 103001|app: 0|req: 103/387] 127.0.0.1 () {40 vars in 838 bytes} [Tue Aug 18 05:29:12 2026] GET /v2/images/c4753b87-0a27-4d18-b073-f529d44bb5e8 => generated 650 bytes in 34 msecs (HTTP/1.1 200) 4 headers in 157 bytes (1 switches on core 0)
Aug 18 05:29:13.893744 np0000007601 devstack@g-api.service[103000]: DEBUG glance.api.middleware.version_negotiation [None req-a147e785-7b4d-4df3-9233-a1054a094586 tempest-VolumesActionsTest-1399585003 tempest-VolumesActionsTest-1399585003-project-member] Determining version of request: GET /v2/schemas/image Accept: */* {{(pid=103000) process_request /opt/stack/glance/glance/api/middleware/version_negotiation.py:44}}
Aug 18 05:29:13.894260 np0000007601 devstack@g-api.service[103000]: DEBUG glance.api.middleware.version_negotiation [None req-a147e785-7b4d-4df3-9233-a1054a094586 tempest-VolumesActionsTest-1399585003 tempest-VolumesActionsTest-1399585003-project-member] Using url versioning {{(pid=103000) process_request /opt/stack/glance/glance/api/middleware/version_negotiation.py:57}}
Aug 18 05:29:13.894260 np0000007601 devstack@g-api.service[103000]: DEBUG glance.api.middleware.version_negotiation [None req-a147e785-7b4d-4df3-9233-a1054a094586 tempest-VolumesActionsTest-1399585003 tempest-VolumesActionsTest-1399585003-project-member] Matched version: v2 {{(pid=103000) process_request /opt/stack/glance/glance/api/middleware/version_negotiation.py:69}}
Aug 18 05:29:13.894374 np0000007601 devstack@g-api.service[103000]: DEBUG glance.api.middleware.version_negotiation [None req-a147e785-7b4d-4df3-9233-a1054a094586 tempest-VolumesActionsTest-1399585003 tempest-VolumesActionsTest-1399585003-project-member] new path /v2/schemas/image {{(pid=103000) process_request /opt/stack/glance/glance/api/middleware/version_negotiation.py:70}}
Aug 18 05:29:13.900329 np0000007601 devstack@g-api.service[103000]: [pid: 103000|app: 0|req: 98/388] 127.0.0.1 () {44 vars in 1055 bytes} [Tue Aug 18 05:29:13 2026] GET /v2/schemas/image => generated 6083 bytes in 7 msecs (HTTP/1.1 200) 4 headers in 158 bytes (1 switches on core 0)
Aug 18 05:29:13.966372 np0000007601 devstack@g-api.service[102999]: DEBUG glance.api.middleware.version_negotiation [None req-9a14e546-4f3f-4097-ac43-e61f171ba7c9 tempest-VolumesActionsTest-1399585003 tempest-VolumesActionsTest-1399585003-project-member] Determining version of request: POST /v2/images Accept: */* {{(pid=102999) process_request /opt/stack/glance/glance/api/middleware/version_negotiation.py:44}}
Aug 18 05:29:13.966902 np0000007601 devstack@g-api.service[102999]: DEBUG glance.api.middleware.version_negotiation [None req-9a14e546-4f3f-4097-ac43-e61f171ba7c9 tempest-VolumesActionsTest-1399585003 tempest-VolumesActionsTest-1399585003-project-member] Using url versioning {{(pid=102999) process_request /opt/stack/glance/glance/api/middleware/version_negotiation.py:57}}
Aug 18 05:29:13.966902 np0000007601 devstack@g-api.service[102999]: DEBUG glance.api.middleware.version_negotiation [None req-9a14e546-4f3f-4097-ac43-e61f171ba7c9 tempest-VolumesActionsTest-1399585003 tempest-VolumesActionsTest-1399585003-project-member] Matched version: v2 {{(pid=102999) process_request /opt/stack/glance/glance/api/middleware/version_negotiation.py:69}}
Aug 18 05:29:13.966902 np0000007601 devstack@g-api.service[102999]: DEBUG glance.api.middleware.version_negotiation [None req-9a14e546-4f3f-4097-ac43-e61f171ba7c9 tempest-VolumesActionsTest-1399585003 tempest-VolumesActionsTest-1399585003-project-member] new path /v2/images {{(pid=102999) process_request /opt/stack/glance/glance/api/middleware/version_negotiation.py:70}}
Aug 18 05:29:14.002837 np0000007601 devstack@g-api.service[103001]: DEBUG glance.api.middleware.version_negotiation [None req-cc002737-9eef-4be2-9911-eb7d650750ca tempest-VolumesActionsTest-1399585003 tempest-VolumesActionsTest-1399585003-project-member] Determining version of request: GET /v2/images/c4753b87-0a27-4d18-b073-f529d44bb5e8 Accept: application/json {{(pid=103001) process_request /opt/stack/glance/glance/api/middleware/version_negotiation.py:44}}
Aug 18 05:29:14.002993 np0000007601 devstack@g-api.service[103001]: DEBUG glance.api.middleware.version_negotiation [None req-cc002737-9eef-4be2-9911-eb7d650750ca tempest-VolumesActionsTest-1399585003 tempest-VolumesActionsTest-1399585003-project-member] Using url versioning {{(pid=103001) process_request /opt/stack/glance/glance/api/middleware/version_negotiation.py:57}}
Aug 18 05:29:14.003231 np0000007601 devstack@g-api.service[103001]: DEBUG glance.api.middleware.version_negotiation [None req-cc002737-9eef-4be2-9911-eb7d650750ca tempest-VolumesActionsTest-1399585003 tempest-VolumesActionsTest-1399585003-project-member] Matched version: v2 {{(pid=103001) process_request /opt/stack/glance/glance/api/middleware/version_negotiation.py:69}}
Aug 18 05:29:14.003467 np0000007601 devstack@g-api.service[103001]: DEBUG glance.api.middleware.version_negotiation [None req-cc002737-9eef-4be2-9911-eb7d650750ca tempest-VolumesActionsTest-1399585003 tempest-VolumesActionsTest-1399585003-project-member] new path /v2/images/c4753b87-0a27-4d18-b073-f529d44bb5e8 {{(pid=103001) process_request /opt/stack/glance/glance/api/middleware/version_negotiation.py:70}}
Aug 18 05:29:14.017136 np0000007601 devstack@g-api.service[103001]: DEBUG dbcounter [-] [103001] Writing DB stats glance:SELECT=88,glance:INSERT=2,glance:UPDATE=24 {{(pid=103001) stat_writer /opt/stack/data/venv/lib/python3.12/site-packages/dbcounter.py:115}}
Aug 18 05:29:14.032751 np0000007601 devstack@g-api.service[103001]: [pid: 103001|app: 0|req: 104/389] 127.0.0.1 () {40 vars in 838 bytes} [Tue Aug 18 05:29:14 2026] GET /v2/images/c4753b87-0a27-4d18-b073-f529d44bb5e8 => generated 650 bytes in 31 msecs (HTTP/1.1 200) 4 headers in 157 bytes (1 switches on core 0)
Aug 18 05:29:14.675133 np0000007601 devstack@g-api.service[102998]: DEBUG swiftclient [None req-c2081406-71ab-4f07-a45d-430e9c3782b1 tempest-VolumesActionsTest-1399585003 tempest-VolumesActionsTest-1399585003-project-member] REQ: curl -i https://10.4.3.250:8080/v1/AUTH_ecdcdadb5acf446682955d5c275c904c/glance/c4753b87-0a27-4d18-b073-f529d44bb5e8-00005 -X PUT -H "X-Auth-Token: gAAAAABqg-2ZIHP4..." {{(pid=102998) http_log /opt/stack/data/venv/lib/python3.12/site-packages/swiftclient/client.py:160}}
Aug 18 05:29:14.675493 np0000007601 devstack@g-api.service[102998]: DEBUG swiftclient [None req-c2081406-71ab-4f07-a45d-430e9c3782b1 tempest-VolumesActionsTest-1399585003 tempest-VolumesActionsTest-1399585003-project-member] RESP STATUS: 201 Created {{(pid=102998) http_log /opt/stack/data/venv/lib/python3.12/site-packages/swiftclient/client.py:161}}
Aug 18 05:29:14.675493 np0000007601 devstack@g-api.service[102998]: DEBUG swiftclient [None req-c2081406-71ab-4f07-a45d-430e9c3782b1 tempest-VolumesActionsTest-1399585003 tempest-VolumesActionsTest-1399585003-project-member] RESP HEADERS: {'Date': 'Tue, 18 Aug 2026 05:29:14 GMT', 'Server': 'Apache/2.4.58 (Ubuntu)', 'Content-Type': 'text/html; charset=UTF-8', 'Content-Length': '0', 'Etag': 'eda9a9889837ac4bc81d6387d92c1bec', 'Last-Modified': 'Tue, 18 Aug 2026 05:29:12 GMT', 'X-Trans-Id': 'tx68b3ed104c6d482d9fd4b-006a83eda7', 'X-Openstack-Request-Id': 'tx68b3ed104c6d482d9fd4b-006a83eda7', 'Connection': 'close'} {{(pid=102998) http_log /opt/stack/data/venv/lib/python3.12/site-packages/swiftclient/client.py:162}}
Aug 18 05:29:14.675607 np0000007601 devstack@g-api.service[102998]: DEBUG glance_store._drivers.swift.store [None req-c2081406-71ab-4f07-a45d-430e9c3782b1 tempest-VolumesActionsTest-1399585003 tempest-VolumesActionsTest-1399585003-project-member] Wrote chunk c4753b87-0a27-4d18-b073-f529d44bb5e8-00005 (5/?) of length 204800000 to Swift returning MD5 of content: eda9a9889837ac4bc81d6387d92c1bec {{(pid=102998) add /opt/stack/data/venv/lib/python3.12/site-packages/glance_store/_drivers/swift/store.py:1059}}
Aug 18 05:29:14.859806 np0000007601 devstack@g-api.service[102999]: [pid: 102999|app: 0|req: 105/390] 127.0.0.1 () {46 vars in 1055 bytes} [Tue Aug 18 05:29:13 2026] POST /v2/images => generated 1360 bytes in 894 msecs (HTTP/1.1 201) 6 headers in 316 bytes (1 switches on core 0)
Aug 18 05:29:14.971988 np0000007601 devstack@g-api.service[103000]: DEBUG glance.api.middleware.version_negotiation [None req-0d7903c8-e530-465a-8e5b-beb4834de7e5 tempest-ServerBootFromVolumeStableRescueTest-1802872126 tempest-ServerBootFromVolumeStableRescueTest-1802872126-project-member] Determining version of request: GET /v2/images/3420e76c-d6b8-448d-b4f0-b3698ee8db3a Accept: application/json {{(pid=103000) process_request /opt/stack/glance/glance/api/middleware/version_negotiation.py:44}}
Aug 18 05:29:14.971988 np0000007601 devstack@g-api.service[103000]: DEBUG glance.api.middleware.version_negotiation [None req-0d7903c8-e530-465a-8e5b-beb4834de7e5 tempest-ServerBootFromVolumeStableRescueTest-1802872126 tempest-ServerBootFromVolumeStableRescueTest-1802872126-project-member] Using url versioning {{(pid=103000) process_request /opt/stack/glance/glance/api/middleware/version_negotiation.py:57}}
Aug 18 05:29:14.972443 np0000007601 devstack@g-api.service[103000]: DEBUG glance.api.middleware.version_negotiation [None req-0d7903c8-e530-465a-8e5b-beb4834de7e5 tempest-ServerBootFromVolumeStableRescueTest-1802872126 tempest-ServerBootFromVolumeStableRescueTest-1802872126-project-member] Matched version: v2 {{(pid=103000) process_request /opt/stack/glance/glance/api/middleware/version_negotiation.py:69}}
Aug 18 05:29:14.972443 np0000007601 devstack@g-api.service[103000]: DEBUG glance.api.middleware.version_negotiation [None req-0d7903c8-e530-465a-8e5b-beb4834de7e5 tempest-ServerBootFromVolumeStableRescueTest-1802872126 tempest-ServerBootFromVolumeStableRescueTest-1802872126-project-member] new path /v2/images/3420e76c-d6b8-448d-b4f0-b3698ee8db3a {{(pid=103000) process_request /opt/stack/glance/glance/api/middleware/version_negotiation.py:70}}
Aug 18 05:29:14.997669 np0000007601 devstack@g-api.service[103000]: [pid: 103000|app: 0|req: 99/391] 127.0.0.1 () {40 vars in 838 bytes} [Tue Aug 18 05:29:14 2026] GET /v2/images/3420e76c-d6b8-448d-b4f0-b3698ee8db3a => generated 1360 bytes in 26 msecs (HTTP/1.1 200) 4 headers in 158 bytes (1 switches on core 0)
Aug 18 05:29:15.049606 np0000007601 devstack@g-api.service[103001]: DEBUG glance.api.middleware.version_negotiation [None req-4d2fff6f-7f22-43a2-bf5f-226c7f5b5f71 tempest-VolumesActionsTest-1399585003 tempest-VolumesActionsTest-1399585003-project-member] Determining version of request: GET /v2/images/c4753b87-0a27-4d18-b073-f529d44bb5e8 Accept: application/json {{(pid=103001) process_request /opt/stack/glance/glance/api/middleware/version_negotiation.py:44}}
Aug 18 05:29:15.049606 np0000007601 devstack@g-api.service[103001]: DEBUG glance.api.middleware.version_negotiation [None req-4d2fff6f-7f22-43a2-bf5f-226c7f5b5f71 tempest-VolumesActionsTest-1399585003 tempest-VolumesActionsTest-1399585003-project-member] Using url versioning {{(pid=103001) process_request /opt/stack/glance/glance/api/middleware/version_negotiation.py:57}}
Aug 18 05:29:15.051324 np0000007601 devstack@g-api.service[103001]: DEBUG glance.api.middleware.version_negotiation [None req-4d2fff6f-7f22-43a2-bf5f-226c7f5b5f71 tempest-VolumesActionsTest-1399585003 tempest-VolumesActionsTest-1399585003-project-member] Matched version: v2 {{(pid=103001) process_request /opt/stack/glance/glance/api/middleware/version_negotiation.py:69}}
Aug 18 05:29:15.051324 np0000007601 devstack@g-api.service[103001]: DEBUG glance.api.middleware.version_negotiation [None req-4d2fff6f-7f22-43a2-bf5f-226c7f5b5f71 tempest-VolumesActionsTest-1399585003 tempest-VolumesActionsTest-1399585003-project-member] new path /v2/images/c4753b87-0a27-4d18-b073-f529d44bb5e8 {{(pid=103001) process_request /opt/stack/glance/glance/api/middleware/version_negotiation.py:70}}
Aug 18 05:29:15.065550 np0000007601 devstack@g-api.service[103001]: [pid: 103001|app: 0|req: 105/392] 127.0.0.1 () {40 vars in 838 bytes} [Tue Aug 18 05:29:15 2026] GET /v2/images/c4753b87-0a27-4d18-b073-f529d44bb5e8 => generated 650 bytes in 16 msecs (HTTP/1.1 200) 4 headers in 157 bytes (1 switches on core 0)
Aug 18 05:29:15.198335 np0000007601 devstack@g-api.service[102999]: DEBUG glance.api.middleware.version_negotiation [None req-0d7903c8-e530-465a-8e5b-beb4834de7e5 tempest-ServerBootFromVolumeStableRescueTest-1802872126 tempest-ServerBootFromVolumeStableRescueTest-1802872126-project-member] Determining version of request: GET /v2/images/3420e76c-d6b8-448d-b4f0-b3698ee8db3a Accept: */* {{(pid=102999) process_request /opt/stack/glance/glance/api/middleware/version_negotiation.py:44}}
Aug 18 05:29:15.198813 np0000007601 devstack@g-api.service[102999]: DEBUG glance.api.middleware.version_negotiation [None req-0d7903c8-e530-465a-8e5b-beb4834de7e5 tempest-ServerBootFromVolumeStableRescueTest-1802872126 tempest-ServerBootFromVolumeStableRescueTest-1802872126-project-member] Using url versioning {{(pid=102999) process_request /opt/stack/glance/glance/api/middleware/version_negotiation.py:57}}
Aug 18 05:29:15.198848 np0000007601 devstack@g-api.service[102999]: DEBUG glance.api.middleware.version_negotiation [None req-0d7903c8-e530-465a-8e5b-beb4834de7e5 tempest-ServerBootFromVolumeStableRescueTest-1802872126 tempest-ServerBootFromVolumeStableRescueTest-1802872126-project-member] Matched version: v2 {{(pid=102999) process_request /opt/stack/glance/glance/api/middleware/version_negotiation.py:69}}
Aug 18 05:29:15.199856 np0000007601 devstack@g-api.service[102999]: DEBUG glance.api.middleware.version_negotiation [None req-0d7903c8-e530-465a-8e5b-beb4834de7e5 tempest-ServerBootFromVolumeStableRescueTest-1802872126 tempest-ServerBootFromVolumeStableRescueTest-1802872126-project-member] new path /v2/images/3420e76c-d6b8-448d-b4f0-b3698ee8db3a {{(pid=102999) process_request /opt/stack/glance/glance/api/middleware/version_negotiation.py:70}}
Aug 18 05:29:15.213087 np0000007601 devstack@g-api.service[102999]: [pid: 102999|app: 0|req: 106/393] 127.0.0.1 () {44 vars in 1115 bytes} [Tue Aug 18 05:29:15 2026] GET /v2/images/3420e76c-d6b8-448d-b4f0-b3698ee8db3a => generated 1360 bytes in 15 msecs (HTTP/1.1 200) 4 headers in 158 bytes (1 switches on core 0)
Aug 18 05:29:15.257189 np0000007601 devstack@g-api.service[102998]: DEBUG swiftclient [None req-c2081406-71ab-4f07-a45d-430e9c3782b1 tempest-VolumesActionsTest-1399585003 tempest-VolumesActionsTest-1399585003-project-member] REQ: curl -i https://10.4.3.250:8080/v1/AUTH_ecdcdadb5acf446682955d5c275c904c/glance/c4753b87-0a27-4d18-b073-f529d44bb5e8-00006 -X PUT -H "X-Auth-Token: gAAAAABqg-2ZIHP4..." {{(pid=102998) http_log /opt/stack/data/venv/lib/python3.12/site-packages/swiftclient/client.py:160}}
Aug 18 05:29:15.257351 np0000007601 devstack@g-api.service[102998]: DEBUG swiftclient [None req-c2081406-71ab-4f07-a45d-430e9c3782b1 tempest-VolumesActionsTest-1399585003 tempest-VolumesActionsTest-1399585003-project-member] RESP STATUS: 201 Created {{(pid=102998) http_log /opt/stack/data/venv/lib/python3.12/site-packages/swiftclient/client.py:161}}
Aug 18 05:29:15.257459 np0000007601 devstack@g-api.service[102998]: DEBUG swiftclient [None req-c2081406-71ab-4f07-a45d-430e9c3782b1 tempest-VolumesActionsTest-1399585003 tempest-VolumesActionsTest-1399585003-project-member] RESP HEADERS: {'Date': 'Tue, 18 Aug 2026 05:29:15 GMT', 'Server': 'Apache/2.4.58 (Ubuntu)', 'Content-Type': 'text/html; charset=UTF-8', 'Content-Length': '0', 'Etag': '708761f3b8777ec77058e63da08eeeb6', 'Last-Modified': 'Tue, 18 Aug 2026 05:29:15 GMT', 'X-Trans-Id': 'tx0920da1b91e54b459ee5b-006a83edaa', 'X-Openstack-Request-Id': 'tx0920da1b91e54b459ee5b-006a83edaa', 'Connection': 'close'} {{(pid=102998) http_log /opt/stack/data/venv/lib/python3.12/site-packages/swiftclient/client.py:162}}
Aug 18 05:29:15.257654 np0000007601 devstack@g-api.service[102998]: DEBUG glance_store._drivers.swift.store [None req-c2081406-71ab-4f07-a45d-430e9c3782b1 tempest-VolumesActionsTest-1399585003 tempest-VolumesActionsTest-1399585003-project-member] Wrote chunk c4753b87-0a27-4d18-b073-f529d44bb5e8-00006 (6/?) of length 49741824 to Swift returning MD5 of content: 708761f3b8777ec77058e63da08eeeb6 {{(pid=102998) add /opt/stack/data/venv/lib/python3.12/site-packages/glance_store/_drivers/swift/store.py:1059}}
Aug 18 05:29:15.257944 np0000007601 devstack@g-api.service[102998]: DEBUG glance_store._drivers.swift.store [None req-c2081406-71ab-4f07-a45d-430e9c3782b1 tempest-VolumesActionsTest-1399585003 tempest-VolumesActionsTest-1399585003-project-member] Not writing zero-length chunk. {{(pid=102998) add /opt/stack/data/venv/lib/python3.12/site-packages/glance_store/_drivers/swift/store.py:1028}}
Aug 18 05:29:15.266607 np0000007601 devstack@g-api.service[103000]: DEBUG glance.api.middleware.version_negotiation [None req-832d3607-9429-48d1-87dd-4603ac503e69 tempest-ServerBootFromVolumeStableRescueTest-1802872126 tempest-ServerBootFromVolumeStableRescueTest-1802872126-project-member] Determining version of request: GET /v2/schemas/image Accept: */* {{(pid=103000) process_request /opt/stack/glance/glance/api/middleware/version_negotiation.py:44}}
Aug 18 05:29:15.266848 np0000007601 devstack@g-api.service[103000]: DEBUG glance.api.middleware.version_negotiation [None req-832d3607-9429-48d1-87dd-4603ac503e69 tempest-ServerBootFromVolumeStableRescueTest-1802872126 tempest-ServerBootFromVolumeStableRescueTest-1802872126-project-member] Using url versioning {{(pid=103000) process_request /opt/stack/glance/glance/api/middleware/version_negotiation.py:57}}
Aug 18 05:29:15.267000 np0000007601 devstack@g-api.service[103000]: DEBUG glance.api.middleware.version_negotiation [None req-832d3607-9429-48d1-87dd-4603ac503e69 tempest-ServerBootFromVolumeStableRescueTest-1802872126 tempest-ServerBootFromVolumeStableRescueTest-1802872126-project-member] Matched version: v2 {{(pid=103000) process_request /opt/stack/glance/glance/api/middleware/version_negotiation.py:69}}
Aug 18 05:29:15.267808 np0000007601 devstack@g-api.service[103000]: DEBUG glance.api.middleware.version_negotiation [None req-832d3607-9429-48d1-87dd-4603ac503e69 tempest-ServerBootFromVolumeStableRescueTest-1802872126 tempest-ServerBootFromVolumeStableRescueTest-1802872126-project-member] new path /v2/schemas/image {{(pid=103000) process_request /opt/stack/glance/glance/api/middleware/version_negotiation.py:70}}
Aug 18 05:29:15.272517 np0000007601 devstack@g-api.service[103000]: [pid: 103000|app: 0|req: 100/394] 127.0.0.1 () {44 vars in 1055 bytes} [Tue Aug 18 05:29:15 2026] GET /v2/schemas/image => generated 6083 bytes in 5 msecs (HTTP/1.1 200) 4 headers in 158 bytes (1 switches on core 0)
Aug 18 05:29:15.292064 np0000007601 devstack@g-api.service[102998]: DEBUG swiftclient [None req-c2081406-71ab-4f07-a45d-430e9c3782b1 tempest-VolumesActionsTest-1399585003 tempest-VolumesActionsTest-1399585003-project-member] REQ: curl -i https://10.4.3.250:8080/v1/AUTH_ecdcdadb5acf446682955d5c275c904c/glance/c4753b87-0a27-4d18-b073-f529d44bb5e8 -X PUT -H "X-Object-Manifest: glance/c4753b87-0a27-4d18-b073-f529d44bb5e8-" -H "X-Auth-Token: gAAAAABqg-2ZIHP4..." -H "Content-Length: 0" {{(pid=102998) http_log /opt/stack/data/venv/lib/python3.12/site-packages/swiftclient/client.py:160}}
Aug 18 05:29:15.292064 np0000007601 devstack@g-api.service[102998]: DEBUG swiftclient [None req-c2081406-71ab-4f07-a45d-430e9c3782b1 tempest-VolumesActionsTest-1399585003 tempest-VolumesActionsTest-1399585003-project-member] RESP STATUS: 201 Created {{(pid=102998) http_log /opt/stack/data/venv/lib/python3.12/site-packages/swiftclient/client.py:161}}
Aug 18 05:29:15.292064 np0000007601 devstack@g-api.service[102998]: DEBUG swiftclient [None req-c2081406-71ab-4f07-a45d-430e9c3782b1 tempest-VolumesActionsTest-1399585003 tempest-VolumesActionsTest-1399585003-project-member] RESP HEADERS: {'Date': 'Tue, 18 Aug 2026 05:29:15 GMT', 'Server': 'Apache/2.4.58 (Ubuntu)', 'Content-Type': 'text/html; charset=UTF-8', 'Content-Length': '0', 'Etag': 'd41d8cd98f00b204e9800998ecf8427e', 'Last-Modified': 'Tue, 18 Aug 2026 05:29:16 GMT', 'X-Trans-Id': 'txf0c3be272ff94ac89cd54-006a83edab', 'X-Openstack-Request-Id': 'txf0c3be272ff94ac89cd54-006a83edab', 'Connection': 'close'} {{(pid=102998) http_log /opt/stack/data/venv/lib/python3.12/site-packages/swiftclient/client.py:162}}
Aug 18 05:29:15.292524 np0000007601 devstack@g-api.service[102998]: INFO glance.location [None req-c2081406-71ab-4f07-a45d-430e9c3782b1 tempest-VolumesActionsTest-1399585003 tempest-VolumesActionsTest-1399585003-project-member] Image format matched and virtual size computed: 1073741824
Aug 18 05:29:15.346915 np0000007601 devstack@g-api.service[102998]: DEBUG glance_store.backend [None req-c2081406-71ab-4f07-a45d-430e9c3782b1 tempest-VolumesActionsTest-1399585003 tempest-VolumesActionsTest-1399585003-project-member] Attempting to import store swift {{(pid=102998) _load_store /opt/stack/data/venv/lib/python3.12/site-packages/glance_store/backend.py:215}}
Aug 18 05:29:15.347831 np0000007601 devstack@g-api.service[102998]: DEBUG glance_store.capabilities [None req-c2081406-71ab-4f07-a45d-430e9c3782b1 tempest-VolumesActionsTest-1399585003 tempest-VolumesActionsTest-1399585003-project-member] Store glance_store._drivers.swift.store.SingleTenantStore doesn't support updating dynamic storage capabilities. Please overwrite 'update_capabilities' method of the store to implement updating logics if needed. {{(pid=102998) update_capabilities /opt/stack/data/venv/lib/python3.12/site-packages/glance_store/capabilities.py:91}}
Aug 18 05:29:15.348054 np0000007601 devstack@g-api.service[102998]: DEBUG glance_store.driver [None req-c2081406-71ab-4f07-a45d-430e9c3782b1 tempest-VolumesActionsTest-1399585003 tempest-VolumesActionsTest-1399585003-project-member] Late loading location class glance_store._drivers.swift.store.StoreLocation {{(pid=102998) get_store_location_class /opt/stack/data/venv/lib/python3.12/site-packages/glance_store/driver.py:134}}
Aug 18 05:29:15.348096 np0000007601 devstack@g-api.service[102998]: DEBUG glance_store.location [None req-c2081406-71ab-4f07-a45d-430e9c3782b1 tempest-VolumesActionsTest-1399585003 tempest-VolumesActionsTest-1399585003-project-member] Registering scheme swift+https with {'store': , 'location_class': , 'store_entry': 'swift'} {{(pid=102998) register_scheme_map /opt/stack/data/venv/lib/python3.12/site-packages/glance_store/location.py:146}}
Aug 18 05:29:15.348198 np0000007601 devstack@g-api.service[102998]: DEBUG glance_store.location [None req-c2081406-71ab-4f07-a45d-430e9c3782b1 tempest-VolumesActionsTest-1399585003 tempest-VolumesActionsTest-1399585003-project-member] Registering scheme swift+https with {'store': , 'location_class': , 'store_entry': 'swift'} {{(pid=102998) register_scheme_map /opt/stack/data/venv/lib/python3.12/site-packages/glance_store/location.py:146}}
Aug 18 05:29:15.348292 np0000007601 devstack@g-api.service[102998]: DEBUG glance_store.location [None req-c2081406-71ab-4f07-a45d-430e9c3782b1 tempest-VolumesActionsTest-1399585003 tempest-VolumesActionsTest-1399585003-project-member] Registering scheme swift with {'store': , 'location_class': , 'store_entry': 'swift'} {{(pid=102998) register_scheme_map /opt/stack/data/venv/lib/python3.12/site-packages/glance_store/location.py:146}}
Aug 18 05:29:15.348379 np0000007601 devstack@g-api.service[102998]: DEBUG glance_store.location [None req-c2081406-71ab-4f07-a45d-430e9c3782b1 tempest-VolumesActionsTest-1399585003 tempest-VolumesActionsTest-1399585003-project-member] Registering scheme swift+https with {'store': , 'location_class': , 'store_entry': 'swift'} {{(pid=102998) register_scheme_map /opt/stack/data/venv/lib/python3.12/site-packages/glance_store/location.py:146}}
Aug 18 05:29:15.348477 np0000007601 devstack@g-api.service[102998]: DEBUG glance_store.location [None req-c2081406-71ab-4f07-a45d-430e9c3782b1 tempest-VolumesActionsTest-1399585003 tempest-VolumesActionsTest-1399585003-project-member] Registering scheme swift with {'store': , 'location_class': , 'store_entry': 'swift'} {{(pid=102998) register_scheme_map /opt/stack/data/venv/lib/python3.12/site-packages/glance_store/location.py:146}}
Aug 18 05:29:15.348559 np0000007601 devstack@g-api.service[102998]: DEBUG glance_store.location [None req-c2081406-71ab-4f07-a45d-430e9c3782b1 tempest-VolumesActionsTest-1399585003 tempest-VolumesActionsTest-1399585003-project-member] Registering scheme swift+http with {'store': , 'location_class': , 'store_entry': 'swift'} {{(pid=102998) register_scheme_map /opt/stack/data/venv/lib/python3.12/site-packages/glance_store/location.py:146}}
Aug 18 05:29:15.348652 np0000007601 devstack@g-api.service[102998]: DEBUG glance_store.location [None req-c2081406-71ab-4f07-a45d-430e9c3782b1 tempest-VolumesActionsTest-1399585003 tempest-VolumesActionsTest-1399585003-project-member] Registering scheme swift+https with {'store': , 'location_class': , 'store_entry': 'swift'} {{(pid=102998) register_scheme_map /opt/stack/data/venv/lib/python3.12/site-packages/glance_store/location.py:146}}
Aug 18 05:29:15.348808 np0000007601 devstack@g-api.service[102998]: DEBUG glance_store.location [None req-c2081406-71ab-4f07-a45d-430e9c3782b1 tempest-VolumesActionsTest-1399585003 tempest-VolumesActionsTest-1399585003-project-member] Registering scheme swift with {'store': , 'location_class': , 'store_entry': 'swift'} {{(pid=102998) register_scheme_map /opt/stack/data/venv/lib/python3.12/site-packages/glance_store/location.py:146}}
Aug 18 05:29:15.348869 np0000007601 devstack@g-api.service[102998]: DEBUG glance_store.location [None req-c2081406-71ab-4f07-a45d-430e9c3782b1 tempest-VolumesActionsTest-1399585003 tempest-VolumesActionsTest-1399585003-project-member] Registering scheme swift+http with {'store': , 'location_class': , 'store_entry': 'swift'} {{(pid=102998) register_scheme_map /opt/stack/data/venv/lib/python3.12/site-packages/glance_store/location.py:146}}
Aug 18 05:29:15.348919 np0000007601 devstack@g-api.service[102998]: DEBUG glance_store.location [None req-c2081406-71ab-4f07-a45d-430e9c3782b1 tempest-VolumesActionsTest-1399585003 tempest-VolumesActionsTest-1399585003-project-member] Registering scheme swift+config with {'store': , 'location_class': , 'store_entry': 'swift'} {{(pid=102998) register_scheme_map /opt/stack/data/venv/lib/python3.12/site-packages/glance_store/location.py:146}}
Aug 18 05:29:15.349047 np0000007601 devstack@g-api.service[102998]: DEBUG glance_store.backend [None req-c2081406-71ab-4f07-a45d-430e9c3782b1 tempest-VolumesActionsTest-1399585003 tempest-VolumesActionsTest-1399585003-project-member] Skipping store.set_acls... not implemented. {{(pid=102998) set_acls /opt/stack/data/venv/lib/python3.12/site-packages/glance_store/backend.py:507}}
Aug 18 05:29:15.351720 np0000007601 devstack@g-api.service[102998]: [pid: 102998|app: 0|req: 84/395] 127.0.0.1 () {46 vars in 1158 bytes} [Tue Aug 18 05:28:55 2026] PUT /v2/images/c4753b87-0a27-4d18-b073-f529d44bb5e8/file => generated 0 bytes in 19438 msecs (HTTP/1.1 204) 4 headers in 171 bytes (1 switches on core 0)
Aug 18 05:29:15.362001 np0000007601 devstack@g-api.service[103001]: DEBUG glance.api.middleware.version_negotiation [None req-f260ec6f-8e92-4ecb-8ab5-efe467dbe155 tempest-VolumesActionsTest-1399585003 tempest-VolumesActionsTest-1399585003-project-member] Determining version of request: GET /v2/images/c4753b87-0a27-4d18-b073-f529d44bb5e8 Accept: */* {{(pid=103001) process_request /opt/stack/glance/glance/api/middleware/version_negotiation.py:44}}
Aug 18 05:29:15.362240 np0000007601 devstack@g-api.service[103001]: DEBUG glance.api.middleware.version_negotiation [None req-f260ec6f-8e92-4ecb-8ab5-efe467dbe155 tempest-VolumesActionsTest-1399585003 tempest-VolumesActionsTest-1399585003-project-member] Using url versioning {{(pid=103001) process_request /opt/stack/glance/glance/api/middleware/version_negotiation.py:57}}
Aug 18 05:29:15.362718 np0000007601 devstack@g-api.service[103001]: DEBUG glance.api.middleware.version_negotiation [None req-f260ec6f-8e92-4ecb-8ab5-efe467dbe155 tempest-VolumesActionsTest-1399585003 tempest-VolumesActionsTest-1399585003-project-member] Matched version: v2 {{(pid=103001) process_request /opt/stack/glance/glance/api/middleware/version_negotiation.py:69}}
Aug 18 05:29:15.364206 np0000007601 devstack@g-api.service[103001]: DEBUG glance.api.middleware.version_negotiation [None req-f260ec6f-8e92-4ecb-8ab5-efe467dbe155 tempest-VolumesActionsTest-1399585003 tempest-VolumesActionsTest-1399585003-project-member] new path /v2/images/c4753b87-0a27-4d18-b073-f529d44bb5e8 {{(pid=103001) process_request /opt/stack/glance/glance/api/middleware/version_negotiation.py:70}}
Aug 18 05:29:15.375995 np0000007601 devstack@g-api.service[103001]: [pid: 103001|app: 0|req: 106/396] 127.0.0.1 () {44 vars in 1115 bytes} [Tue Aug 18 05:29:15 2026] GET /v2/images/c4753b87-0a27-4d18-b073-f529d44bb5e8 => generated 822 bytes in 14 msecs (HTTP/1.1 200) 4 headers in 157 bytes (1 switches on core 0)
Aug 18 05:29:15.387464 np0000007601 devstack@g-api.service[102999]: DEBUG glance.api.middleware.version_negotiation [None req-0d7903c8-e530-465a-8e5b-beb4834de7e5 tempest-ServerBootFromVolumeStableRescueTest-1802872126 tempest-ServerBootFromVolumeStableRescueTest-1802872126-project-member] Determining version of request: GET /v2/schemas/image Accept: */* {{(pid=102999) process_request /opt/stack/glance/glance/api/middleware/version_negotiation.py:44}}
Aug 18 05:29:15.387692 np0000007601 devstack@g-api.service[102999]: DEBUG glance.api.middleware.version_negotiation [None req-0d7903c8-e530-465a-8e5b-beb4834de7e5 tempest-ServerBootFromVolumeStableRescueTest-1802872126 tempest-ServerBootFromVolumeStableRescueTest-1802872126-project-member] Using url versioning {{(pid=102999) process_request /opt/stack/glance/glance/api/middleware/version_negotiation.py:57}}
Aug 18 05:29:15.387863 np0000007601 devstack@g-api.service[102999]: DEBUG glance.api.middleware.version_negotiation [None req-0d7903c8-e530-465a-8e5b-beb4834de7e5 tempest-ServerBootFromVolumeStableRescueTest-1802872126 tempest-ServerBootFromVolumeStableRescueTest-1802872126-project-member] Matched version: v2 {{(pid=102999) process_request /opt/stack/glance/glance/api/middleware/version_negotiation.py:69}}
Aug 18 05:29:15.388216 np0000007601 devstack@g-api.service[102999]: DEBUG glance.api.middleware.version_negotiation [None req-0d7903c8-e530-465a-8e5b-beb4834de7e5 tempest-ServerBootFromVolumeStableRescueTest-1802872126 tempest-ServerBootFromVolumeStableRescueTest-1802872126-project-member] new path /v2/schemas/image {{(pid=102999) process_request /opt/stack/glance/glance/api/middleware/version_negotiation.py:70}}
Aug 18 05:29:15.391396 np0000007601 devstack@g-api.service[102999]: [pid: 102999|app: 0|req: 107/397] 127.0.0.1 () {44 vars in 1055 bytes} [Tue Aug 18 05:29:15 2026] GET /v2/schemas/image => generated 6083 bytes in 4 msecs (HTTP/1.1 200) 4 headers in 158 bytes (1 switches on core 0)
Aug 18 05:29:15.403865 np0000007601 devstack@g-api.service[103000]: DEBUG glance.api.middleware.version_negotiation [None req-0d7903c8-e530-465a-8e5b-beb4834de7e5 tempest-ServerBootFromVolumeStableRescueTest-1802872126 tempest-ServerBootFromVolumeStableRescueTest-1802872126-project-member] Determining version of request: GET /v2/schemas/image Accept: */* {{(pid=103000) process_request /opt/stack/glance/glance/api/middleware/version_negotiation.py:44}}
Aug 18 05:29:15.404089 np0000007601 devstack@g-api.service[103000]: DEBUG glance.api.middleware.version_negotiation [None req-0d7903c8-e530-465a-8e5b-beb4834de7e5 tempest-ServerBootFromVolumeStableRescueTest-1802872126 tempest-ServerBootFromVolumeStableRescueTest-1802872126-project-member] Using url versioning {{(pid=103000) process_request /opt/stack/glance/glance/api/middleware/version_negotiation.py:57}}
Aug 18 05:29:15.404160 np0000007601 devstack@g-api.service[103000]: DEBUG glance.api.middleware.version_negotiation [None req-0d7903c8-e530-465a-8e5b-beb4834de7e5 tempest-ServerBootFromVolumeStableRescueTest-1802872126 tempest-ServerBootFromVolumeStableRescueTest-1802872126-project-member] Matched version: v2 {{(pid=103000) process_request /opt/stack/glance/glance/api/middleware/version_negotiation.py:69}}
Aug 18 05:29:15.404311 np0000007601 devstack@g-api.service[103000]: DEBUG glance.api.middleware.version_negotiation [None req-0d7903c8-e530-465a-8e5b-beb4834de7e5 tempest-ServerBootFromVolumeStableRescueTest-1802872126 tempest-ServerBootFromVolumeStableRescueTest-1802872126-project-member] new path /v2/schemas/image {{(pid=103000) process_request /opt/stack/glance/glance/api/middleware/version_negotiation.py:70}}
Aug 18 05:29:15.408522 np0000007601 devstack@g-api.service[103000]: [pid: 103000|app: 0|req: 101/398] 127.0.0.1 () {44 vars in 1055 bytes} [Tue Aug 18 05:29:15 2026] GET /v2/schemas/image => generated 6083 bytes in 5 msecs (HTTP/1.1 200) 4 headers in 158 bytes (1 switches on core 0)
