Aug 18 05:20:42.049059 np0000007601 nova-scheduler[96662]: DEBUG cotyledon.oslo_config_glue [-] workarounds.handle_virt_lifecycle_events = True {{(pid=96662) log_opt_values /opt/stack/data/venv/lib/python3.12/site-packages/oslo_config/cfg.py:3560}}
Aug 18 05:20:42.049059 np0000007601 nova-scheduler[96662]: DEBUG cotyledon.oslo_config_glue [-] workarounds.libvirt_disable_apic = False {{(pid=96662) log_opt_values /opt/stack/data/venv/lib/python3.12/site-packages/oslo_config/cfg.py:3560}}
Aug 18 05:20:42.049059 np0000007601 nova-scheduler[96662]: DEBUG cotyledon.oslo_config_glue [-] workarounds.never_download_image_if_on_rbd = False {{(pid=96662) log_opt_values /opt/stack/data/venv/lib/python3.12/site-packages/oslo_config/cfg.py:3560}}
Aug 18 05:20:42.049059 np0000007601 nova-scheduler[96662]: DEBUG cotyledon.oslo_config_glue [-] workarounds.qemu_monitor_announce_self_count = 3 {{(pid=96662) log_opt_values /opt/stack/data/venv/lib/python3.12/site-packages/oslo_config/cfg.py:3560}}
Aug 18 05:20:42.049059 np0000007601 nova-scheduler[96662]: DEBUG cotyledon.oslo_config_glue [-] workarounds.qemu_monitor_announce_self_interval = 1 {{(pid=96662) log_opt_values /opt/stack/data/venv/lib/python3.12/site-packages/oslo_config/cfg.py:3560}}
Aug 18 05:20:42.049059 np0000007601 nova-scheduler[96662]: DEBUG cotyledon.oslo_config_glue [-] workarounds.reserve_disk_resource_for_image_cache = False {{(pid=96662) log_opt_values /opt/stack/data/venv/lib/python3.12/site-packages/oslo_config/cfg.py:3560}}
Aug 18 05:20:42.049255 np0000007601 nova-scheduler[96662]: DEBUG cotyledon.oslo_config_glue [-] workarounds.skip_cpu_compare_at_startup = False {{(pid=96662) log_opt_values /opt/stack/data/venv/lib/python3.12/site-packages/oslo_config/cfg.py:3560}}
Aug 18 05:20:42.049255 np0000007601 nova-scheduler[96662]: DEBUG cotyledon.oslo_config_glue [-] workarounds.skip_cpu_compare_on_dest = False {{(pid=96662) log_opt_values /opt/stack/data/venv/lib/python3.12/site-packages/oslo_config/cfg.py:3560}}
Aug 18 05:20:42.049255 np0000007601 nova-scheduler[96662]: DEBUG cotyledon.oslo_config_glue [-] workarounds.skip_hypervisor_version_check_on_lm = False {{(pid=96662) log_opt_values /opt/stack/data/venv/lib/python3.12/site-packages/oslo_config/cfg.py:3560}}
Aug 18 05:20:42.049255 np0000007601 nova-scheduler[96662]: DEBUG cotyledon.oslo_config_glue [-] workarounds.skip_reserve_in_use_ironic_nodes = False {{(pid=96662) log_opt_values /opt/stack/data/venv/lib/python3.12/site-packages/oslo_config/cfg.py:3560}}
Aug 18 05:20:42.049255 np0000007601 nova-scheduler[96662]: DEBUG cotyledon.oslo_config_glue [-] workarounds.unified_limits_count_pcpu_as_vcpu = False {{(pid=96662) log_opt_values /opt/stack/data/venv/lib/python3.12/site-packages/oslo_config/cfg.py:3560}}
Aug 18 05:20:42.049255 np0000007601 nova-scheduler[96662]: DEBUG cotyledon.oslo_config_glue [-] workarounds.wait_for_vif_plugged_event_during_hard_reboot = [] {{(pid=96662) log_opt_values /opt/stack/data/venv/lib/python3.12/site-packages/oslo_config/cfg.py:3560}}
Aug 18 05:20:42.049255 np0000007601 nova-scheduler[96662]: DEBUG cotyledon.oslo_config_glue [-] wsgi.api_paste_config = /etc/nova/api-paste.ini {{(pid=96662) log_opt_values /opt/stack/data/venv/lib/python3.12/site-packages/oslo_config/cfg.py:3560}}
Aug 18 05:20:42.049255 np0000007601 nova-scheduler[96662]: DEBUG cotyledon.oslo_config_glue [-] wsgi.secure_proxy_ssl_header = None {{(pid=96662) log_opt_values /opt/stack/data/venv/lib/python3.12/site-packages/oslo_config/cfg.py:3560}}
Aug 18 05:20:42.049255 np0000007601 nova-scheduler[96662]: DEBUG cotyledon.oslo_config_glue [-] zvm.ca_file = None {{(pid=96662) log_opt_values /opt/stack/data/venv/lib/python3.12/site-packages/oslo_config/cfg.py:3560}}
Aug 18 05:20:42.049440 np0000007601 nova-scheduler[96662]: DEBUG cotyledon.oslo_config_glue [-] zvm.cloud_connector_url = None {{(pid=96662) log_opt_values /opt/stack/data/venv/lib/python3.12/site-packages/oslo_config/cfg.py:3560}}
Aug 18 05:20:42.049440 np0000007601 nova-scheduler[96662]: DEBUG cotyledon.oslo_config_glue [-] zvm.image_tmp_path = /opt/stack/data/nova/images {{(pid=96662) log_opt_values /opt/stack/data/venv/lib/python3.12/site-packages/oslo_config/cfg.py:3560}}
Aug 18 05:20:42.049440 np0000007601 nova-scheduler[96662]: DEBUG cotyledon.oslo_config_glue [-] zvm.reachable_timeout = 300 {{(pid=96662) log_opt_values /opt/stack/data/venv/lib/python3.12/site-packages/oslo_config/cfg.py:3560}}
Aug 18 05:20:42.049440 np0000007601 nova-scheduler[96662]: DEBUG cotyledon.oslo_config_glue [-] oslo_versionedobjects.fatal_exception_format_errors = False {{(pid=96662) log_opt_values /opt/stack/data/venv/lib/python3.12/site-packages/oslo_config/cfg.py:3560}}
Aug 18 05:20:42.049440 np0000007601 nova-scheduler[96662]: DEBUG cotyledon.oslo_config_glue [-] oslo_middleware.http_basic_auth_user_file = /etc/htpasswd {{(pid=96662) log_opt_values /opt/stack/data/venv/lib/python3.12/site-packages/oslo_config/cfg.py:3560}}
Aug 18 05:20:42.049440 np0000007601 nova-scheduler[96662]: DEBUG cotyledon.oslo_config_glue [-] oslo_messaging_metrics.metrics_buffer_size = 1000 {{(pid=96662) log_opt_values /opt/stack/data/venv/lib/python3.12/site-packages/oslo_config/cfg.py:3560}}
Aug 18 05:20:42.049440 np0000007601 nova-scheduler[96662]: DEBUG cotyledon.oslo_config_glue [-] oslo_messaging_metrics.metrics_enabled = False {{(pid=96662) log_opt_values /opt/stack/data/venv/lib/python3.12/site-packages/oslo_config/cfg.py:3560}}
Aug 18 05:20:42.049440 np0000007601 nova-scheduler[96662]: DEBUG cotyledon.oslo_config_glue [-] oslo_messaging_metrics.metrics_process_name = {{(pid=96662) log_opt_values /opt/stack/data/venv/lib/python3.12/site-packages/oslo_config/cfg.py:3560}}
Aug 18 05:20:42.049608 np0000007601 nova-scheduler[96662]: DEBUG cotyledon.oslo_config_glue [-] oslo_messaging_metrics.metrics_socket_file = /var/tmp/metrics_collector.sock {{(pid=96662) log_opt_values /opt/stack/data/venv/lib/python3.12/site-packages/oslo_config/cfg.py:3560}}
Aug 18 05:20:42.049608 np0000007601 nova-scheduler[96662]: DEBUG cotyledon.oslo_config_glue [-] oslo_messaging_metrics.metrics_thread_stop_timeout = 10 {{(pid=96662) log_opt_values /opt/stack/data/venv/lib/python3.12/site-packages/oslo_config/cfg.py:3560}}
Aug 18 05:20:42.049608 np0000007601 nova-scheduler[96662]: DEBUG cotyledon.oslo_config_glue [-] profiler.connection_string = messaging:// {{(pid=96662) log_opt_values /opt/stack/data/venv/lib/python3.12/site-packages/oslo_config/cfg.py:3560}}
Aug 18 05:20:42.049608 np0000007601 nova-scheduler[96662]: DEBUG cotyledon.oslo_config_glue [-] profiler.enabled = False {{(pid=96662) log_opt_values /opt/stack/data/venv/lib/python3.12/site-packages/oslo_config/cfg.py:3560}}
Aug 18 05:20:42.049608 np0000007601 nova-scheduler[96662]: DEBUG cotyledon.oslo_config_glue [-] profiler.es_doc_type = notification {{(pid=96662) log_opt_values /opt/stack/data/venv/lib/python3.12/site-packages/oslo_config/cfg.py:3560}}
Aug 18 05:20:42.049608 np0000007601 nova-scheduler[96662]: DEBUG cotyledon.oslo_config_glue [-] profiler.es_scroll_size = 10000 {{(pid=96662) log_opt_values /opt/stack/data/venv/lib/python3.12/site-packages/oslo_config/cfg.py:3560}}
Aug 18 05:20:42.049608 np0000007601 nova-scheduler[96662]: DEBUG cotyledon.oslo_config_glue [-] profiler.es_scroll_time = 2m {{(pid=96662) log_opt_values /opt/stack/data/venv/lib/python3.12/site-packages/oslo_config/cfg.py:3560}}
Aug 18 05:20:42.049608 np0000007601 nova-scheduler[96662]: DEBUG cotyledon.oslo_config_glue [-] profiler.filter_error_trace = False {{(pid=96662) log_opt_values /opt/stack/data/venv/lib/python3.12/site-packages/oslo_config/cfg.py:3560}}
Aug 18 05:20:42.049608 np0000007601 nova-scheduler[96662]: DEBUG cotyledon.oslo_config_glue [-] profiler.hmac_keys = **** {{(pid=96662) log_opt_values /opt/stack/data/venv/lib/python3.12/site-packages/oslo_config/cfg.py:3560}}
Aug 18 05:20:42.049772 np0000007601 nova-scheduler[96662]: DEBUG cotyledon.oslo_config_glue [-] profiler.sentinel_service_name = mymaster {{(pid=96662) log_opt_values /opt/stack/data/venv/lib/python3.12/site-packages/oslo_config/cfg.py:3560}}
Aug 18 05:20:42.049772 np0000007601 nova-scheduler[96662]: DEBUG cotyledon.oslo_config_glue [-] profiler.socket_timeout = 0.1 {{(pid=96662) log_opt_values /opt/stack/data/venv/lib/python3.12/site-packages/oslo_config/cfg.py:3560}}
Aug 18 05:20:42.049772 np0000007601 nova-scheduler[96662]: DEBUG cotyledon.oslo_config_glue [-] profiler.trace_requests = False {{(pid=96662) log_opt_values /opt/stack/data/venv/lib/python3.12/site-packages/oslo_config/cfg.py:3560}}
Aug 18 05:20:42.049772 np0000007601 nova-scheduler[96662]: DEBUG cotyledon.oslo_config_glue [-] profiler.trace_sqlalchemy = False {{(pid=96662) log_opt_values /opt/stack/data/venv/lib/python3.12/site-packages/oslo_config/cfg.py:3560}}
Aug 18 05:20:42.049772 np0000007601 nova-scheduler[96662]: DEBUG cotyledon.oslo_config_glue [-] profiler_jaeger.process_tags = {} {{(pid=96662) log_opt_values /opt/stack/data/venv/lib/python3.12/site-packages/oslo_config/cfg.py:3560}}
Aug 18 05:20:42.049772 np0000007601 nova-scheduler[96662]: DEBUG cotyledon.oslo_config_glue [-] profiler_jaeger.service_name_prefix = None {{(pid=96662) log_opt_values /opt/stack/data/venv/lib/python3.12/site-packages/oslo_config/cfg.py:3560}}
Aug 18 05:20:42.049772 np0000007601 nova-scheduler[96662]: DEBUG cotyledon.oslo_config_glue [-] profiler_otlp.service_name_prefix = None {{(pid=96662) log_opt_values /opt/stack/data/venv/lib/python3.12/site-packages/oslo_config/cfg.py:3560}}
Aug 18 05:20:42.049772 np0000007601 nova-scheduler[96662]: DEBUG cotyledon.oslo_config_glue [-] oslo_messaging_rabbit.amqp_auto_delete = False {{(pid=96662) log_opt_values /opt/stack/data/venv/lib/python3.12/site-packages/oslo_config/cfg.py:3560}}
Aug 18 05:20:42.049772 np0000007601 nova-scheduler[96662]: DEBUG cotyledon.oslo_config_glue [-] oslo_messaging_rabbit.amqp_durable_queues = False {{(pid=96662) log_opt_values /opt/stack/data/venv/lib/python3.12/site-packages/oslo_config/cfg.py:3560}}
Aug 18 05:20:42.049933 np0000007601 nova-scheduler[96662]: DEBUG cotyledon.oslo_config_glue [-] oslo_messaging_rabbit.conn_pool_min_size = 2 {{(pid=96662) log_opt_values /opt/stack/data/venv/lib/python3.12/site-packages/oslo_config/cfg.py:3560}}
Aug 18 05:20:42.049933 np0000007601 nova-scheduler[96662]: DEBUG cotyledon.oslo_config_glue [-] oslo_messaging_rabbit.conn_pool_ttl = 1200 {{(pid=96662) log_opt_values /opt/stack/data/venv/lib/python3.12/site-packages/oslo_config/cfg.py:3560}}
Aug 18 05:20:42.049933 np0000007601 nova-scheduler[96662]: DEBUG cotyledon.oslo_config_glue [-] oslo_messaging_rabbit.direct_mandatory_flag = True {{(pid=96662) log_opt_values /opt/stack/data/venv/lib/python3.12/site-packages/oslo_config/cfg.py:3560}}
Aug 18 05:20:42.049933 np0000007601 nova-scheduler[96662]: DEBUG cotyledon.oslo_config_glue [-] oslo_messaging_rabbit.enable_cancel_on_failover = False {{(pid=96662) log_opt_values /opt/stack/data/venv/lib/python3.12/site-packages/oslo_config/cfg.py:3560}}
Aug 18 05:20:42.049933 np0000007601 nova-scheduler[96662]: DEBUG cotyledon.oslo_config_glue [-] oslo_messaging_rabbit.heartbeat_rate = 3 {{(pid=96662) log_opt_values /opt/stack/data/venv/lib/python3.12/site-packages/oslo_config/cfg.py:3560}}
Aug 18 05:20:42.049933 np0000007601 nova-scheduler[96662]: DEBUG cotyledon.oslo_config_glue [-] oslo_messaging_rabbit.heartbeat_timeout_threshold = 60 {{(pid=96662) log_opt_values /opt/stack/data/venv/lib/python3.12/site-packages/oslo_config/cfg.py:3560}}
Aug 18 05:20:42.049933 np0000007601 nova-scheduler[96662]: DEBUG cotyledon.oslo_config_glue [-] oslo_messaging_rabbit.hostname = np0000007601 {{(pid=96662) log_opt_values /opt/stack/data/venv/lib/python3.12/site-packages/oslo_config/cfg.py:3560}}
Aug 18 05:20:42.049933 np0000007601 nova-scheduler[96662]: DEBUG cotyledon.oslo_config_glue [-] oslo_messaging_rabbit.kombu_compression = None {{(pid=96662) log_opt_values /opt/stack/data/venv/lib/python3.12/site-packages/oslo_config/cfg.py:3560}}
Aug 18 05:20:42.049933 np0000007601 nova-scheduler[96662]: DEBUG cotyledon.oslo_config_glue [-] oslo_messaging_rabbit.kombu_failover_strategy = round-robin {{(pid=96662) log_opt_values /opt/stack/data/venv/lib/python3.12/site-packages/oslo_config/cfg.py:3560}}
Aug 18 05:20:42.050137 np0000007601 nova-scheduler[96662]: DEBUG cotyledon.oslo_config_glue [-] oslo_messaging_rabbit.kombu_missing_consumer_retry_timeout = 60 {{(pid=96662) log_opt_values /opt/stack/data/venv/lib/python3.12/site-packages/oslo_config/cfg.py:3560}}
Aug 18 05:20:42.050137 np0000007601 nova-scheduler[96662]: DEBUG cotyledon.oslo_config_glue [-] oslo_messaging_rabbit.kombu_reconnect_delay = 1.0 {{(pid=96662) log_opt_values /opt/stack/data/venv/lib/python3.12/site-packages/oslo_config/cfg.py:3560}}
Aug 18 05:20:42.050137 np0000007601 nova-scheduler[96662]: DEBUG cotyledon.oslo_config_glue [-] oslo_messaging_rabbit.kombu_reconnect_splay = 0.0 {{(pid=96662) log_opt_values /opt/stack/data/venv/lib/python3.12/site-packages/oslo_config/cfg.py:3560}}
Aug 18 05:20:42.050137 np0000007601 nova-scheduler[96662]: DEBUG cotyledon.oslo_config_glue [-] oslo_messaging_rabbit.processname = nova-scheduler {{(pid=96662) log_opt_values /opt/stack/data/venv/lib/python3.12/site-packages/oslo_config/cfg.py:3560}}
Aug 18 05:20:42.050137 np0000007601 nova-scheduler[96662]: DEBUG cotyledon.oslo_config_glue [-] oslo_messaging_rabbit.rabbit_ha_queues = False {{(pid=96662) log_opt_values /opt/stack/data/venv/lib/python3.12/site-packages/oslo_config/cfg.py:3560}}
Aug 18 05:20:42.050137 np0000007601 nova-scheduler[96662]: DEBUG cotyledon.oslo_config_glue [-] oslo_messaging_rabbit.rabbit_interval_max = 30 {{(pid=96662) log_opt_values /opt/stack/data/venv/lib/python3.12/site-packages/oslo_config/cfg.py:3560}}
Aug 18 05:20:42.050137 np0000007601 nova-scheduler[96662]: DEBUG cotyledon.oslo_config_glue [-] oslo_messaging_rabbit.rabbit_login_method = AMQPLAIN {{(pid=96662) log_opt_values /opt/stack/data/venv/lib/python3.12/site-packages/oslo_config/cfg.py:3560}}
Aug 18 05:20:42.050137 np0000007601 nova-scheduler[96662]: DEBUG cotyledon.oslo_config_glue [-] oslo_messaging_rabbit.rabbit_qos_prefetch_count = 0 {{(pid=96662) log_opt_values /opt/stack/data/venv/lib/python3.12/site-packages/oslo_config/cfg.py:3560}}
Aug 18 05:20:42.050137 np0000007601 nova-scheduler[96662]: DEBUG cotyledon.oslo_config_glue [-] oslo_messaging_rabbit.rabbit_quorum_delivery_limit = 0 {{(pid=96662) log_opt_values /opt/stack/data/venv/lib/python3.12/site-packages/oslo_config/cfg.py:3560}}
Aug 18 05:20:42.050336 np0000007601 nova-scheduler[96662]: DEBUG cotyledon.oslo_config_glue [-] oslo_messaging_rabbit.rabbit_quorum_max_memory_bytes = 0 {{(pid=96662) log_opt_values /opt/stack/data/venv/lib/python3.12/site-packages/oslo_config/cfg.py:3560}}
Aug 18 05:20:42.050336 np0000007601 nova-scheduler[96662]: DEBUG cotyledon.oslo_config_glue [-] oslo_messaging_rabbit.rabbit_quorum_max_memory_length = 0 {{(pid=96662) log_opt_values /opt/stack/data/venv/lib/python3.12/site-packages/oslo_config/cfg.py:3560}}
Aug 18 05:20:42.050336 np0000007601 nova-scheduler[96662]: DEBUG cotyledon.oslo_config_glue [-] oslo_messaging_rabbit.rabbit_quorum_queue = False {{(pid=96662) log_opt_values /opt/stack/data/venv/lib/python3.12/site-packages/oslo_config/cfg.py:3560}}
Aug 18 05:20:42.050336 np0000007601 nova-scheduler[96662]: DEBUG cotyledon.oslo_config_glue [-] oslo_messaging_rabbit.rabbit_retry_backoff = 2 {{(pid=96662) log_opt_values /opt/stack/data/venv/lib/python3.12/site-packages/oslo_config/cfg.py:3560}}
Aug 18 05:20:42.050336 np0000007601 nova-scheduler[96662]: DEBUG cotyledon.oslo_config_glue [-] oslo_messaging_rabbit.rabbit_retry_interval = 1 {{(pid=96662) log_opt_values /opt/stack/data/venv/lib/python3.12/site-packages/oslo_config/cfg.py:3560}}
Aug 18 05:20:42.050336 np0000007601 nova-scheduler[96662]: DEBUG cotyledon.oslo_config_glue [-] oslo_messaging_rabbit.rabbit_stream_fanout = False {{(pid=96662) log_opt_values /opt/stack/data/venv/lib/python3.12/site-packages/oslo_config/cfg.py:3560}}
Aug 18 05:20:42.050336 np0000007601 nova-scheduler[96662]: DEBUG cotyledon.oslo_config_glue [-] oslo_messaging_rabbit.rabbit_transient_queues_ttl = 1800 {{(pid=96662) log_opt_values /opt/stack/data/venv/lib/python3.12/site-packages/oslo_config/cfg.py:3560}}
Aug 18 05:20:42.050336 np0000007601 nova-scheduler[96662]: DEBUG cotyledon.oslo_config_glue [-] oslo_messaging_rabbit.rabbit_transient_quorum_queue = False {{(pid=96662) log_opt_values /opt/stack/data/venv/lib/python3.12/site-packages/oslo_config/cfg.py:3560}}
Aug 18 05:20:42.050479 np0000007601 nova-scheduler[96662]: DEBUG cotyledon.oslo_config_glue [-] oslo_messaging_rabbit.rpc_conn_pool_size = 30 {{(pid=96662) log_opt_values /opt/stack/data/venv/lib/python3.12/site-packages/oslo_config/cfg.py:3560}}
Aug 18 05:20:42.050479 np0000007601 nova-scheduler[96662]: DEBUG cotyledon.oslo_config_glue [-] oslo_messaging_rabbit.ssl = False {{(pid=96662) log_opt_values /opt/stack/data/venv/lib/python3.12/site-packages/oslo_config/cfg.py:3560}}
Aug 18 05:20:42.050479 np0000007601 nova-scheduler[96662]: DEBUG cotyledon.oslo_config_glue [-] oslo_messaging_rabbit.ssl_ca_file = {{(pid=96662) log_opt_values /opt/stack/data/venv/lib/python3.12/site-packages/oslo_config/cfg.py:3560}}
Aug 18 05:20:42.050479 np0000007601 nova-scheduler[96662]: DEBUG cotyledon.oslo_config_glue [-] oslo_messaging_rabbit.ssl_cert_file = {{(pid=96662) log_opt_values /opt/stack/data/venv/lib/python3.12/site-packages/oslo_config/cfg.py:3560}}
Aug 18 05:20:42.050479 np0000007601 nova-scheduler[96662]: DEBUG cotyledon.oslo_config_glue [-] oslo_messaging_rabbit.ssl_enforce_fips_mode = False {{(pid=96662) log_opt_values /opt/stack/data/venv/lib/python3.12/site-packages/oslo_config/cfg.py:3560}}
Aug 18 05:20:42.050479 np0000007601 nova-scheduler[96662]: DEBUG cotyledon.oslo_config_glue [-] oslo_messaging_rabbit.ssl_enforce_hostname_verification = True {{(pid=96662) log_opt_values /opt/stack/data/venv/lib/python3.12/site-packages/oslo_config/cfg.py:3560}}
Aug 18 05:20:42.050479 np0000007601 nova-scheduler[96662]: DEBUG cotyledon.oslo_config_glue [-] oslo_messaging_rabbit.ssl_key_file = {{(pid=96662) log_opt_values /opt/stack/data/venv/lib/python3.12/site-packages/oslo_config/cfg.py:3560}}
Aug 18 05:20:42.050479 np0000007601 nova-scheduler[96662]: DEBUG cotyledon.oslo_config_glue [-] oslo_messaging_rabbit.ssl_version = {{(pid=96662) log_opt_values /opt/stack/data/venv/lib/python3.12/site-packages/oslo_config/cfg.py:3560}}
Aug 18 05:20:42.050479 np0000007601 nova-scheduler[96662]: DEBUG cotyledon.oslo_config_glue [-] oslo_messaging_rabbit.use_queue_manager = False {{(pid=96662) log_opt_values /opt/stack/data/venv/lib/python3.12/site-packages/oslo_config/cfg.py:3560}}
Aug 18 05:20:42.050650 np0000007601 nova-scheduler[96662]: DEBUG cotyledon.oslo_config_glue [-] oslo_messaging_notifications.driver = ['messagingv2'] {{(pid=96662) log_opt_values /opt/stack/data/venv/lib/python3.12/site-packages/oslo_config/cfg.py:3560}}
Aug 18 05:20:42.050650 np0000007601 nova-scheduler[96662]: DEBUG cotyledon.oslo_config_glue [-] oslo_messaging_notifications.retry = -1 {{(pid=96662) log_opt_values /opt/stack/data/venv/lib/python3.12/site-packages/oslo_config/cfg.py:3560}}
Aug 18 05:20:42.050650 np0000007601 nova-scheduler[96662]: DEBUG cotyledon.oslo_config_glue [-] oslo_messaging_notifications.topics = ['notifications'] {{(pid=96662) log_opt_values /opt/stack/data/venv/lib/python3.12/site-packages/oslo_config/cfg.py:3560}}
Aug 18 05:20:42.050650 np0000007601 nova-scheduler[96662]: DEBUG cotyledon.oslo_config_glue [-] oslo_messaging_notifications.transport_url = **** {{(pid=96662) log_opt_values /opt/stack/data/venv/lib/python3.12/site-packages/oslo_config/cfg.py:3560}}
Aug 18 05:20:42.050650 np0000007601 nova-scheduler[96662]: DEBUG cotyledon.oslo_config_glue [-] oslo_limit.auth_section = None {{(pid=96662) log_opt_values /opt/stack/data/venv/lib/python3.12/site-packages/oslo_config/cfg.py:3560}}
Aug 18 05:20:42.050650 np0000007601 nova-scheduler[96662]: DEBUG cotyledon.oslo_config_glue [-] oslo_limit.auth_type = None {{(pid=96662) log_opt_values /opt/stack/data/venv/lib/python3.12/site-packages/oslo_config/cfg.py:3560}}
Aug 18 05:20:42.050650 np0000007601 nova-scheduler[96662]: DEBUG cotyledon.oslo_config_glue [-] oslo_limit.cafile = None {{(pid=96662) log_opt_values /opt/stack/data/venv/lib/python3.12/site-packages/oslo_config/cfg.py:3560}}
Aug 18 05:20:42.050650 np0000007601 nova-scheduler[96662]: DEBUG cotyledon.oslo_config_glue [-] oslo_limit.certfile = None {{(pid=96662) log_opt_values /opt/stack/data/venv/lib/python3.12/site-packages/oslo_config/cfg.py:3560}}
Aug 18 05:20:42.050650 np0000007601 nova-scheduler[96662]: DEBUG cotyledon.oslo_config_glue [-] oslo_limit.collect_timing = False {{(pid=96662) log_opt_values /opt/stack/data/venv/lib/python3.12/site-packages/oslo_config/cfg.py:3560}}
Aug 18 05:20:42.050823 np0000007601 nova-scheduler[96662]: DEBUG cotyledon.oslo_config_glue [-] oslo_limit.connect_retries = None {{(pid=96662) log_opt_values /opt/stack/data/venv/lib/python3.12/site-packages/oslo_config/cfg.py:3560}}
Aug 18 05:20:42.050823 np0000007601 nova-scheduler[96662]: DEBUG cotyledon.oslo_config_glue [-] oslo_limit.connect_retry_delay = None {{(pid=96662) log_opt_values /opt/stack/data/venv/lib/python3.12/site-packages/oslo_config/cfg.py:3560}}
Aug 18 05:20:42.050823 np0000007601 nova-scheduler[96662]: DEBUG cotyledon.oslo_config_glue [-] oslo_limit.endpoint_id = None {{(pid=96662) log_opt_values /opt/stack/data/venv/lib/python3.12/site-packages/oslo_config/cfg.py:3560}}
Aug 18 05:20:42.050823 np0000007601 nova-scheduler[96662]: DEBUG cotyledon.oslo_config_glue [-] oslo_limit.endpoint_interface = public {{(pid=96662) log_opt_values /opt/stack/data/venv/lib/python3.12/site-packages/oslo_config/cfg.py:3560}}
Aug 18 05:20:42.050823 np0000007601 nova-scheduler[96662]: DEBUG cotyledon.oslo_config_glue [-] oslo_limit.endpoint_override = None {{(pid=96662) log_opt_values /opt/stack/data/venv/lib/python3.12/site-packages/oslo_config/cfg.py:3560}}
Aug 18 05:20:42.050823 np0000007601 nova-scheduler[96662]: DEBUG cotyledon.oslo_config_glue [-] oslo_limit.endpoint_region_name = None {{(pid=96662) log_opt_values /opt/stack/data/venv/lib/python3.12/site-packages/oslo_config/cfg.py:3560}}
Aug 18 05:20:42.050823 np0000007601 nova-scheduler[96662]: DEBUG cotyledon.oslo_config_glue [-] oslo_limit.endpoint_service_name = None {{(pid=96662) log_opt_values /opt/stack/data/venv/lib/python3.12/site-packages/oslo_config/cfg.py:3560}}
Aug 18 05:20:42.050823 np0000007601 nova-scheduler[96662]: DEBUG cotyledon.oslo_config_glue [-] oslo_limit.endpoint_service_type = None {{(pid=96662) log_opt_values /opt/stack/data/venv/lib/python3.12/site-packages/oslo_config/cfg.py:3560}}
Aug 18 05:20:42.050823 np0000007601 nova-scheduler[96662]: DEBUG cotyledon.oslo_config_glue [-] oslo_limit.insecure = False {{(pid=96662) log_opt_values /opt/stack/data/venv/lib/python3.12/site-packages/oslo_config/cfg.py:3560}}
Aug 18 05:20:42.050990 np0000007601 nova-scheduler[96662]: DEBUG cotyledon.oslo_config_glue [-] oslo_limit.keyfile = None {{(pid=96662) log_opt_values /opt/stack/data/venv/lib/python3.12/site-packages/oslo_config/cfg.py:3560}}
Aug 18 05:20:42.050990 np0000007601 nova-scheduler[96662]: DEBUG cotyledon.oslo_config_glue [-] oslo_limit.max_version = None {{(pid=96662) log_opt_values /opt/stack/data/venv/lib/python3.12/site-packages/oslo_config/cfg.py:3560}}
Aug 18 05:20:42.050990 np0000007601 nova-scheduler[96662]: DEBUG cotyledon.oslo_config_glue [-] oslo_limit.min_version = None {{(pid=96662) log_opt_values /opt/stack/data/venv/lib/python3.12/site-packages/oslo_config/cfg.py:3560}}
Aug 18 05:20:42.050990 np0000007601 nova-scheduler[96662]: DEBUG cotyledon.oslo_config_glue [-] oslo_limit.region_name = None {{(pid=96662) log_opt_values /opt/stack/data/venv/lib/python3.12/site-packages/oslo_config/cfg.py:3560}}
Aug 18 05:20:42.050990 np0000007601 nova-scheduler[96662]: DEBUG cotyledon.oslo_config_glue [-] oslo_limit.retriable_status_codes = None {{(pid=96662) log_opt_values /opt/stack/data/venv/lib/python3.12/site-packages/oslo_config/cfg.py:3560}}
Aug 18 05:20:42.050990 np0000007601 nova-scheduler[96662]: DEBUG cotyledon.oslo_config_glue [-] oslo_limit.service_name = None {{(pid=96662) log_opt_values /opt/stack/data/venv/lib/python3.12/site-packages/oslo_config/cfg.py:3560}}
Aug 18 05:20:42.050990 np0000007601 nova-scheduler[96662]: DEBUG cotyledon.oslo_config_glue [-] oslo_limit.service_type = None {{(pid=96662) log_opt_values /opt/stack/data/venv/lib/python3.12/site-packages/oslo_config/cfg.py:3560}}
Aug 18 05:20:42.050990 np0000007601 nova-scheduler[96662]: DEBUG cotyledon.oslo_config_glue [-] oslo_limit.split_loggers = False {{(pid=96662) log_opt_values /opt/stack/data/venv/lib/python3.12/site-packages/oslo_config/cfg.py:3560}}
Aug 18 05:20:42.050990 np0000007601 nova-scheduler[96662]: DEBUG cotyledon.oslo_config_glue [-] oslo_limit.status_code_retries = None {{(pid=96662) log_opt_values /opt/stack/data/venv/lib/python3.12/site-packages/oslo_config/cfg.py:3560}}
Aug 18 05:20:42.051168 np0000007601 nova-scheduler[96662]: DEBUG cotyledon.oslo_config_glue [-] oslo_limit.status_code_retry_delay = None {{(pid=96662) log_opt_values /opt/stack/data/venv/lib/python3.12/site-packages/oslo_config/cfg.py:3560}}
Aug 18 05:20:42.051168 np0000007601 nova-scheduler[96662]: DEBUG cotyledon.oslo_config_glue [-] oslo_limit.timeout = None {{(pid=96662) log_opt_values /opt/stack/data/venv/lib/python3.12/site-packages/oslo_config/cfg.py:3560}}
Aug 18 05:20:42.051168 np0000007601 nova-scheduler[96662]: DEBUG cotyledon.oslo_config_glue [-] oslo_limit.valid_interfaces = None {{(pid=96662) log_opt_values /opt/stack/data/venv/lib/python3.12/site-packages/oslo_config/cfg.py:3560}}
Aug 18 05:20:42.051168 np0000007601 nova-scheduler[96662]: DEBUG cotyledon.oslo_config_glue [-] oslo_limit.version = None {{(pid=96662) log_opt_values /opt/stack/data/venv/lib/python3.12/site-packages/oslo_config/cfg.py:3560}}
Aug 18 05:20:42.051168 np0000007601 nova-scheduler[96662]: DEBUG cotyledon.oslo_config_glue [-] oslo_reports.file_event_handler = None {{(pid=96662) log_opt_values /opt/stack/data/venv/lib/python3.12/site-packages/oslo_config/cfg.py:3560}}
Aug 18 05:20:42.051168 np0000007601 nova-scheduler[96662]: DEBUG cotyledon.oslo_config_glue [-] oslo_reports.file_event_handler_interval = 1 {{(pid=96662) log_opt_values /opt/stack/data/venv/lib/python3.12/site-packages/oslo_config/cfg.py:3560}}
Aug 18 05:20:42.051168 np0000007601 nova-scheduler[96662]: DEBUG cotyledon.oslo_config_glue [-] oslo_reports.log_dir = None {{(pid=96662) log_opt_values /opt/stack/data/venv/lib/python3.12/site-packages/oslo_config/cfg.py:3560}}
Aug 18 05:20:42.051168 np0000007601 nova-scheduler[96662]: DEBUG cotyledon.oslo_config_glue [-] ******************************************************************************** {{(pid=96662) log_opt_values /opt/stack/data/venv/lib/python3.12/site-packages/oslo_config/cfg.py:3567}}
Aug 18 05:20:42.051168 np0000007601 nova-scheduler[96662]: DEBUG cotyledon._service_worker [-] Run service ServiceWrapper(3) [96662] {{(pid=96662) wait_forever /opt/stack/data/venv/lib/python3.12/site-packages/cotyledon/_service_worker.py:218}}
Aug 18 05:20:42.051350 np0000007601 nova-scheduler[96662]: INFO nova.service [-] Starting scheduler node (version 33.1.0)
Aug 18 05:20:42.051350 np0000007601 nova-scheduler[96662]: INFO dbcounter [None req-a5c9f567-5856-47e3-8839-9cb6be46601b None None] Registered counter for database nova_cell0
Aug 18 05:20:42.051388 np0000007601 nova-scheduler[96612]: DEBUG oslo_db.sqlalchemy.engines [None req-b2c2233f-7bb4-4148-9129-969851d197b2 None None] MySQL server mode set to STRICT_TRANS_TABLES,STRICT_ALL_TABLES,NO_ZERO_IN_DATE,NO_ZERO_DATE,ERROR_FOR_DIVISION_BY_ZERO,TRADITIONAL,NO_ENGINE_SUBSTITUTION {{(pid=96612) _check_effective_sql_mode /opt/stack/data/venv/lib/python3.12/site-packages/oslo_db/sqlalchemy/engines.py:325}}
Aug 18 05:20:42.051417 np0000007601 nova-scheduler[96625]: DEBUG oslo_db.sqlalchemy.engines [None req-072e1844-d0a2-4b17-a45f-028dabb2c951 None None] MySQL server mode set to STRICT_TRANS_TABLES,STRICT_ALL_TABLES,NO_ZERO_IN_DATE,NO_ZERO_DATE,ERROR_FOR_DIVISION_BY_ZERO,TRADITIONAL,NO_ENGINE_SUBSTITUTION {{(pid=96625) _check_effective_sql_mode /opt/stack/data/venv/lib/python3.12/site-packages/oslo_db/sqlalchemy/engines.py:325}}
Aug 18 05:20:42.051451 np0000007601 nova-scheduler[96612]: DEBUG dbcounter [-] [96612] Writer thread running {{(pid=96612) stat_writer /opt/stack/data/venv/lib/python3.12/site-packages/dbcounter.py:102}}
Aug 18 05:20:42.051476 np0000007601 nova-scheduler[96625]: DEBUG dbcounter [-] [96625] Writer thread running {{(pid=96625) stat_writer /opt/stack/data/venv/lib/python3.12/site-packages/dbcounter.py:102}}
Aug 18 05:20:42.056710 np0000007601 nova-scheduler[96658]: DEBUG oslo_db.sqlalchemy.engines [None req-e950144b-18f5-426a-af42-191364e09ec9 None None] MySQL server mode set to STRICT_TRANS_TABLES,STRICT_ALL_TABLES,NO_ZERO_IN_DATE,NO_ZERO_DATE,ERROR_FOR_DIVISION_BY_ZERO,TRADITIONAL,NO_ENGINE_SUBSTITUTION {{(pid=96658) _check_effective_sql_mode /opt/stack/data/venv/lib/python3.12/site-packages/oslo_db/sqlalchemy/engines.py:325}}
Aug 18 05:20:42.060161 np0000007601 nova-scheduler[96612]: DEBUG nova.service [None req-b2c2233f-7bb4-4148-9129-969851d197b2 None None] Creating RPC server for service: nova-scheduler on topic: scheduler {{(pid=96612) start /opt/stack/nova/nova/service.py:262}}
Aug 18 05:20:42.063733 np0000007601 nova-scheduler[96625]: DEBUG nova.service [None req-072e1844-d0a2-4b17-a45f-028dabb2c951 None None] Creating RPC server for service: nova-scheduler on topic: scheduler {{(pid=96625) start /opt/stack/nova/nova/service.py:262}}
Aug 18 05:20:42.067130 np0000007601 nova-scheduler[96658]: DEBUG dbcounter [-] [96658] Writer thread running {{(pid=96658) stat_writer /opt/stack/data/venv/lib/python3.12/site-packages/dbcounter.py:102}}
Aug 18 05:20:42.070129 np0000007601 nova-scheduler[96658]: DEBUG nova.service [None req-e950144b-18f5-426a-af42-191364e09ec9 None None] Creating RPC server for service: nova-scheduler on topic: scheduler {{(pid=96658) start /opt/stack/nova/nova/service.py:262}}
Aug 18 05:20:42.074102 np0000007601 nova-scheduler[96662]: DEBUG oslo_db.sqlalchemy.engines [None req-a5c9f567-5856-47e3-8839-9cb6be46601b None None] MySQL server mode set to STRICT_TRANS_TABLES,STRICT_ALL_TABLES,NO_ZERO_IN_DATE,NO_ZERO_DATE,ERROR_FOR_DIVISION_BY_ZERO,TRADITIONAL,NO_ENGINE_SUBSTITUTION {{(pid=96662) _check_effective_sql_mode /opt/stack/data/venv/lib/python3.12/site-packages/oslo_db/sqlalchemy/engines.py:325}}
Aug 18 05:20:42.085746 np0000007601 nova-scheduler[96662]: DEBUG dbcounter [-] [96662] Writer thread running {{(pid=96662) stat_writer /opt/stack/data/venv/lib/python3.12/site-packages/dbcounter.py:102}}
Aug 18 05:20:42.088766 np0000007601 nova-scheduler[96662]: DEBUG nova.service [None req-a5c9f567-5856-47e3-8839-9cb6be46601b None None] Creating RPC server for service: nova-scheduler on topic: scheduler {{(pid=96662) start /opt/stack/nova/nova/service.py:262}}
Aug 18 05:20:42.097871 np0000007601 nova-scheduler[96658]: DEBUG nova.service [None req-e950144b-18f5-426a-af42-191364e09ec9 None None] Join ServiceGroup membership for this service scheduler {{(pid=96658) start /opt/stack/nova/nova/service.py:288}}
Aug 18 05:20:42.098175 np0000007601 nova-scheduler[96658]: DEBUG nova.servicegroup.drivers.db [None req-e950144b-18f5-426a-af42-191364e09ec9 None None] DB_Driver: join new ServiceGroup member np0000007601 to the scheduler group, service = {{(pid=96658) join /opt/stack/nova/nova/servicegroup/drivers/db.py:44}}
Aug 18 05:20:42.099639 np0000007601 nova-scheduler[96625]: DEBUG nova.service [None req-072e1844-d0a2-4b17-a45f-028dabb2c951 None None] Join ServiceGroup membership for this service scheduler {{(pid=96625) start /opt/stack/nova/nova/service.py:288}}
Aug 18 05:20:42.099838 np0000007601 nova-scheduler[96625]: DEBUG nova.servicegroup.drivers.db [None req-072e1844-d0a2-4b17-a45f-028dabb2c951 None None] DB_Driver: join new ServiceGroup member np0000007601 to the scheduler group, service = {{(pid=96625) join /opt/stack/nova/nova/servicegroup/drivers/db.py:44}}
Aug 18 05:20:42.100767 np0000007601 nova-scheduler[96612]: DEBUG nova.service [None req-b2c2233f-7bb4-4148-9129-969851d197b2 None None] Join ServiceGroup membership for this service scheduler {{(pid=96612) start /opt/stack/nova/nova/service.py:288}}
Aug 18 05:20:42.101155 np0000007601 nova-scheduler[96612]: DEBUG nova.servicegroup.drivers.db [None req-b2c2233f-7bb4-4148-9129-969851d197b2 None None] DB_Driver: join new ServiceGroup member np0000007601 to the scheduler group, service = {{(pid=96612) join /opt/stack/nova/nova/servicegroup/drivers/db.py:44}}
Aug 18 05:20:42.106633 np0000007601 nova-scheduler[96662]: DEBUG nova.service [None req-a5c9f567-5856-47e3-8839-9cb6be46601b None None] Join ServiceGroup membership for this service scheduler {{(pid=96662) start /opt/stack/nova/nova/service.py:288}}
Aug 18 05:20:42.106867 np0000007601 nova-scheduler[96662]: DEBUG nova.servicegroup.drivers.db [None req-a5c9f567-5856-47e3-8839-9cb6be46601b None None] DB_Driver: join new ServiceGroup member np0000007601 to the scheduler group, service = {{(pid=96662) join /opt/stack/nova/nova/servicegroup/drivers/db.py:44}}
Aug 18 05:20:47.110482 np0000007601 nova-scheduler[96662]: DEBUG oslo.service.backend._threading.loopingcall [None req-8bb61230-4934-4873-b489-cc9d7766d7e1 None None] Dynamic interval looping call 'nova.service.Service.periodic_tasks' sleeping for 60.00 seconds {{(pid=96662) _run_loop /opt/stack/data/venv/lib/python3.12/site-packages/oslo_service/backend/_threading/loopingcall.py:125}}
Aug 18 05:20:47.115264 np0000007601 nova-scheduler[96625]: DEBUG oslo.service.backend._threading.loopingcall [-] Fixed interval looping call 'nova.servicegroup.drivers.db.DbDriver._report_state' sleeping for 119.99 seconds {{(pid=96625) _run_loop /opt/stack/data/venv/lib/python3.12/site-packages/oslo_service/backend/_threading/loopingcall.py:125}}
Aug 18 05:20:47.115992 np0000007601 nova-scheduler[96612]: DEBUG oslo.service.backend._threading.loopingcall [-] Fixed interval looping call 'nova.servicegroup.drivers.db.DbDriver._report_state' sleeping for 119.99 seconds {{(pid=96612) _run_loop /opt/stack/data/venv/lib/python3.12/site-packages/oslo_service/backend/_threading/loopingcall.py:125}}
Aug 18 05:20:47.117451 np0000007601 nova-scheduler[96658]: DEBUG oslo.service.backend._threading.loopingcall [-] Fixed interval looping call 'nova.servicegroup.drivers.db.DbDriver._report_state' sleeping for 119.98 seconds {{(pid=96658) _run_loop /opt/stack/data/venv/lib/python3.12/site-packages/oslo_service/backend/_threading/loopingcall.py:125}}
Aug 18 05:20:47.120035 np0000007601 nova-scheduler[96662]: DEBUG oslo.service.backend._threading.loopingcall [-] Fixed interval looping call 'nova.servicegroup.drivers.db.DbDriver._report_state' sleeping for 119.99 seconds {{(pid=96662) _run_loop /opt/stack/data/venv/lib/python3.12/site-packages/oslo_service/backend/_threading/loopingcall.py:125}}
Aug 18 05:20:50.606799 np0000007601 nova-scheduler[95415]: DEBUG dbcounter [-] [95415] Writing DB stats nova_api:SELECT=3 {{(pid=95415) stat_writer /opt/stack/data/venv/lib/python3.12/site-packages/dbcounter.py:115}}
Aug 18 05:20:50.752472 np0000007601 nova-scheduler[95415]: DEBUG dbcounter [-] [95415] Writing DB stats nova_cell1:SELECT=1 {{(pid=95415) stat_writer /opt/stack/data/venv/lib/python3.12/site-packages/dbcounter.py:115}}
Aug 18 05:20:50.756704 np0000007601 nova-scheduler[95415]: DEBUG dbcounter [-] [95415] Writing DB stats nova_cell0:SELECT=1 {{(pid=95415) stat_writer /opt/stack/data/venv/lib/python3.12/site-packages/dbcounter.py:115}}
Aug 18 05:20:55.100213 np0000007601 nova-scheduler[96658]: DEBUG oslo.service.backend._threading.loopingcall [None req-bc7fc967-8260-4935-ad65-397d93310dee None None] Dynamic interval looping call 'nova.service.Service.periodic_tasks' sleeping for 60.00 seconds {{(pid=96658) _run_loop /opt/stack/data/venv/lib/python3.12/site-packages/oslo_service/backend/_threading/loopingcall.py:125}}
Aug 18 05:20:57.109475 np0000007601 nova-scheduler[96625]: DEBUG dbcounter [-] [96625] Writing DB stats nova_cell0:SELECT=5,nova_cell0:INSERT=1,nova_cell0:UPDATE=1 {{(pid=96625) stat_writer /opt/stack/data/venv/lib/python3.12/site-packages/dbcounter.py:115}}
Aug 18 05:20:57.110028 np0000007601 nova-scheduler[96612]: DEBUG dbcounter [-] [96612] Writing DB stats nova_cell0:SELECT=4,nova_cell0:INSERT=1,nova_cell0:UPDATE=1 {{(pid=96612) stat_writer /opt/stack/data/venv/lib/python3.12/site-packages/dbcounter.py:115}}
Aug 18 05:20:57.112211 np0000007601 nova-scheduler[96658]: DEBUG dbcounter [-] [96658] Writing DB stats nova_cell0:SELECT=3,nova_cell0:UPDATE=1 {{(pid=96658) stat_writer /opt/stack/data/venv/lib/python3.12/site-packages/dbcounter.py:115}}
Aug 18 05:20:57.116038 np0000007601 nova-scheduler[96662]: DEBUG dbcounter [-] [96662] Writing DB stats nova_cell0:SELECT=3 {{(pid=96662) stat_writer /opt/stack/data/venv/lib/python3.12/site-packages/dbcounter.py:115}}
Aug 18 05:21:01.103266 np0000007601 nova-scheduler[96612]: DEBUG oslo.service.backend._threading.loopingcall [None req-15a7b60c-5216-4ea0-8782-e36ead54e16d None None] Dynamic interval looping call 'nova.service.Service.periodic_tasks' sleeping for 60.00 seconds {{(pid=96612) _run_loop /opt/stack/data/venv/lib/python3.12/site-packages/oslo_service/backend/_threading/loopingcall.py:125}}
Aug 18 05:21:25.101793 np0000007601 nova-scheduler[96625]: DEBUG oslo.service.backend._threading.loopingcall [None req-bc556344-c033-43af-9961-1dba1b683384 None None] Dynamic interval looping call 'nova.service.Service.periodic_tasks' sleeping for 60.00 seconds {{(pid=96625) _run_loop /opt/stack/data/venv/lib/python3.12/site-packages/oslo_service/backend/_threading/loopingcall.py:125}}
Aug 18 05:21:47.110962 np0000007601 nova-scheduler[96662]: DEBUG oslo.service.backend._threading.loopingcall [None req-8bb61230-4934-4873-b489-cc9d7766d7e1 None None] Dynamic interval looping call 'nova.service.Service.periodic_tasks' sleeping for 60.00 seconds {{(pid=96662) _run_loop /opt/stack/data/venv/lib/python3.12/site-packages/oslo_service/backend/_threading/loopingcall.py:125}}
Aug 18 05:21:55.100724 np0000007601 nova-scheduler[96658]: DEBUG oslo.service.backend._threading.loopingcall [None req-bc7fc967-8260-4935-ad65-397d93310dee None None] Dynamic interval looping call 'nova.service.Service.periodic_tasks' sleeping for 60.00 seconds {{(pid=96658) _run_loop /opt/stack/data/venv/lib/python3.12/site-packages/oslo_service/backend/_threading/loopingcall.py:125}}
Aug 18 05:22:01.103824 np0000007601 nova-scheduler[96612]: DEBUG oslo.service.backend._threading.loopingcall [None req-15a7b60c-5216-4ea0-8782-e36ead54e16d None None] Dynamic interval looping call 'nova.service.Service.periodic_tasks' sleeping for 60.00 seconds {{(pid=96612) _run_loop /opt/stack/data/venv/lib/python3.12/site-packages/oslo_service/backend/_threading/loopingcall.py:125}}
Aug 18 05:22:25.102424 np0000007601 nova-scheduler[96625]: DEBUG oslo.service.backend._threading.loopingcall [None req-bc556344-c033-43af-9961-1dba1b683384 None None] Dynamic interval looping call 'nova.service.Service.periodic_tasks' sleeping for 60.00 seconds {{(pid=96625) _run_loop /opt/stack/data/venv/lib/python3.12/site-packages/oslo_service/backend/_threading/loopingcall.py:125}}
Aug 18 05:22:47.111466 np0000007601 nova-scheduler[96662]: DEBUG oslo.service.backend._threading.loopingcall [None req-8bb61230-4934-4873-b489-cc9d7766d7e1 None None] Dynamic interval looping call 'nova.service.Service.periodic_tasks' sleeping for 60.00 seconds {{(pid=96662) _run_loop /opt/stack/data/venv/lib/python3.12/site-packages/oslo_service/backend/_threading/loopingcall.py:125}}
Aug 18 05:22:47.125354 np0000007601 nova-scheduler[96658]: DEBUG oslo.service.backend._threading.loopingcall [-] Fixed interval looping call 'nova.servicegroup.drivers.db.DbDriver._report_state' sleeping for 119.97 seconds {{(pid=96658) _run_loop /opt/stack/data/venv/lib/python3.12/site-packages/oslo_service/backend/_threading/loopingcall.py:125}}
Aug 18 05:22:47.126344 np0000007601 nova-scheduler[96625]: DEBUG oslo.service.backend._threading.loopingcall [-] Fixed interval looping call 'nova.servicegroup.drivers.db.DbDriver._report_state' sleeping for 119.98 seconds {{(pid=96625) _run_loop /opt/stack/data/venv/lib/python3.12/site-packages/oslo_service/backend/_threading/loopingcall.py:125}}
Aug 18 05:22:47.129320 np0000007601 nova-scheduler[96612]: DEBUG oslo.service.backend._threading.loopingcall [-] Fixed interval looping call 'nova.servicegroup.drivers.db.DbDriver._report_state' sleeping for 119.98 seconds {{(pid=96612) _run_loop /opt/stack/data/venv/lib/python3.12/site-packages/oslo_service/backend/_threading/loopingcall.py:125}}
Aug 18 05:22:47.129679 np0000007601 nova-scheduler[96662]: DEBUG oslo.service.backend._threading.loopingcall [-] Fixed interval looping call 'nova.servicegroup.drivers.db.DbDriver._report_state' sleeping for 119.98 seconds {{(pid=96662) _run_loop /opt/stack/data/venv/lib/python3.12/site-packages/oslo_service/backend/_threading/loopingcall.py:125}}
Aug 18 05:22:55.101323 np0000007601 nova-scheduler[96658]: DEBUG oslo.service.backend._threading.loopingcall [None req-bc7fc967-8260-4935-ad65-397d93310dee None None] Dynamic interval looping call 'nova.service.Service.periodic_tasks' sleeping for 60.00 seconds {{(pid=96658) _run_loop /opt/stack/data/venv/lib/python3.12/site-packages/oslo_service/backend/_threading/loopingcall.py:125}}
Aug 18 05:22:57.100940 np0000007601 nova-scheduler[96658]: DEBUG dbcounter [-] [96658] Writing DB stats nova_cell0:SELECT=1,nova_cell0:UPDATE=1 {{(pid=96658) stat_writer /opt/stack/data/venv/lib/python3.12/site-packages/dbcounter.py:115}}
Aug 18 05:22:57.110268 np0000007601 nova-scheduler[96625]: DEBUG dbcounter [-] [96625] Writing DB stats nova_cell0:SELECT=1,nova_cell0:UPDATE=1 {{(pid=96625) stat_writer /opt/stack/data/venv/lib/python3.12/site-packages/dbcounter.py:115}}
Aug 18 05:22:57.110635 np0000007601 nova-scheduler[96612]: DEBUG dbcounter [-] [96612] Writing DB stats nova_cell0:SELECT=1,nova_cell0:UPDATE=1 {{(pid=96612) stat_writer /opt/stack/data/venv/lib/python3.12/site-packages/dbcounter.py:115}}
Aug 18 05:22:57.115381 np0000007601 nova-scheduler[96662]: DEBUG dbcounter [-] [96662] Writing DB stats nova_cell0:SELECT=1,nova_cell0:UPDATE=1 {{(pid=96662) stat_writer /opt/stack/data/venv/lib/python3.12/site-packages/dbcounter.py:115}}
Aug 18 05:23:01.104406 np0000007601 nova-scheduler[96612]: DEBUG oslo.service.backend._threading.loopingcall [None req-15a7b60c-5216-4ea0-8782-e36ead54e16d None None] Dynamic interval looping call 'nova.service.Service.periodic_tasks' sleeping for 60.00 seconds {{(pid=96612) _run_loop /opt/stack/data/venv/lib/python3.12/site-packages/oslo_service/backend/_threading/loopingcall.py:125}}
Aug 18 05:23:17.915036 np0000007601 nova-scheduler[96658]: DEBUG nova.scheduler.manager [None req-4e9fcdc9-a845-4897-bafe-49abcec1da1d tempest-ServerActionsTestOtherA-807318607 tempest-ServerActionsTestOtherA-807318607-project-member] Starting to schedule for instances: ['e23835fa-17e4-4c8a-9d7d-8fc6dd2793a5'] {{(pid=96658) select_destinations /opt/stack/nova/nova/scheduler/manager.py:197}}
Aug 18 05:23:17.916322 np0000007601 nova-scheduler[96658]: DEBUG nova.scheduler.request_filter [None req-4e9fcdc9-a845-4897-bafe-49abcec1da1d tempest-ServerActionsTestOtherA-807318607 tempest-ServerActionsTestOtherA-807318607-project-member] compute_status_filter request filter added forbidden trait COMPUTE_STATUS_DISABLED {{(pid=96658) compute_status_filter /opt/stack/nova/nova/scheduler/request_filter.py:253}}
Aug 18 05:23:17.916575 np0000007601 nova-scheduler[96658]: DEBUG nova.scheduler.request_filter [None req-4e9fcdc9-a845-4897-bafe-49abcec1da1d tempest-ServerActionsTestOtherA-807318607 tempest-ServerActionsTestOtherA-807318607-project-member] Request filter 'compute_status_filter' took 0.0 seconds {{(pid=96658) wrapper /opt/stack/nova/nova/scheduler/request_filter.py:46}}
Aug 18 05:23:17.916718 np0000007601 nova-scheduler[96658]: DEBUG nova.scheduler.request_filter [None req-4e9fcdc9-a845-4897-bafe-49abcec1da1d tempest-ServerActionsTestOtherA-807318607 tempest-ServerActionsTestOtherA-807318607-project-member] Request filter 'accelerators_filter' took 0.0 seconds {{(pid=96658) wrapper /opt/stack/nova/nova/scheduler/request_filter.py:46}}
Aug 18 05:23:17.917324 np0000007601 nova-scheduler[96658]: DEBUG nova.scheduler.request_filter [None req-4e9fcdc9-a845-4897-bafe-49abcec1da1d tempest-ServerActionsTestOtherA-807318607 tempest-ServerActionsTestOtherA-807318607-project-member] Request filter 'packed_virtqueue_filter' took 0.0 seconds {{(pid=96658) wrapper /opt/stack/nova/nova/scheduler/request_filter.py:46}}
Aug 18 05:23:17.917592 np0000007601 nova-scheduler[96658]: DEBUG nova.scheduler.request_filter [None req-4e9fcdc9-a845-4897-bafe-49abcec1da1d tempest-ServerActionsTestOtherA-807318607 tempest-ServerActionsTestOtherA-807318607-project-member] Request filter 'remote_managed_ports_filter' took 0.0 seconds {{(pid=96658) wrapper /opt/stack/nova/nova/scheduler/request_filter.py:46}}
Aug 18 05:23:17.917799 np0000007601 nova-scheduler[96658]: DEBUG nova.scheduler.request_filter [None req-4e9fcdc9-a845-4897-bafe-49abcec1da1d tempest-ServerActionsTestOtherA-807318607 tempest-ServerActionsTestOtherA-807318607-project-member] ephemeral_encryption_filter skipped {{(pid=96658) ephemeral_encryption_filter /opt/stack/nova/nova/scheduler/request_filter.py:426}}
Aug 18 05:23:17.917932 np0000007601 nova-scheduler[96658]: DEBUG nova.scheduler.request_filter [None req-4e9fcdc9-a845-4897-bafe-49abcec1da1d tempest-ServerActionsTestOtherA-807318607 tempest-ServerActionsTestOtherA-807318607-project-member] virtio_sound_filter skipped {{(pid=96658) virtio_sound_filter /opt/stack/nova/nova/scheduler/request_filter.py:460}}
Aug 18 05:23:17.918500 np0000007601 nova-scheduler[96658]: DEBUG nova.scheduler.request_filter [None req-4e9fcdc9-a845-4897-bafe-49abcec1da1d tempest-ServerActionsTestOtherA-807318607 tempest-ServerActionsTestOtherA-807318607-project-member] tpm_secret_security_filter skipped {{(pid=96658) tpm_secret_security_filter /opt/stack/nova/nova/scheduler/request_filter.py:477}}
Aug 18 05:23:18.550738 np0000007601 nova-scheduler[96658]: INFO nova.utils [None req-4e9fcdc9-a845-4897-bafe-49abcec1da1d tempest-ServerActionsTestOtherA-807318607 tempest-ServerActionsTestOtherA-807318607-project-member] The cell worker thread pool ForkProcess-3.cell_worker is initialized
Aug 18 05:23:18.551211 np0000007601 nova-scheduler[96658]: DEBUG oslo_concurrency.lockutils [None req-4e9fcdc9-a845-4897-bafe-49abcec1da1d tempest-ServerActionsTestOtherA-807318607 tempest-ServerActionsTestOtherA-807318607-project-member] Acquiring lock "0d0b9c83-487e-4055-8b8e-4a0b6f374d5b" by "nova.context.set_target_cell..get_or_set_cached_cell_and_set_connections" {{(pid=96658) inner /opt/stack/data/venv/lib/python3.12/site-packages/oslo_concurrency/lockutils.py:512}}
Aug 18 05:23:18.551535 np0000007601 nova-scheduler[96658]: DEBUG oslo_concurrency.lockutils [None req-4e9fcdc9-a845-4897-bafe-49abcec1da1d tempest-ServerActionsTestOtherA-807318607 tempest-ServerActionsTestOtherA-807318607-project-member] Lock "0d0b9c83-487e-4055-8b8e-4a0b6f374d5b" acquired by "nova.context.set_target_cell..get_or_set_cached_cell_and_set_connections" :: waited 0.000s {{(pid=96658) inner /opt/stack/data/venv/lib/python3.12/site-packages/oslo_concurrency/lockutils.py:525}}
Aug 18 05:23:18.553427 np0000007601 nova-scheduler[96658]: DEBUG oslo_concurrency.lockutils [None req-4e9fcdc9-a845-4897-bafe-49abcec1da1d tempest-ServerActionsTestOtherA-807318607 tempest-ServerActionsTestOtherA-807318607-project-member] Lock "0d0b9c83-487e-4055-8b8e-4a0b6f374d5b" "released" by "nova.context.set_target_cell..get_or_set_cached_cell_and_set_connections" :: held 0.002s {{(pid=96658) inner /opt/stack/data/venv/lib/python3.12/site-packages/oslo_concurrency/lockutils.py:544}}
Aug 18 05:23:18.556865 np0000007601 nova-scheduler[96658]: INFO dbcounter [None req-4e9fcdc9-a845-4897-bafe-49abcec1da1d tempest-ServerActionsTestOtherA-807318607 tempest-ServerActionsTestOtherA-807318607-project-member] Registered counter for database nova_cell1
Aug 18 05:23:18.612131 np0000007601 nova-scheduler[96658]: DEBUG oslo_db.sqlalchemy.engines [None req-4e9fcdc9-a845-4897-bafe-49abcec1da1d tempest-ServerActionsTestOtherA-807318607 tempest-ServerActionsTestOtherA-807318607-project-member] MySQL server mode set to STRICT_TRANS_TABLES,STRICT_ALL_TABLES,NO_ZERO_IN_DATE,NO_ZERO_DATE,ERROR_FOR_DIVISION_BY_ZERO,TRADITIONAL,NO_ENGINE_SUBSTITUTION {{(pid=96658) _check_effective_sql_mode /opt/stack/data/venv/lib/python3.12/site-packages/oslo_db/sqlalchemy/engines.py:325}}
Aug 18 05:23:18.618971 np0000007601 nova-scheduler[96658]: DEBUG dbcounter [-] [96658] Writer thread running {{(pid=96658) stat_writer /opt/stack/data/venv/lib/python3.12/site-packages/dbcounter.py:102}}
Aug 18 05:23:18.632276 np0000007601 nova-scheduler[96658]: DEBUG oslo_db.sqlalchemy.engines [None req-4e9fcdc9-a845-4897-bafe-49abcec1da1d tempest-ServerActionsTestOtherA-807318607 tempest-ServerActionsTestOtherA-807318607-project-member] Parent process 95415 forked (96658) with an open database connection, which is being discarded and recreated. {{(pid=96658) checkout /opt/stack/data/venv/lib/python3.12/site-packages/oslo_db/sqlalchemy/engines.py:402}}
Aug 18 05:23:18.688452 np0000007601 nova-scheduler[96658]: DEBUG dbcounter [-] [96658] Writer thread running {{(pid=96658) stat_writer /opt/stack/data/venv/lib/python3.12/site-packages/dbcounter.py:102}}
