Jun 26 17:08:16.949321 np0000003767 devstack@g-api.service[99616]: DEBUG glance_store.location [-] Registering scheme swift with {'store': , 'location_class': , 'store_entry': 'swift'} {{(pid=99616) register_scheme_map /opt/stack/data/venv/lib/python3.12/site-packages/glance_store/location.py:146}}
Jun 26 17:08:16.949365 np0000003767 devstack@g-api.service[99615]: DEBUG glance_store.location [-] Registering scheme swift+https with {'store': , 'location_class': , 'store_entry': 'swift'} {{(pid=99615) register_scheme_map /opt/stack/data/venv/lib/python3.12/site-packages/glance_store/location.py:146}}
Jun 26 17:08:16.949405 np0000003767 devstack@g-api.service[99617]: DEBUG glance_store.location [-] Registering scheme swift+https with {'store': , 'location_class': , 'store_entry': 'swift'} {{(pid=99617) register_scheme_map /opt/stack/data/venv/lib/python3.12/site-packages/glance_store/location.py:146}}
Jun 26 17:08:16.949448 np0000003767 devstack@g-api.service[99616]: DEBUG glance_store.location [-] Registering scheme swift+http with {'store': , 'location_class': , 'store_entry': 'swift'} {{(pid=99616) register_scheme_map /opt/stack/data/venv/lib/python3.12/site-packages/glance_store/location.py:146}}
Jun 26 17:08:16.949497 np0000003767 devstack@g-api.service[99615]: DEBUG glance_store.location [-] Registering scheme swift with {'store': , 'location_class': , 'store_entry': 'swift'} {{(pid=99615) register_scheme_map /opt/stack/data/venv/lib/python3.12/site-packages/glance_store/location.py:146}}
Jun 26 17:08:16.949542 np0000003767 devstack@g-api.service[99617]: DEBUG glance_store.location [-] Registering scheme swift with {'store': , 'location_class': , 'store_entry': 'swift'} {{(pid=99617) register_scheme_map /opt/stack/data/venv/lib/python3.12/site-packages/glance_store/location.py:146}}
Jun 26 17:08:16.949592 np0000003767 devstack@g-api.service[99616]: DEBUG glance_store.location [-] Registering scheme swift+https with {'store': , 'location_class': , 'store_entry': 'swift'} {{(pid=99616) register_scheme_map /opt/stack/data/venv/lib/python3.12/site-packages/glance_store/location.py:146}}
Jun 26 17:08:16.949636 np0000003767 devstack@g-api.service[99615]: DEBUG glance_store.location [-] Registering scheme swift+http with {'store': , 'location_class': , 'store_entry': 'swift'} {{(pid=99615) register_scheme_map /opt/stack/data/venv/lib/python3.12/site-packages/glance_store/location.py:146}}
Jun 26 17:08:16.949686 np0000003767 devstack@g-api.service[99617]: DEBUG glance_store.location [-] Registering scheme swift+https with {'store': , 'location_class': , 'store_entry': 'swift'} {{(pid=99617) register_scheme_map /opt/stack/data/venv/lib/python3.12/site-packages/glance_store/location.py:146}}
Jun 26 17:08:16.949732 np0000003767 devstack@g-api.service[99616]: DEBUG glance_store.location [-] Registering scheme swift with {'store': , 'location_class': , 'store_entry': 'swift'} {{(pid=99616) register_scheme_map /opt/stack/data/venv/lib/python3.12/site-packages/glance_store/location.py:146}}
Jun 26 17:08:16.949774 np0000003767 devstack@g-api.service[99617]: DEBUG glance_store.location [-] Registering scheme swift with {'store': , 'location_class': , 'store_entry': 'swift'} {{(pid=99617) register_scheme_map /opt/stack/data/venv/lib/python3.12/site-packages/glance_store/location.py:146}}
Jun 26 17:08:16.949816 np0000003767 devstack@g-api.service[99615]: DEBUG glance_store.location [-] Registering scheme swift+https with {'store': , 'location_class': , 'store_entry': 'swift'} {{(pid=99615) register_scheme_map /opt/stack/data/venv/lib/python3.12/site-packages/glance_store/location.py:146}}
Jun 26 17:08:16.949857 np0000003767 devstack@g-api.service[99616]: DEBUG glance_store.location [-] Registering scheme swift+http with {'store': , 'location_class': , 'store_entry': 'swift'} {{(pid=99616) register_scheme_map /opt/stack/data/venv/lib/python3.12/site-packages/glance_store/location.py:146}}
Jun 26 17:08:16.949899 np0000003767 devstack@g-api.service[99617]: DEBUG glance_store.location [-] Registering scheme swift+http with {'store': , 'location_class': , 'store_entry': 'swift'} {{(pid=99617) register_scheme_map /opt/stack/data/venv/lib/python3.12/site-packages/glance_store/location.py:146}}
Jun 26 17:08:16.949940 np0000003767 devstack@g-api.service[99616]: DEBUG glance_store.location [-] Registering scheme swift+config with {'store': , 'location_class': , 'store_entry': 'swift'} {{(pid=99616) register_scheme_map /opt/stack/data/venv/lib/python3.12/site-packages/glance_store/location.py:146}}
Jun 26 17:08:16.949993 np0000003767 devstack@g-api.service[99615]: DEBUG glance_store.location [-] Registering scheme swift with {'store': , 'location_class': , 'store_entry': 'swift'} {{(pid=99615) register_scheme_map /opt/stack/data/venv/lib/python3.12/site-packages/glance_store/location.py:146}}
Jun 26 17:08:16.950039 np0000003767 devstack@g-api.service[99617]: DEBUG glance_store.location [-] Registering scheme swift+https with {'store': , 'location_class': , 'store_entry': 'swift'} {{(pid=99617) register_scheme_map /opt/stack/data/venv/lib/python3.12/site-packages/glance_store/location.py:146}}
Jun 26 17:08:16.950080 np0000003767 devstack@g-api.service[99615]: DEBUG glance_store.location [-] Registering scheme swift+http with {'store': , 'location_class': , 'store_entry': 'swift'} {{(pid=99615) register_scheme_map /opt/stack/data/venv/lib/python3.12/site-packages/glance_store/location.py:146}}
Jun 26 17:08:16.950134 np0000003767 devstack@g-api.service[99617]: DEBUG glance_store.location [-] Registering scheme swift with {'store': , 'location_class': , 'store_entry': 'swift'} {{(pid=99617) register_scheme_map /opt/stack/data/venv/lib/python3.12/site-packages/glance_store/location.py:146}}
Jun 26 17:08:16.950179 np0000003767 devstack@g-api.service[99615]: DEBUG glance_store.location [-] Registering scheme swift+config with {'store': , 'location_class': , 'store_entry': 'swift'} {{(pid=99615) register_scheme_map /opt/stack/data/venv/lib/python3.12/site-packages/glance_store/location.py:146}}
Jun 26 17:08:16.950238 np0000003767 devstack@g-api.service[99617]: DEBUG glance_store.location [-] Registering scheme swift+http with {'store': , 'location_class': , 'store_entry': 'swift'} {{(pid=99617) register_scheme_map /opt/stack/data/venv/lib/python3.12/site-packages/glance_store/location.py:146}}
Jun 26 17:08:16.950238 np0000003767 devstack@g-api.service[99617]: DEBUG glance_store.location [-] Registering scheme swift+config with {'store': , 'location_class': , 'store_entry': 'swift'} {{(pid=99617) register_scheme_map /opt/stack/data/venv/lib/python3.12/site-packages/glance_store/location.py:146}}
Jun 26 17:08:16.950334 np0000003767 devstack@g-api.service[99616]: DEBUG glance.sqlite_migration [-] SQLite caching database not located, skipping migration {{(pid=99616) get_db_path /opt/stack/glance/glance/sqlite_migration.py:68}}
Jun 26 17:08:16.950487 np0000003767 devstack@g-api.service[99615]: DEBUG glance.sqlite_migration [-] SQLite caching database not located, skipping migration {{(pid=99615) get_db_path /opt/stack/glance/glance/sqlite_migration.py:68}}
Jun 26 17:08:16.950529 np0000003767 devstack@g-api.service[99617]: DEBUG glance.sqlite_migration [-] SQLite caching database not located, skipping migration {{(pid=99617) get_db_path /opt/stack/glance/glance/sqlite_migration.py:68}}
Jun 26 17:08:16.950571 np0000003767 devstack@g-api.service[99616]: WARNING glance.common.wsgi_app [-] Import methods are enabled but staging directory /tmp/staging/ does not exist; Imports will fail!
Jun 26 17:08:16.950608 np0000003767 devstack@g-api.service[99615]: WARNING glance.common.wsgi_app [-] Import methods are enabled but staging directory /tmp/staging/ does not exist; Imports will fail!
Jun 26 17:08:16.950652 np0000003767 devstack@g-api.service[99617]: WARNING glance.common.wsgi_app [-] Import methods are enabled but staging directory /tmp/staging/ does not exist; Imports will fail!
Jun 26 17:08:17.086936 np0000003767 devstack@g-api.service[99616]: DEBUG glance.common.config [None req-fe094eaf-478b-4d5c-9dde-52a77cb75cb8 None None] Loading glance-api-keystone+cachemanagement from /etc/glance/glance-api-paste.ini {{(pid=99616) load_paste_app /opt/stack/glance/glance/common/config.py:759}}
Jun 26 17:08:17.087950 np0000003767 devstack@g-api.service[99615]: DEBUG glance.common.config [None req-3f1de8e8-d212-4e8c-8087-7606fa4ba2ee None None] Loading glance-api-keystone+cachemanagement from /etc/glance/glance-api-paste.ini {{(pid=99615) load_paste_app /opt/stack/glance/glance/common/config.py:759}}
Jun 26 17:08:17.099344 np0000003767 devstack@g-api.service[99617]: DEBUG glance.common.config [None req-ba509289-9cdd-401f-b434-918cd2d6f7b6 None None] Loading glance-api-keystone+cachemanagement from /etc/glance/glance-api-paste.ini {{(pid=99617) load_paste_app /opt/stack/glance/glance/common/config.py:759}}
Jun 26 17:08:17.722533 np0000003767 devstack@g-api.service[99616]: INFO glance.image_cache [None req-fe094eaf-478b-4d5c-9dde-52a77cb75cb8 None None] Image cache loaded driver 'centralized_db'.
Jun 26 17:08:17.723385 np0000003767 devstack@g-api.service[99617]: INFO glance.image_cache [None req-ba509289-9cdd-401f-b434-918cd2d6f7b6 None None] Image cache loaded driver 'centralized_db'.
Jun 26 17:08:17.730043 np0000003767 devstack@g-api.service[99615]: INFO glance.image_cache [None req-3f1de8e8-d212-4e8c-8087-7606fa4ba2ee None None] Image cache loaded driver 'centralized_db'.
Jun 26 17:08:17.768426 np0000003767 devstack@g-api.service[99616]: INFO dbcounter [None req-fe094eaf-478b-4d5c-9dde-52a77cb75cb8 None None] Registered counter for database glance
Jun 26 17:08:17.776835 np0000003767 devstack@g-api.service[99617]: INFO dbcounter [None req-ba509289-9cdd-401f-b434-918cd2d6f7b6 None None] Registered counter for database glance
Jun 26 17:08:17.779470 np0000003767 devstack@g-api.service[99615]: INFO dbcounter [None req-3f1de8e8-d212-4e8c-8087-7606fa4ba2ee None None] Registered counter for database glance
Jun 26 17:08:17.806325 np0000003767 devstack@g-api.service[99616]: DEBUG oslo_db.sqlalchemy.engines [None req-fe094eaf-478b-4d5c-9dde-52a77cb75cb8 None None] MySQL server mode set to STRICT_TRANS_TABLES,STRICT_ALL_TABLES,NO_ZERO_IN_DATE,NO_ZERO_DATE,ERROR_FOR_DIVISION_BY_ZERO,TRADITIONAL,NO_ENGINE_SUBSTITUTION {{(pid=99616) _check_effective_sql_mode /opt/stack/data/venv/lib/python3.12/site-packages/oslo_db/sqlalchemy/engines.py:325}}
Jun 26 17:08:17.818608 np0000003767 devstack@g-api.service[99615]: DEBUG oslo_db.sqlalchemy.engines [None req-3f1de8e8-d212-4e8c-8087-7606fa4ba2ee None None] MySQL server mode set to STRICT_TRANS_TABLES,STRICT_ALL_TABLES,NO_ZERO_IN_DATE,NO_ZERO_DATE,ERROR_FOR_DIVISION_BY_ZERO,TRADITIONAL,NO_ENGINE_SUBSTITUTION {{(pid=99615) _check_effective_sql_mode /opt/stack/data/venv/lib/python3.12/site-packages/oslo_db/sqlalchemy/engines.py:325}}
Jun 26 17:08:17.826886 np0000003767 devstack@g-api.service[99616]: DEBUG dbcounter [-] [99616] Writer thread running {{(pid=99616) stat_writer /opt/stack/data/venv/lib/python3.12/site-packages/dbcounter.py:102}}
Jun 26 17:08:17.829511 np0000003767 devstack@g-api.service[99617]: DEBUG oslo_db.sqlalchemy.engines [None req-ba509289-9cdd-401f-b434-918cd2d6f7b6 None None] MySQL server mode set to STRICT_TRANS_TABLES,STRICT_ALL_TABLES,NO_ZERO_IN_DATE,NO_ZERO_DATE,ERROR_FOR_DIVISION_BY_ZERO,TRADITIONAL,NO_ENGINE_SUBSTITUTION {{(pid=99617) _check_effective_sql_mode /opt/stack/data/venv/lib/python3.12/site-packages/oslo_db/sqlalchemy/engines.py:325}}
Jun 26 17:08:17.847036 np0000003767 devstack@g-api.service[99615]: DEBUG dbcounter [-] [99615] Writer thread running {{(pid=99615) stat_writer /opt/stack/data/venv/lib/python3.12/site-packages/dbcounter.py:102}}
Jun 26 17:08:17.849627 np0000003767 devstack@g-api.service[99616]: INFO glance.image_cache [None req-fe094eaf-478b-4d5c-9dde-52a77cb75cb8 None None] Image cache loaded driver 'centralized_db'.
Jun 26 17:08:17.852010 np0000003767 devstack@g-api.service[99615]: DEBUG glance.image_cache.drivers.centralized_db [None req-3f1de8e8-d212-4e8c-8087-7606fa4ba2ee None None] Node reference is already recorded, ignoring it {{(pid=99615) configure /opt/stack/glance/glance/image_cache/drivers/centralized_db.py:71}}
Jun 26 17:08:17.857301 np0000003767 devstack@g-api.service[99615]: INFO glance.image_cache [None req-3f1de8e8-d212-4e8c-8087-7606fa4ba2ee None None] Image cache loaded driver 'centralized_db'.
Jun 26 17:08:17.858175 np0000003767 devstack@g-api.service[99617]: DEBUG dbcounter [-] [99617] Writer thread running {{(pid=99617) stat_writer /opt/stack/data/venv/lib/python3.12/site-packages/dbcounter.py:102}}
Jun 26 17:08:17.864691 np0000003767 devstack@g-api.service[99617]: DEBUG glance.image_cache.drivers.centralized_db [None req-ba509289-9cdd-401f-b434-918cd2d6f7b6 None None] Node reference is already recorded, ignoring it {{(pid=99617) configure /opt/stack/glance/glance/image_cache/drivers/centralized_db.py:71}}
Jun 26 17:08:17.871892 np0000003767 devstack@g-api.service[99617]: INFO glance.image_cache [None req-ba509289-9cdd-401f-b434-918cd2d6f7b6 None None] Image cache loaded driver 'centralized_db'.
Jun 26 17:08:17.883403 np0000003767 devstack@g-api.service[99617]: DEBUG glance.image_cache.drivers.centralized_db [None req-ba509289-9cdd-401f-b434-918cd2d6f7b6 None None] Node reference is already recorded, ignoring it {{(pid=99617) configure /opt/stack/glance/glance/image_cache/drivers/centralized_db.py:71}}
Jun 26 17:08:17.954415 np0000003767 devstack@g-api.service[99616]: DEBUG glance.image_cache.drivers.centralized_db [None req-fe094eaf-478b-4d5c-9dde-52a77cb75cb8 None None] Node reference is already recorded, ignoring it {{(pid=99616) configure /opt/stack/glance/glance/image_cache/drivers/centralized_db.py:71}}
Jun 26 17:08:17.957981 np0000003767 devstack@g-api.service[99615]: DEBUG glance.image_cache.drivers.centralized_db [None req-3f1de8e8-d212-4e8c-8087-7606fa4ba2ee None None] Node reference is already recorded, ignoring it {{(pid=99615) configure /opt/stack/glance/glance/image_cache/drivers/centralized_db.py:71}}
Jun 26 17:08:17.958860 np0000003767 devstack@g-api.service[99616]: DEBUG glance.api.v2.cached_images [None req-fe094eaf-478b-4d5c-9dde-52a77cb75cb8 None None] Started cache worker thread {{(pid=99616) __init__ /opt/stack/glance/glance/api/v2/cached_images.py:69}}
Jun 26 17:08:17.959525 np0000003767 devstack@g-api.service[99616]: INFO glance.image_cache [None req-fe094eaf-478b-4d5c-9dde-52a77cb75cb8 None None] Image cache loaded driver 'centralized_db'.
Jun 26 17:08:17.962681 np0000003767 devstack@g-api.service[99615]: DEBUG glance.api.v2.cached_images [None req-3f1de8e8-d212-4e8c-8087-7606fa4ba2ee None None] Started cache worker thread {{(pid=99615) __init__ /opt/stack/glance/glance/api/v2/cached_images.py:69}}
Jun 26 17:08:17.963375 np0000003767 devstack@g-api.service[99615]: INFO glance.image_cache [None req-3f1de8e8-d212-4e8c-8087-7606fa4ba2ee None None] Image cache loaded driver 'centralized_db'.
Jun 26 17:08:17.968467 np0000003767 devstack@g-api.service[99616]: DEBUG glance.image_cache.drivers.centralized_db [None req-fe094eaf-478b-4d5c-9dde-52a77cb75cb8 None None] Node reference is already recorded, ignoring it {{(pid=99616) configure /opt/stack/glance/glance/image_cache/drivers/centralized_db.py:71}}
Jun 26 17:08:17.972696 np0000003767 devstack@g-api.service[99615]: DEBUG glance.image_cache.drivers.centralized_db [None req-3f1de8e8-d212-4e8c-8087-7606fa4ba2ee None None] Node reference is already recorded, ignoring it {{(pid=99615) configure /opt/stack/glance/glance/image_cache/drivers/centralized_db.py:71}}
Jun 26 17:08:17.972912 np0000003767 devstack@g-api.service[99616]: INFO glance.api.middleware.cache_manage [None req-fe094eaf-478b-4d5c-9dde-52a77cb75cb8 None None] Initialized image cache management middleware
Jun 26 17:08:17.973071 np0000003767 devstack@g-api.service[99616]: INFO glance.image_cache [None req-fe094eaf-478b-4d5c-9dde-52a77cb75cb8 None None] Image cache loaded driver 'centralized_db'.
Jun 26 17:08:17.974680 np0000003767 devstack@g-api.service[99617]: DEBUG glance.api.v2.cached_images [None req-ba509289-9cdd-401f-b434-918cd2d6f7b6 None None] Started cache worker thread {{(pid=99617) __init__ /opt/stack/glance/glance/api/v2/cached_images.py:69}}
Jun 26 17:08:17.975364 np0000003767 devstack@g-api.service[99617]: INFO glance.image_cache [None req-ba509289-9cdd-401f-b434-918cd2d6f7b6 None None] Image cache loaded driver 'centralized_db'.
Jun 26 17:08:17.976990 np0000003767 devstack@g-api.service[99615]: INFO glance.api.middleware.cache_manage [None req-3f1de8e8-d212-4e8c-8087-7606fa4ba2ee None None] Initialized image cache management middleware
Jun 26 17:08:17.977211 np0000003767 devstack@g-api.service[99615]: INFO glance.image_cache [None req-3f1de8e8-d212-4e8c-8087-7606fa4ba2ee None None] Image cache loaded driver 'centralized_db'.
Jun 26 17:08:17.981208 np0000003767 devstack@g-api.service[99616]: DEBUG glance.image_cache.drivers.centralized_db [None req-fe094eaf-478b-4d5c-9dde-52a77cb75cb8 None None] Node reference is already recorded, ignoring it {{(pid=99616) configure /opt/stack/glance/glance/image_cache/drivers/centralized_db.py:71}}
Jun 26 17:08:17.983583 np0000003767 devstack@g-api.service[99617]: DEBUG glance.image_cache.drivers.centralized_db [None req-ba509289-9cdd-401f-b434-918cd2d6f7b6 None None] Node reference is already recorded, ignoring it {{(pid=99617) configure /opt/stack/glance/glance/image_cache/drivers/centralized_db.py:71}}
Jun 26 17:08:17.985553 np0000003767 devstack@g-api.service[99616]: INFO glance.api.middleware.cache [None req-fe094eaf-478b-4d5c-9dde-52a77cb75cb8 None None] Initialized image cache middleware
Jun 26 17:08:17.987785 np0000003767 devstack@g-api.service[99617]: INFO glance.api.middleware.cache_manage [None req-ba509289-9cdd-401f-b434-918cd2d6f7b6 None None] Initialized image cache management middleware
Jun 26 17:08:17.987935 np0000003767 devstack@g-api.service[99617]: INFO glance.image_cache [None req-ba509289-9cdd-401f-b434-918cd2d6f7b6 None None] Image cache loaded driver 'centralized_db'.
Jun 26 17:08:17.997379 np0000003767 devstack@g-api.service[99615]: DEBUG glance.image_cache.drivers.centralized_db [None req-3f1de8e8-d212-4e8c-8087-7606fa4ba2ee None None] Node reference is already recorded, ignoring it {{(pid=99615) configure /opt/stack/glance/glance/image_cache/drivers/centralized_db.py:71}}
Jun 26 17:08:18.000607 np0000003767 devstack@g-api.service[99616]: DEBUG glance.common.config [None req-fe094eaf-478b-4d5c-9dde-52a77cb75cb8 None None] ******************************************************************************** {{(pid=99616) log_opt_values /opt/stack/data/venv/lib/python3.12/site-packages/oslo_config/cfg.py:3226}}
Jun 26 17:08:18.000700 np0000003767 devstack@g-api.service[99616]: DEBUG glance.common.config [None req-fe094eaf-478b-4d5c-9dde-52a77cb75cb8 None None] Configuration options gathered from: {{(pid=99616) log_opt_values /opt/stack/data/venv/lib/python3.12/site-packages/oslo_config/cfg.py:3227}}
Jun 26 17:08:18.000970 np0000003767 devstack@g-api.service[99616]: DEBUG glance.common.config [None req-fe094eaf-478b-4d5c-9dde-52a77cb75cb8 None None] command line args: [] {{(pid=99616) log_opt_values /opt/stack/data/venv/lib/python3.12/site-packages/oslo_config/cfg.py:3228}}
Jun 26 17:08:18.001214 np0000003767 devstack@g-api.service[99616]: DEBUG glance.common.config [None req-fe094eaf-478b-4d5c-9dde-52a77cb75cb8 None None] config files: ['/etc/glance/glance-image-import.conf', '/etc/glance/glance-api.conf'] {{(pid=99616) log_opt_values /opt/stack/data/venv/lib/python3.12/site-packages/oslo_config/cfg.py:3229}}
Jun 26 17:08:18.001304 np0000003767 devstack@g-api.service[99616]: DEBUG glance.common.config [None req-fe094eaf-478b-4d5c-9dde-52a77cb75cb8 None None] ================================================================================ {{(pid=99616) log_opt_values /opt/stack/data/venv/lib/python3.12/site-packages/oslo_config/cfg.py:3234}}
Jun 26 17:08:18.001427 np0000003767 devstack@g-api.service[99616]: DEBUG glance.common.config [None req-fe094eaf-478b-4d5c-9dde-52a77cb75cb8 None None] allow_anonymous_access = False {{(pid=99616) log_opt_values /opt/stack/data/venv/lib/python3.12/site-packages/oslo_config/cfg.py:3242}}
Jun 26 17:08:18.001527 np0000003767 devstack@g-api.service[99616]: DEBUG glance.common.config [None req-fe094eaf-478b-4d5c-9dde-52a77cb75cb8 None None] api_limit_max = 1000 {{(pid=99616) log_opt_values /opt/stack/data/venv/lib/python3.12/site-packages/oslo_config/cfg.py:3242}}
Jun 26 17:08:18.001616 np0000003767 devstack@g-api.service[99616]: DEBUG glance.common.config [None req-fe094eaf-478b-4d5c-9dde-52a77cb75cb8 None None] backlog = 4096 {{(pid=99616) log_opt_values /opt/stack/data/venv/lib/python3.12/site-packages/oslo_config/cfg.py:3242}}
Jun 26 17:08:18.001678 np0000003767 devstack@g-api.service[99615]: INFO glance.api.middleware.cache [None req-3f1de8e8-d212-4e8c-8087-7606fa4ba2ee None None] Initialized image cache middleware
Jun 26 17:08:18.001768 np0000003767 devstack@g-api.service[99616]: DEBUG glance.common.config [None req-fe094eaf-478b-4d5c-9dde-52a77cb75cb8 None None] bind_host = 0.0.0.0 {{(pid=99616) log_opt_values /opt/stack/data/venv/lib/python3.12/site-packages/oslo_config/cfg.py:3242}}
Jun 26 17:08:18.001935 np0000003767 devstack@g-api.service[99616]: DEBUG glance.common.config [None req-fe094eaf-478b-4d5c-9dde-52a77cb75cb8 None None] bind_port = 19292 {{(pid=99616) log_opt_values /opt/stack/data/venv/lib/python3.12/site-packages/oslo_config/cfg.py:3242}}
Jun 26 17:08:18.002032 np0000003767 devstack@g-api.service[99616]: DEBUG glance.common.config [None req-fe094eaf-478b-4d5c-9dde-52a77cb75cb8 None None] client_socket_timeout = 900 {{(pid=99616) log_opt_values /opt/stack/data/venv/lib/python3.12/site-packages/oslo_config/cfg.py:3242}}
Jun 26 17:08:18.002144 np0000003767 devstack@g-api.service[99616]: DEBUG glance.common.config [None req-fe094eaf-478b-4d5c-9dde-52a77cb75cb8 None None] config_dir = [] {{(pid=99616) log_opt_values /opt/stack/data/venv/lib/python3.12/site-packages/oslo_config/cfg.py:3242}}
Jun 26 17:08:18.002216 np0000003767 devstack@g-api.service[99616]: DEBUG glance.common.config [None req-fe094eaf-478b-4d5c-9dde-52a77cb75cb8 None None] config_file = ['/etc/glance/glance-image-import.conf', '/etc/glance/glance-api.conf'] {{(pid=99616) log_opt_values /opt/stack/data/venv/lib/python3.12/site-packages/oslo_config/cfg.py:3242}}
Jun 26 17:08:18.002365 np0000003767 devstack@g-api.service[99616]: DEBUG glance.common.config [None req-fe094eaf-478b-4d5c-9dde-52a77cb75cb8 None None] config_source = [] {{(pid=99616) log_opt_values /opt/stack/data/venv/lib/python3.12/site-packages/oslo_config/cfg.py:3242}}
Jun 26 17:08:18.002506 np0000003767 devstack@g-api.service[99616]: DEBUG glance.common.config [None req-fe094eaf-478b-4d5c-9dde-52a77cb75cb8 None None] control_exchange = glance {{(pid=99616) log_opt_values /opt/stack/data/venv/lib/python3.12/site-packages/oslo_config/cfg.py:3242}}
Jun 26 17:08:18.002597 np0000003767 devstack@g-api.service[99616]: DEBUG glance.common.config [None req-fe094eaf-478b-4d5c-9dde-52a77cb75cb8 None None] debug = True {{(pid=99616) log_opt_values /opt/stack/data/venv/lib/python3.12/site-packages/oslo_config/cfg.py:3242}}
Jun 26 17:08:18.002772 np0000003767 devstack@g-api.service[99616]: DEBUG glance.common.config [None req-fe094eaf-478b-4d5c-9dde-52a77cb75cb8 None None] default_log_levels = ['amqp=WARN', 'boto=WARN', 'sqlalchemy=WARN', 'suds=INFO', 'oslo.messaging=INFO', 'oslo_messaging=INFO', 'iso8601=WARN', 'requests.packages.urllib3.connectionpool=WARN', 'urllib3.connectionpool=WARN', 'websocket=WARN', 'requests.packages.urllib3.util.retry=WARN', 'urllib3.util.retry=WARN', 'keystonemiddleware=WARN', 'routes.middleware=WARN', 'stevedore=WARN', 'taskflow=WARN', 'keystoneauth=WARN', 'oslo.cache=INFO', 'oslo_policy=INFO', 'dogpile.core.dogpile=INFO'] {{(pid=99616) log_opt_values /opt/stack/data/venv/lib/python3.12/site-packages/oslo_config/cfg.py:3242}}
Jun 26 17:08:18.002904 np0000003767 devstack@g-api.service[99616]: DEBUG glance.common.config [None req-fe094eaf-478b-4d5c-9dde-52a77cb75cb8 None None] default_publisher_id = image.localhost {{(pid=99616) log_opt_values /opt/stack/data/venv/lib/python3.12/site-packages/oslo_config/cfg.py:3242}}
Jun 26 17:08:18.002997 np0000003767 devstack@g-api.service[99616]: DEBUG glance.common.config [None req-fe094eaf-478b-4d5c-9dde-52a77cb75cb8 None None] delayed_delete = False {{(pid=99616) log_opt_values /opt/stack/data/venv/lib/python3.12/site-packages/oslo_config/cfg.py:3242}}
Jun 26 17:08:18.003095 np0000003767 devstack@g-api.service[99616]: DEBUG glance.common.config [None req-fe094eaf-478b-4d5c-9dde-52a77cb75cb8 None None] digest_algorithm = sha256 {{(pid=99616) log_opt_values /opt/stack/data/venv/lib/python3.12/site-packages/oslo_config/cfg.py:3242}}
Jun 26 17:08:18.003255 np0000003767 devstack@g-api.service[99616]: DEBUG glance.common.config [None req-fe094eaf-478b-4d5c-9dde-52a77cb75cb8 None None] disabled_notifications = [] {{(pid=99616) log_opt_values /opt/stack/data/venv/lib/python3.12/site-packages/oslo_config/cfg.py:3242}}
Jun 26 17:08:18.003354 np0000003767 devstack@g-api.service[99616]: DEBUG glance.common.config [None req-fe094eaf-478b-4d5c-9dde-52a77cb75cb8 None None] do_secure_hash = True {{(pid=99616) log_opt_values /opt/stack/data/venv/lib/python3.12/site-packages/oslo_config/cfg.py:3242}}
Jun 26 17:08:18.005713 np0000003767 devstack@g-api.service[99616]: DEBUG glance.common.config [None req-fe094eaf-478b-4d5c-9dde-52a77cb75cb8 None None] enabled_backends = None {{(pid=99616) log_opt_values /opt/stack/data/venv/lib/python3.12/site-packages/oslo_config/cfg.py:3242}}
Jun 26 17:08:18.005713 np0000003767 devstack@g-api.service[99616]: DEBUG glance.common.config [None req-fe094eaf-478b-4d5c-9dde-52a77cb75cb8 None None] enabled_import_methods = ['glance-direct', 'web-download', 'copy-image'] {{(pid=99616) log_opt_values /opt/stack/data/venv/lib/python3.12/site-packages/oslo_config/cfg.py:3242}}
Jun 26 17:08:18.005713 np0000003767 devstack@g-api.service[99616]: DEBUG glance.common.config [None req-fe094eaf-478b-4d5c-9dde-52a77cb75cb8 None None] fatal_deprecations = False {{(pid=99616) log_opt_values /opt/stack/data/venv/lib/python3.12/site-packages/oslo_config/cfg.py:3242}}
Jun 26 17:08:18.005713 np0000003767 devstack@g-api.service[99616]: DEBUG glance.common.config [None req-fe094eaf-478b-4d5c-9dde-52a77cb75cb8 None None] hashing_algorithm = sha512 {{(pid=99616) log_opt_values /opt/stack/data/venv/lib/python3.12/site-packages/oslo_config/cfg.py:3242}}
Jun 26 17:08:18.005713 np0000003767 devstack@g-api.service[99616]: DEBUG glance.common.config [None req-fe094eaf-478b-4d5c-9dde-52a77cb75cb8 None None] http_keepalive = True {{(pid=99616) log_opt_values /opt/stack/data/venv/lib/python3.12/site-packages/oslo_config/cfg.py:3242}}
Jun 26 17:08:18.005713 np0000003767 devstack@g-api.service[99616]: DEBUG glance.common.config [None req-fe094eaf-478b-4d5c-9dde-52a77cb75cb8 None None] http_retries = 3 {{(pid=99616) log_opt_values /opt/stack/data/venv/lib/python3.12/site-packages/oslo_config/cfg.py:3242}}
Jun 26 17:08:18.005713 np0000003767 devstack@g-api.service[99616]: DEBUG glance.common.config [None req-fe094eaf-478b-4d5c-9dde-52a77cb75cb8 None None] image_cache_dir = /opt/stack/data/glance/cache/ {{(pid=99616) log_opt_values /opt/stack/data/venv/lib/python3.12/site-packages/oslo_config/cfg.py:3242}}
Jun 26 17:08:18.005961 np0000003767 devstack@g-api.service[99616]: DEBUG glance.common.config [None req-fe094eaf-478b-4d5c-9dde-52a77cb75cb8 None None] image_cache_driver = centralized_db {{(pid=99616) log_opt_values /opt/stack/data/venv/lib/python3.12/site-packages/oslo_config/cfg.py:3242}}
Jun 26 17:08:18.005961 np0000003767 devstack@g-api.service[99616]: DEBUG glance.common.config [None req-fe094eaf-478b-4d5c-9dde-52a77cb75cb8 None None] image_cache_max_size = 10737418240 {{(pid=99616) log_opt_values /opt/stack/data/venv/lib/python3.12/site-packages/oslo_config/cfg.py:3242}}
Jun 26 17:08:18.005961 np0000003767 devstack@g-api.service[99616]: DEBUG glance.common.config [None req-fe094eaf-478b-4d5c-9dde-52a77cb75cb8 None None] image_cache_sqlite_db = cache.db {{(pid=99616) log_opt_values /opt/stack/data/venv/lib/python3.12/site-packages/oslo_config/cfg.py:3242}}
Jun 26 17:08:18.005961 np0000003767 devstack@g-api.service[99616]: DEBUG glance.common.config [None req-fe094eaf-478b-4d5c-9dde-52a77cb75cb8 None None] image_cache_stall_time = 86400 {{(pid=99616) log_opt_values /opt/stack/data/venv/lib/python3.12/site-packages/oslo_config/cfg.py:3242}}
Jun 26 17:08:18.005961 np0000003767 devstack@g-api.service[99616]: DEBUG glance.common.config [None req-fe094eaf-478b-4d5c-9dde-52a77cb75cb8 None None] image_location_quota = 10 {{(pid=99616) log_opt_values /opt/stack/data/venv/lib/python3.12/site-packages/oslo_config/cfg.py:3242}}
Jun 26 17:08:18.005961 np0000003767 devstack@g-api.service[99616]: DEBUG glance.common.config [None req-fe094eaf-478b-4d5c-9dde-52a77cb75cb8 None None] image_member_quota = 128 {{(pid=99616) log_opt_values /opt/stack/data/venv/lib/python3.12/site-packages/oslo_config/cfg.py:3242}}
Jun 26 17:08:18.005961 np0000003767 devstack@g-api.service[99616]: DEBUG glance.common.config [None req-fe094eaf-478b-4d5c-9dde-52a77cb75cb8 None None] image_property_quota = 128 {{(pid=99616) log_opt_values /opt/stack/data/venv/lib/python3.12/site-packages/oslo_config/cfg.py:3242}}
Jun 26 17:08:18.006214 np0000003767 devstack@g-api.service[99616]: DEBUG glance.common.config [None req-fe094eaf-478b-4d5c-9dde-52a77cb75cb8 None None] image_size_cap = 1099511627776 {{(pid=99616) log_opt_values /opt/stack/data/venv/lib/python3.12/site-packages/oslo_config/cfg.py:3242}}
Jun 26 17:08:18.006214 np0000003767 devstack@g-api.service[99616]: DEBUG glance.common.config [None req-fe094eaf-478b-4d5c-9dde-52a77cb75cb8 None None] image_tag_quota = 128 {{(pid=99616) log_opt_values /opt/stack/data/venv/lib/python3.12/site-packages/oslo_config/cfg.py:3242}}
Jun 26 17:08:18.006214 np0000003767 devstack@g-api.service[99616]: DEBUG glance.common.config [None req-fe094eaf-478b-4d5c-9dde-52a77cb75cb8 None None] instance_format = [instance: %(uuid)s] {{(pid=99616) log_opt_values /opt/stack/data/venv/lib/python3.12/site-packages/oslo_config/cfg.py:3242}}
Jun 26 17:08:18.006214 np0000003767 devstack@g-api.service[99616]: DEBUG glance.common.config [None req-fe094eaf-478b-4d5c-9dde-52a77cb75cb8 None None] instance_uuid_format = [instance: %(uuid)s] {{(pid=99616) log_opt_values /opt/stack/data/venv/lib/python3.12/site-packages/oslo_config/cfg.py:3242}}
Jun 26 17:08:18.006214 np0000003767 devstack@g-api.service[99616]: DEBUG glance.common.config [None req-fe094eaf-478b-4d5c-9dde-52a77cb75cb8 None None] limit_param_default = 25 {{(pid=99616) log_opt_values /opt/stack/data/venv/lib/python3.12/site-packages/oslo_config/cfg.py:3242}}
Jun 26 17:08:18.006214 np0000003767 devstack@g-api.service[99616]: DEBUG glance.common.config [None req-fe094eaf-478b-4d5c-9dde-52a77cb75cb8 None None] log_color = False {{(pid=99616) log_opt_values /opt/stack/data/venv/lib/python3.12/site-packages/oslo_config/cfg.py:3242}}
Jun 26 17:08:18.006214 np0000003767 devstack@g-api.service[99616]: DEBUG glance.common.config [None req-fe094eaf-478b-4d5c-9dde-52a77cb75cb8 None None] log_config_append = None {{(pid=99616) log_opt_values /opt/stack/data/venv/lib/python3.12/site-packages/oslo_config/cfg.py:3242}}
Jun 26 17:08:18.006472 np0000003767 devstack@g-api.service[99616]: DEBUG glance.common.config [None req-fe094eaf-478b-4d5c-9dde-52a77cb75cb8 None None] log_date_format = %Y-%m-%d %H:%M:%S {{(pid=99616) log_opt_values /opt/stack/data/venv/lib/python3.12/site-packages/oslo_config/cfg.py:3242}}
Jun 26 17:08:18.006472 np0000003767 devstack@g-api.service[99616]: DEBUG glance.common.config [None req-fe094eaf-478b-4d5c-9dde-52a77cb75cb8 None None] log_dir = None {{(pid=99616) log_opt_values /opt/stack/data/venv/lib/python3.12/site-packages/oslo_config/cfg.py:3242}}
Jun 26 17:08:18.006472 np0000003767 devstack@g-api.service[99616]: DEBUG glance.common.config [None req-fe094eaf-478b-4d5c-9dde-52a77cb75cb8 None None] log_file = None {{(pid=99616) log_opt_values /opt/stack/data/venv/lib/python3.12/site-packages/oslo_config/cfg.py:3242}}
Jun 26 17:08:18.006472 np0000003767 devstack@g-api.service[99616]: DEBUG glance.common.config [None req-fe094eaf-478b-4d5c-9dde-52a77cb75cb8 None None] log_rotate_interval = 1 {{(pid=99616) log_opt_values /opt/stack/data/venv/lib/python3.12/site-packages/oslo_config/cfg.py:3242}}
Jun 26 17:08:18.006472 np0000003767 devstack@g-api.service[99616]: DEBUG glance.common.config [None req-fe094eaf-478b-4d5c-9dde-52a77cb75cb8 None None] log_rotate_interval_type = days {{(pid=99616) log_opt_values /opt/stack/data/venv/lib/python3.12/site-packages/oslo_config/cfg.py:3242}}
Jun 26 17:08:18.006472 np0000003767 devstack@g-api.service[99616]: DEBUG glance.common.config [None req-fe094eaf-478b-4d5c-9dde-52a77cb75cb8 None None] log_rotation_type = none {{(pid=99616) log_opt_values /opt/stack/data/venv/lib/python3.12/site-packages/oslo_config/cfg.py:3242}}
Jun 26 17:08:18.006672 np0000003767 devstack@g-api.service[99616]: DEBUG glance.common.config [None req-fe094eaf-478b-4d5c-9dde-52a77cb75cb8 None None] logging_context_format_string = %(color)s%(levelname)s %(name)s [%(global_request_id)s %(request_id)s %(project_name)s %(user_name)s%(color)s] %(instance)s%(color)s%(message)s {{(pid=99616) log_opt_values /opt/stack/data/venv/lib/python3.12/site-packages/oslo_config/cfg.py:3242}}
Jun 26 17:08:18.006672 np0000003767 devstack@g-api.service[99616]: DEBUG glance.common.config [None req-fe094eaf-478b-4d5c-9dde-52a77cb75cb8 None None] logging_debug_format_suffix = {{(pid=%(process)d) %(funcName)s %(pathname)s:%(lineno)d}} {{(pid=99616) log_opt_values /opt/stack/data/venv/lib/python3.12/site-packages/oslo_config/cfg.py:3242}}
Jun 26 17:08:18.006672 np0000003767 devstack@g-api.service[99616]: DEBUG glance.common.config [None req-fe094eaf-478b-4d5c-9dde-52a77cb75cb8 None None] logging_default_format_string = %(color)s%(levelname)s %(name)s [-%(color)s] %(instance)s%(color)s%(message)s {{(pid=99616) log_opt_values /opt/stack/data/venv/lib/python3.12/site-packages/oslo_config/cfg.py:3242}}
Jun 26 17:08:18.006672 np0000003767 devstack@g-api.service[99616]: DEBUG glance.common.config [None req-fe094eaf-478b-4d5c-9dde-52a77cb75cb8 None None] logging_exception_prefix = ERROR %(name)s %(instance)s {{(pid=99616) log_opt_values /opt/stack/data/venv/lib/python3.12/site-packages/oslo_config/cfg.py:3242}}
Jun 26 17:08:18.006672 np0000003767 devstack@g-api.service[99616]: DEBUG glance.common.config [None req-fe094eaf-478b-4d5c-9dde-52a77cb75cb8 None None] logging_user_identity_format = %(user)s %(project)s %(domain)s %(system_scope)s %(user_domain)s %(project_domain)s {{(pid=99616) log_opt_values /opt/stack/data/venv/lib/python3.12/site-packages/oslo_config/cfg.py:3242}}
Jun 26 17:08:18.006877 np0000003767 devstack@g-api.service[99616]: DEBUG glance.common.config [None req-fe094eaf-478b-4d5c-9dde-52a77cb75cb8 None None] max_header_line = 16384 {{(pid=99616) log_opt_values /opt/stack/data/venv/lib/python3.12/site-packages/oslo_config/cfg.py:3242}}
Jun 26 17:08:18.006877 np0000003767 devstack@g-api.service[99616]: DEBUG glance.common.config [None req-fe094eaf-478b-4d5c-9dde-52a77cb75cb8 None None] max_logfile_count = 30 {{(pid=99616) log_opt_values /opt/stack/data/venv/lib/python3.12/site-packages/oslo_config/cfg.py:3242}}
Jun 26 17:08:18.006877 np0000003767 devstack@g-api.service[99616]: DEBUG glance.common.config [None req-fe094eaf-478b-4d5c-9dde-52a77cb75cb8 None None] max_logfile_size_mb = 200 {{(pid=99616) log_opt_values /opt/stack/data/venv/lib/python3.12/site-packages/oslo_config/cfg.py:3242}}
Jun 26 17:08:18.006877 np0000003767 devstack@g-api.service[99616]: DEBUG glance.common.config [None req-fe094eaf-478b-4d5c-9dde-52a77cb75cb8 None None] max_request_id_length = 64 {{(pid=99616) log_opt_values /opt/stack/data/venv/lib/python3.12/site-packages/oslo_config/cfg.py:3242}}
Jun 26 17:08:18.006877 np0000003767 devstack@g-api.service[99616]: DEBUG glance.common.config [None req-fe094eaf-478b-4d5c-9dde-52a77cb75cb8 None None] metadata_encryption_key = **** {{(pid=99616) log_opt_values /opt/stack/data/venv/lib/python3.12/site-packages/oslo_config/cfg.py:3242}}
Jun 26 17:08:18.007061 np0000003767 devstack@g-api.service[99616]: DEBUG glance.common.config [None req-fe094eaf-478b-4d5c-9dde-52a77cb75cb8 None None] node_staging_uri = file:///tmp/staging/ {{(pid=99616) log_opt_values /opt/stack/data/venv/lib/python3.12/site-packages/oslo_config/cfg.py:3242}}
Jun 26 17:08:18.007061 np0000003767 devstack@g-api.service[99616]: DEBUG glance.common.config [None req-fe094eaf-478b-4d5c-9dde-52a77cb75cb8 None None] property_protection_file = None {{(pid=99616) log_opt_values /opt/stack/data/venv/lib/python3.12/site-packages/oslo_config/cfg.py:3242}}
Jun 26 17:08:18.007138 np0000003767 devstack@g-api.service[99616]: DEBUG glance.common.config [None req-fe094eaf-478b-4d5c-9dde-52a77cb75cb8 None None] property_protection_rule_format = roles {{(pid=99616) log_opt_values /opt/stack/data/venv/lib/python3.12/site-packages/oslo_config/cfg.py:3242}}
Jun 26 17:08:18.007234 np0000003767 devstack@g-api.service[99616]: DEBUG glance.common.config [None req-fe094eaf-478b-4d5c-9dde-52a77cb75cb8 None None] public_endpoint = https://10.4.3.90/image {{(pid=99616) log_opt_values /opt/stack/data/venv/lib/python3.12/site-packages/oslo_config/cfg.py:3242}}
Jun 26 17:08:18.007387 np0000003767 devstack@g-api.service[99616]: DEBUG glance.common.config [None req-fe094eaf-478b-4d5c-9dde-52a77cb75cb8 None None] publish_errors = False {{(pid=99616) log_opt_values /opt/stack/data/venv/lib/python3.12/site-packages/oslo_config/cfg.py:3242}}
Jun 26 17:08:18.007500 np0000003767 devstack@g-api.service[99616]: DEBUG glance.common.config [None req-fe094eaf-478b-4d5c-9dde-52a77cb75cb8 None None] pydev_worker_debug_host = None {{(pid=99616) log_opt_values /opt/stack/data/venv/lib/python3.12/site-packages/oslo_config/cfg.py:3242}}
Jun 26 17:08:18.007590 np0000003767 devstack@g-api.service[99616]: DEBUG glance.common.config [None req-fe094eaf-478b-4d5c-9dde-52a77cb75cb8 None None] pydev_worker_debug_port = 5678 {{(pid=99616) log_opt_values /opt/stack/data/venv/lib/python3.12/site-packages/oslo_config/cfg.py:3242}}
Jun 26 17:08:18.007678 np0000003767 devstack@g-api.service[99616]: DEBUG glance.common.config [None req-fe094eaf-478b-4d5c-9dde-52a77cb75cb8 None None] rate_limit_burst = 0 {{(pid=99616) log_opt_values /opt/stack/data/venv/lib/python3.12/site-packages/oslo_config/cfg.py:3242}}
Jun 26 17:08:18.007795 np0000003767 devstack@g-api.service[99616]: DEBUG glance.common.config [None req-fe094eaf-478b-4d5c-9dde-52a77cb75cb8 None None] rate_limit_except_level = CRITICAL {{(pid=99616) log_opt_values /opt/stack/data/venv/lib/python3.12/site-packages/oslo_config/cfg.py:3242}}
Jun 26 17:08:18.007880 np0000003767 devstack@g-api.service[99616]: DEBUG glance.common.config [None req-fe094eaf-478b-4d5c-9dde-52a77cb75cb8 None None] rate_limit_interval = 0 {{(pid=99616) log_opt_values /opt/stack/data/venv/lib/python3.12/site-packages/oslo_config/cfg.py:3242}}
Jun 26 17:08:18.007969 np0000003767 devstack@g-api.service[99616]: DEBUG glance.common.config [None req-fe094eaf-478b-4d5c-9dde-52a77cb75cb8 None None] scrub_pool_size = 1 {{(pid=99616) log_opt_values /opt/stack/data/venv/lib/python3.12/site-packages/oslo_config/cfg.py:3242}}
Jun 26 17:08:18.008084 np0000003767 devstack@g-api.service[99616]: DEBUG glance.common.config [None req-fe094eaf-478b-4d5c-9dde-52a77cb75cb8 None None] scrub_time = 0 {{(pid=99616) log_opt_values /opt/stack/data/venv/lib/python3.12/site-packages/oslo_config/cfg.py:3242}}
Jun 26 17:08:18.008187 np0000003767 devstack@g-api.service[99616]: DEBUG glance.common.config [None req-fe094eaf-478b-4d5c-9dde-52a77cb75cb8 None None] shell_completion = None {{(pid=99616) log_opt_values /opt/stack/data/venv/lib/python3.12/site-packages/oslo_config/cfg.py:3242}}
Jun 26 17:08:18.008332 np0000003767 devstack@g-api.service[99616]: DEBUG glance.common.config [None req-fe094eaf-478b-4d5c-9dde-52a77cb75cb8 None None] show_image_direct_url = False {{(pid=99616) log_opt_values /opt/stack/data/venv/lib/python3.12/site-packages/oslo_config/cfg.py:3242}}
Jun 26 17:08:18.008609 np0000003767 devstack@g-api.service[99616]: WARNING oslo_config.cfg [None req-fe094eaf-478b-4d5c-9dde-52a77cb75cb8 None None] Deprecated: Option "show_multiple_locations" from group "DEFAULT" is deprecated for removal (Use of this option, deprecated since Newton, is a security risk and will be removed once we figure out a way to satisfy those use cases that currently require it. An earlier announcement that the same functionality can be achieved with greater granularity by using policies is incorrect. You cannot work around this option via policy configuration at the present time, though that is the direction we believe the fix will take. Please keep an eye on the Glance release notes to stay up to date on progress in addressing this issue.). Its value may be silently ignored in the future.
Jun 26 17:08:18.008770 np0000003767 devstack@g-api.service[99616]: DEBUG glance.common.config [None req-fe094eaf-478b-4d5c-9dde-52a77cb75cb8 None None] show_multiple_locations = False {{(pid=99616) log_opt_values /opt/stack/data/venv/lib/python3.12/site-packages/oslo_config/cfg.py:3242}}
Jun 26 17:08:18.008918 np0000003767 devstack@g-api.service[99616]: DEBUG glance.common.config [None req-fe094eaf-478b-4d5c-9dde-52a77cb75cb8 None None] syslog_log_facility = LOG_USER {{(pid=99616) log_opt_values /opt/stack/data/venv/lib/python3.12/site-packages/oslo_config/cfg.py:3242}}
Jun 26 17:08:18.009055 np0000003767 devstack@g-api.service[99616]: DEBUG glance.common.config [None req-fe094eaf-478b-4d5c-9dde-52a77cb75cb8 None None] tcp_keepidle = 600 {{(pid=99616) log_opt_values /opt/stack/data/venv/lib/python3.12/site-packages/oslo_config/cfg.py:3242}}
Jun 26 17:08:18.009193 np0000003767 devstack@g-api.service[99616]: DEBUG glance.common.config [None req-fe094eaf-478b-4d5c-9dde-52a77cb75cb8 None None] transport_url = **** {{(pid=99616) log_opt_values /opt/stack/data/venv/lib/python3.12/site-packages/oslo_config/cfg.py:3242}}
Jun 26 17:08:18.009333 np0000003767 devstack@g-api.service[99616]: DEBUG glance.common.config [None req-fe094eaf-478b-4d5c-9dde-52a77cb75cb8 None None] use_journal = False {{(pid=99616) log_opt_values /opt/stack/data/venv/lib/python3.12/site-packages/oslo_config/cfg.py:3242}}
Jun 26 17:08:18.009445 np0000003767 devstack@g-api.service[99616]: DEBUG glance.common.config [None req-fe094eaf-478b-4d5c-9dde-52a77cb75cb8 None None] use_json = False {{(pid=99616) log_opt_values /opt/stack/data/venv/lib/python3.12/site-packages/oslo_config/cfg.py:3242}}
Jun 26 17:08:18.009576 np0000003767 devstack@g-api.service[99616]: DEBUG glance.common.config [None req-fe094eaf-478b-4d5c-9dde-52a77cb75cb8 None None] use_keystone_limits = True {{(pid=99616) log_opt_values /opt/stack/data/venv/lib/python3.12/site-packages/oslo_config/cfg.py:3242}}
Jun 26 17:08:18.009631 np0000003767 devstack@g-api.service[99617]: DEBUG glance.image_cache.drivers.centralized_db [None req-ba509289-9cdd-401f-b434-918cd2d6f7b6 None None] Node reference is already recorded, ignoring it {{(pid=99617) configure /opt/stack/glance/glance/image_cache/drivers/centralized_db.py:71}}
Jun 26 17:08:18.009716 np0000003767 devstack@g-api.service[99616]: DEBUG glance.common.config [None req-fe094eaf-478b-4d5c-9dde-52a77cb75cb8 None None] use_stderr = False {{(pid=99616) log_opt_values /opt/stack/data/venv/lib/python3.12/site-packages/oslo_config/cfg.py:3242}}
Jun 26 17:08:18.009874 np0000003767 devstack@g-api.service[99616]: DEBUG glance.common.config [None req-fe094eaf-478b-4d5c-9dde-52a77cb75cb8 None None] use_syslog = False {{(pid=99616) log_opt_values /opt/stack/data/venv/lib/python3.12/site-packages/oslo_config/cfg.py:3242}}
Jun 26 17:08:18.010022 np0000003767 devstack@g-api.service[99616]: DEBUG glance.common.config [None req-fe094eaf-478b-4d5c-9dde-52a77cb75cb8 None None] user_storage_quota = 0 {{(pid=99616) log_opt_values /opt/stack/data/venv/lib/python3.12/site-packages/oslo_config/cfg.py:3242}}
Jun 26 17:08:18.010187 np0000003767 devstack@g-api.service[99616]: DEBUG glance.common.config [None req-fe094eaf-478b-4d5c-9dde-52a77cb75cb8 None None] worker_self_reference_url = http://127.0.0.1:60999 {{(pid=99616) log_opt_values /opt/stack/data/venv/lib/python3.12/site-packages/oslo_config/cfg.py:3242}}
Jun 26 17:08:18.010338 np0000003767 devstack@g-api.service[99616]: DEBUG glance.common.config [None req-fe094eaf-478b-4d5c-9dde-52a77cb75cb8 None None] workers = None {{(pid=99616) log_opt_values /opt/stack/data/venv/lib/python3.12/site-packages/oslo_config/cfg.py:3242}}
Jun 26 17:08:18.010493 np0000003767 devstack@g-api.service[99616]: DEBUG glance.common.config [None req-fe094eaf-478b-4d5c-9dde-52a77cb75cb8 None None] oslo_concurrency.disable_process_locking = False {{(pid=99616) log_opt_values /opt/stack/data/venv/lib/python3.12/site-packages/oslo_config/cfg.py:3253}}
Jun 26 17:08:18.010645 np0000003767 devstack@g-api.service[99616]: DEBUG glance.common.config [None req-fe094eaf-478b-4d5c-9dde-52a77cb75cb8 None None] oslo_concurrency.lock_path = /opt/stack/data/glance/locks {{(pid=99616) log_opt_values /opt/stack/data/venv/lib/python3.12/site-packages/oslo_config/cfg.py:3253}}
Jun 26 17:08:18.010799 np0000003767 devstack@g-api.service[99616]: DEBUG glance.common.config [None req-fe094eaf-478b-4d5c-9dde-52a77cb75cb8 None None] oslo_middleware.enable_proxy_headers_parsing = False {{(pid=99616) log_opt_values /opt/stack/data/venv/lib/python3.12/site-packages/oslo_config/cfg.py:3253}}
Jun 26 17:08:18.010948 np0000003767 devstack@g-api.service[99616]: DEBUG glance.common.config [None req-fe094eaf-478b-4d5c-9dde-52a77cb75cb8 None None] oslo_middleware.http_basic_auth_user_file = /etc/htpasswd {{(pid=99616) log_opt_values /opt/stack/data/venv/lib/python3.12/site-packages/oslo_config/cfg.py:3253}}
Jun 26 17:08:18.011092 np0000003767 devstack@g-api.service[99616]: DEBUG glance.common.config [None req-fe094eaf-478b-4d5c-9dde-52a77cb75cb8 None None] paste_deploy.config_file = None {{(pid=99616) log_opt_values /opt/stack/data/venv/lib/python3.12/site-packages/oslo_config/cfg.py:3253}}
Jun 26 17:08:18.011259 np0000003767 devstack@g-api.service[99616]: DEBUG glance.common.config [None req-fe094eaf-478b-4d5c-9dde-52a77cb75cb8 None None] paste_deploy.flavor = keystone+cachemanagement {{(pid=99616) log_opt_values /opt/stack/data/venv/lib/python3.12/site-packages/oslo_config/cfg.py:3253}}
Jun 26 17:08:18.011410 np0000003767 devstack@g-api.service[99616]: DEBUG glance.common.config [None req-fe094eaf-478b-4d5c-9dde-52a77cb75cb8 None None] image_format.container_formats = ['ami', 'ari', 'aki', 'bare', 'ovf', 'ova', 'docker', 'compressed'] {{(pid=99616) log_opt_values /opt/stack/data/venv/lib/python3.12/site-packages/oslo_config/cfg.py:3253}}
Jun 26 17:08:18.011540 np0000003767 devstack@g-api.service[99616]: DEBUG glance.common.config [None req-fe094eaf-478b-4d5c-9dde-52a77cb75cb8 None None] image_format.disk_formats = ['ami', 'ari', 'aki', 'vhd', 'vhdx', 'vmdk', 'raw', 'qcow2', 'vdi', 'iso', 'ploop'] {{(pid=99616) log_opt_values /opt/stack/data/venv/lib/python3.12/site-packages/oslo_config/cfg.py:3253}}
Jun 26 17:08:18.011634 np0000003767 devstack@g-api.service[99616]: DEBUG glance.common.config [None req-fe094eaf-478b-4d5c-9dde-52a77cb75cb8 None None] image_format.gpt_safety_checks_nonfatal = [] {{(pid=99616) log_opt_values /opt/stack/data/venv/lib/python3.12/site-packages/oslo_config/cfg.py:3253}}
Jun 26 17:08:18.011755 np0000003767 devstack@g-api.service[99616]: DEBUG glance.common.config [None req-fe094eaf-478b-4d5c-9dde-52a77cb75cb8 None None] image_format.require_image_format_match = True {{(pid=99616) log_opt_values /opt/stack/data/venv/lib/python3.12/site-packages/oslo_config/cfg.py:3253}}
Jun 26 17:08:18.011862 np0000003767 devstack@g-api.service[99616]: DEBUG glance.common.config [None req-fe094eaf-478b-4d5c-9dde-52a77cb75cb8 None None] image_format.vmdk_allowed_types = ['streamOptimized', 'monolithicSparse'] {{(pid=99616) log_opt_values /opt/stack/data/venv/lib/python3.12/site-packages/oslo_config/cfg.py:3253}}
Jun 26 17:08:18.011967 np0000003767 devstack@g-api.service[99616]: DEBUG glance.common.config [None req-fe094eaf-478b-4d5c-9dde-52a77cb75cb8 None None] task.task_executor = taskflow {{(pid=99616) log_opt_values /opt/stack/data/venv/lib/python3.12/site-packages/oslo_config/cfg.py:3253}}
Jun 26 17:08:18.012064 np0000003767 devstack@g-api.service[99616]: DEBUG glance.common.config [None req-fe094eaf-478b-4d5c-9dde-52a77cb75cb8 None None] task.task_time_to_live = 48 {{(pid=99616) log_opt_values /opt/stack/data/venv/lib/python3.12/site-packages/oslo_config/cfg.py:3253}}
Jun 26 17:08:18.012164 np0000003767 devstack@g-api.service[99616]: DEBUG glance.common.config [None req-fe094eaf-478b-4d5c-9dde-52a77cb75cb8 None None] task.work_dir = None {{(pid=99616) log_opt_values /opt/stack/data/venv/lib/python3.12/site-packages/oslo_config/cfg.py:3253}}
Jun 26 17:08:18.012286 np0000003767 devstack@g-api.service[99616]: DEBUG glance.common.config [None req-fe094eaf-478b-4d5c-9dde-52a77cb75cb8 None None] wsgi.python_interpreter = /opt/stack/data/venv/bin/python3 {{(pid=99616) log_opt_values /opt/stack/data/venv/lib/python3.12/site-packages/oslo_config/cfg.py:3253}}
