Jul 28 07:51:03.251798 np0000005963 devstack@g-api.service[99866]: DEBUG glance_store.location [None req-710768e8-c4ce-4992-9fd1-c6a3fe43d961 tempest-ServerBootFromVolumeStableRescueTest-344352540 tempest-ServerBootFromVolumeStableRescueTest-344352540-project-member] Registering scheme swift+https with {'store': , 'location_class': , 'store_entry': 'swift'} {{(pid=99866) register_scheme_map /opt/stack/data/venv/lib/python3.12/site-packages/glance_store/location.py:146}}
Jul 28 07:51:03.251798 np0000005963 devstack@g-api.service[99866]: DEBUG glance_store.location [None req-710768e8-c4ce-4992-9fd1-c6a3fe43d961 tempest-ServerBootFromVolumeStableRescueTest-344352540 tempest-ServerBootFromVolumeStableRescueTest-344352540-project-member] Registering scheme swift with {'store': , 'location_class': , 'store_entry': 'swift'} {{(pid=99866) register_scheme_map /opt/stack/data/venv/lib/python3.12/site-packages/glance_store/location.py:146}}
Jul 28 07:51:03.251996 np0000005963 devstack@g-api.service[99866]: DEBUG glance_store.location [None req-710768e8-c4ce-4992-9fd1-c6a3fe43d961 tempest-ServerBootFromVolumeStableRescueTest-344352540 tempest-ServerBootFromVolumeStableRescueTest-344352540-project-member] Registering scheme swift+http with {'store': , 'location_class': , 'store_entry': 'swift'} {{(pid=99866) register_scheme_map /opt/stack/data/venv/lib/python3.12/site-packages/glance_store/location.py:146}}
Jul 28 07:51:03.251996 np0000005963 devstack@g-api.service[99866]: DEBUG glance_store.location [None req-710768e8-c4ce-4992-9fd1-c6a3fe43d961 tempest-ServerBootFromVolumeStableRescueTest-344352540 tempest-ServerBootFromVolumeStableRescueTest-344352540-project-member] Registering scheme swift+https with {'store': , 'location_class': , 'store_entry': 'swift'} {{(pid=99866) register_scheme_map /opt/stack/data/venv/lib/python3.12/site-packages/glance_store/location.py:146}}
Jul 28 07:51:03.251996 np0000005963 devstack@g-api.service[99866]: DEBUG glance_store.location [None req-710768e8-c4ce-4992-9fd1-c6a3fe43d961 tempest-ServerBootFromVolumeStableRescueTest-344352540 tempest-ServerBootFromVolumeStableRescueTest-344352540-project-member] Registering scheme swift with {'store': , 'location_class': , 'store_entry': 'swift'} {{(pid=99866) register_scheme_map /opt/stack/data/venv/lib/python3.12/site-packages/glance_store/location.py:146}}
Jul 28 07:51:03.252202 np0000005963 devstack@g-api.service[99866]: DEBUG glance_store.location [None req-710768e8-c4ce-4992-9fd1-c6a3fe43d961 tempest-ServerBootFromVolumeStableRescueTest-344352540 tempest-ServerBootFromVolumeStableRescueTest-344352540-project-member] Registering scheme swift+http with {'store': , 'location_class': , 'store_entry': 'swift'} {{(pid=99866) register_scheme_map /opt/stack/data/venv/lib/python3.12/site-packages/glance_store/location.py:146}}
Jul 28 07:51:03.252202 np0000005963 devstack@g-api.service[99866]: DEBUG glance_store.location [None req-710768e8-c4ce-4992-9fd1-c6a3fe43d961 tempest-ServerBootFromVolumeStableRescueTest-344352540 tempest-ServerBootFromVolumeStableRescueTest-344352540-project-member] Registering scheme swift+config with {'store': , 'location_class': , 'store_entry': 'swift'} {{(pid=99866) register_scheme_map /opt/stack/data/venv/lib/python3.12/site-packages/glance_store/location.py:146}}
Jul 28 07:51:03.466748 np0000005963 devstack@g-api.service[99866]: DEBUG swiftclient [None req-710768e8-c4ce-4992-9fd1-c6a3fe43d961 tempest-ServerBootFromVolumeStableRescueTest-344352540 tempest-ServerBootFromVolumeStableRescueTest-344352540-project-member] REQ: curl -i https://10.4.3.195:8080/v1/AUTH_3959e32b057846f29f4feaf83119ac6d/glance -I -H "X-Auth-Token: gAAAAABqaF9nDOkA..." {{(pid=99866) http_log /opt/stack/data/venv/lib/python3.12/site-packages/swiftclient/client.py:160}}
Jul 28 07:51:03.466913 np0000005963 devstack@g-api.service[99866]: DEBUG swiftclient [None req-710768e8-c4ce-4992-9fd1-c6a3fe43d961 tempest-ServerBootFromVolumeStableRescueTest-344352540 tempest-ServerBootFromVolumeStableRescueTest-344352540-project-member] RESP STATUS: 204 No Content {{(pid=99866) http_log /opt/stack/data/venv/lib/python3.12/site-packages/swiftclient/client.py:161}}
Jul 28 07:51:03.467197 np0000005963 devstack@g-api.service[99866]: DEBUG swiftclient [None req-710768e8-c4ce-4992-9fd1-c6a3fe43d961 tempest-ServerBootFromVolumeStableRescueTest-344352540 tempest-ServerBootFromVolumeStableRescueTest-344352540-project-member] RESP HEADERS: {'Date': 'Tue, 28 Jul 2026 07:51:03 GMT', 'Server': 'Apache/2.4.58 (Ubuntu)', 'Content-Type': 'text/plain; charset=utf-8', 'X-Container-Object-Count': '5', 'X-Container-Bytes-Used': '87883776', 'X-Timestamp': '1785224784.69512', 'Last-Modified': 'Tue, 28 Jul 2026 07:46:25 GMT', 'Accept-Ranges': 'bytes', 'X-Storage-Policy': 'Policy-0', 'X-Container-Sharding': 'False', 'Vary': 'Accept', 'X-Trans-Id': 'tx48affb4d8a344c0a9d0b7-006a685f67', 'X-Openstack-Request-Id': 'tx48affb4d8a344c0a9d0b7-006a685f67', 'Connection': 'close'} {{(pid=99866) http_log /opt/stack/data/venv/lib/python3.12/site-packages/swiftclient/client.py:162}}
Jul 28 07:51:03.467433 np0000005963 devstack@g-api.service[99866]: DEBUG glance_store._drivers.swift.store [None req-710768e8-c4ce-4992-9fd1-c6a3fe43d961 tempest-ServerBootFromVolumeStableRescueTest-344352540 tempest-ServerBootFromVolumeStableRescueTest-344352540-project-member] Adding image object '44d20ea4-0567-4b72-8ec6-bd609b45e5a6' to Swift {{(pid=99866) add /opt/stack/data/venv/lib/python3.12/site-packages/glance_store/_drivers/swift/store.py:970}}
Jul 28 07:51:03.467579 np0000005963 devstack@g-api.service[99866]: DEBUG glance_store._drivers.swift.store [None req-710768e8-c4ce-4992-9fd1-c6a3fe43d961 tempest-ServerBootFromVolumeStableRescueTest-344352540 tempest-ServerBootFromVolumeStableRescueTest-344352540-project-member] Cannot determine image size because it is either not provided in the request or chunked-transfer encoding is used. Adding image as a segmented object to Swift. {{(pid=99866) add /opt/stack/data/venv/lib/python3.12/site-packages/glance_store/_drivers/swift/store.py:994}}
Jul 28 07:51:03.473702 np0000005963 devstack@g-api.service[99866]: DEBUG oslo_utils.imageutils.format_inspector [None req-710768e8-c4ce-4992-9fd1-c6a3fe43d961 tempest-ServerBootFromVolumeStableRescueTest-344352540 tempest-ServerBootFromVolumeStableRescueTest-344352540-project-member] Format inspector for vmdk does not match, excluding from consideration (Signature KDMV not found: b'QFI\xfb') {{(pid=99866) _process_chunk /opt/stack/data/venv/lib/python3.12/site-packages/oslo_utils/imageutils/format_inspector.py:1758}}
Jul 28 07:51:03.475770 np0000005963 devstack@g-api.service[99866]: DEBUG oslo_utils.imageutils.format_inspector [None req-710768e8-c4ce-4992-9fd1-c6a3fe43d961 tempest-ServerBootFromVolumeStableRescueTest-344352540 tempest-ServerBootFromVolumeStableRescueTest-344352540-project-member] Format inspector for vhdx does not match, excluding from consideration (Region signature not found at 30000) {{(pid=99866) _process_chunk /opt/stack/data/venv/lib/python3.12/site-packages/oslo_utils/imageutils/format_inspector.py:1758}}
Jul 28 07:51:03.558854 np0000005963 devstack@g-api.service[99865]: DEBUG glance.api.middleware.version_negotiation [None req-32587ec1-6f1b-49f7-bcd7-95c9fbb0c430 tempest-VolumesExtendTest-551640766 tempest-VolumesExtendTest-551640766-project-member] Determining version of request: GET /v2/images/44d20ea4-0567-4b72-8ec6-bd609b45e5a6 Accept: application/json {{(pid=99865) process_request /opt/stack/glance/glance/api/middleware/version_negotiation.py:44}}
Jul 28 07:51:03.559066 np0000005963 devstack@g-api.service[99865]: DEBUG glance.api.middleware.version_negotiation [None req-32587ec1-6f1b-49f7-bcd7-95c9fbb0c430 tempest-VolumesExtendTest-551640766 tempest-VolumesExtendTest-551640766-project-member] Using url versioning {{(pid=99865) process_request /opt/stack/glance/glance/api/middleware/version_negotiation.py:57}}
Jul 28 07:51:03.559242 np0000005963 devstack@g-api.service[99865]: DEBUG glance.api.middleware.version_negotiation [None req-32587ec1-6f1b-49f7-bcd7-95c9fbb0c430 tempest-VolumesExtendTest-551640766 tempest-VolumesExtendTest-551640766-project-member] Matched version: v2 {{(pid=99865) process_request /opt/stack/glance/glance/api/middleware/version_negotiation.py:69}}
Jul 28 07:51:03.559383 np0000005963 devstack@g-api.service[99865]: DEBUG glance.api.middleware.version_negotiation [None req-32587ec1-6f1b-49f7-bcd7-95c9fbb0c430 tempest-VolumesExtendTest-551640766 tempest-VolumesExtendTest-551640766-project-member] new path /v2/images/44d20ea4-0567-4b72-8ec6-bd609b45e5a6 {{(pid=99865) process_request /opt/stack/glance/glance/api/middleware/version_negotiation.py:70}}
Jul 28 07:51:03.582468 np0000005963 devstack@g-api.service[99865]: [pid: 99865|app: 0|req: 83/246] 127.0.0.1 () {40 vars in 838 bytes} [Tue Jul 28 07:51:03 2026] GET /v2/images/44d20ea4-0567-4b72-8ec6-bd609b45e5a6 => generated 1469 bytes in 24 msecs (HTTP/1.1 200) 4 headers in 158 bytes (1 switches on core 0)
Jul 28 07:51:03.738852 np0000005963 devstack@g-api.service[99866]: DEBUG swiftclient [None req-710768e8-c4ce-4992-9fd1-c6a3fe43d961 tempest-ServerBootFromVolumeStableRescueTest-344352540 tempest-ServerBootFromVolumeStableRescueTest-344352540-project-member] REQ: curl -i https://10.4.3.195:8080/v1/AUTH_3959e32b057846f29f4feaf83119ac6d/glance/44d20ea4-0567-4b72-8ec6-bd609b45e5a6-00001 -X PUT -H "X-Auth-Token: gAAAAABqaF9nDOkA..." {{(pid=99866) http_log /opt/stack/data/venv/lib/python3.12/site-packages/swiftclient/client.py:160}}
Jul 28 07:51:03.739026 np0000005963 devstack@g-api.service[99866]: DEBUG swiftclient [None req-710768e8-c4ce-4992-9fd1-c6a3fe43d961 tempest-ServerBootFromVolumeStableRescueTest-344352540 tempest-ServerBootFromVolumeStableRescueTest-344352540-project-member] RESP STATUS: 201 Created {{(pid=99866) http_log /opt/stack/data/venv/lib/python3.12/site-packages/swiftclient/client.py:161}}
Jul 28 07:51:03.739221 np0000005963 devstack@g-api.service[99866]: DEBUG swiftclient [None req-710768e8-c4ce-4992-9fd1-c6a3fe43d961 tempest-ServerBootFromVolumeStableRescueTest-344352540 tempest-ServerBootFromVolumeStableRescueTest-344352540-project-member] RESP HEADERS: {'Date': 'Tue, 28 Jul 2026 07:51:03 GMT', 'Server': 'Apache/2.4.58 (Ubuntu)', 'Content-Type': 'text/html; charset=UTF-8', 'Content-Length': '0', 'Etag': '4fa343ee581d8d2e78533191fd1ac3e1', 'Last-Modified': 'Tue, 28 Jul 2026 07:51:04 GMT', 'X-Trans-Id': 'txc332f5ecad6f4764aea58-006a685f67', 'X-Openstack-Request-Id': 'txc332f5ecad6f4764aea58-006a685f67', 'Connection': 'close'} {{(pid=99866) http_log /opt/stack/data/venv/lib/python3.12/site-packages/swiftclient/client.py:162}}
Jul 28 07:51:03.739370 np0000005963 devstack@g-api.service[99866]: DEBUG glance_store._drivers.swift.store [None req-710768e8-c4ce-4992-9fd1-c6a3fe43d961 tempest-ServerBootFromVolumeStableRescueTest-344352540 tempest-ServerBootFromVolumeStableRescueTest-344352540-project-member] Wrote chunk 44d20ea4-0567-4b72-8ec6-bd609b45e5a6-00001 (1/?) of length 23527424 to Swift returning MD5 of content: 4fa343ee581d8d2e78533191fd1ac3e1 {{(pid=99866) add /opt/stack/data/venv/lib/python3.12/site-packages/glance_store/_drivers/swift/store.py:1059}}
Jul 28 07:51:03.742109 np0000005963 devstack@g-api.service[99866]: DEBUG glance_store._drivers.swift.store [None req-710768e8-c4ce-4992-9fd1-c6a3fe43d961 tempest-ServerBootFromVolumeStableRescueTest-344352540 tempest-ServerBootFromVolumeStableRescueTest-344352540-project-member] Not writing zero-length chunk. {{(pid=99866) add /opt/stack/data/venv/lib/python3.12/site-packages/glance_store/_drivers/swift/store.py:1028}}
Jul 28 07:51:03.785005 np0000005963 devstack@g-api.service[99866]: DEBUG swiftclient [None req-710768e8-c4ce-4992-9fd1-c6a3fe43d961 tempest-ServerBootFromVolumeStableRescueTest-344352540 tempest-ServerBootFromVolumeStableRescueTest-344352540-project-member] REQ: curl -i https://10.4.3.195:8080/v1/AUTH_3959e32b057846f29f4feaf83119ac6d/glance/44d20ea4-0567-4b72-8ec6-bd609b45e5a6 -X PUT -H "X-Object-Manifest: glance/44d20ea4-0567-4b72-8ec6-bd609b45e5a6-" -H "X-Auth-Token: gAAAAABqaF9nDOkA..." -H "Content-Length: 0" {{(pid=99866) http_log /opt/stack/data/venv/lib/python3.12/site-packages/swiftclient/client.py:160}}
Jul 28 07:51:03.785494 np0000005963 devstack@g-api.service[99866]: DEBUG swiftclient [None req-710768e8-c4ce-4992-9fd1-c6a3fe43d961 tempest-ServerBootFromVolumeStableRescueTest-344352540 tempest-ServerBootFromVolumeStableRescueTest-344352540-project-member] RESP STATUS: 201 Created {{(pid=99866) http_log /opt/stack/data/venv/lib/python3.12/site-packages/swiftclient/client.py:161}}
Jul 28 07:51:03.785494 np0000005963 devstack@g-api.service[99866]: DEBUG swiftclient [None req-710768e8-c4ce-4992-9fd1-c6a3fe43d961 tempest-ServerBootFromVolumeStableRescueTest-344352540 tempest-ServerBootFromVolumeStableRescueTest-344352540-project-member] RESP HEADERS: {'Date': 'Tue, 28 Jul 2026 07:51:03 GMT', 'Server': 'Apache/2.4.58 (Ubuntu)', 'Content-Type': 'text/html; charset=UTF-8', 'Content-Length': '0', 'Etag': 'd41d8cd98f00b204e9800998ecf8427e', 'Last-Modified': 'Tue, 28 Jul 2026 07:51:04 GMT', 'X-Trans-Id': 'txff12896a1f4948bdb6cc4-006a685f67', 'X-Openstack-Request-Id': 'txff12896a1f4948bdb6cc4-006a685f67', 'Connection': 'close'} {{(pid=99866) http_log /opt/stack/data/venv/lib/python3.12/site-packages/swiftclient/client.py:162}}
Jul 28 07:51:03.785925 np0000005963 devstack@g-api.service[99866]: INFO glance.location [None req-710768e8-c4ce-4992-9fd1-c6a3fe43d961 tempest-ServerBootFromVolumeStableRescueTest-344352540 tempest-ServerBootFromVolumeStableRescueTest-344352540-project-member] Image format matched and virtual size computed: 1073741824
Jul 28 07:51:03.843392 np0000005963 devstack@g-api.service[99866]: DEBUG glance_store.backend [None req-710768e8-c4ce-4992-9fd1-c6a3fe43d961 tempest-ServerBootFromVolumeStableRescueTest-344352540 tempest-ServerBootFromVolumeStableRescueTest-344352540-project-member] Attempting to import store swift {{(pid=99866) _load_store /opt/stack/data/venv/lib/python3.12/site-packages/glance_store/backend.py:215}}
Jul 28 07:51:03.844953 np0000005963 devstack@g-api.service[99866]: DEBUG glance_store.capabilities [None req-710768e8-c4ce-4992-9fd1-c6a3fe43d961 tempest-ServerBootFromVolumeStableRescueTest-344352540 tempest-ServerBootFromVolumeStableRescueTest-344352540-project-member] Store glance_store._drivers.swift.store.SingleTenantStore doesn't support updating dynamic storage capabilities. Please overwrite 'update_capabilities' method of the store to implement updating logics if needed. {{(pid=99866) update_capabilities /opt/stack/data/venv/lib/python3.12/site-packages/glance_store/capabilities.py:91}}
Jul 28 07:51:03.845246 np0000005963 devstack@g-api.service[99866]: DEBUG glance_store.driver [None req-710768e8-c4ce-4992-9fd1-c6a3fe43d961 tempest-ServerBootFromVolumeStableRescueTest-344352540 tempest-ServerBootFromVolumeStableRescueTest-344352540-project-member] Late loading location class glance_store._drivers.swift.store.StoreLocation {{(pid=99866) get_store_location_class /opt/stack/data/venv/lib/python3.12/site-packages/glance_store/driver.py:134}}
Jul 28 07:51:03.845485 np0000005963 devstack@g-api.service[99866]: DEBUG glance_store.location [None req-710768e8-c4ce-4992-9fd1-c6a3fe43d961 tempest-ServerBootFromVolumeStableRescueTest-344352540 tempest-ServerBootFromVolumeStableRescueTest-344352540-project-member] Registering scheme swift+https with {'store': , 'location_class': , 'store_entry': 'swift'} {{(pid=99866) register_scheme_map /opt/stack/data/venv/lib/python3.12/site-packages/glance_store/location.py:146}}
Jul 28 07:51:03.845759 np0000005963 devstack@g-api.service[99866]: DEBUG glance_store.location [None req-710768e8-c4ce-4992-9fd1-c6a3fe43d961 tempest-ServerBootFromVolumeStableRescueTest-344352540 tempest-ServerBootFromVolumeStableRescueTest-344352540-project-member] Registering scheme swift+https with {'store': , 'location_class': , 'store_entry': 'swift'} {{(pid=99866) register_scheme_map /opt/stack/data/venv/lib/python3.12/site-packages/glance_store/location.py:146}}
Jul 28 07:51:03.845990 np0000005963 devstack@g-api.service[99866]: DEBUG glance_store.location [None req-710768e8-c4ce-4992-9fd1-c6a3fe43d961 tempest-ServerBootFromVolumeStableRescueTest-344352540 tempest-ServerBootFromVolumeStableRescueTest-344352540-project-member] Registering scheme swift with {'store': , 'location_class': , 'store_entry': 'swift'} {{(pid=99866) register_scheme_map /opt/stack/data/venv/lib/python3.12/site-packages/glance_store/location.py:146}}
Jul 28 07:51:03.846211 np0000005963 devstack@g-api.service[99866]: DEBUG glance_store.location [None req-710768e8-c4ce-4992-9fd1-c6a3fe43d961 tempest-ServerBootFromVolumeStableRescueTest-344352540 tempest-ServerBootFromVolumeStableRescueTest-344352540-project-member] Registering scheme swift+https with {'store': , 'location_class': , 'store_entry': 'swift'} {{(pid=99866) register_scheme_map /opt/stack/data/venv/lib/python3.12/site-packages/glance_store/location.py:146}}
Jul 28 07:51:03.846428 np0000005963 devstack@g-api.service[99866]: DEBUG glance_store.location [None req-710768e8-c4ce-4992-9fd1-c6a3fe43d961 tempest-ServerBootFromVolumeStableRescueTest-344352540 tempest-ServerBootFromVolumeStableRescueTest-344352540-project-member] Registering scheme swift with {'store': , 'location_class': , 'store_entry': 'swift'} {{(pid=99866) register_scheme_map /opt/stack/data/venv/lib/python3.12/site-packages/glance_store/location.py:146}}
Jul 28 07:51:03.846690 np0000005963 devstack@g-api.service[99866]: DEBUG glance_store.location [None req-710768e8-c4ce-4992-9fd1-c6a3fe43d961 tempest-ServerBootFromVolumeStableRescueTest-344352540 tempest-ServerBootFromVolumeStableRescueTest-344352540-project-member] Registering scheme swift+http with {'store': , 'location_class': , 'store_entry': 'swift'} {{(pid=99866) register_scheme_map /opt/stack/data/venv/lib/python3.12/site-packages/glance_store/location.py:146}}
Jul 28 07:51:03.846903 np0000005963 devstack@g-api.service[99866]: DEBUG glance_store.location [None req-710768e8-c4ce-4992-9fd1-c6a3fe43d961 tempest-ServerBootFromVolumeStableRescueTest-344352540 tempest-ServerBootFromVolumeStableRescueTest-344352540-project-member] Registering scheme swift+https with {'store': , 'location_class': , 'store_entry': 'swift'} {{(pid=99866) register_scheme_map /opt/stack/data/venv/lib/python3.12/site-packages/glance_store/location.py:146}}
Jul 28 07:51:03.847096 np0000005963 devstack@g-api.service[99866]: DEBUG glance_store.location [None req-710768e8-c4ce-4992-9fd1-c6a3fe43d961 tempest-ServerBootFromVolumeStableRescueTest-344352540 tempest-ServerBootFromVolumeStableRescueTest-344352540-project-member] Registering scheme swift with {'store': , 'location_class': , 'store_entry': 'swift'} {{(pid=99866) register_scheme_map /opt/stack/data/venv/lib/python3.12/site-packages/glance_store/location.py:146}}
Jul 28 07:51:03.847282 np0000005963 devstack@g-api.service[99866]: DEBUG glance_store.location [None req-710768e8-c4ce-4992-9fd1-c6a3fe43d961 tempest-ServerBootFromVolumeStableRescueTest-344352540 tempest-ServerBootFromVolumeStableRescueTest-344352540-project-member] Registering scheme swift+http with {'store': , 'location_class': , 'store_entry': 'swift'} {{(pid=99866) register_scheme_map /opt/stack/data/venv/lib/python3.12/site-packages/glance_store/location.py:146}}
Jul 28 07:51:03.847472 np0000005963 devstack@g-api.service[99866]: DEBUG glance_store.location [None req-710768e8-c4ce-4992-9fd1-c6a3fe43d961 tempest-ServerBootFromVolumeStableRescueTest-344352540 tempest-ServerBootFromVolumeStableRescueTest-344352540-project-member] Registering scheme swift+config with {'store': , 'location_class': , 'store_entry': 'swift'} {{(pid=99866) register_scheme_map /opt/stack/data/venv/lib/python3.12/site-packages/glance_store/location.py:146}}
Jul 28 07:51:03.847746 np0000005963 devstack@g-api.service[99866]: DEBUG glance_store.backend [None req-710768e8-c4ce-4992-9fd1-c6a3fe43d961 tempest-ServerBootFromVolumeStableRescueTest-344352540 tempest-ServerBootFromVolumeStableRescueTest-344352540-project-member] Skipping store.set_acls... not implemented. {{(pid=99866) set_acls /opt/stack/data/venv/lib/python3.12/site-packages/glance_store/backend.py:507}}
Jul 28 07:51:03.850692 np0000005963 devstack@g-api.service[99866]: [pid: 99866|app: 0|req: 79/247] 127.0.0.1 () {46 vars in 1158 bytes} [Tue Jul 28 07:51:02 2026] PUT /v2/images/44d20ea4-0567-4b72-8ec6-bd609b45e5a6/file => generated 0 bytes in 1639 msecs (HTTP/1.1 204) 4 headers in 171 bytes (1 switches on core 0)
Jul 28 07:51:03.883715 np0000005963 devstack@g-api.service[99867]: DEBUG glance.api.middleware.version_negotiation [None req-32587ec1-6f1b-49f7-bcd7-95c9fbb0c430 tempest-VolumesExtendTest-551640766 tempest-VolumesExtendTest-551640766-project-member] Determining version of request: GET /v2/images/44d20ea4-0567-4b72-8ec6-bd609b45e5a6 Accept: */* {{(pid=99867) process_request /opt/stack/glance/glance/api/middleware/version_negotiation.py:44}}
Jul 28 07:51:03.884115 np0000005963 devstack@g-api.service[99867]: DEBUG glance.api.middleware.version_negotiation [None req-32587ec1-6f1b-49f7-bcd7-95c9fbb0c430 tempest-VolumesExtendTest-551640766 tempest-VolumesExtendTest-551640766-project-member] Using url versioning {{(pid=99867) process_request /opt/stack/glance/glance/api/middleware/version_negotiation.py:57}}
Jul 28 07:51:03.884115 np0000005963 devstack@g-api.service[99867]: DEBUG glance.api.middleware.version_negotiation [None req-32587ec1-6f1b-49f7-bcd7-95c9fbb0c430 tempest-VolumesExtendTest-551640766 tempest-VolumesExtendTest-551640766-project-member] Matched version: v2 {{(pid=99867) process_request /opt/stack/glance/glance/api/middleware/version_negotiation.py:69}}
Jul 28 07:51:03.884115 np0000005963 devstack@g-api.service[99867]: DEBUG glance.api.middleware.version_negotiation [None req-32587ec1-6f1b-49f7-bcd7-95c9fbb0c430 tempest-VolumesExtendTest-551640766 tempest-VolumesExtendTest-551640766-project-member] new path /v2/images/44d20ea4-0567-4b72-8ec6-bd609b45e5a6 {{(pid=99867) process_request /opt/stack/glance/glance/api/middleware/version_negotiation.py:70}}
Jul 28 07:51:03.900012 np0000005963 devstack@g-api.service[99867]: [pid: 99867|app: 0|req: 86/248] 127.0.0.1 () {44 vars in 1115 bytes} [Tue Jul 28 07:51:03 2026] GET /v2/images/44d20ea4-0567-4b72-8ec6-bd609b45e5a6 => generated 1639 bytes in 16 msecs (HTTP/1.1 200) 4 headers in 158 bytes (1 switches on core 0)
Jul 28 07:51:03.931476 np0000005963 devstack@g-api.service[99865]: DEBUG glance.api.middleware.version_negotiation [None req-835082c1-5285-430d-9fb9-a7c026f8eb22 tempest-ServerBootFromVolumeStableRescueTest-344352540 tempest-ServerBootFromVolumeStableRescueTest-344352540-project-member] Determining version of request: GET /v2/schemas/image Accept: */* {{(pid=99865) process_request /opt/stack/glance/glance/api/middleware/version_negotiation.py:44}}
Jul 28 07:51:03.931877 np0000005963 devstack@g-api.service[99865]: DEBUG glance.api.middleware.version_negotiation [None req-835082c1-5285-430d-9fb9-a7c026f8eb22 tempest-ServerBootFromVolumeStableRescueTest-344352540 tempest-ServerBootFromVolumeStableRescueTest-344352540-project-member] Using url versioning {{(pid=99865) process_request /opt/stack/glance/glance/api/middleware/version_negotiation.py:57}}
Jul 28 07:51:03.932144 np0000005963 devstack@g-api.service[99865]: DEBUG glance.api.middleware.version_negotiation [None req-835082c1-5285-430d-9fb9-a7c026f8eb22 tempest-ServerBootFromVolumeStableRescueTest-344352540 tempest-ServerBootFromVolumeStableRescueTest-344352540-project-member] Matched version: v2 {{(pid=99865) process_request /opt/stack/glance/glance/api/middleware/version_negotiation.py:69}}
Jul 28 07:51:03.932344 np0000005963 devstack@g-api.service[99865]: DEBUG glance.api.middleware.version_negotiation [None req-835082c1-5285-430d-9fb9-a7c026f8eb22 tempest-ServerBootFromVolumeStableRescueTest-344352540 tempest-ServerBootFromVolumeStableRescueTest-344352540-project-member] new path /v2/schemas/image {{(pid=99865) process_request /opt/stack/glance/glance/api/middleware/version_negotiation.py:70}}
Jul 28 07:51:03.935811 np0000005963 devstack@g-api.service[99865]: [pid: 99865|app: 0|req: 84/249] 127.0.0.1 () {44 vars in 1055 bytes} [Tue Jul 28 07:51:03 2026] GET /v2/schemas/image => generated 6083 bytes in 4 msecs (HTTP/1.1 200) 4 headers in 158 bytes (1 switches on core 0)
Jul 28 07:51:04.594568 np0000005963 devstack@g-api.service[99866]: DEBUG glance.api.middleware.version_negotiation [None req-710768e8-c4ce-4992-9fd1-c6a3fe43d961 tempest-ServerBootFromVolumeStableRescueTest-344352540 tempest-ServerBootFromVolumeStableRescueTest-344352540-project-member] Determining version of request: GET /v2/images/44d20ea4-0567-4b72-8ec6-bd609b45e5a6 Accept: application/json {{(pid=99866) process_request /opt/stack/glance/glance/api/middleware/version_negotiation.py:44}}
Jul 28 07:51:04.594568 np0000005963 devstack@g-api.service[99866]: DEBUG glance.api.middleware.version_negotiation [None req-710768e8-c4ce-4992-9fd1-c6a3fe43d961 tempest-ServerBootFromVolumeStableRescueTest-344352540 tempest-ServerBootFromVolumeStableRescueTest-344352540-project-member] Using url versioning {{(pid=99866) process_request /opt/stack/glance/glance/api/middleware/version_negotiation.py:57}}
Jul 28 07:51:04.594568 np0000005963 devstack@g-api.service[99866]: DEBUG glance.api.middleware.version_negotiation [None req-710768e8-c4ce-4992-9fd1-c6a3fe43d961 tempest-ServerBootFromVolumeStableRescueTest-344352540 tempest-ServerBootFromVolumeStableRescueTest-344352540-project-member] Matched version: v2 {{(pid=99866) process_request /opt/stack/glance/glance/api/middleware/version_negotiation.py:69}}
Jul 28 07:51:04.594568 np0000005963 devstack@g-api.service[99866]: DEBUG glance.api.middleware.version_negotiation [None req-710768e8-c4ce-4992-9fd1-c6a3fe43d961 tempest-ServerBootFromVolumeStableRescueTest-344352540 tempest-ServerBootFromVolumeStableRescueTest-344352540-project-member] new path /v2/images/44d20ea4-0567-4b72-8ec6-bd609b45e5a6 {{(pid=99866) process_request /opt/stack/glance/glance/api/middleware/version_negotiation.py:70}}
Jul 28 07:51:04.605559 np0000005963 devstack@g-api.service[99866]: [pid: 99866|app: 0|req: 80/250] 127.0.0.1 () {40 vars in 838 bytes} [Tue Jul 28 07:51:04 2026] GET /v2/images/44d20ea4-0567-4b72-8ec6-bd609b45e5a6 => generated 1639 bytes in 12 msecs (HTTP/1.1 200) 4 headers in 158 bytes (1 switches on core 0)
Jul 28 07:51:04.613995 np0000005963 devstack@g-api.service[99867]: DEBUG glance.api.middleware.version_negotiation [None req-710768e8-c4ce-4992-9fd1-c6a3fe43d961 tempest-ServerBootFromVolumeStableRescueTest-344352540 tempest-ServerBootFromVolumeStableRescueTest-344352540-project-member] Determining version of request: GET /v2/images/44d20ea4-0567-4b72-8ec6-bd609b45e5a6 Accept: application/json {{(pid=99867) process_request /opt/stack/glance/glance/api/middleware/version_negotiation.py:44}}
Jul 28 07:51:04.614180 np0000005963 devstack@g-api.service[99867]: DEBUG glance.api.middleware.version_negotiation [None req-710768e8-c4ce-4992-9fd1-c6a3fe43d961 tempest-ServerBootFromVolumeStableRescueTest-344352540 tempest-ServerBootFromVolumeStableRescueTest-344352540-project-member] Using url versioning {{(pid=99867) process_request /opt/stack/glance/glance/api/middleware/version_negotiation.py:57}}
Jul 28 07:51:04.614633 np0000005963 devstack@g-api.service[99867]: DEBUG glance.api.middleware.version_negotiation [None req-710768e8-c4ce-4992-9fd1-c6a3fe43d961 tempest-ServerBootFromVolumeStableRescueTest-344352540 tempest-ServerBootFromVolumeStableRescueTest-344352540-project-member] Matched version: v2 {{(pid=99867) process_request /opt/stack/glance/glance/api/middleware/version_negotiation.py:69}}
Jul 28 07:51:04.614633 np0000005963 devstack@g-api.service[99867]: DEBUG glance.api.middleware.version_negotiation [None req-710768e8-c4ce-4992-9fd1-c6a3fe43d961 tempest-ServerBootFromVolumeStableRescueTest-344352540 tempest-ServerBootFromVolumeStableRescueTest-344352540-project-member] new path /v2/images/44d20ea4-0567-4b72-8ec6-bd609b45e5a6 {{(pid=99867) process_request /opt/stack/glance/glance/api/middleware/version_negotiation.py:70}}
Jul 28 07:51:04.633175 np0000005963 devstack@g-api.service[99867]: [pid: 99867|app: 0|req: 87/251] 127.0.0.1 () {40 vars in 838 bytes} [Tue Jul 28 07:51:04 2026] GET /v2/images/44d20ea4-0567-4b72-8ec6-bd609b45e5a6 => generated 1639 bytes in 19 msecs (HTTP/1.1 200) 4 headers in 158 bytes (1 switches on core 0)
Jul 28 07:51:05.156165 np0000005963 devstack@g-api.service[99865]: DEBUG glance.api.middleware.version_negotiation [None req-710768e8-c4ce-4992-9fd1-c6a3fe43d961 tempest-ServerBootFromVolumeStableRescueTest-344352540 tempest-ServerBootFromVolumeStableRescueTest-344352540-project-member] Determining version of request: GET /v2/images/038765f4-0aef-4002-bfb2-c5b83fbe5cb1 Accept: */* {{(pid=99865) process_request /opt/stack/glance/glance/api/middleware/version_negotiation.py:44}}
Jul 28 07:51:05.156651 np0000005963 devstack@g-api.service[99865]: DEBUG glance.api.middleware.version_negotiation [None req-710768e8-c4ce-4992-9fd1-c6a3fe43d961 tempest-ServerBootFromVolumeStableRescueTest-344352540 tempest-ServerBootFromVolumeStableRescueTest-344352540-project-member] Using url versioning {{(pid=99865) process_request /opt/stack/glance/glance/api/middleware/version_negotiation.py:57}}
Jul 28 07:51:05.156651 np0000005963 devstack@g-api.service[99865]: DEBUG glance.api.middleware.version_negotiation [None req-710768e8-c4ce-4992-9fd1-c6a3fe43d961 tempest-ServerBootFromVolumeStableRescueTest-344352540 tempest-ServerBootFromVolumeStableRescueTest-344352540-project-member] Matched version: v2 {{(pid=99865) process_request /opt/stack/glance/glance/api/middleware/version_negotiation.py:69}}
Jul 28 07:51:05.156757 np0000005963 devstack@g-api.service[99865]: DEBUG glance.api.middleware.version_negotiation [None req-710768e8-c4ce-4992-9fd1-c6a3fe43d961 tempest-ServerBootFromVolumeStableRescueTest-344352540 tempest-ServerBootFromVolumeStableRescueTest-344352540-project-member] new path /v2/images/038765f4-0aef-4002-bfb2-c5b83fbe5cb1 {{(pid=99865) process_request /opt/stack/glance/glance/api/middleware/version_negotiation.py:70}}
Jul 28 07:51:05.166075 np0000005963 devstack@g-api.service[99866]: DEBUG glance.api.middleware.version_negotiation [None req-886f0fcc-787a-4632-a6c1-ea4daf5f5233 tempest-ServerBootFromVolumeStableRescueTest-344352540 tempest-ServerBootFromVolumeStableRescueTest-344352540-project-member] Determining version of request: GET /v2/images/038765f4-0aef-4002-bfb2-c5b83fbe5cb1 Accept: */* {{(pid=99866) process_request /opt/stack/glance/glance/api/middleware/version_negotiation.py:44}}
Jul 28 07:51:05.166075 np0000005963 devstack@g-api.service[99866]: DEBUG glance.api.middleware.version_negotiation [None req-886f0fcc-787a-4632-a6c1-ea4daf5f5233 tempest-ServerBootFromVolumeStableRescueTest-344352540 tempest-ServerBootFromVolumeStableRescueTest-344352540-project-member] Using url versioning {{(pid=99866) process_request /opt/stack/glance/glance/api/middleware/version_negotiation.py:57}}
Jul 28 07:51:05.166478 np0000005963 devstack@g-api.service[99866]: DEBUG glance.api.middleware.version_negotiation [None req-886f0fcc-787a-4632-a6c1-ea4daf5f5233 tempest-ServerBootFromVolumeStableRescueTest-344352540 tempest-ServerBootFromVolumeStableRescueTest-344352540-project-member] Matched version: v2 {{(pid=99866) process_request /opt/stack/glance/glance/api/middleware/version_negotiation.py:69}}
Jul 28 07:51:05.166478 np0000005963 devstack@g-api.service[99866]: DEBUG glance.api.middleware.version_negotiation [None req-886f0fcc-787a-4632-a6c1-ea4daf5f5233 tempest-ServerBootFromVolumeStableRescueTest-344352540 tempest-ServerBootFromVolumeStableRescueTest-344352540-project-member] new path /v2/images/038765f4-0aef-4002-bfb2-c5b83fbe5cb1 {{(pid=99866) process_request /opt/stack/glance/glance/api/middleware/version_negotiation.py:70}}
Jul 28 07:51:05.174271 np0000005963 devstack@g-api.service[99865]: [pid: 99865|app: 0|req: 85/252] 127.0.0.1 () {44 vars in 1115 bytes} [Tue Jul 28 07:51:05 2026] GET /v2/images/038765f4-0aef-4002-bfb2-c5b83fbe5cb1 => generated 1044 bytes in 18 msecs (HTTP/1.1 200) 4 headers in 158 bytes (1 switches on core 0)
Jul 28 07:51:05.185542 np0000005963 devstack@g-api.service[99866]: [pid: 99866|app: 0|req: 81/253] 127.0.0.1 () {44 vars in 1115 bytes} [Tue Jul 28 07:51:05 2026] GET /v2/images/038765f4-0aef-4002-bfb2-c5b83fbe5cb1 => generated 1044 bytes in 16 msecs (HTTP/1.1 200) 4 headers in 158 bytes (1 switches on core 0)
Jul 28 07:51:05.223795 np0000005963 devstack@g-api.service[99865]: DEBUG glance.api.middleware.version_negotiation [None req-f726457f-7eb6-4801-9b94-8b4a0c207858 tempest-VolumesNegativeTest-1294805661 tempest-VolumesNegativeTest-1294805661-project-member] Determining version of request: GET /v2/schemas/image Accept: */* {{(pid=99865) process_request /opt/stack/glance/glance/api/middleware/version_negotiation.py:44}}
Jul 28 07:51:05.224533 np0000005963 devstack@g-api.service[99865]: DEBUG glance.api.middleware.version_negotiation [None req-f726457f-7eb6-4801-9b94-8b4a0c207858 tempest-VolumesNegativeTest-1294805661 tempest-VolumesNegativeTest-1294805661-project-member] Using url versioning {{(pid=99865) process_request /opt/stack/glance/glance/api/middleware/version_negotiation.py:57}}
Jul 28 07:51:05.224681 np0000005963 devstack@g-api.service[99867]: DEBUG glance.api.middleware.version_negotiation [None req-a62a30d4-f7d3-4b60-9d90-31751609ead4 tempest-ServerBootFromVolumeStableRescueTest-344352540 tempest-ServerBootFromVolumeStableRescueTest-344352540-project-member] Determining version of request: GET /v2/schemas/image Accept: */* {{(pid=99867) process_request /opt/stack/glance/glance/api/middleware/version_negotiation.py:44}}
Jul 28 07:51:05.225012 np0000005963 devstack@g-api.service[99865]: DEBUG glance.api.middleware.version_negotiation [None req-f726457f-7eb6-4801-9b94-8b4a0c207858 tempest-VolumesNegativeTest-1294805661 tempest-VolumesNegativeTest-1294805661-project-member] Matched version: v2 {{(pid=99865) process_request /opt/stack/glance/glance/api/middleware/version_negotiation.py:69}}
Jul 28 07:51:05.225074 np0000005963 devstack@g-api.service[99867]: DEBUG glance.api.middleware.version_negotiation [None req-a62a30d4-f7d3-4b60-9d90-31751609ead4 tempest-ServerBootFromVolumeStableRescueTest-344352540 tempest-ServerBootFromVolumeStableRescueTest-344352540-project-member] Using url versioning {{(pid=99867) process_request /opt/stack/glance/glance/api/middleware/version_negotiation.py:57}}
Jul 28 07:51:05.225120 np0000005963 devstack@g-api.service[99865]: DEBUG glance.api.middleware.version_negotiation [None req-f726457f-7eb6-4801-9b94-8b4a0c207858 tempest-VolumesNegativeTest-1294805661 tempest-VolumesNegativeTest-1294805661-project-member] new path /v2/schemas/image {{(pid=99865) process_request /opt/stack/glance/glance/api/middleware/version_negotiation.py:70}}
Jul 28 07:51:05.225167 np0000005963 devstack@g-api.service[99867]: DEBUG glance.api.middleware.version_negotiation [None req-a62a30d4-f7d3-4b60-9d90-31751609ead4 tempest-ServerBootFromVolumeStableRescueTest-344352540 tempest-ServerBootFromVolumeStableRescueTest-344352540-project-member] Matched version: v2 {{(pid=99867) process_request /opt/stack/glance/glance/api/middleware/version_negotiation.py:69}}
Jul 28 07:51:05.225238 np0000005963 devstack@g-api.service[99867]: DEBUG glance.api.middleware.version_negotiation [None req-a62a30d4-f7d3-4b60-9d90-31751609ead4 tempest-ServerBootFromVolumeStableRescueTest-344352540 tempest-ServerBootFromVolumeStableRescueTest-344352540-project-member] new path /v2/schemas/image {{(pid=99867) process_request /opt/stack/glance/glance/api/middleware/version_negotiation.py:70}}
Jul 28 07:51:05.227180 np0000005963 devstack@g-api.service[99865]: [pid: 99865|app: 0|req: 86/254] 127.0.0.1 () {44 vars in 1055 bytes} [Tue Jul 28 07:51:05 2026] GET /v2/schemas/image => generated 6083 bytes in 4 msecs (HTTP/1.1 200) 4 headers in 158 bytes (1 switches on core 0)
Jul 28 07:51:05.228556 np0000005963 devstack@g-api.service[99867]: [pid: 99867|app: 0|req: 88/255] 127.0.0.1 () {44 vars in 1055 bytes} [Tue Jul 28 07:51:05 2026] GET /v2/schemas/image => generated 6083 bytes in 6 msecs (HTTP/1.1 200) 4 headers in 158 bytes (1 switches on core 0)
Jul 28 07:51:07.341258 np0000005963 devstack@g-api.service[99866]: DEBUG glance.api.middleware.version_negotiation [None req-9f7cfd52-62a1-4274-be7c-7f0816630f82 tempest-ServerBootFromVolumeStableRescueTest-344352540 tempest-ServerBootFromVolumeStableRescueTest-344352540-project-member] Determining version of request: GET /v2/images/038765f4-0aef-4002-bfb2-c5b83fbe5cb1 Accept: */* {{(pid=99866) process_request /opt/stack/glance/glance/api/middleware/version_negotiation.py:44}}
Jul 28 07:51:07.341818 np0000005963 devstack@g-api.service[99866]: DEBUG glance.api.middleware.version_negotiation [None req-9f7cfd52-62a1-4274-be7c-7f0816630f82 tempest-ServerBootFromVolumeStableRescueTest-344352540 tempest-ServerBootFromVolumeStableRescueTest-344352540-project-member] Using url versioning {{(pid=99866) process_request /opt/stack/glance/glance/api/middleware/version_negotiation.py:57}}
Jul 28 07:51:07.341818 np0000005963 devstack@g-api.service[99866]: DEBUG glance.api.middleware.version_negotiation [None req-9f7cfd52-62a1-4274-be7c-7f0816630f82 tempest-ServerBootFromVolumeStableRescueTest-344352540 tempest-ServerBootFromVolumeStableRescueTest-344352540-project-member] Matched version: v2 {{(pid=99866) process_request /opt/stack/glance/glance/api/middleware/version_negotiation.py:69}}
Jul 28 07:51:07.342028 np0000005963 devstack@g-api.service[99866]: DEBUG glance.api.middleware.version_negotiation [None req-9f7cfd52-62a1-4274-be7c-7f0816630f82 tempest-ServerBootFromVolumeStableRescueTest-344352540 tempest-ServerBootFromVolumeStableRescueTest-344352540-project-member] new path /v2/images/038765f4-0aef-4002-bfb2-c5b83fbe5cb1 {{(pid=99866) process_request /opt/stack/glance/glance/api/middleware/version_negotiation.py:70}}
Jul 28 07:51:07.357319 np0000005963 devstack@g-api.service[99866]: [pid: 99866|app: 0|req: 82/256] 127.0.0.1 () {44 vars in 1115 bytes} [Tue Jul 28 07:51:07 2026] GET /v2/images/038765f4-0aef-4002-bfb2-c5b83fbe5cb1 => generated 1044 bytes in 16 msecs (HTTP/1.1 200) 4 headers in 158 bytes (1 switches on core 0)
Jul 28 07:51:07.367210 np0000005963 devstack@g-api.service[99865]: DEBUG glance.api.middleware.version_negotiation [None req-9f7cfd52-62a1-4274-be7c-7f0816630f82 tempest-ServerBootFromVolumeStableRescueTest-344352540 tempest-ServerBootFromVolumeStableRescueTest-344352540-project-member] Determining version of request: GET /v2/schemas/image Accept: */* {{(pid=99865) process_request /opt/stack/glance/glance/api/middleware/version_negotiation.py:44}}
Jul 28 07:51:07.367589 np0000005963 devstack@g-api.service[99865]: DEBUG glance.api.middleware.version_negotiation [None req-9f7cfd52-62a1-4274-be7c-7f0816630f82 tempest-ServerBootFromVolumeStableRescueTest-344352540 tempest-ServerBootFromVolumeStableRescueTest-344352540-project-member] Using url versioning {{(pid=99865) process_request /opt/stack/glance/glance/api/middleware/version_negotiation.py:57}}
Jul 28 07:51:07.367589 np0000005963 devstack@g-api.service[99865]: DEBUG glance.api.middleware.version_negotiation [None req-9f7cfd52-62a1-4274-be7c-7f0816630f82 tempest-ServerBootFromVolumeStableRescueTest-344352540 tempest-ServerBootFromVolumeStableRescueTest-344352540-project-member] Matched version: v2 {{(pid=99865) process_request /opt/stack/glance/glance/api/middleware/version_negotiation.py:69}}
Jul 28 07:51:07.367589 np0000005963 devstack@g-api.service[99865]: DEBUG glance.api.middleware.version_negotiation [None req-9f7cfd52-62a1-4274-be7c-7f0816630f82 tempest-ServerBootFromVolumeStableRescueTest-344352540 tempest-ServerBootFromVolumeStableRescueTest-344352540-project-member] new path /v2/schemas/image {{(pid=99865) process_request /opt/stack/glance/glance/api/middleware/version_negotiation.py:70}}
Jul 28 07:51:07.377425 np0000005963 devstack@g-api.service[99865]: [pid: 99865|app: 0|req: 87/257] 127.0.0.1 () {44 vars in 1055 bytes} [Tue Jul 28 07:51:07 2026] GET /v2/schemas/image => generated 6083 bytes in 10 msecs (HTTP/1.1 200) 4 headers in 158 bytes (1 switches on core 0)
Jul 28 07:51:07.389338 np0000005963 devstack@g-api.service[99867]: DEBUG glance.api.middleware.version_negotiation [None req-f726457f-7eb6-4801-9b94-8b4a0c207858 tempest-VolumesNegativeTest-1294805661 tempest-VolumesNegativeTest-1294805661-project-member] Determining version of request: GET /v2/schemas/image Accept: */* {{(pid=99867) process_request /opt/stack/glance/glance/api/middleware/version_negotiation.py:44}}
Jul 28 07:51:07.389799 np0000005963 devstack@g-api.service[99867]: DEBUG glance.api.middleware.version_negotiation [None req-f726457f-7eb6-4801-9b94-8b4a0c207858 tempest-VolumesNegativeTest-1294805661 tempest-VolumesNegativeTest-1294805661-project-member] Using url versioning {{(pid=99867) process_request /opt/stack/glance/glance/api/middleware/version_negotiation.py:57}}
Jul 28 07:51:07.389799 np0000005963 devstack@g-api.service[99867]: DEBUG glance.api.middleware.version_negotiation [None req-f726457f-7eb6-4801-9b94-8b4a0c207858 tempest-VolumesNegativeTest-1294805661 tempest-VolumesNegativeTest-1294805661-project-member] Matched version: v2 {{(pid=99867) process_request /opt/stack/glance/glance/api/middleware/version_negotiation.py:69}}
Jul 28 07:51:07.391523 np0000005963 devstack@g-api.service[99867]: DEBUG glance.api.middleware.version_negotiation [None req-f726457f-7eb6-4801-9b94-8b4a0c207858 tempest-VolumesNegativeTest-1294805661 tempest-VolumesNegativeTest-1294805661-project-member] new path /v2/schemas/image {{(pid=99867) process_request /opt/stack/glance/glance/api/middleware/version_negotiation.py:70}}
Jul 28 07:51:07.393880 np0000005963 devstack@g-api.service[99867]: [pid: 99867|app: 0|req: 89/258] 127.0.0.1 () {44 vars in 1055 bytes} [Tue Jul 28 07:51:07 2026] GET /v2/schemas/image => generated 6083 bytes in 5 msecs (HTTP/1.1 200) 4 headers in 158 bytes (1 switches on core 0)
Jul 28 07:51:07.403056 np0000005963 devstack@g-api.service[99866]: DEBUG glance.api.middleware.version_negotiation [None req-9f7cfd52-62a1-4274-be7c-7f0816630f82 tempest-ServerBootFromVolumeStableRescueTest-344352540 tempest-ServerBootFromVolumeStableRescueTest-344352540-project-member] Determining version of request: GET /v2/images/038765f4-0aef-4002-bfb2-c5b83fbe5cb1 Accept: */* {{(pid=99866) process_request /opt/stack/glance/glance/api/middleware/version_negotiation.py:44}}
Jul 28 07:51:07.403208 np0000005963 devstack@g-api.service[99866]: DEBUG glance.api.middleware.version_negotiation [None req-9f7cfd52-62a1-4274-be7c-7f0816630f82 tempest-ServerBootFromVolumeStableRescueTest-344352540 tempest-ServerBootFromVolumeStableRescueTest-344352540-project-member] Using url versioning {{(pid=99866) process_request /opt/stack/glance/glance/api/middleware/version_negotiation.py:57}}
Jul 28 07:51:07.403323 np0000005963 devstack@g-api.service[99866]: DEBUG glance.api.middleware.version_negotiation [None req-9f7cfd52-62a1-4274-be7c-7f0816630f82 tempest-ServerBootFromVolumeStableRescueTest-344352540 tempest-ServerBootFromVolumeStableRescueTest-344352540-project-member] Matched version: v2 {{(pid=99866) process_request /opt/stack/glance/glance/api/middleware/version_negotiation.py:69}}
Jul 28 07:51:07.403414 np0000005963 devstack@g-api.service[99866]: DEBUG glance.api.middleware.version_negotiation [None req-9f7cfd52-62a1-4274-be7c-7f0816630f82 tempest-ServerBootFromVolumeStableRescueTest-344352540 tempest-ServerBootFromVolumeStableRescueTest-344352540-project-member] new path /v2/images/038765f4-0aef-4002-bfb2-c5b83fbe5cb1 {{(pid=99866) process_request /opt/stack/glance/glance/api/middleware/version_negotiation.py:70}}
Jul 28 07:51:07.412623 np0000005963 devstack@g-api.service[99866]: [pid: 99866|app: 0|req: 83/259] 127.0.0.1 () {44 vars in 1115 bytes} [Tue Jul 28 07:51:07 2026] GET /v2/images/038765f4-0aef-4002-bfb2-c5b83fbe5cb1 => generated 1044 bytes in 9 msecs (HTTP/1.1 200) 4 headers in 158 bytes (1 switches on core 0)
Jul 28 07:51:07.425457 np0000005963 devstack@g-api.service[99865]: DEBUG glance.api.middleware.version_negotiation [None req-9f7cfd52-62a1-4274-be7c-7f0816630f82 tempest-ServerBootFromVolumeStableRescueTest-344352540 tempest-ServerBootFromVolumeStableRescueTest-344352540-project-member] Determining version of request: GET /v2/schemas/image Accept: */* {{(pid=99865) process_request /opt/stack/glance/glance/api/middleware/version_negotiation.py:44}}
Jul 28 07:51:07.425684 np0000005963 devstack@g-api.service[99865]: DEBUG glance.api.middleware.version_negotiation [None req-9f7cfd52-62a1-4274-be7c-7f0816630f82 tempest-ServerBootFromVolumeStableRescueTest-344352540 tempest-ServerBootFromVolumeStableRescueTest-344352540-project-member] Using url versioning {{(pid=99865) process_request /opt/stack/glance/glance/api/middleware/version_negotiation.py:57}}
Jul 28 07:51:07.425841 np0000005963 devstack@g-api.service[99865]: DEBUG glance.api.middleware.version_negotiation [None req-9f7cfd52-62a1-4274-be7c-7f0816630f82 tempest-ServerBootFromVolumeStableRescueTest-344352540 tempest-ServerBootFromVolumeStableRescueTest-344352540-project-member] Matched version: v2 {{(pid=99865) process_request /opt/stack/glance/glance/api/middleware/version_negotiation.py:69}}
Jul 28 07:51:07.425974 np0000005963 devstack@g-api.service[99865]: DEBUG glance.api.middleware.version_negotiation [None req-9f7cfd52-62a1-4274-be7c-7f0816630f82 tempest-ServerBootFromVolumeStableRescueTest-344352540 tempest-ServerBootFromVolumeStableRescueTest-344352540-project-member] new path /v2/schemas/image {{(pid=99865) process_request /opt/stack/glance/glance/api/middleware/version_negotiation.py:70}}
Jul 28 07:51:07.429630 np0000005963 devstack@g-api.service[99865]: [pid: 99865|app: 0|req: 88/260] 127.0.0.1 () {44 vars in 1055 bytes} [Tue Jul 28 07:51:07 2026] GET /v2/schemas/image => generated 6083 bytes in 4 msecs (HTTP/1.1 200) 4 headers in 158 bytes (1 switches on core 0)
Jul 28 07:51:07.440404 np0000005963 devstack@g-api.service[99867]: DEBUG glance.api.middleware.version_negotiation [None req-9f7cfd52-62a1-4274-be7c-7f0816630f82 tempest-ServerBootFromVolumeStableRescueTest-344352540 tempest-ServerBootFromVolumeStableRescueTest-344352540-project-member] Determining version of request: GET /v2/schemas/image Accept: */* {{(pid=99867) process_request /opt/stack/glance/glance/api/middleware/version_negotiation.py:44}}
Jul 28 07:51:07.440718 np0000005963 devstack@g-api.service[99867]: DEBUG glance.api.middleware.version_negotiation [None req-9f7cfd52-62a1-4274-be7c-7f0816630f82 tempest-ServerBootFromVolumeStableRescueTest-344352540 tempest-ServerBootFromVolumeStableRescueTest-344352540-project-member] Using url versioning {{(pid=99867) process_request /opt/stack/glance/glance/api/middleware/version_negotiation.py:57}}
Jul 28 07:51:07.440857 np0000005963 devstack@g-api.service[99867]: DEBUG glance.api.middleware.version_negotiation [None req-9f7cfd52-62a1-4274-be7c-7f0816630f82 tempest-ServerBootFromVolumeStableRescueTest-344352540 tempest-ServerBootFromVolumeStableRescueTest-344352540-project-member] Matched version: v2 {{(pid=99867) process_request /opt/stack/glance/glance/api/middleware/version_negotiation.py:69}}
Jul 28 07:51:07.441031 np0000005963 devstack@g-api.service[99867]: DEBUG glance.api.middleware.version_negotiation [None req-9f7cfd52-62a1-4274-be7c-7f0816630f82 tempest-ServerBootFromVolumeStableRescueTest-344352540 tempest-ServerBootFromVolumeStableRescueTest-344352540-project-member] new path /v2/schemas/image {{(pid=99867) process_request /opt/stack/glance/glance/api/middleware/version_negotiation.py:70}}
Jul 28 07:51:07.444209 np0000005963 devstack@g-api.service[99867]: [pid: 99867|app: 0|req: 90/261] 127.0.0.1 () {44 vars in 1055 bytes} [Tue Jul 28 07:51:07 2026] GET /v2/schemas/image => generated 6083 bytes in 4 msecs (HTTP/1.1 200) 4 headers in 158 bytes (1 switches on core 0)
Jul 28 07:51:07.469019 np0000005963 devstack@g-api.service[99866]: DEBUG glance.api.middleware.version_negotiation [None req-9f7cfd52-62a1-4274-be7c-7f0816630f82 tempest-ServerBootFromVolumeStableRescueTest-344352540 tempest-ServerBootFromVolumeStableRescueTest-344352540-project-member] Determining version of request: GET /v2/images/038765f4-0aef-4002-bfb2-c5b83fbe5cb1 Accept: */* {{(pid=99866) process_request /opt/stack/glance/glance/api/middleware/version_negotiation.py:44}}
Jul 28 07:51:07.469254 np0000005963 devstack@g-api.service[99866]: DEBUG glance.api.middleware.version_negotiation [None req-9f7cfd52-62a1-4274-be7c-7f0816630f82 tempest-ServerBootFromVolumeStableRescueTest-344352540 tempest-ServerBootFromVolumeStableRescueTest-344352540-project-member] Using url versioning {{(pid=99866) process_request /opt/stack/glance/glance/api/middleware/version_negotiation.py:57}}
Jul 28 07:51:07.470861 np0000005963 devstack@g-api.service[99866]: DEBUG glance.api.middleware.version_negotiation [None req-9f7cfd52-62a1-4274-be7c-7f0816630f82 tempest-ServerBootFromVolumeStableRescueTest-344352540 tempest-ServerBootFromVolumeStableRescueTest-344352540-project-member] Matched version: v2 {{(pid=99866) process_request /opt/stack/glance/glance/api/middleware/version_negotiation.py:69}}
