Jul 28 07:45:56.102662 np0000005963 nova-scheduler[93571]: DEBUG cotyledon.oslo_config_glue [-] oslo_messaging_rabbit.rabbit_qos_prefetch_count = 0 {{(pid=93571) log_opt_values /opt/stack/data/venv/lib/python3.12/site-packages/oslo_config/cfg.py:3253}}
Jul 28 07:45:56.102662 np0000005963 nova-scheduler[93571]: DEBUG cotyledon.oslo_config_glue [-] oslo_messaging_rabbit.rabbit_quorum_delivery_limit = 0 {{(pid=93571) log_opt_values /opt/stack/data/venv/lib/python3.12/site-packages/oslo_config/cfg.py:3253}}
Jul 28 07:45:56.102662 np0000005963 nova-scheduler[93571]: DEBUG cotyledon.oslo_config_glue [-] oslo_messaging_rabbit.rabbit_quorum_max_memory_bytes = 0 {{(pid=93571) log_opt_values /opt/stack/data/venv/lib/python3.12/site-packages/oslo_config/cfg.py:3253}}
Jul 28 07:45:56.102662 np0000005963 nova-scheduler[93571]: DEBUG cotyledon.oslo_config_glue [-] oslo_messaging_rabbit.rabbit_quorum_max_memory_length = 0 {{(pid=93571) log_opt_values /opt/stack/data/venv/lib/python3.12/site-packages/oslo_config/cfg.py:3253}}
Jul 28 07:45:56.102857 np0000005963 nova-scheduler[93571]: DEBUG cotyledon.oslo_config_glue [-] oslo_messaging_rabbit.rabbit_quorum_queue = False {{(pid=93571) log_opt_values /opt/stack/data/venv/lib/python3.12/site-packages/oslo_config/cfg.py:3253}}
Jul 28 07:45:56.102857 np0000005963 nova-scheduler[93571]: DEBUG cotyledon.oslo_config_glue [-] oslo_messaging_rabbit.rabbit_retry_backoff = 2 {{(pid=93571) log_opt_values /opt/stack/data/venv/lib/python3.12/site-packages/oslo_config/cfg.py:3253}}
Jul 28 07:45:56.102857 np0000005963 nova-scheduler[93571]: DEBUG cotyledon.oslo_config_glue [-] oslo_messaging_rabbit.rabbit_retry_interval = 1 {{(pid=93571) log_opt_values /opt/stack/data/venv/lib/python3.12/site-packages/oslo_config/cfg.py:3253}}
Jul 28 07:45:56.102857 np0000005963 nova-scheduler[93571]: DEBUG cotyledon.oslo_config_glue [-] oslo_messaging_rabbit.rabbit_stream_fanout = False {{(pid=93571) log_opt_values /opt/stack/data/venv/lib/python3.12/site-packages/oslo_config/cfg.py:3253}}
Jul 28 07:45:56.102857 np0000005963 nova-scheduler[93571]: DEBUG cotyledon.oslo_config_glue [-] oslo_messaging_rabbit.rabbit_transient_queues_ttl = 1800 {{(pid=93571) log_opt_values /opt/stack/data/venv/lib/python3.12/site-packages/oslo_config/cfg.py:3253}}
Jul 28 07:45:56.102857 np0000005963 nova-scheduler[93571]: DEBUG cotyledon.oslo_config_glue [-] oslo_messaging_rabbit.rabbit_transient_quorum_queue = False {{(pid=93571) log_opt_values /opt/stack/data/venv/lib/python3.12/site-packages/oslo_config/cfg.py:3253}}
Jul 28 07:45:56.102857 np0000005963 nova-scheduler[93571]: DEBUG cotyledon.oslo_config_glue [-] oslo_messaging_rabbit.rpc_conn_pool_size = 30 {{(pid=93571) log_opt_values /opt/stack/data/venv/lib/python3.12/site-packages/oslo_config/cfg.py:3253}}
Jul 28 07:45:56.102857 np0000005963 nova-scheduler[93571]: DEBUG cotyledon.oslo_config_glue [-] oslo_messaging_rabbit.ssl = False {{(pid=93571) log_opt_values /opt/stack/data/venv/lib/python3.12/site-packages/oslo_config/cfg.py:3253}}
Jul 28 07:45:56.102857 np0000005963 nova-scheduler[93571]: DEBUG cotyledon.oslo_config_glue [-] oslo_messaging_rabbit.ssl_ca_file = {{(pid=93571) log_opt_values /opt/stack/data/venv/lib/python3.12/site-packages/oslo_config/cfg.py:3253}}
Jul 28 07:45:56.103017 np0000005963 nova-scheduler[93571]: DEBUG cotyledon.oslo_config_glue [-] oslo_messaging_rabbit.ssl_cert_file = {{(pid=93571) log_opt_values /opt/stack/data/venv/lib/python3.12/site-packages/oslo_config/cfg.py:3253}}
Jul 28 07:45:56.103017 np0000005963 nova-scheduler[93571]: DEBUG cotyledon.oslo_config_glue [-] oslo_messaging_rabbit.ssl_enforce_fips_mode = False {{(pid=93571) log_opt_values /opt/stack/data/venv/lib/python3.12/site-packages/oslo_config/cfg.py:3253}}
Jul 28 07:45:56.103017 np0000005963 nova-scheduler[93571]: DEBUG cotyledon.oslo_config_glue [-] oslo_messaging_rabbit.ssl_enforce_hostname_verification = True {{(pid=93571) log_opt_values /opt/stack/data/venv/lib/python3.12/site-packages/oslo_config/cfg.py:3253}}
Jul 28 07:45:56.103017 np0000005963 nova-scheduler[93571]: DEBUG cotyledon.oslo_config_glue [-] oslo_messaging_rabbit.ssl_key_file = {{(pid=93571) log_opt_values /opt/stack/data/venv/lib/python3.12/site-packages/oslo_config/cfg.py:3253}}
Jul 28 07:45:56.103017 np0000005963 nova-scheduler[93571]: DEBUG cotyledon.oslo_config_glue [-] oslo_messaging_rabbit.ssl_version = {{(pid=93571) log_opt_values /opt/stack/data/venv/lib/python3.12/site-packages/oslo_config/cfg.py:3253}}
Jul 28 07:45:56.103017 np0000005963 nova-scheduler[93571]: DEBUG cotyledon.oslo_config_glue [-] oslo_messaging_rabbit.use_queue_manager = False {{(pid=93571) log_opt_values /opt/stack/data/venv/lib/python3.12/site-packages/oslo_config/cfg.py:3253}}
Jul 28 07:45:56.103017 np0000005963 nova-scheduler[93571]: DEBUG cotyledon.oslo_config_glue [-] oslo_messaging_notifications.driver = ['messagingv2'] {{(pid=93571) log_opt_values /opt/stack/data/venv/lib/python3.12/site-packages/oslo_config/cfg.py:3253}}
Jul 28 07:45:56.103017 np0000005963 nova-scheduler[93571]: DEBUG cotyledon.oslo_config_glue [-] oslo_messaging_notifications.retry = -1 {{(pid=93571) log_opt_values /opt/stack/data/venv/lib/python3.12/site-packages/oslo_config/cfg.py:3253}}
Jul 28 07:45:56.103017 np0000005963 nova-scheduler[93571]: DEBUG cotyledon.oslo_config_glue [-] oslo_messaging_notifications.topics = ['notifications'] {{(pid=93571) log_opt_values /opt/stack/data/venv/lib/python3.12/site-packages/oslo_config/cfg.py:3253}}
Jul 28 07:45:56.103172 np0000005963 nova-scheduler[93571]: DEBUG cotyledon.oslo_config_glue [-] oslo_messaging_notifications.transport_url = **** {{(pid=93571) log_opt_values /opt/stack/data/venv/lib/python3.12/site-packages/oslo_config/cfg.py:3253}}
Jul 28 07:45:56.103172 np0000005963 nova-scheduler[93571]: DEBUG cotyledon.oslo_config_glue [-] oslo_limit.auth_section = None {{(pid=93571) log_opt_values /opt/stack/data/venv/lib/python3.12/site-packages/oslo_config/cfg.py:3253}}
Jul 28 07:45:56.103172 np0000005963 nova-scheduler[93571]: DEBUG cotyledon.oslo_config_glue [-] oslo_limit.auth_type = None {{(pid=93571) log_opt_values /opt/stack/data/venv/lib/python3.12/site-packages/oslo_config/cfg.py:3253}}
Jul 28 07:45:56.103172 np0000005963 nova-scheduler[93571]: DEBUG cotyledon.oslo_config_glue [-] oslo_limit.cafile = None {{(pid=93571) log_opt_values /opt/stack/data/venv/lib/python3.12/site-packages/oslo_config/cfg.py:3253}}
Jul 28 07:45:56.103172 np0000005963 nova-scheduler[93571]: DEBUG cotyledon.oslo_config_glue [-] oslo_limit.certfile = None {{(pid=93571) log_opt_values /opt/stack/data/venv/lib/python3.12/site-packages/oslo_config/cfg.py:3253}}
Jul 28 07:45:56.103172 np0000005963 nova-scheduler[93571]: DEBUG cotyledon.oslo_config_glue [-] oslo_limit.collect_timing = False {{(pid=93571) log_opt_values /opt/stack/data/venv/lib/python3.12/site-packages/oslo_config/cfg.py:3253}}
Jul 28 07:45:56.103172 np0000005963 nova-scheduler[93571]: DEBUG cotyledon.oslo_config_glue [-] oslo_limit.connect_retries = None {{(pid=93571) log_opt_values /opt/stack/data/venv/lib/python3.12/site-packages/oslo_config/cfg.py:3253}}
Jul 28 07:45:56.103172 np0000005963 nova-scheduler[93571]: DEBUG cotyledon.oslo_config_glue [-] oslo_limit.connect_retry_delay = None {{(pid=93571) log_opt_values /opt/stack/data/venv/lib/python3.12/site-packages/oslo_config/cfg.py:3253}}
Jul 28 07:45:56.103172 np0000005963 nova-scheduler[93571]: DEBUG cotyledon.oslo_config_glue [-] oslo_limit.endpoint_id = None {{(pid=93571) log_opt_values /opt/stack/data/venv/lib/python3.12/site-packages/oslo_config/cfg.py:3253}}
Jul 28 07:45:56.103321 np0000005963 nova-scheduler[93571]: DEBUG cotyledon.oslo_config_glue [-] oslo_limit.endpoint_interface = public {{(pid=93571) log_opt_values /opt/stack/data/venv/lib/python3.12/site-packages/oslo_config/cfg.py:3253}}
Jul 28 07:45:56.103321 np0000005963 nova-scheduler[93571]: DEBUG cotyledon.oslo_config_glue [-] oslo_limit.endpoint_override = None {{(pid=93571) log_opt_values /opt/stack/data/venv/lib/python3.12/site-packages/oslo_config/cfg.py:3253}}
Jul 28 07:45:56.103321 np0000005963 nova-scheduler[93571]: DEBUG cotyledon.oslo_config_glue [-] oslo_limit.endpoint_region_name = None {{(pid=93571) log_opt_values /opt/stack/data/venv/lib/python3.12/site-packages/oslo_config/cfg.py:3253}}
Jul 28 07:45:56.103321 np0000005963 nova-scheduler[93571]: DEBUG cotyledon.oslo_config_glue [-] oslo_limit.endpoint_service_name = None {{(pid=93571) log_opt_values /opt/stack/data/venv/lib/python3.12/site-packages/oslo_config/cfg.py:3253}}
Jul 28 07:45:56.103321 np0000005963 nova-scheduler[93571]: DEBUG cotyledon.oslo_config_glue [-] oslo_limit.endpoint_service_type = None {{(pid=93571) log_opt_values /opt/stack/data/venv/lib/python3.12/site-packages/oslo_config/cfg.py:3253}}
Jul 28 07:45:56.103321 np0000005963 nova-scheduler[93571]: DEBUG cotyledon.oslo_config_glue [-] oslo_limit.insecure = False {{(pid=93571) log_opt_values /opt/stack/data/venv/lib/python3.12/site-packages/oslo_config/cfg.py:3253}}
Jul 28 07:45:56.103321 np0000005963 nova-scheduler[93571]: DEBUG cotyledon.oslo_config_glue [-] oslo_limit.keyfile = None {{(pid=93571) log_opt_values /opt/stack/data/venv/lib/python3.12/site-packages/oslo_config/cfg.py:3253}}
Jul 28 07:45:56.103321 np0000005963 nova-scheduler[93571]: DEBUG cotyledon.oslo_config_glue [-] oslo_limit.max_version = None {{(pid=93571) log_opt_values /opt/stack/data/venv/lib/python3.12/site-packages/oslo_config/cfg.py:3253}}
Jul 28 07:45:56.103321 np0000005963 nova-scheduler[93571]: DEBUG cotyledon.oslo_config_glue [-] oslo_limit.min_version = None {{(pid=93571) log_opt_values /opt/stack/data/venv/lib/python3.12/site-packages/oslo_config/cfg.py:3253}}
Jul 28 07:45:56.103473 np0000005963 nova-scheduler[93571]: DEBUG cotyledon.oslo_config_glue [-] oslo_limit.region_name = None {{(pid=93571) log_opt_values /opt/stack/data/venv/lib/python3.12/site-packages/oslo_config/cfg.py:3253}}
Jul 28 07:45:56.103473 np0000005963 nova-scheduler[93571]: DEBUG cotyledon.oslo_config_glue [-] oslo_limit.retriable_status_codes = None {{(pid=93571) log_opt_values /opt/stack/data/venv/lib/python3.12/site-packages/oslo_config/cfg.py:3253}}
Jul 28 07:45:56.103473 np0000005963 nova-scheduler[93571]: DEBUG cotyledon.oslo_config_glue [-] oslo_limit.service_name = None {{(pid=93571) log_opt_values /opt/stack/data/venv/lib/python3.12/site-packages/oslo_config/cfg.py:3253}}
Jul 28 07:45:56.103473 np0000005963 nova-scheduler[93571]: DEBUG cotyledon.oslo_config_glue [-] oslo_limit.service_type = None {{(pid=93571) log_opt_values /opt/stack/data/venv/lib/python3.12/site-packages/oslo_config/cfg.py:3253}}
Jul 28 07:45:56.103473 np0000005963 nova-scheduler[93571]: DEBUG cotyledon.oslo_config_glue [-] oslo_limit.split_loggers = False {{(pid=93571) log_opt_values /opt/stack/data/venv/lib/python3.12/site-packages/oslo_config/cfg.py:3253}}
Jul 28 07:45:56.103473 np0000005963 nova-scheduler[93571]: DEBUG cotyledon.oslo_config_glue [-] oslo_limit.status_code_retries = None {{(pid=93571) log_opt_values /opt/stack/data/venv/lib/python3.12/site-packages/oslo_config/cfg.py:3253}}
Jul 28 07:45:56.103473 np0000005963 nova-scheduler[93571]: DEBUG cotyledon.oslo_config_glue [-] oslo_limit.status_code_retry_delay = None {{(pid=93571) log_opt_values /opt/stack/data/venv/lib/python3.12/site-packages/oslo_config/cfg.py:3253}}
Jul 28 07:45:56.103473 np0000005963 nova-scheduler[93571]: DEBUG cotyledon.oslo_config_glue [-] oslo_limit.timeout = None {{(pid=93571) log_opt_values /opt/stack/data/venv/lib/python3.12/site-packages/oslo_config/cfg.py:3253}}
Jul 28 07:45:56.103473 np0000005963 nova-scheduler[93571]: DEBUG cotyledon.oslo_config_glue [-] oslo_limit.valid_interfaces = None {{(pid=93571) log_opt_values /opt/stack/data/venv/lib/python3.12/site-packages/oslo_config/cfg.py:3253}}
Jul 28 07:45:56.103676 np0000005963 nova-scheduler[93571]: DEBUG cotyledon.oslo_config_glue [-] oslo_limit.version = None {{(pid=93571) log_opt_values /opt/stack/data/venv/lib/python3.12/site-packages/oslo_config/cfg.py:3253}}
Jul 28 07:45:56.103702 np0000005963 nova-scheduler[93564]: DEBUG oslo_db.sqlalchemy.engines [None req-03801312-173b-4bef-a544-96eb7dd14037 None None] MySQL server mode set to STRICT_TRANS_TABLES,STRICT_ALL_TABLES,NO_ZERO_IN_DATE,NO_ZERO_DATE,ERROR_FOR_DIVISION_BY_ZERO,TRADITIONAL,NO_ENGINE_SUBSTITUTION {{(pid=93564) _check_effective_sql_mode /opt/stack/data/venv/lib/python3.12/site-packages/oslo_db/sqlalchemy/engines.py:325}}
Jul 28 07:45:56.103752 np0000005963 nova-scheduler[93571]: DEBUG cotyledon.oslo_config_glue [-] oslo_reports.file_event_handler = None {{(pid=93571) log_opt_values /opt/stack/data/venv/lib/python3.12/site-packages/oslo_config/cfg.py:3253}}
Jul 28 07:45:56.103752 np0000005963 nova-scheduler[93571]: DEBUG cotyledon.oslo_config_glue [-] oslo_reports.file_event_handler_interval = 1 {{(pid=93571) log_opt_values /opt/stack/data/venv/lib/python3.12/site-packages/oslo_config/cfg.py:3253}}
Jul 28 07:45:56.103752 np0000005963 nova-scheduler[93571]: DEBUG cotyledon.oslo_config_glue [-] oslo_reports.log_dir = None {{(pid=93571) log_opt_values /opt/stack/data/venv/lib/python3.12/site-packages/oslo_config/cfg.py:3253}}
Jul 28 07:45:56.103752 np0000005963 nova-scheduler[93571]: DEBUG cotyledon.oslo_config_glue [-] ******************************************************************************** {{(pid=93571) log_opt_values /opt/stack/data/venv/lib/python3.12/site-packages/oslo_config/cfg.py:3260}}
Jul 28 07:45:56.103752 np0000005963 nova-scheduler[93571]: DEBUG cotyledon._service_worker [-] Run service ServiceWrapper(2) [93571] {{(pid=93571) wait_forever /opt/stack/data/venv/lib/python3.12/site-packages/cotyledon/_service_worker.py:218}}
Jul 28 07:45:56.103752 np0000005963 nova-scheduler[93571]: INFO nova.service [-] Starting scheduler node (version 33.1.0)
Jul 28 07:45:56.103752 np0000005963 nova-scheduler[93571]: INFO dbcounter [None req-ff0c54d0-a9bf-40dc-91aa-2dbbb69aeed5 None None] Registered counter for database nova_cell0
Jul 28 07:45:56.103899 np0000005963 nova-scheduler[93564]: DEBUG dbcounter [-] [93564] Writer thread running {{(pid=93564) stat_writer /opt/stack/data/venv/lib/python3.12/site-packages/dbcounter.py:102}}
Jul 28 07:45:56.123528 np0000005963 nova-scheduler[93564]: DEBUG nova.service [None req-03801312-173b-4bef-a544-96eb7dd14037 None None] Creating RPC server for service: nova-scheduler on topic: scheduler {{(pid=93564) start /opt/stack/nova/nova/service.py:196}}
Jul 28 07:45:56.123658 np0000005963 nova-scheduler[93567]: DEBUG oslo_db.sqlalchemy.engines [None req-625e4714-0fa6-46ce-b517-35f711ec2728 None None] MySQL server mode set to STRICT_TRANS_TABLES,STRICT_ALL_TABLES,NO_ZERO_IN_DATE,NO_ZERO_DATE,ERROR_FOR_DIVISION_BY_ZERO,TRADITIONAL,NO_ENGINE_SUBSTITUTION {{(pid=93567) _check_effective_sql_mode /opt/stack/data/venv/lib/python3.12/site-packages/oslo_db/sqlalchemy/engines.py:325}}
Jul 28 07:45:56.134349 np0000005963 nova-scheduler[93567]: DEBUG dbcounter [-] [93567] Writer thread running {{(pid=93567) stat_writer /opt/stack/data/venv/lib/python3.12/site-packages/dbcounter.py:102}}
Jul 28 07:45:56.136486 np0000005963 nova-scheduler[93571]: DEBUG oslo_db.sqlalchemy.engines [None req-ff0c54d0-a9bf-40dc-91aa-2dbbb69aeed5 None None] MySQL server mode set to STRICT_TRANS_TABLES,STRICT_ALL_TABLES,NO_ZERO_IN_DATE,NO_ZERO_DATE,ERROR_FOR_DIVISION_BY_ZERO,TRADITIONAL,NO_ENGINE_SUBSTITUTION {{(pid=93571) _check_effective_sql_mode /opt/stack/data/venv/lib/python3.12/site-packages/oslo_db/sqlalchemy/engines.py:325}}
Jul 28 07:45:56.137646 np0000005963 nova-scheduler[93567]: DEBUG nova.service [None req-625e4714-0fa6-46ce-b517-35f711ec2728 None None] Creating RPC server for service: nova-scheduler on topic: scheduler {{(pid=93567) start /opt/stack/nova/nova/service.py:196}}
Jul 28 07:45:56.145307 np0000005963 nova-scheduler[93571]: DEBUG dbcounter [-] [93571] Writer thread running {{(pid=93571) stat_writer /opt/stack/data/venv/lib/python3.12/site-packages/dbcounter.py:102}}
Jul 28 07:45:56.147257 np0000005963 nova-scheduler[93564]: DEBUG nova.service [None req-03801312-173b-4bef-a544-96eb7dd14037 None None] Join ServiceGroup membership for this service scheduler {{(pid=93564) start /opt/stack/nova/nova/service.py:222}}
Jul 28 07:45:56.147908 np0000005963 nova-scheduler[93564]: DEBUG nova.servicegroup.drivers.db [None req-03801312-173b-4bef-a544-96eb7dd14037 None None] DB_Driver: join new ServiceGroup member np0000005963 to the scheduler group, service = {{(pid=93564) join /opt/stack/nova/nova/servicegroup/drivers/db.py:44}}
Jul 28 07:45:56.148037 np0000005963 nova-scheduler[93571]: DEBUG nova.service [None req-ff0c54d0-a9bf-40dc-91aa-2dbbb69aeed5 None None] Creating RPC server for service: nova-scheduler on topic: scheduler {{(pid=93571) start /opt/stack/nova/nova/service.py:196}}
Jul 28 07:45:56.155834 np0000005963 nova-scheduler[93567]: DEBUG nova.service [None req-625e4714-0fa6-46ce-b517-35f711ec2728 None None] Join ServiceGroup membership for this service scheduler {{(pid=93567) start /opt/stack/nova/nova/service.py:222}}
Jul 28 07:45:56.156016 np0000005963 nova-scheduler[93567]: DEBUG nova.servicegroup.drivers.db [None req-625e4714-0fa6-46ce-b517-35f711ec2728 None None] DB_Driver: join new ServiceGroup member np0000005963 to the scheduler group, service = {{(pid=93567) join /opt/stack/nova/nova/servicegroup/drivers/db.py:44}}
Jul 28 07:45:56.164646 np0000005963 nova-scheduler[93571]: DEBUG nova.service [None req-ff0c54d0-a9bf-40dc-91aa-2dbbb69aeed5 None None] Join ServiceGroup membership for this service scheduler {{(pid=93571) start /opt/stack/nova/nova/service.py:222}}
Jul 28 07:45:56.164840 np0000005963 nova-scheduler[93571]: DEBUG nova.servicegroup.drivers.db [None req-ff0c54d0-a9bf-40dc-91aa-2dbbb69aeed5 None None] DB_Driver: join new ServiceGroup member np0000005963 to the scheduler group, service = {{(pid=93571) join /opt/stack/nova/nova/servicegroup/drivers/db.py:44}}
Jul 28 07:46:01.163291 np0000005963 nova-scheduler[93564]: DEBUG oslo.service.backend._threading.loopingcall [-] Fixed interval looping call 'nova.servicegroup.drivers.db.DbDriver._report_state' sleeping for 119.99 seconds {{(pid=93564) _run_loop /opt/stack/data/venv/lib/python3.12/site-packages/oslo_service/backend/_threading/loopingcall.py:125}}
Jul 28 07:46:01.167357 np0000005963 nova-scheduler[93567]: DEBUG oslo.service.backend._threading.loopingcall [-] Fixed interval looping call 'nova.servicegroup.drivers.db.DbDriver._report_state' sleeping for 119.99 seconds {{(pid=93567) _run_loop /opt/stack/data/venv/lib/python3.12/site-packages/oslo_service/backend/_threading/loopingcall.py:125}}
Jul 28 07:46:01.175757 np0000005963 nova-scheduler[93571]: DEBUG oslo.service.backend._threading.loopingcall [-] Fixed interval looping call 'nova.servicegroup.drivers.db.DbDriver._report_state' sleeping for 119.99 seconds {{(pid=93571) _run_loop /opt/stack/data/venv/lib/python3.12/site-packages/oslo_service/backend/_threading/loopingcall.py:125}}
Jul 28 07:46:04.756010 np0000005963 nova-scheduler[92287]: DEBUG dbcounter [-] [92287] Writing DB stats nova_api:SELECT=3 {{(pid=92287) stat_writer /opt/stack/data/venv/lib/python3.12/site-packages/dbcounter.py:115}}
Jul 28 07:46:04.869579 np0000005963 nova-scheduler[92287]: DEBUG dbcounter [-] [92287] Writing DB stats nova_cell1:SELECT=1 {{(pid=92287) stat_writer /opt/stack/data/venv/lib/python3.12/site-packages/dbcounter.py:115}}
Jul 28 07:46:04.873684 np0000005963 nova-scheduler[92287]: DEBUG dbcounter [-] [92287] Writing DB stats nova_cell0:SELECT=1 {{(pid=92287) stat_writer /opt/stack/data/venv/lib/python3.12/site-packages/dbcounter.py:115}}
Jul 28 07:46:11.160586 np0000005963 nova-scheduler[93564]: DEBUG dbcounter [-] [93564] Writing DB stats nova_cell0:SELECT=4,nova_cell0:INSERT=1,nova_cell0:UPDATE=1 {{(pid=93564) stat_writer /opt/stack/data/venv/lib/python3.12/site-packages/dbcounter.py:115}}
Jul 28 07:46:11.164451 np0000005963 nova-scheduler[93567]: DEBUG dbcounter [-] [93567] Writing DB stats nova_cell0:SELECT=3 {{(pid=93567) stat_writer /opt/stack/data/venv/lib/python3.12/site-packages/dbcounter.py:115}}
Jul 28 07:46:11.172893 np0000005963 nova-scheduler[93571]: DEBUG dbcounter [-] [93571] Writing DB stats nova_cell0:SELECT=3 {{(pid=93571) stat_writer /opt/stack/data/venv/lib/python3.12/site-packages/dbcounter.py:115}}
Jul 28 07:46:15.158161 np0000005963 nova-scheduler[93567]: DEBUG oslo.service.backend._threading.loopingcall [None req-eea4b76f-6cb3-4cc6-bfdb-e5ea8532f072 None None] Dynamic interval looping call 'nova.service.Service.periodic_tasks' sleeping for 60.00 seconds {{(pid=93567) _run_loop /opt/stack/data/venv/lib/python3.12/site-packages/oslo_service/backend/_threading/loopingcall.py:125}}
Jul 28 07:46:17.166949 np0000005963 nova-scheduler[93571]: DEBUG oslo.service.backend._threading.loopingcall [None req-d655f4af-cb83-4bb6-a072-12a61c711115 None None] Dynamic interval looping call 'nova.service.Service.periodic_tasks' sleeping for 60.00 seconds {{(pid=93571) _run_loop /opt/stack/data/venv/lib/python3.12/site-packages/oslo_service/backend/_threading/loopingcall.py:125}}
Jul 28 07:46:18.149872 np0000005963 nova-scheduler[93564]: DEBUG oslo.service.backend._threading.loopingcall [None req-7951ba4a-d3bd-4415-a198-760500b0c14b None None] Dynamic interval looping call 'nova.service.Service.periodic_tasks' sleeping for 60.00 seconds {{(pid=93564) _run_loop /opt/stack/data/venv/lib/python3.12/site-packages/oslo_service/backend/_threading/loopingcall.py:125}}
Jul 28 07:47:15.158688 np0000005963 nova-scheduler[93567]: DEBUG oslo.service.backend._threading.loopingcall [None req-eea4b76f-6cb3-4cc6-bfdb-e5ea8532f072 None None] Dynamic interval looping call 'nova.service.Service.periodic_tasks' sleeping for 60.00 seconds {{(pid=93567) _run_loop /opt/stack/data/venv/lib/python3.12/site-packages/oslo_service/backend/_threading/loopingcall.py:125}}
Jul 28 07:47:17.167458 np0000005963 nova-scheduler[93571]: DEBUG oslo.service.backend._threading.loopingcall [None req-d655f4af-cb83-4bb6-a072-12a61c711115 None None] Dynamic interval looping call 'nova.service.Service.periodic_tasks' sleeping for 60.00 seconds {{(pid=93571) _run_loop /opt/stack/data/venv/lib/python3.12/site-packages/oslo_service/backend/_threading/loopingcall.py:125}}
Jul 28 07:47:18.150334 np0000005963 nova-scheduler[93564]: DEBUG oslo.service.backend._threading.loopingcall [None req-7951ba4a-d3bd-4415-a198-760500b0c14b None None] Dynamic interval looping call 'nova.service.Service.periodic_tasks' sleeping for 60.00 seconds {{(pid=93564) _run_loop /opt/stack/data/venv/lib/python3.12/site-packages/oslo_service/backend/_threading/loopingcall.py:125}}
Jul 28 07:48:01.161643 np0000005963 nova-scheduler[93564]: DEBUG oslo.service.backend._threading.loopingcall [-] Fixed interval looping call 'nova.servicegroup.drivers.db.DbDriver._report_state' sleeping for 119.99 seconds {{(pid=93564) _run_loop /opt/stack/data/venv/lib/python3.12/site-packages/oslo_service/backend/_threading/loopingcall.py:125}}
Jul 28 07:48:01.163409 np0000005963 nova-scheduler[93567]: DEBUG oslo.service.backend._threading.loopingcall [-] Fixed interval looping call 'nova.servicegroup.drivers.db.DbDriver._report_state' sleeping for 119.99 seconds {{(pid=93567) _run_loop /opt/stack/data/venv/lib/python3.12/site-packages/oslo_service/backend/_threading/loopingcall.py:125}}
Jul 28 07:48:01.175019 np0000005963 nova-scheduler[93571]: DEBUG oslo.service.backend._threading.loopingcall [-] Fixed interval looping call 'nova.servicegroup.drivers.db.DbDriver._report_state' sleeping for 119.99 seconds {{(pid=93571) _run_loop /opt/stack/data/venv/lib/python3.12/site-packages/oslo_service/backend/_threading/loopingcall.py:125}}
Jul 28 07:48:11.158876 np0000005963 nova-scheduler[93564]: DEBUG dbcounter [-] [93564] Writing DB stats nova_cell0:SELECT=1,nova_cell0:UPDATE=1 {{(pid=93564) stat_writer /opt/stack/data/venv/lib/python3.12/site-packages/dbcounter.py:115}}
Jul 28 07:48:11.164364 np0000005963 nova-scheduler[93567]: DEBUG dbcounter [-] [93567] Writing DB stats nova_cell0:SELECT=1,nova_cell0:UPDATE=1 {{(pid=93567) stat_writer /opt/stack/data/venv/lib/python3.12/site-packages/dbcounter.py:115}}
Jul 28 07:48:11.168859 np0000005963 nova-scheduler[93571]: DEBUG dbcounter [-] [93571] Writing DB stats nova_cell0:SELECT=1 {{(pid=93571) stat_writer /opt/stack/data/venv/lib/python3.12/site-packages/dbcounter.py:115}}
Jul 28 07:48:15.160174 np0000005963 nova-scheduler[93567]: DEBUG oslo.service.backend._threading.loopingcall [None req-eea4b76f-6cb3-4cc6-bfdb-e5ea8532f072 None None] Dynamic interval looping call 'nova.service.Service.periodic_tasks' sleeping for 60.00 seconds {{(pid=93567) _run_loop /opt/stack/data/venv/lib/python3.12/site-packages/oslo_service/backend/_threading/loopingcall.py:125}}
Jul 28 07:48:17.168797 np0000005963 nova-scheduler[93571]: DEBUG oslo.service.backend._threading.loopingcall [None req-d655f4af-cb83-4bb6-a072-12a61c711115 None None] Dynamic interval looping call 'nova.service.Service.periodic_tasks' sleeping for 60.00 seconds {{(pid=93571) _run_loop /opt/stack/data/venv/lib/python3.12/site-packages/oslo_service/backend/_threading/loopingcall.py:125}}
Jul 28 07:48:18.150977 np0000005963 nova-scheduler[93564]: DEBUG oslo.service.backend._threading.loopingcall [None req-7951ba4a-d3bd-4415-a198-760500b0c14b None None] Dynamic interval looping call 'nova.service.Service.periodic_tasks' sleeping for 60.00 seconds {{(pid=93564) _run_loop /opt/stack/data/venv/lib/python3.12/site-packages/oslo_service/backend/_threading/loopingcall.py:125}}
Jul 28 07:48:28.013362 np0000005963 nova-scheduler[93564]: DEBUG nova.scheduler.manager [None req-ad5b9ce5-74c6-4f8a-9536-e16dbd00fff9 tempest-DeleteServersTestJSON-150524623 tempest-DeleteServersTestJSON-150524623-project-member] Starting to schedule for instances: ['e8113f35-a83b-45f9-b7ff-d623f51a6899'] {{(pid=93564) select_destinations /opt/stack/nova/nova/scheduler/manager.py:209}}
Jul 28 07:48:28.014149 np0000005963 nova-scheduler[93564]: DEBUG nova.scheduler.request_filter [None req-ad5b9ce5-74c6-4f8a-9536-e16dbd00fff9 tempest-DeleteServersTestJSON-150524623 tempest-DeleteServersTestJSON-150524623-project-member] compute_status_filter request filter added forbidden trait COMPUTE_STATUS_DISABLED {{(pid=93564) compute_status_filter /opt/stack/nova/nova/scheduler/request_filter.py:253}}
Jul 28 07:48:28.014261 np0000005963 nova-scheduler[93564]: DEBUG nova.scheduler.request_filter [None req-ad5b9ce5-74c6-4f8a-9536-e16dbd00fff9 tempest-DeleteServersTestJSON-150524623 tempest-DeleteServersTestJSON-150524623-project-member] Request filter 'compute_status_filter' took 0.0 seconds {{(pid=93564) wrapper /opt/stack/nova/nova/scheduler/request_filter.py:46}}
Jul 28 07:48:28.014571 np0000005963 nova-scheduler[93564]: DEBUG nova.scheduler.request_filter [None req-ad5b9ce5-74c6-4f8a-9536-e16dbd00fff9 tempest-DeleteServersTestJSON-150524623 tempest-DeleteServersTestJSON-150524623-project-member] Request filter 'accelerators_filter' took 0.0 seconds {{(pid=93564) wrapper /opt/stack/nova/nova/scheduler/request_filter.py:46}}
Jul 28 07:48:28.014803 np0000005963 nova-scheduler[93564]: DEBUG nova.scheduler.request_filter [None req-ad5b9ce5-74c6-4f8a-9536-e16dbd00fff9 tempest-DeleteServersTestJSON-150524623 tempest-DeleteServersTestJSON-150524623-project-member] Request filter 'packed_virtqueue_filter' took 0.0 seconds {{(pid=93564) wrapper /opt/stack/nova/nova/scheduler/request_filter.py:46}}
Jul 28 07:48:28.015258 np0000005963 nova-scheduler[93564]: DEBUG nova.scheduler.request_filter [None req-ad5b9ce5-74c6-4f8a-9536-e16dbd00fff9 tempest-DeleteServersTestJSON-150524623 tempest-DeleteServersTestJSON-150524623-project-member] Request filter 'remote_managed_ports_filter' took 0.0 seconds {{(pid=93564) wrapper /opt/stack/nova/nova/scheduler/request_filter.py:46}}
Jul 28 07:48:28.015718 np0000005963 nova-scheduler[93564]: DEBUG nova.scheduler.request_filter [None req-ad5b9ce5-74c6-4f8a-9536-e16dbd00fff9 tempest-DeleteServersTestJSON-150524623 tempest-DeleteServersTestJSON-150524623-project-member] ephemeral_encryption_filter skipped {{(pid=93564) ephemeral_encryption_filter /opt/stack/nova/nova/scheduler/request_filter.py:426}}
Jul 28 07:48:28.015797 np0000005963 nova-scheduler[93564]: DEBUG nova.scheduler.request_filter [None req-ad5b9ce5-74c6-4f8a-9536-e16dbd00fff9 tempest-DeleteServersTestJSON-150524623 tempest-DeleteServersTestJSON-150524623-project-member] virtio_sound_filter skipped {{(pid=93564) virtio_sound_filter /opt/stack/nova/nova/scheduler/request_filter.py:460}}
Jul 28 07:48:28.016173 np0000005963 nova-scheduler[93564]: DEBUG nova.scheduler.request_filter [None req-ad5b9ce5-74c6-4f8a-9536-e16dbd00fff9 tempest-DeleteServersTestJSON-150524623 tempest-DeleteServersTestJSON-150524623-project-member] tpm_secret_security_filter skipped {{(pid=93564) tpm_secret_security_filter /opt/stack/nova/nova/scheduler/request_filter.py:477}}
Jul 28 07:48:28.554016 np0000005963 nova-scheduler[93564]: INFO nova.utils [None req-ad5b9ce5-74c6-4f8a-9536-e16dbd00fff9 tempest-DeleteServersTestJSON-150524623 tempest-DeleteServersTestJSON-150524623-project-member] The cell worker thread pool ForkProcess-1.cell_worker is initialized
Jul 28 07:48:28.554377 np0000005963 nova-scheduler[93564]: DEBUG oslo_concurrency.lockutils [None req-ad5b9ce5-74c6-4f8a-9536-e16dbd00fff9 tempest-DeleteServersTestJSON-150524623 tempest-DeleteServersTestJSON-150524623-project-member] Acquiring lock "e5453655-4f60-4d1e-8ea7-6c138cf818e9" by "nova.context.set_target_cell..get_or_set_cached_cell_and_set_connections" {{(pid=93564) inner /opt/stack/data/venv/lib/python3.12/site-packages/oslo_concurrency/lockutils.py:512}}
Jul 28 07:48:28.554612 np0000005963 nova-scheduler[93564]: DEBUG oslo_concurrency.lockutils [None req-ad5b9ce5-74c6-4f8a-9536-e16dbd00fff9 tempest-DeleteServersTestJSON-150524623 tempest-DeleteServersTestJSON-150524623-project-member] Lock "e5453655-4f60-4d1e-8ea7-6c138cf818e9" acquired by "nova.context.set_target_cell..get_or_set_cached_cell_and_set_connections" :: waited 0.000s {{(pid=93564) inner /opt/stack/data/venv/lib/python3.12/site-packages/oslo_concurrency/lockutils.py:525}}
Jul 28 07:48:28.556130 np0000005963 nova-scheduler[93564]: DEBUG oslo_concurrency.lockutils [None req-ad5b9ce5-74c6-4f8a-9536-e16dbd00fff9 tempest-DeleteServersTestJSON-150524623 tempest-DeleteServersTestJSON-150524623-project-member] Lock "e5453655-4f60-4d1e-8ea7-6c138cf818e9" "released" by "nova.context.set_target_cell..get_or_set_cached_cell_and_set_connections" :: held 0.001s {{(pid=93564) inner /opt/stack/data/venv/lib/python3.12/site-packages/oslo_concurrency/lockutils.py:544}}
Jul 28 07:48:28.557930 np0000005963 nova-scheduler[93564]: INFO dbcounter [None req-ad5b9ce5-74c6-4f8a-9536-e16dbd00fff9 tempest-DeleteServersTestJSON-150524623 tempest-DeleteServersTestJSON-150524623-project-member] Registered counter for database nova_cell1
Jul 28 07:48:28.593605 np0000005963 nova-scheduler[93564]: DEBUG oslo_db.sqlalchemy.engines [None req-ad5b9ce5-74c6-4f8a-9536-e16dbd00fff9 tempest-DeleteServersTestJSON-150524623 tempest-DeleteServersTestJSON-150524623-project-member] MySQL server mode set to STRICT_TRANS_TABLES,STRICT_ALL_TABLES,NO_ZERO_IN_DATE,NO_ZERO_DATE,ERROR_FOR_DIVISION_BY_ZERO,TRADITIONAL,NO_ENGINE_SUBSTITUTION {{(pid=93564) _check_effective_sql_mode /opt/stack/data/venv/lib/python3.12/site-packages/oslo_db/sqlalchemy/engines.py:325}}
Jul 28 07:48:28.604251 np0000005963 nova-scheduler[93564]: DEBUG dbcounter [-] [93564] Writer thread running {{(pid=93564) stat_writer /opt/stack/data/venv/lib/python3.12/site-packages/dbcounter.py:102}}
Jul 28 07:48:28.612300 np0000005963 nova-scheduler[93564]: DEBUG oslo_db.sqlalchemy.engines [None req-ad5b9ce5-74c6-4f8a-9536-e16dbd00fff9 tempest-DeleteServersTestJSON-150524623 tempest-DeleteServersTestJSON-150524623-project-member] Parent process 92287 forked (93564) with an open database connection, which is being discarded and recreated. {{(pid=93564) checkout /opt/stack/data/venv/lib/python3.12/site-packages/oslo_db/sqlalchemy/engines.py:402}}
Jul 28 07:48:28.660570 np0000005963 nova-scheduler[93564]: DEBUG dbcounter [-] [93564] Writer thread running {{(pid=93564) stat_writer /opt/stack/data/venv/lib/python3.12/site-packages/dbcounter.py:102}}
Jul 28 07:48:28.665065 np0000005963 nova-scheduler[93564]: DEBUG oslo_concurrency.lockutils [None req-ad5b9ce5-74c6-4f8a-9536-e16dbd00fff9 tempest-DeleteServersTestJSON-150524623 tempest-DeleteServersTestJSON-150524623-project-member] Acquiring lock "e5453655-4f60-4d1e-8ea7-6c138cf818e9" by "nova.context.set_target_cell..get_or_set_cached_cell_and_set_connections" {{(pid=93564) inner /opt/stack/data/venv/lib/python3.12/site-packages/oslo_concurrency/lockutils.py:512}}
Jul 28 07:48:28.665065 np0000005963 nova-scheduler[93564]: DEBUG oslo_concurrency.lockutils [None req-ad5b9ce5-74c6-4f8a-9536-e16dbd00fff9 tempest-DeleteServersTestJSON-150524623 tempest-DeleteServersTestJSON-150524623-project-member] Lock "e5453655-4f60-4d1e-8ea7-6c138cf818e9" acquired by "nova.context.set_target_cell..get_or_set_cached_cell_and_set_connections" :: waited 0.000s {{(pid=93564) inner /opt/stack/data/venv/lib/python3.12/site-packages/oslo_concurrency/lockutils.py:525}}
Jul 28 07:48:28.665065 np0000005963 nova-scheduler[93564]: DEBUG oslo_concurrency.lockutils [None req-ad5b9ce5-74c6-4f8a-9536-e16dbd00fff9 tempest-DeleteServersTestJSON-150524623 tempest-DeleteServersTestJSON-150524623-project-member] Lock "e5453655-4f60-4d1e-8ea7-6c138cf818e9" "released" by "nova.context.set_target_cell..get_or_set_cached_cell_and_set_connections" :: held 0.000s {{(pid=93564) inner /opt/stack/data/venv/lib/python3.12/site-packages/oslo_concurrency/lockutils.py:544}}
Jul 28 07:48:28.667397 np0000005963 nova-scheduler[93564]: DEBUG oslo_concurrency.lockutils [None req-ad5b9ce5-74c6-4f8a-9536-e16dbd00fff9 tempest-DeleteServersTestJSON-150524623 tempest-DeleteServersTestJSON-150524623-project-member] Acquiring lock "np0000005963-np0000005963" by "nova.scheduler.host_manager.HostState.update.._locked_update" {{(pid=93564) inner /opt/stack/data/venv/lib/python3.12/site-packages/oslo_concurrency/lockutils.py:512}}
Jul 28 07:48:28.667397 np0000005963 nova-scheduler[93564]: DEBUG oslo_concurrency.lockutils [None req-ad5b9ce5-74c6-4f8a-9536-e16dbd00fff9 tempest-DeleteServersTestJSON-150524623 tempest-DeleteServersTestJSON-150524623-project-member] Lock "np0000005963-np0000005963" acquired by "nova.scheduler.host_manager.HostState.update.._locked_update" :: waited 0.000s {{(pid=93564) inner /opt/stack/data/venv/lib/python3.12/site-packages/oslo_concurrency/lockutils.py:525}}
Jul 28 07:48:28.667644 np0000005963 nova-scheduler[93564]: DEBUG nova.scheduler.host_manager [None req-ad5b9ce5-74c6-4f8a-9536-e16dbd00fff9 tempest-DeleteServersTestJSON-150524623 tempest-DeleteServersTestJSON-150524623-project-member] Update host state from compute node: ComputeNode(cpu_allocation_ratio=4.0,cpu_info='{"arch": "x86_64", "model": "EPYC-Milan", "vendor": "AMD", "topology": {"cells": 1, "sockets": 16, "cores": 1, "threads": 1}, "maxphysaddr": {"mode": "emulate", "bits": 40}, "features": ["mce", "fsrm", "lm", "cmov", "smap", "tsc-deadline", "arch-capabilities", "bmi2", "mtrr", "cr8legacy", "stibp-always-on", "sse", "amd-stibp", "lbrv", "no-nested-data-bp", "osvw", "clflush", "sse4a", "spec-ctrl", "amd-psfd", "gds-no", "rdtscp", "rdpid", "nrip-save", "pfthreshold", "pku", "abm", "adx", "vgif", "pause-filter", "pni", "fxsr", "pse36", "rdrand", "syscall", "aes", "x2apic", "de", "rdctl-no", "pse", "virt-ssbd", "mca", "amd-ssbd", "sep", "sse4.2", "null-sel-clr-base", "topoext", "ibrs", "erms", "npt", "invpcid", "pae", "tsc-scale", "v-vmsave-vmload", "popcnt", "svme-addr-chk", "flushbyasid", "misalignsse", "clflushopt", "rdseed", "cx16", "perfctr_core", "xsavec", "cx8", "fsgsbase", "tsc_adjust", "fxsr_opt", "arat", "vaes", "clwb", "wbnoinvd", "smep", "pschange-mc-no", "bmi1", "ssse3", "f16c", "stibp", "umip", "lahf_lm", "avx", "cmp_legacy", "movbe", "xsaves", "msr", "fpu", "mmx", "ibpb", "sha-ni", "fma", "vme", "3dnowprefetch", "skip-l1dfl-vmentry", "pclmuldq", "xgetbv1", "tsc", "apic", "pcid", "avx2", "mmxext", "svm", "pge", "sse4.1", "xsaveerptr", "lfence-always-serializing", "clzero", "vmcb-clean", "mds-no", "xsaveopt", "sse2", "xsave", "pat", "ssbd", "nx", "pdpe1gb", "vpclmulqdq", "hypervisor"]}',created_at=2026-07-28T07:46:16Z,current_workload=0,deleted=False,deleted_at=None,disk_allocation_ratio=1.0,disk_available_least=73,free_disk_gb=95,free_ram_mb=62765,host='np0000005963',host_ip=10.4.3.195,hypervisor_hostname='np0000005963',hypervisor_type='QEMU',hypervisor_version=8002002,id=1,local_gb=95,local_gb_used=0,mapped=1,memory_mb=63277,memory_mb_used=512,metrics='[]',numa_topology='{"nova_object.name": "NUMATopology", "nova_object.namespace": "nova", "nova_object.version": "1.2", "nova_object.data": {"cells": [{"nova_object.name": "NUMACell", "nova_object.namespace": "nova", "nova_object.version": "1.5", "nova_object.data": {"id": 0, "cpuset": [0, 1, 2, 3, 4, 5, 6, 7, 8, 9, 10, 11, 12, 13, 14, 15], "pcpuset": [0, 1, 2, 3, 4, 5, 6, 7, 8, 9, 10, 11, 12, 13, 14, 15], "memory": 63277, "cpu_usage": 0, "memory_usage": 0, "pinned_cpus": [], "siblings": [[6], [12], [2], [15], [5], [11], [8], [14], [4], [1], [7], [10], [0], [13], [3], [9]], "mempages": [{"nova_object.name": "NUMAPagesTopology", "nova_object.namespace": "nova", "nova_object.version": "1.1", "nova_object.data": {"size_kb": 4, "total": 16177928, "used": 0, "reserved": 0}, "nova_object.changes": ["size_kb", "total", "used", "reserved"]}, {"nova_object.name": "NUMAPagesTopology", "nova_object.namespace": "nova", "nova_object.version": "1.1", "nova_object.data": {"size_kb": 2048, "total": 41, "used": 0, "reserved": 0}, "nova_object.changes": ["size_kb", "total", "used", "reserved"]}, {"nova_object.name": "NUMAPagesTopology", "nova_object.namespace": "nova", "nova_object.version": "1.1", "nova_object.data": {"size_kb": 1048576, "total": 0, "used": 0, "reserved": 0}, "nova_object.changes": ["size_kb", "total", "used", "reserved"]}], "network_metadata": {"nova_object.name": "NetworkMetadata", "nova_object.namespace": "nova", "nova_object.version": "1.0", "nova_object.data": {"physnets": [], "tunneled": false}, "nova_object.changes": ["physnets", "tunneled"]}, "socket": null}, "nova_object.changes": ["id", "network_metadata", "cpuset", "mempages", "socket", "memory_usage", "cpu_usage", "pcpuset", "memory", "pinned_cpus", "siblings"]}]}, "nova_object.changes": ["cells"]}',pci_device_pools=PciDevicePoolList,ram_allocation_ratio=1.0,running_vms=0,service_id=3,stats={failed_builds='0',uptime=' 07:48:05 up 13 min, 2 users, load average: 1.90, 1.39, 0.78
Jul 28 07:48:28.667644 np0000005963 nova-scheduler[93564]: '},supported_hv_specs=[HVSpec,HVSpec,HVSpec,HVSpec,HVSpec,HVSpec,HVSpec,HVSpec,HVSpec,HVSpec,HVSpec,HVSpec,HVSpec,HVSpec,HVSpec,HVSpec,HVSpec,HVSpec,HVSpec,HVSpec,HVSpec,HVSpec,HVSpec,HVSpec,HVSpec],updated_at=2026-07-28T07:48:06Z,uuid=b14c2e09-b769-40df-8f3a-b6a25388f081,vcpus=16,vcpus_used=0) {{(pid=93564) _locked_update /opt/stack/nova/nova/scheduler/host_manager.py:168}}
Jul 28 07:48:28.668431 np0000005963 nova-scheduler[93564]: DEBUG nova.scheduler.host_manager [None req-ad5b9ce5-74c6-4f8a-9536-e16dbd00fff9 tempest-DeleteServersTestJSON-150524623 tempest-DeleteServersTestJSON-150524623-project-member] Update host state with aggregates: [] {{(pid=93564) _locked_update /opt/stack/nova/nova/scheduler/host_manager.py:171}}
Jul 28 07:48:28.668569 np0000005963 nova-scheduler[93564]: DEBUG nova.scheduler.host_manager [None req-ad5b9ce5-74c6-4f8a-9536-e16dbd00fff9 tempest-DeleteServersTestJSON-150524623 tempest-DeleteServersTestJSON-150524623-project-member] Update host state with service dict: {'id': 3, 'uuid': '706dfce3-ebe1-489d-b69f-1fb4f5fb13a2', 'host': 'np0000005963', 'binary': 'nova-compute', 'topic': 'compute', 'report_count': 2, 'disabled': False, 'disabled_reason': None, 'last_seen_up': datetime.datetime(2026, 7, 28, 7, 48, 22, tzinfo=datetime.timezone.utc), 'forced_down': False, 'version': 72, 'created_at': datetime.datetime(2026, 7, 28, 7, 46, 16, tzinfo=datetime.timezone.utc), 'updated_at': datetime.datetime(2026, 7, 28, 7, 48, 22, tzinfo=datetime.timezone.utc), 'deleted_at': None, 'deleted': False} {{(pid=93564) _locked_update /opt/stack/nova/nova/scheduler/host_manager.py:174}}
Jul 28 07:48:28.668631 np0000005963 nova-scheduler[93564]: DEBUG nova.scheduler.host_manager [None req-ad5b9ce5-74c6-4f8a-9536-e16dbd00fff9 tempest-DeleteServersTestJSON-150524623 tempest-DeleteServersTestJSON-150524623-project-member] Update host state with instances: [] {{(pid=93564) _locked_update /opt/stack/nova/nova/scheduler/host_manager.py:177}}
Jul 28 07:48:28.668705 np0000005963 nova-scheduler[93564]: DEBUG oslo_concurrency.lockutils [None req-ad5b9ce5-74c6-4f8a-9536-e16dbd00fff9 tempest-DeleteServersTestJSON-150524623 tempest-DeleteServersTestJSON-150524623-project-member] Lock "np0000005963-np0000005963" "released" by "nova.scheduler.host_manager.HostState.update.._locked_update" :: held 0.002s {{(pid=93564) inner /opt/stack/data/venv/lib/python3.12/site-packages/oslo_concurrency/lockutils.py:544}}
Jul 28 07:48:28.670431 np0000005963 nova-scheduler[93564]: DEBUG nova.filters [None req-ad5b9ce5-74c6-4f8a-9536-e16dbd00fff9 tempest-DeleteServersTestJSON-150524623 tempest-DeleteServersTestJSON-150524623-project-member] Starting with 1 host(s) {{(pid=93564) get_filtered_objects /opt/stack/nova/nova/filters.py:70}}
Jul 28 07:48:28.670431 np0000005963 nova-scheduler[93564]: DEBUG nova.filters [None req-ad5b9ce5-74c6-4f8a-9536-e16dbd00fff9 tempest-DeleteServersTestJSON-150524623 tempest-DeleteServersTestJSON-150524623-project-member] Filter ComputeFilter returned 1 host(s) {{(pid=93564) get_filtered_objects /opt/stack/nova/nova/filters.py:102}}
Jul 28 07:48:28.670431 np0000005963 nova-scheduler[93564]: DEBUG nova.filters [None req-ad5b9ce5-74c6-4f8a-9536-e16dbd00fff9 tempest-DeleteServersTestJSON-150524623 tempest-DeleteServersTestJSON-150524623-project-member] Filter ComputeCapabilitiesFilter returned 1 host(s) {{(pid=93564) get_filtered_objects /opt/stack/nova/nova/filters.py:102}}
Jul 28 07:48:28.670431 np0000005963 nova-scheduler[93564]: DEBUG nova.filters [None req-ad5b9ce5-74c6-4f8a-9536-e16dbd00fff9 tempest-DeleteServersTestJSON-150524623 tempest-DeleteServersTestJSON-150524623-project-member] Filter ImagePropertiesFilter returned 1 host(s) {{(pid=93564) get_filtered_objects /opt/stack/nova/nova/filters.py:102}}
Jul 28 07:48:28.670431 np0000005963 nova-scheduler[93564]: DEBUG nova.filters [None req-ad5b9ce5-74c6-4f8a-9536-e16dbd00fff9 tempest-DeleteServersTestJSON-150524623 tempest-DeleteServersTestJSON-150524623-project-member] Filter ServerGroupAntiAffinityFilter returned 1 host(s) {{(pid=93564) get_filtered_objects /opt/stack/nova/nova/filters.py:102}}
Jul 28 07:48:28.670431 np0000005963 nova-scheduler[93564]: DEBUG nova.filters [None req-ad5b9ce5-74c6-4f8a-9536-e16dbd00fff9 tempest-DeleteServersTestJSON-150524623 tempest-DeleteServersTestJSON-150524623-project-member] Filter ServerGroupAffinityFilter returned 1 host(s) {{(pid=93564) get_filtered_objects /opt/stack/nova/nova/filters.py:102}}
Jul 28 07:48:28.670431 np0000005963 nova-scheduler[93564]: DEBUG nova.filters [None req-ad5b9ce5-74c6-4f8a-9536-e16dbd00fff9 tempest-DeleteServersTestJSON-150524623 tempest-DeleteServersTestJSON-150524623-project-member] Filter SameHostFilter returned 1 host(s) {{(pid=93564) get_filtered_objects /opt/stack/nova/nova/filters.py:102}}
Jul 28 07:48:28.670431 np0000005963 nova-scheduler[93564]: DEBUG nova.filters [None req-ad5b9ce5-74c6-4f8a-9536-e16dbd00fff9 tempest-DeleteServersTestJSON-150524623 tempest-DeleteServersTestJSON-150524623-project-member] Filter DifferentHostFilter returned 1 host(s) {{(pid=93564) get_filtered_objects /opt/stack/nova/nova/filters.py:102}}
Jul 28 07:48:28.670431 np0000005963 nova-scheduler[93564]: DEBUG nova.scheduler.manager [None req-ad5b9ce5-74c6-4f8a-9536-e16dbd00fff9 tempest-DeleteServersTestJSON-150524623 tempest-DeleteServersTestJSON-150524623-project-member] Filtered [(np0000005963, np0000005963) ram: 62765MB disk: 74752MB io_ops: 0 instances: 0, allocation_candidates: 1] {{(pid=93564) _get_sorted_hosts /opt/stack/nova/nova/scheduler/manager.py:742}}
Jul 28 07:48:28.670431 np0000005963 nova-scheduler[93564]: DEBUG nova.scheduler.manager [None req-ad5b9ce5-74c6-4f8a-9536-e16dbd00fff9 tempest-DeleteServersTestJSON-150524623 tempest-DeleteServersTestJSON-150524623-project-member] Weighed [WeighedHost [host: (np0000005963, np0000005963) ram: 62765MB disk: 74752MB io_ops: 0 instances: 0, allocation_candidates: 1, weight: 0.0]] {{(pid=93564) _get_sorted_hosts /opt/stack/nova/nova/scheduler/manager.py:764}}
Jul 28 07:48:28.671165 np0000005963 nova-scheduler[93564]: DEBUG nova.scheduler.utils [None req-ad5b9ce5-74c6-4f8a-9536-e16dbd00fff9 tempest-DeleteServersTestJSON-150524623 tempest-DeleteServersTestJSON-150524623-project-member] Attempting to claim resources in the placement API for instance e8113f35-a83b-45f9-b7ff-d623f51a6899 {{(pid=93564) claim_resources /opt/stack/nova/nova/scheduler/utils.py:1345}}
Jul 28 07:48:28.861172 np0000005963 nova-scheduler[93564]: DEBUG nova.scheduler.manager [None req-ad5b9ce5-74c6-4f8a-9536-e16dbd00fff9 tempest-DeleteServersTestJSON-150524623 tempest-DeleteServersTestJSON-150524623-project-member] [instance: e8113f35-a83b-45f9-b7ff-d623f51a6899] Selected host: (np0000005963, np0000005963) ram: 62765MB disk: 74752MB io_ops: 0 instances: 0, allocation_candidates: 1 {{(pid=93564) _consume_selected_host /opt/stack/nova/nova/scheduler/manager.py:624}}
Jul 28 07:48:28.861402 np0000005963 nova-scheduler[93564]: DEBUG oslo_concurrency.lockutils [None req-ad5b9ce5-74c6-4f8a-9536-e16dbd00fff9 tempest-DeleteServersTestJSON-150524623 tempest-DeleteServersTestJSON-150524623-project-member] Acquiring lock "np0000005963-np0000005963" by "nova.scheduler.host_manager.HostState.consume_from_request.._locked" {{(pid=93564) inner /opt/stack/data/venv/lib/python3.12/site-packages/oslo_concurrency/lockutils.py:512}}
Jul 28 07:48:28.861606 np0000005963 nova-scheduler[93564]: DEBUG oslo_concurrency.lockutils [None req-ad5b9ce5-74c6-4f8a-9536-e16dbd00fff9 tempest-DeleteServersTestJSON-150524623 tempest-DeleteServersTestJSON-150524623-project-member] Lock "np0000005963-np0000005963" acquired by "nova.scheduler.host_manager.HostState.consume_from_request.._locked" :: waited 0.000s {{(pid=93564) inner /opt/stack/data/venv/lib/python3.12/site-packages/oslo_concurrency/lockutils.py:525}}
Jul 28 07:48:28.861767 np0000005963 nova-scheduler[93564]: DEBUG oslo_concurrency.lockutils [None req-ad5b9ce5-74c6-4f8a-9536-e16dbd00fff9 tempest-DeleteServersTestJSON-150524623 tempest-DeleteServersTestJSON-150524623-project-member] Lock "np0000005963-np0000005963" "released" by "nova.scheduler.host_manager.HostState.consume_from_request.._locked" :: held 0.000s {{(pid=93564) inner /opt/stack/data/venv/lib/python3.12/site-packages/oslo_concurrency/lockutils.py:544}}
Jul 28 07:48:29.673862 np0000005963 nova-scheduler[93567]: DEBUG nova.scheduler.manager [None req-1a8cc8d2-41fd-4094-b3ae-e86c78ec9178 tempest-ServerActionsTestOtherB-1230911354 tempest-ServerActionsTestOtherB-1230911354-project-member] Starting to schedule for instances: ['2a0e08d4-d71b-4e26-ad74-a03e1e0c1e9c'] {{(pid=93567) select_destinations /opt/stack/nova/nova/scheduler/manager.py:209}}
Jul 28 07:48:29.674316 np0000005963 nova-scheduler[93567]: DEBUG nova.scheduler.request_filter [None req-1a8cc8d2-41fd-4094-b3ae-e86c78ec9178 tempest-ServerActionsTestOtherB-1230911354 tempest-ServerActionsTestOtherB-1230911354-project-member] compute_status_filter request filter added forbidden trait COMPUTE_STATUS_DISABLED {{(pid=93567) compute_status_filter /opt/stack/nova/nova/scheduler/request_filter.py:253}}
Jul 28 07:48:29.674438 np0000005963 nova-scheduler[93567]: DEBUG nova.scheduler.request_filter [None req-1a8cc8d2-41fd-4094-b3ae-e86c78ec9178 tempest-ServerActionsTestOtherB-1230911354 tempest-ServerActionsTestOtherB-1230911354-project-member] Request filter 'compute_status_filter' took 0.0 seconds {{(pid=93567) wrapper /opt/stack/nova/nova/scheduler/request_filter.py:46}}
Jul 28 07:48:29.674761 np0000005963 nova-scheduler[93567]: DEBUG nova.scheduler.request_filter [None req-1a8cc8d2-41fd-4094-b3ae-e86c78ec9178 tempest-ServerActionsTestOtherB-1230911354 tempest-ServerActionsTestOtherB-1230911354-project-member] Request filter 'accelerators_filter' took 0.0 seconds {{(pid=93567) wrapper /opt/stack/nova/nova/scheduler/request_filter.py:46}}
Jul 28 07:48:29.674927 np0000005963 nova-scheduler[93567]: DEBUG nova.scheduler.request_filter [None req-1a8cc8d2-41fd-4094-b3ae-e86c78ec9178 tempest-ServerActionsTestOtherB-1230911354 tempest-ServerActionsTestOtherB-1230911354-project-member] Request filter 'packed_virtqueue_filter' took 0.0 seconds {{(pid=93567) wrapper /opt/stack/nova/nova/scheduler/request_filter.py:46}}
Jul 28 07:48:29.675190 np0000005963 nova-scheduler[93567]: DEBUG nova.scheduler.request_filter [None req-1a8cc8d2-41fd-4094-b3ae-e86c78ec9178 tempest-ServerActionsTestOtherB-1230911354 tempest-ServerActionsTestOtherB-1230911354-project-member] Request filter 'remote_managed_ports_filter' took 0.0 seconds {{(pid=93567) wrapper /opt/stack/nova/nova/scheduler/request_filter.py:46}}
Jul 28 07:48:29.675319 np0000005963 nova-scheduler[93567]: DEBUG nova.scheduler.request_filter [None req-1a8cc8d2-41fd-4094-b3ae-e86c78ec9178 tempest-ServerActionsTestOtherB-1230911354 tempest-ServerActionsTestOtherB-1230911354-project-member] ephemeral_encryption_filter skipped {{(pid=93567) ephemeral_encryption_filter /opt/stack/nova/nova/scheduler/request_filter.py:426}}
