Aug 24 09:07:44.443624 np0000007961 devstack@g-api.service[99912]: DEBUG glance_store.location [-] Registering scheme swift+https with {'store': , 'location_class': , 'store_entry': 'swift'} {{(pid=99912) register_scheme_map /opt/stack/data/venv/lib/python3.12/site-packages/glance_store/location.py:146}}
Aug 24 09:07:44.443655 np0000007961 devstack@g-api.service[99911]: DEBUG glance_store.location [-] Registering scheme swift+https with {'store': , 'location_class': , 'store_entry': 'swift'} {{(pid=99911) register_scheme_map /opt/stack/data/venv/lib/python3.12/site-packages/glance_store/location.py:146}}
Aug 24 09:07:44.443679 np0000007961 devstack@g-api.service[99910]: DEBUG glance_store.location [-] Registering scheme swift+https with {'store': , 'location_class': , 'store_entry': 'swift'} {{(pid=99910) register_scheme_map /opt/stack/data/venv/lib/python3.12/site-packages/glance_store/location.py:146}}
Aug 24 09:07:44.443701 np0000007961 devstack@g-api.service[99912]: DEBUG glance_store.location [-] Registering scheme swift with {'store': , 'location_class': , 'store_entry': 'swift'} {{(pid=99912) register_scheme_map /opt/stack/data/venv/lib/python3.12/site-packages/glance_store/location.py:146}}
Aug 24 09:07:44.443737 np0000007961 devstack@g-api.service[99911]: DEBUG glance_store.location [-] Registering scheme swift with {'store': , 'location_class': , 'store_entry': 'swift'} {{(pid=99911) register_scheme_map /opt/stack/data/venv/lib/python3.12/site-packages/glance_store/location.py:146}}
Aug 24 09:07:44.443769 np0000007961 devstack@g-api.service[99910]: DEBUG glance_store.location [-] Registering scheme swift with {'store': , 'location_class': , 'store_entry': 'swift'} {{(pid=99910) register_scheme_map /opt/stack/data/venv/lib/python3.12/site-packages/glance_store/location.py:146}}
Aug 24 09:07:44.443795 np0000007961 devstack@g-api.service[99911]: DEBUG glance_store.location [-] Registering scheme swift+https with {'store': , 'location_class': , 'store_entry': 'swift'} {{(pid=99911) register_scheme_map /opt/stack/data/venv/lib/python3.12/site-packages/glance_store/location.py:146}}
Aug 24 09:07:44.443821 np0000007961 devstack@g-api.service[99912]: DEBUG glance_store.location [-] Registering scheme swift+https with {'store': , 'location_class': , 'store_entry': 'swift'} {{(pid=99912) register_scheme_map /opt/stack/data/venv/lib/python3.12/site-packages/glance_store/location.py:146}}
Aug 24 09:07:44.443846 np0000007961 devstack@g-api.service[99910]: DEBUG glance_store.location [-] Registering scheme swift+http with {'store': , 'location_class': , 'store_entry': 'swift'} {{(pid=99910) register_scheme_map /opt/stack/data/venv/lib/python3.12/site-packages/glance_store/location.py:146}}
Aug 24 09:07:44.443871 np0000007961 devstack@g-api.service[99911]: DEBUG glance_store.location [-] Registering scheme swift with {'store': , 'location_class': , 'store_entry': 'swift'} {{(pid=99911) register_scheme_map /opt/stack/data/venv/lib/python3.12/site-packages/glance_store/location.py:146}}
Aug 24 09:07:44.443897 np0000007961 devstack@g-api.service[99912]: DEBUG glance_store.location [-] Registering scheme swift with {'store': , 'location_class': , 'store_entry': 'swift'} {{(pid=99912) register_scheme_map /opt/stack/data/venv/lib/python3.12/site-packages/glance_store/location.py:146}}
Aug 24 09:07:44.443927 np0000007961 devstack@g-api.service[99910]: DEBUG glance_store.location [-] Registering scheme swift+config with {'store': , 'location_class': , 'store_entry': 'swift'} {{(pid=99910) register_scheme_map /opt/stack/data/venv/lib/python3.12/site-packages/glance_store/location.py:146}}
Aug 24 09:07:44.443955 np0000007961 devstack@g-api.service[99911]: DEBUG glance_store.location [-] Registering scheme swift+http with {'store': , 'location_class': , 'store_entry': 'swift'} {{(pid=99911) register_scheme_map /opt/stack/data/venv/lib/python3.12/site-packages/glance_store/location.py:146}}
Aug 24 09:07:44.443985 np0000007961 devstack@g-api.service[99912]: DEBUG glance_store.location [-] Registering scheme swift+http with {'store': , 'location_class': , 'store_entry': 'swift'} {{(pid=99912) register_scheme_map /opt/stack/data/venv/lib/python3.12/site-packages/glance_store/location.py:146}}
Aug 24 09:07:44.443985 np0000007961 devstack@g-api.service[99912]: DEBUG glance_store.location [-] Registering scheme swift+https with {'store': , 'location_class': , 'store_entry': 'swift'} {{(pid=99912) register_scheme_map /opt/stack/data/venv/lib/python3.12/site-packages/glance_store/location.py:146}}
Aug 24 09:07:44.444031 np0000007961 devstack@g-api.service[99911]: DEBUG glance_store.location [-] Registering scheme swift+https with {'store': , 'location_class': , 'store_entry': 'swift'} {{(pid=99911) register_scheme_map /opt/stack/data/venv/lib/python3.12/site-packages/glance_store/location.py:146}}
Aug 24 09:07:44.444056 np0000007961 devstack@g-api.service[99912]: DEBUG glance_store.location [-] Registering scheme swift with {'store': , 'location_class': , 'store_entry': 'swift'} {{(pid=99912) register_scheme_map /opt/stack/data/venv/lib/python3.12/site-packages/glance_store/location.py:146}}
Aug 24 09:07:44.444080 np0000007961 devstack@g-api.service[99911]: DEBUG glance_store.location [-] Registering scheme swift with {'store': , 'location_class': , 'store_entry': 'swift'} {{(pid=99911) register_scheme_map /opt/stack/data/venv/lib/python3.12/site-packages/glance_store/location.py:146}}
Aug 24 09:07:44.444105 np0000007961 devstack@g-api.service[99912]: DEBUG glance_store.location [-] Registering scheme swift+http with {'store': , 'location_class': , 'store_entry': 'swift'} {{(pid=99912) register_scheme_map /opt/stack/data/venv/lib/python3.12/site-packages/glance_store/location.py:146}}
Aug 24 09:07:44.444130 np0000007961 devstack@g-api.service[99911]: DEBUG glance_store.location [-] Registering scheme swift+http with {'store': , 'location_class': , 'store_entry': 'swift'} {{(pid=99911) register_scheme_map /opt/stack/data/venv/lib/python3.12/site-packages/glance_store/location.py:146}}
Aug 24 09:07:44.444130 np0000007961 devstack@g-api.service[99911]: DEBUG glance_store.location [-] Registering scheme swift+config with {'store': , 'location_class': , 'store_entry': 'swift'} {{(pid=99911) register_scheme_map /opt/stack/data/venv/lib/python3.12/site-packages/glance_store/location.py:146}}
Aug 24 09:07:44.444212 np0000007961 devstack@g-api.service[99912]: DEBUG glance_store.location [-] Registering scheme swift+config with {'store': , 'location_class': , 'store_entry': 'swift'} {{(pid=99912) register_scheme_map /opt/stack/data/venv/lib/python3.12/site-packages/glance_store/location.py:146}}
Aug 24 09:07:44.444248 np0000007961 devstack@g-api.service[99910]: DEBUG glance.sqlite_migration [-] SQLite caching database not located, skipping migration {{(pid=99910) get_db_path /opt/stack/glance/glance/sqlite_migration.py:68}}
Aug 24 09:07:44.444293 np0000007961 devstack@g-api.service[99910]: WARNING glance.common.wsgi_app [-] Import methods are enabled but staging directory /tmp/staging/ does not exist; Imports will fail!
Aug 24 09:07:44.444354 np0000007961 devstack@g-api.service[99911]: DEBUG glance.sqlite_migration [-] SQLite caching database not located, skipping migration {{(pid=99911) get_db_path /opt/stack/glance/glance/sqlite_migration.py:68}}
Aug 24 09:07:44.444395 np0000007961 devstack@g-api.service[99912]: DEBUG glance.sqlite_migration [-] SQLite caching database not located, skipping migration {{(pid=99912) get_db_path /opt/stack/glance/glance/sqlite_migration.py:68}}
Aug 24 09:07:44.444609 np0000007961 devstack@g-api.service[99912]: WARNING glance.common.wsgi_app [-] Import methods are enabled but staging directory /tmp/staging/ does not exist; Imports will fail!
Aug 24 09:07:44.444653 np0000007961 devstack@g-api.service[99911]: WARNING glance.common.wsgi_app [-] Import methods are enabled but staging directory /tmp/staging/ does not exist; Imports will fail!
Aug 24 09:07:44.583093 np0000007961 devstack@g-api.service[99911]: DEBUG glance.common.config [None req-b32cb4d5-8ed8-4247-9457-02f76c003f0a None None] Loading glance-api-keystone+cachemanagement from /etc/glance/glance-api-paste.ini {{(pid=99911) load_paste_app /opt/stack/glance/glance/common/config.py:772}}
Aug 24 09:07:44.605374 np0000007961 devstack@g-api.service[99910]: DEBUG glance.common.config [None req-eeec688f-d2de-4603-9b4e-a0463e130656 None None] Loading glance-api-keystone+cachemanagement from /etc/glance/glance-api-paste.ini {{(pid=99910) load_paste_app /opt/stack/glance/glance/common/config.py:772}}
Aug 24 09:07:44.617675 np0000007961 devstack@g-api.service[99912]: DEBUG glance.common.config [None req-da1f71e1-cc7c-45df-b9cc-2b0ce47b30f3 None None] Loading glance-api-keystone+cachemanagement from /etc/glance/glance-api-paste.ini {{(pid=99912) load_paste_app /opt/stack/glance/glance/common/config.py:772}}
Aug 24 09:07:45.266568 np0000007961 devstack@g-api.service[99912]: INFO glance.image_cache [None req-da1f71e1-cc7c-45df-b9cc-2b0ce47b30f3 None None] Image cache loaded driver 'centralized_db'.
Aug 24 09:07:45.268625 np0000007961 devstack@g-api.service[99910]: INFO glance.image_cache [None req-eeec688f-d2de-4603-9b4e-a0463e130656 None None] Image cache loaded driver 'centralized_db'.
Aug 24 09:07:45.302942 np0000007961 devstack@g-api.service[99911]: INFO glance.image_cache [None req-b32cb4d5-8ed8-4247-9457-02f76c003f0a None None] Image cache loaded driver 'centralized_db'.
Aug 24 09:07:45.318276 np0000007961 devstack@g-api.service[99910]: INFO dbcounter [None req-eeec688f-d2de-4603-9b4e-a0463e130656 None None] Registered counter for database glance
Aug 24 09:07:45.325007 np0000007961 devstack@g-api.service[99912]: INFO dbcounter [None req-da1f71e1-cc7c-45df-b9cc-2b0ce47b30f3 None None] Registered counter for database glance
Aug 24 09:07:45.350011 np0000007961 devstack@g-api.service[99911]: INFO dbcounter [None req-b32cb4d5-8ed8-4247-9457-02f76c003f0a None None] Registered counter for database glance
Aug 24 09:07:45.359718 np0000007961 devstack@g-api.service[99910]: DEBUG oslo_db.sqlalchemy.engines [None req-eeec688f-d2de-4603-9b4e-a0463e130656 None None] MySQL server mode set to STRICT_TRANS_TABLES,STRICT_ALL_TABLES,NO_ZERO_IN_DATE,NO_ZERO_DATE,ERROR_FOR_DIVISION_BY_ZERO,TRADITIONAL,NO_ENGINE_SUBSTITUTION {{(pid=99910) _check_effective_sql_mode /opt/stack/data/venv/lib/python3.12/site-packages/oslo_db/sqlalchemy/engines.py:325}}
Aug 24 09:07:45.380415 np0000007961 devstack@g-api.service[99910]: DEBUG dbcounter [-] [99910] Writer thread running {{(pid=99910) stat_writer /opt/stack/data/venv/lib/python3.12/site-packages/dbcounter.py:102}}
Aug 24 09:07:45.384909 np0000007961 devstack@g-api.service[99912]: DEBUG oslo_db.sqlalchemy.engines [None req-da1f71e1-cc7c-45df-b9cc-2b0ce47b30f3 None None] MySQL server mode set to STRICT_TRANS_TABLES,STRICT_ALL_TABLES,NO_ZERO_IN_DATE,NO_ZERO_DATE,ERROR_FOR_DIVISION_BY_ZERO,TRADITIONAL,NO_ENGINE_SUBSTITUTION {{(pid=99912) _check_effective_sql_mode /opt/stack/data/venv/lib/python3.12/site-packages/oslo_db/sqlalchemy/engines.py:325}}
Aug 24 09:07:45.389420 np0000007961 devstack@g-api.service[99911]: DEBUG oslo_db.sqlalchemy.engines [None req-b32cb4d5-8ed8-4247-9457-02f76c003f0a None None] MySQL server mode set to STRICT_TRANS_TABLES,STRICT_ALL_TABLES,NO_ZERO_IN_DATE,NO_ZERO_DATE,ERROR_FOR_DIVISION_BY_ZERO,TRADITIONAL,NO_ENGINE_SUBSTITUTION {{(pid=99911) _check_effective_sql_mode /opt/stack/data/venv/lib/python3.12/site-packages/oslo_db/sqlalchemy/engines.py:325}}
Aug 24 09:07:45.393248 np0000007961 devstack@g-api.service[99910]: INFO glance.image_cache [None req-eeec688f-d2de-4603-9b4e-a0463e130656 None None] Image cache loaded driver 'centralized_db'.
Aug 24 09:07:45.400827 np0000007961 devstack@g-api.service[99910]: DEBUG glance.image_cache.drivers.centralized_db [None req-eeec688f-d2de-4603-9b4e-a0463e130656 None None] Node reference is already recorded, ignoring it {{(pid=99910) configure /opt/stack/glance/glance/image_cache/drivers/centralized_db.py:71}}
Aug 24 09:07:45.406881 np0000007961 devstack@g-api.service[99910]: DEBUG glance.api.v2.cached_images [None req-eeec688f-d2de-4603-9b4e-a0463e130656 None None] Started cache worker thread {{(pid=99910) __init__ /opt/stack/glance/glance/api/v2/cached_images.py:71}}
Aug 24 09:07:45.407287 np0000007961 devstack@g-api.service[99912]: DEBUG dbcounter [-] [99912] Writer thread running {{(pid=99912) stat_writer /opt/stack/data/venv/lib/python3.12/site-packages/dbcounter.py:102}}
Aug 24 09:07:45.407673 np0000007961 devstack@g-api.service[99910]: INFO glance.image_cache [None req-eeec688f-d2de-4603-9b4e-a0463e130656 None None] Image cache loaded driver 'centralized_db'.
Aug 24 09:07:45.410523 np0000007961 devstack@g-api.service[99912]: DEBUG glance.image_cache.drivers.centralized_db [None req-da1f71e1-cc7c-45df-b9cc-2b0ce47b30f3 None None] Node reference is already recorded, ignoring it {{(pid=99912) configure /opt/stack/glance/glance/image_cache/drivers/centralized_db.py:71}}
Aug 24 09:07:45.412494 np0000007961 devstack@g-api.service[99911]: DEBUG dbcounter [-] [99911] Writer thread running {{(pid=99911) stat_writer /opt/stack/data/venv/lib/python3.12/site-packages/dbcounter.py:102}}
Aug 24 09:07:45.415586 np0000007961 devstack@g-api.service[99911]: DEBUG glance.image_cache.drivers.centralized_db [None req-b32cb4d5-8ed8-4247-9457-02f76c003f0a None None] Node reference is already recorded, ignoring it {{(pid=99911) configure /opt/stack/glance/glance/image_cache/drivers/centralized_db.py:71}}
Aug 24 09:07:45.416561 np0000007961 devstack@g-api.service[99912]: INFO glance.image_cache [None req-da1f71e1-cc7c-45df-b9cc-2b0ce47b30f3 None None] Image cache loaded driver 'centralized_db'.
Aug 24 09:07:45.421141 np0000007961 devstack@g-api.service[99911]: INFO glance.image_cache [None req-b32cb4d5-8ed8-4247-9457-02f76c003f0a None None] Image cache loaded driver 'centralized_db'.
Aug 24 09:07:45.423709 np0000007961 devstack@g-api.service[99912]: DEBUG glance.image_cache.drivers.centralized_db [None req-da1f71e1-cc7c-45df-b9cc-2b0ce47b30f3 None None] Node reference is already recorded, ignoring it {{(pid=99912) configure /opt/stack/glance/glance/image_cache/drivers/centralized_db.py:71}}
Aug 24 09:07:45.429110 np0000007961 devstack@g-api.service[99911]: DEBUG glance.image_cache.drivers.centralized_db [None req-b32cb4d5-8ed8-4247-9457-02f76c003f0a None None] Node reference is already recorded, ignoring it {{(pid=99911) configure /opt/stack/glance/glance/image_cache/drivers/centralized_db.py:71}}
Aug 24 09:07:45.429651 np0000007961 devstack@g-api.service[99912]: DEBUG glance.api.v2.cached_images [None req-da1f71e1-cc7c-45df-b9cc-2b0ce47b30f3 None None] Started cache worker thread {{(pid=99912) __init__ /opt/stack/glance/glance/api/v2/cached_images.py:71}}
Aug 24 09:07:45.430490 np0000007961 devstack@g-api.service[99912]: INFO glance.image_cache [None req-da1f71e1-cc7c-45df-b9cc-2b0ce47b30f3 None None] Image cache loaded driver 'centralized_db'.
Aug 24 09:07:45.512430 np0000007961 devstack@g-api.service[99910]: DEBUG glance.image_cache.drivers.centralized_db [None req-eeec688f-d2de-4603-9b4e-a0463e130656 None None] Node reference is already recorded, ignoring it {{(pid=99910) configure /opt/stack/glance/glance/image_cache/drivers/centralized_db.py:71}}
Aug 24 09:07:45.519946 np0000007961 devstack@g-api.service[99910]: INFO glance.api.middleware.cache_manage [None req-eeec688f-d2de-4603-9b4e-a0463e130656 None None] Initialized image cache management middleware
Aug 24 09:07:45.520164 np0000007961 devstack@g-api.service[99910]: INFO glance.image_cache [None req-eeec688f-d2de-4603-9b4e-a0463e130656 None None] Image cache loaded driver 'centralized_db'.
Aug 24 09:07:45.529384 np0000007961 devstack@g-api.service[99911]: DEBUG glance.api.v2.cached_images [None req-b32cb4d5-8ed8-4247-9457-02f76c003f0a None None] Started cache worker thread {{(pid=99911) __init__ /opt/stack/glance/glance/api/v2/cached_images.py:71}}
Aug 24 09:07:45.530148 np0000007961 devstack@g-api.service[99911]: INFO glance.image_cache [None req-b32cb4d5-8ed8-4247-9457-02f76c003f0a None None] Image cache loaded driver 'centralized_db'.
Aug 24 09:07:45.531415 np0000007961 devstack@g-api.service[99910]: DEBUG glance.image_cache.drivers.centralized_db [None req-eeec688f-d2de-4603-9b4e-a0463e130656 None None] Node reference is already recorded, ignoring it {{(pid=99910) configure /opt/stack/glance/glance/image_cache/drivers/centralized_db.py:71}}
Aug 24 09:07:45.537300 np0000007961 devstack@g-api.service[99911]: DEBUG glance.image_cache.drivers.centralized_db [None req-b32cb4d5-8ed8-4247-9457-02f76c003f0a None None] Node reference is already recorded, ignoring it {{(pid=99911) configure /opt/stack/glance/glance/image_cache/drivers/centralized_db.py:71}}
Aug 24 09:07:45.537837 np0000007961 devstack@g-api.service[99910]: INFO glance.api.middleware.cache [None req-eeec688f-d2de-4603-9b4e-a0463e130656 None None] Initialized image cache middleware
Aug 24 09:07:45.538364 np0000007961 devstack@g-api.service[99912]: DEBUG glance.image_cache.drivers.centralized_db [None req-da1f71e1-cc7c-45df-b9cc-2b0ce47b30f3 None None] Node reference is already recorded, ignoring it {{(pid=99912) configure /opt/stack/glance/glance/image_cache/drivers/centralized_db.py:71}}
Aug 24 09:07:45.542129 np0000007961 devstack@g-api.service[99911]: INFO glance.api.middleware.cache_manage [None req-b32cb4d5-8ed8-4247-9457-02f76c003f0a None None] Initialized image cache management middleware
Aug 24 09:07:45.542290 np0000007961 devstack@g-api.service[99911]: INFO glance.image_cache [None req-b32cb4d5-8ed8-4247-9457-02f76c003f0a None None] Image cache loaded driver 'centralized_db'.
Aug 24 09:07:45.543322 np0000007961 devstack@g-api.service[99912]: INFO glance.api.middleware.cache_manage [None req-da1f71e1-cc7c-45df-b9cc-2b0ce47b30f3 None None] Initialized image cache management middleware
Aug 24 09:07:45.543630 np0000007961 devstack@g-api.service[99912]: INFO glance.image_cache [None req-da1f71e1-cc7c-45df-b9cc-2b0ce47b30f3 None None] Image cache loaded driver 'centralized_db'.
Aug 24 09:07:45.549784 np0000007961 devstack@g-api.service[99911]: DEBUG glance.image_cache.drivers.centralized_db [None req-b32cb4d5-8ed8-4247-9457-02f76c003f0a None None] Node reference is already recorded, ignoring it {{(pid=99911) configure /opt/stack/glance/glance/image_cache/drivers/centralized_db.py:71}}
Aug 24 09:07:45.551966 np0000007961 devstack@g-api.service[99912]: DEBUG glance.image_cache.drivers.centralized_db [None req-da1f71e1-cc7c-45df-b9cc-2b0ce47b30f3 None None] Node reference is already recorded, ignoring it {{(pid=99912) configure /opt/stack/glance/glance/image_cache/drivers/centralized_db.py:71}}
Aug 24 09:07:45.552824 np0000007961 devstack@g-api.service[99910]: DEBUG glance.common.config [None req-eeec688f-d2de-4603-9b4e-a0463e130656 None None] ******************************************************************************** {{(pid=99910) log_opt_values /opt/stack/data/venv/lib/python3.12/site-packages/oslo_config/cfg.py:3533}}
Aug 24 09:07:45.552912 np0000007961 devstack@g-api.service[99910]: DEBUG glance.common.config [None req-eeec688f-d2de-4603-9b4e-a0463e130656 None None] Configuration options gathered from: {{(pid=99910) log_opt_values /opt/stack/data/venv/lib/python3.12/site-packages/oslo_config/cfg.py:3534}}
Aug 24 09:07:45.553212 np0000007961 devstack@g-api.service[99910]: DEBUG glance.common.config [None req-eeec688f-d2de-4603-9b4e-a0463e130656 None None] command line args: [] {{(pid=99910) log_opt_values /opt/stack/data/venv/lib/python3.12/site-packages/oslo_config/cfg.py:3535}}
Aug 24 09:07:45.553340 np0000007961 devstack@g-api.service[99910]: DEBUG glance.common.config [None req-eeec688f-d2de-4603-9b4e-a0463e130656 None None] config files: ['/etc/glance/glance-image-import.conf', '/etc/glance/glance-api.conf'] {{(pid=99910) log_opt_values /opt/stack/data/venv/lib/python3.12/site-packages/oslo_config/cfg.py:3536}}
Aug 24 09:07:45.553424 np0000007961 devstack@g-api.service[99910]: DEBUG glance.common.config [None req-eeec688f-d2de-4603-9b4e-a0463e130656 None None] ================================================================================ {{(pid=99910) log_opt_values /opt/stack/data/venv/lib/python3.12/site-packages/oslo_config/cfg.py:3541}}
Aug 24 09:07:45.553469 np0000007961 devstack@g-api.service[99911]: INFO glance.api.middleware.cache [None req-b32cb4d5-8ed8-4247-9457-02f76c003f0a None None] Initialized image cache middleware
Aug 24 09:07:45.553531 np0000007961 devstack@g-api.service[99910]: DEBUG glance.common.config [None req-eeec688f-d2de-4603-9b4e-a0463e130656 None None] allow_anonymous_access = False {{(pid=99910) log_opt_values /opt/stack/data/venv/lib/python3.12/site-packages/oslo_config/cfg.py:3549}}
Aug 24 09:07:45.553631 np0000007961 devstack@g-api.service[99910]: DEBUG glance.common.config [None req-eeec688f-d2de-4603-9b4e-a0463e130656 None None] api_limit_max = 1000 {{(pid=99910) log_opt_values /opt/stack/data/venv/lib/python3.12/site-packages/oslo_config/cfg.py:3549}}
Aug 24 09:07:45.553738 np0000007961 devstack@g-api.service[99910]: DEBUG glance.common.config [None req-eeec688f-d2de-4603-9b4e-a0463e130656 None None] config_dir = [] {{(pid=99910) log_opt_values /opt/stack/data/venv/lib/python3.12/site-packages/oslo_config/cfg.py:3549}}
Aug 24 09:07:45.553815 np0000007961 devstack@g-api.service[99910]: DEBUG glance.common.config [None req-eeec688f-d2de-4603-9b4e-a0463e130656 None None] config_file = ['/etc/glance/glance-image-import.conf', '/etc/glance/glance-api.conf'] {{(pid=99910) log_opt_values /opt/stack/data/venv/lib/python3.12/site-packages/oslo_config/cfg.py:3549}}
Aug 24 09:07:45.553908 np0000007961 devstack@g-api.service[99910]: DEBUG glance.common.config [None req-eeec688f-d2de-4603-9b4e-a0463e130656 None None] config_source = [] {{(pid=99910) log_opt_values /opt/stack/data/venv/lib/python3.12/site-packages/oslo_config/cfg.py:3549}}
Aug 24 09:07:45.554021 np0000007961 devstack@g-api.service[99910]: DEBUG glance.common.config [None req-eeec688f-d2de-4603-9b4e-a0463e130656 None None] control_exchange = glance {{(pid=99910) log_opt_values /opt/stack/data/venv/lib/python3.12/site-packages/oslo_config/cfg.py:3549}}
Aug 24 09:07:45.554089 np0000007961 devstack@g-api.service[99910]: DEBUG glance.common.config [None req-eeec688f-d2de-4603-9b4e-a0463e130656 None None] debug = True {{(pid=99910) log_opt_values /opt/stack/data/venv/lib/python3.12/site-packages/oslo_config/cfg.py:3549}}
Aug 24 09:07:45.554263 np0000007961 devstack@g-api.service[99910]: DEBUG glance.common.config [None req-eeec688f-d2de-4603-9b4e-a0463e130656 None None] default_log_levels = ['amqp=WARN', 'boto=WARN', 'sqlalchemy=WARN', 'suds=INFO', 'oslo.messaging=INFO', 'oslo_messaging=INFO', 'iso8601=WARN', 'requests.packages.urllib3.connectionpool=WARN', 'urllib3.connectionpool=WARN', 'websocket=WARN', 'requests.packages.urllib3.util.retry=WARN', 'urllib3.util.retry=WARN', 'keystonemiddleware=WARN', 'routes.middleware=WARN', 'stevedore=WARN', 'taskflow=WARN', 'keystoneauth=WARN', 'oslo.cache=INFO', 'oslo_policy=INFO', 'dogpile.core.dogpile=INFO'] {{(pid=99910) log_opt_values /opt/stack/data/venv/lib/python3.12/site-packages/oslo_config/cfg.py:3549}}
Aug 24 09:07:45.554369 np0000007961 devstack@g-api.service[99910]: DEBUG glance.common.config [None req-eeec688f-d2de-4603-9b4e-a0463e130656 None None] default_publisher_id = image.localhost {{(pid=99910) log_opt_values /opt/stack/data/venv/lib/python3.12/site-packages/oslo_config/cfg.py:3549}}
Aug 24 09:07:45.554495 np0000007961 devstack@g-api.service[99910]: DEBUG glance.common.config [None req-eeec688f-d2de-4603-9b4e-a0463e130656 None None] delayed_delete = False {{(pid=99910) log_opt_values /opt/stack/data/venv/lib/python3.12/site-packages/oslo_config/cfg.py:3549}}
Aug 24 09:07:45.554610 np0000007961 devstack@g-api.service[99910]: DEBUG glance.common.config [None req-eeec688f-d2de-4603-9b4e-a0463e130656 None None] digest_algorithm = sha256 {{(pid=99910) log_opt_values /opt/stack/data/venv/lib/python3.12/site-packages/oslo_config/cfg.py:3549}}
Aug 24 09:07:45.554754 np0000007961 devstack@g-api.service[99910]: DEBUG glance.common.config [None req-eeec688f-d2de-4603-9b4e-a0463e130656 None None] disabled_notifications = [] {{(pid=99910) log_opt_values /opt/stack/data/venv/lib/python3.12/site-packages/oslo_config/cfg.py:3549}}
Aug 24 09:07:45.554855 np0000007961 devstack@g-api.service[99910]: DEBUG glance.common.config [None req-eeec688f-d2de-4603-9b4e-a0463e130656 None None] do_secure_hash = True {{(pid=99910) log_opt_values /opt/stack/data/venv/lib/python3.12/site-packages/oslo_config/cfg.py:3549}}
Aug 24 09:07:45.554978 np0000007961 devstack@g-api.service[99910]: DEBUG glance.common.config [None req-eeec688f-d2de-4603-9b4e-a0463e130656 None None] enabled_backends = None {{(pid=99910) log_opt_values /opt/stack/data/venv/lib/python3.12/site-packages/oslo_config/cfg.py:3549}}
Aug 24 09:07:45.555117 np0000007961 devstack@g-api.service[99910]: DEBUG glance.common.config [None req-eeec688f-d2de-4603-9b4e-a0463e130656 None None] enabled_import_methods = ['glance-direct', 'web-download', 'copy-image'] {{(pid=99910) log_opt_values /opt/stack/data/venv/lib/python3.12/site-packages/oslo_config/cfg.py:3549}}
Aug 24 09:07:45.555234 np0000007961 devstack@g-api.service[99910]: DEBUG glance.common.config [None req-eeec688f-d2de-4603-9b4e-a0463e130656 None None] fatal_deprecations = False {{(pid=99910) log_opt_values /opt/stack/data/venv/lib/python3.12/site-packages/oslo_config/cfg.py:3549}}
Aug 24 09:07:45.555330 np0000007961 devstack@g-api.service[99910]: DEBUG glance.common.config [None req-eeec688f-d2de-4603-9b4e-a0463e130656 None None] hashing_algorithm = sha512 {{(pid=99910) log_opt_values /opt/stack/data/venv/lib/python3.12/site-packages/oslo_config/cfg.py:3549}}
Aug 24 09:07:45.555452 np0000007961 devstack@g-api.service[99910]: DEBUG glance.common.config [None req-eeec688f-d2de-4603-9b4e-a0463e130656 None None] http_retries = 3 {{(pid=99910) log_opt_values /opt/stack/data/venv/lib/python3.12/site-packages/oslo_config/cfg.py:3549}}
Aug 24 09:07:45.555570 np0000007961 devstack@g-api.service[99910]: DEBUG glance.common.config [None req-eeec688f-d2de-4603-9b4e-a0463e130656 None None] image_cache_dir = /opt/stack/data/glance/cache/ {{(pid=99910) log_opt_values /opt/stack/data/venv/lib/python3.12/site-packages/oslo_config/cfg.py:3549}}
Aug 24 09:07:45.555639 np0000007961 devstack@g-api.service[99912]: INFO glance.api.middleware.cache [None req-da1f71e1-cc7c-45df-b9cc-2b0ce47b30f3 None None] Initialized image cache middleware
Aug 24 09:07:45.555683 np0000007961 devstack@g-api.service[99910]: DEBUG glance.common.config [None req-eeec688f-d2de-4603-9b4e-a0463e130656 None None] image_cache_driver = centralized_db {{(pid=99910) log_opt_values /opt/stack/data/venv/lib/python3.12/site-packages/oslo_config/cfg.py:3549}}
Aug 24 09:07:45.555805 np0000007961 devstack@g-api.service[99910]: DEBUG glance.common.config [None req-eeec688f-d2de-4603-9b4e-a0463e130656 None None] image_cache_max_size = 10737418240 {{(pid=99910) log_opt_values /opt/stack/data/venv/lib/python3.12/site-packages/oslo_config/cfg.py:3549}}
Aug 24 09:07:45.555937 np0000007961 devstack@g-api.service[99910]: DEBUG glance.common.config [None req-eeec688f-d2de-4603-9b4e-a0463e130656 None None] image_cache_sqlite_db = cache.db {{(pid=99910) log_opt_values /opt/stack/data/venv/lib/python3.12/site-packages/oslo_config/cfg.py:3549}}
Aug 24 09:07:45.556069 np0000007961 devstack@g-api.service[99910]: DEBUG glance.common.config [None req-eeec688f-d2de-4603-9b4e-a0463e130656 None None] image_cache_stall_time = 86400 {{(pid=99910) log_opt_values /opt/stack/data/venv/lib/python3.12/site-packages/oslo_config/cfg.py:3549}}
Aug 24 09:07:45.556206 np0000007961 devstack@g-api.service[99910]: DEBUG glance.common.config [None req-eeec688f-d2de-4603-9b4e-a0463e130656 None None] image_location_quota = 10 {{(pid=99910) log_opt_values /opt/stack/data/venv/lib/python3.12/site-packages/oslo_config/cfg.py:3549}}
Aug 24 09:07:45.556329 np0000007961 devstack@g-api.service[99910]: DEBUG glance.common.config [None req-eeec688f-d2de-4603-9b4e-a0463e130656 None None] image_member_quota = 128 {{(pid=99910) log_opt_values /opt/stack/data/venv/lib/python3.12/site-packages/oslo_config/cfg.py:3549}}
Aug 24 09:07:45.556458 np0000007961 devstack@g-api.service[99910]: DEBUG glance.common.config [None req-eeec688f-d2de-4603-9b4e-a0463e130656 None None] image_property_quota = 128 {{(pid=99910) log_opt_values /opt/stack/data/venv/lib/python3.12/site-packages/oslo_config/cfg.py:3549}}
Aug 24 09:07:45.556594 np0000007961 devstack@g-api.service[99910]: DEBUG glance.common.config [None req-eeec688f-d2de-4603-9b4e-a0463e130656 None None] image_size_cap = 1099511627776 {{(pid=99910) log_opt_values /opt/stack/data/venv/lib/python3.12/site-packages/oslo_config/cfg.py:3549}}
Aug 24 09:07:45.556717 np0000007961 devstack@g-api.service[99910]: DEBUG glance.common.config [None req-eeec688f-d2de-4603-9b4e-a0463e130656 None None] image_tag_quota = 128 {{(pid=99910) log_opt_values /opt/stack/data/venv/lib/python3.12/site-packages/oslo_config/cfg.py:3549}}
Aug 24 09:07:45.556836 np0000007961 devstack@g-api.service[99910]: DEBUG glance.common.config [None req-eeec688f-d2de-4603-9b4e-a0463e130656 None None] instance_format = [instance: %(uuid)s] {{(pid=99910) log_opt_values /opt/stack/data/venv/lib/python3.12/site-packages/oslo_config/cfg.py:3549}}
Aug 24 09:07:45.556932 np0000007961 devstack@g-api.service[99910]: DEBUG glance.common.config [None req-eeec688f-d2de-4603-9b4e-a0463e130656 None None] instance_uuid_format = [instance: %(uuid)s] {{(pid=99910) log_opt_values /opt/stack/data/venv/lib/python3.12/site-packages/oslo_config/cfg.py:3549}}
Aug 24 09:07:45.557037 np0000007961 devstack@g-api.service[99910]: DEBUG glance.common.config [None req-eeec688f-d2de-4603-9b4e-a0463e130656 None None] limit_param_default = 25 {{(pid=99910) log_opt_values /opt/stack/data/venv/lib/python3.12/site-packages/oslo_config/cfg.py:3549}}
Aug 24 09:07:45.557187 np0000007961 devstack@g-api.service[99910]: DEBUG glance.common.config [None req-eeec688f-d2de-4603-9b4e-a0463e130656 None None] log_color = False {{(pid=99910) log_opt_values /opt/stack/data/venv/lib/python3.12/site-packages/oslo_config/cfg.py:3549}}
Aug 24 09:07:45.557289 np0000007961 devstack@g-api.service[99910]: DEBUG glance.common.config [None req-eeec688f-d2de-4603-9b4e-a0463e130656 None None] log_config_append = None {{(pid=99910) log_opt_values /opt/stack/data/venv/lib/python3.12/site-packages/oslo_config/cfg.py:3549}}
Aug 24 09:07:45.557402 np0000007961 devstack@g-api.service[99910]: DEBUG glance.common.config [None req-eeec688f-d2de-4603-9b4e-a0463e130656 None None] log_date_format = %Y-%m-%d %H:%M:%S {{(pid=99910) log_opt_values /opt/stack/data/venv/lib/python3.12/site-packages/oslo_config/cfg.py:3549}}
Aug 24 09:07:45.557493 np0000007961 devstack@g-api.service[99910]: DEBUG glance.common.config [None req-eeec688f-d2de-4603-9b4e-a0463e130656 None None] log_dir = None {{(pid=99910) log_opt_values /opt/stack/data/venv/lib/python3.12/site-packages/oslo_config/cfg.py:3549}}
Aug 24 09:07:45.557590 np0000007961 devstack@g-api.service[99910]: DEBUG glance.common.config [None req-eeec688f-d2de-4603-9b4e-a0463e130656 None None] log_file = None {{(pid=99910) log_opt_values /opt/stack/data/venv/lib/python3.12/site-packages/oslo_config/cfg.py:3549}}
Aug 24 09:07:45.557709 np0000007961 devstack@g-api.service[99910]: DEBUG glance.common.config [None req-eeec688f-d2de-4603-9b4e-a0463e130656 None None] log_rotate_interval = 1 {{(pid=99910) log_opt_values /opt/stack/data/venv/lib/python3.12/site-packages/oslo_config/cfg.py:3549}}
Aug 24 09:07:45.557842 np0000007961 devstack@g-api.service[99910]: DEBUG glance.common.config [None req-eeec688f-d2de-4603-9b4e-a0463e130656 None None] log_rotate_interval_type = days {{(pid=99910) log_opt_values /opt/stack/data/venv/lib/python3.12/site-packages/oslo_config/cfg.py:3549}}
Aug 24 09:07:45.557970 np0000007961 devstack@g-api.service[99910]: DEBUG glance.common.config [None req-eeec688f-d2de-4603-9b4e-a0463e130656 None None] log_rotation_type = none {{(pid=99910) log_opt_values /opt/stack/data/venv/lib/python3.12/site-packages/oslo_config/cfg.py:3549}}
Aug 24 09:07:45.558054 np0000007961 devstack@g-api.service[99910]: DEBUG glance.common.config [None req-eeec688f-d2de-4603-9b4e-a0463e130656 None None] logging_context_format_string = %(color)s%(levelname)s %(name)s [%(global_request_id)s %(request_id)s %(project_name)s %(user_name)s%(color)s] %(instance)s%(color)s%(message)s {{(pid=99910) log_opt_values /opt/stack/data/venv/lib/python3.12/site-packages/oslo_config/cfg.py:3549}}
Aug 24 09:07:45.558125 np0000007961 devstack@g-api.service[99910]: DEBUG glance.common.config [None req-eeec688f-d2de-4603-9b4e-a0463e130656 None None] logging_debug_format_suffix = {{(pid=%(process)d) %(funcName)s %(pathname)s:%(lineno)d}} {{(pid=99910) log_opt_values /opt/stack/data/venv/lib/python3.12/site-packages/oslo_config/cfg.py:3549}}
Aug 24 09:07:45.558278 np0000007961 devstack@g-api.service[99910]: DEBUG glance.common.config [None req-eeec688f-d2de-4603-9b4e-a0463e130656 None None] logging_default_format_string = %(color)s%(levelname)s %(name)s [-%(color)s] %(instance)s%(color)s%(message)s {{(pid=99910) log_opt_values /opt/stack/data/venv/lib/python3.12/site-packages/oslo_config/cfg.py:3549}}
Aug 24 09:07:45.558390 np0000007961 devstack@g-api.service[99910]: DEBUG glance.common.config [None req-eeec688f-d2de-4603-9b4e-a0463e130656 None None] logging_exception_prefix = ERROR %(name)s %(instance)s {{(pid=99910) log_opt_values /opt/stack/data/venv/lib/python3.12/site-packages/oslo_config/cfg.py:3549}}
Aug 24 09:07:45.558460 np0000007961 devstack@g-api.service[99910]: DEBUG glance.common.config [None req-eeec688f-d2de-4603-9b4e-a0463e130656 None None] logging_user_identity_format = %(user)s %(project)s %(domain)s %(system_scope)s %(user_domain)s %(project_domain)s {{(pid=99910) log_opt_values /opt/stack/data/venv/lib/python3.12/site-packages/oslo_config/cfg.py:3549}}
Aug 24 09:07:45.558551 np0000007961 devstack@g-api.service[99910]: DEBUG glance.common.config [None req-eeec688f-d2de-4603-9b4e-a0463e130656 None None] max_logfile_count = 30 {{(pid=99910) log_opt_values /opt/stack/data/venv/lib/python3.12/site-packages/oslo_config/cfg.py:3549}}
Aug 24 09:07:45.558659 np0000007961 devstack@g-api.service[99910]: DEBUG glance.common.config [None req-eeec688f-d2de-4603-9b4e-a0463e130656 None None] max_logfile_size_mb = 200 {{(pid=99910) log_opt_values /opt/stack/data/venv/lib/python3.12/site-packages/oslo_config/cfg.py:3549}}
Aug 24 09:07:45.558790 np0000007961 devstack@g-api.service[99910]: DEBUG glance.common.config [None req-eeec688f-d2de-4603-9b4e-a0463e130656 None None] max_request_id_length = 64 {{(pid=99910) log_opt_values /opt/stack/data/venv/lib/python3.12/site-packages/oslo_config/cfg.py:3549}}
Aug 24 09:07:45.558891 np0000007961 devstack@g-api.service[99910]: DEBUG glance.common.config [None req-eeec688f-d2de-4603-9b4e-a0463e130656 None None] metadata_encryption_key = **** {{(pid=99910) log_opt_values /opt/stack/data/venv/lib/python3.12/site-packages/oslo_config/cfg.py:3549}}
Aug 24 09:07:45.558984 np0000007961 devstack@g-api.service[99910]: DEBUG glance.common.config [None req-eeec688f-d2de-4603-9b4e-a0463e130656 None None] node_staging_uri = file:///tmp/staging/ {{(pid=99910) log_opt_values /opt/stack/data/venv/lib/python3.12/site-packages/oslo_config/cfg.py:3549}}
Aug 24 09:07:45.559088 np0000007961 devstack@g-api.service[99910]: DEBUG glance.common.config [None req-eeec688f-d2de-4603-9b4e-a0463e130656 None None] property_protection_file = None {{(pid=99910) log_opt_values /opt/stack/data/venv/lib/python3.12/site-packages/oslo_config/cfg.py:3549}}
Aug 24 09:07:45.559216 np0000007961 devstack@g-api.service[99910]: DEBUG glance.common.config [None req-eeec688f-d2de-4603-9b4e-a0463e130656 None None] property_protection_rule_format = roles {{(pid=99910) log_opt_values /opt/stack/data/venv/lib/python3.12/site-packages/oslo_config/cfg.py:3549}}
Aug 24 09:07:45.559354 np0000007961 devstack@g-api.service[99910]: DEBUG glance.common.config [None req-eeec688f-d2de-4603-9b4e-a0463e130656 None None] public_endpoint = https://10.4.3.110/image {{(pid=99910) log_opt_values /opt/stack/data/venv/lib/python3.12/site-packages/oslo_config/cfg.py:3549}}
Aug 24 09:07:45.559459 np0000007961 devstack@g-api.service[99910]: DEBUG glance.common.config [None req-eeec688f-d2de-4603-9b4e-a0463e130656 None None] publish_errors = False {{(pid=99910) log_opt_values /opt/stack/data/venv/lib/python3.12/site-packages/oslo_config/cfg.py:3549}}
Aug 24 09:07:45.559549 np0000007961 devstack@g-api.service[99910]: DEBUG glance.common.config [None req-eeec688f-d2de-4603-9b4e-a0463e130656 None None] pydev_worker_debug_host = None {{(pid=99910) log_opt_values /opt/stack/data/venv/lib/python3.12/site-packages/oslo_config/cfg.py:3549}}
Aug 24 09:07:45.559662 np0000007961 devstack@g-api.service[99910]: DEBUG glance.common.config [None req-eeec688f-d2de-4603-9b4e-a0463e130656 None None] pydev_worker_debug_port = 5678 {{(pid=99910) log_opt_values /opt/stack/data/venv/lib/python3.12/site-packages/oslo_config/cfg.py:3549}}
Aug 24 09:07:45.559752 np0000007961 devstack@g-api.service[99910]: DEBUG glance.common.config [None req-eeec688f-d2de-4603-9b4e-a0463e130656 None None] rate_limit_burst = 0 {{(pid=99910) log_opt_values /opt/stack/data/venv/lib/python3.12/site-packages/oslo_config/cfg.py:3549}}
Aug 24 09:07:45.559845 np0000007961 devstack@g-api.service[99910]: DEBUG glance.common.config [None req-eeec688f-d2de-4603-9b4e-a0463e130656 None None] rate_limit_except_level = CRITICAL {{(pid=99910) log_opt_values /opt/stack/data/venv/lib/python3.12/site-packages/oslo_config/cfg.py:3549}}
Aug 24 09:07:45.559968 np0000007961 devstack@g-api.service[99910]: DEBUG glance.common.config [None req-eeec688f-d2de-4603-9b4e-a0463e130656 None None] rate_limit_interval = 0 {{(pid=99910) log_opt_values /opt/stack/data/venv/lib/python3.12/site-packages/oslo_config/cfg.py:3549}}
Aug 24 09:07:45.560089 np0000007961 devstack@g-api.service[99910]: DEBUG glance.common.config [None req-eeec688f-d2de-4603-9b4e-a0463e130656 None None] scrub_pool_size = 1 {{(pid=99910) log_opt_values /opt/stack/data/venv/lib/python3.12/site-packages/oslo_config/cfg.py:3549}}
Aug 24 09:07:45.560225 np0000007961 devstack@g-api.service[99910]: DEBUG glance.common.config [None req-eeec688f-d2de-4603-9b4e-a0463e130656 None None] scrub_time = 0 {{(pid=99910) log_opt_values /opt/stack/data/venv/lib/python3.12/site-packages/oslo_config/cfg.py:3549}}
Aug 24 09:07:45.560331 np0000007961 devstack@g-api.service[99910]: DEBUG glance.common.config [None req-eeec688f-d2de-4603-9b4e-a0463e130656 None None] shell_completion = None {{(pid=99910) log_opt_values /opt/stack/data/venv/lib/python3.12/site-packages/oslo_config/cfg.py:3549}}
Aug 24 09:07:45.560464 np0000007961 devstack@g-api.service[99910]: DEBUG glance.common.config [None req-eeec688f-d2de-4603-9b4e-a0463e130656 None None] show_image_direct_url = False {{(pid=99910) log_opt_values /opt/stack/data/venv/lib/python3.12/site-packages/oslo_config/cfg.py:3549}}
Aug 24 09:07:45.560728 np0000007961 devstack@g-api.service[99910]: WARNING oslo_config.cfg [None req-eeec688f-d2de-4603-9b4e-a0463e130656 None None] Deprecated: Option "show_multiple_locations" from group "DEFAULT" is deprecated for removal (Use of this option, deprecated since Newton, is a security risk and will be removed once we figure out a way to satisfy those use cases that currently require it. An earlier announcement that the same functionality can be achieved with greater granularity by using policies is incorrect. You cannot work around this option via policy configuration at the present time, though that is the direction we believe the fix will take. Please keep an eye on the Glance release notes to stay up to date on progress in addressing this issue.). Its value may be silently ignored in the future.
Aug 24 09:07:45.560892 np0000007961 devstack@g-api.service[99910]: DEBUG glance.common.config [None req-eeec688f-d2de-4603-9b4e-a0463e130656 None None] show_multiple_locations = False {{(pid=99910) log_opt_values /opt/stack/data/venv/lib/python3.12/site-packages/oslo_config/cfg.py:3549}}
Aug 24 09:07:45.561011 np0000007961 devstack@g-api.service[99910]: DEBUG glance.common.config [None req-eeec688f-d2de-4603-9b4e-a0463e130656 None None] syslog_log_facility = LOG_USER {{(pid=99910) log_opt_values /opt/stack/data/venv/lib/python3.12/site-packages/oslo_config/cfg.py:3549}}
Aug 24 09:07:45.561124 np0000007961 devstack@g-api.service[99910]: DEBUG glance.common.config [None req-eeec688f-d2de-4603-9b4e-a0463e130656 None None] transport_url = **** {{(pid=99910) log_opt_values /opt/stack/data/venv/lib/python3.12/site-packages/oslo_config/cfg.py:3549}}
Aug 24 09:07:45.561243 np0000007961 devstack@g-api.service[99910]: DEBUG glance.common.config [None req-eeec688f-d2de-4603-9b4e-a0463e130656 None None] use_journal = False {{(pid=99910) log_opt_values /opt/stack/data/venv/lib/python3.12/site-packages/oslo_config/cfg.py:3549}}
Aug 24 09:07:45.561352 np0000007961 devstack@g-api.service[99910]: DEBUG glance.common.config [None req-eeec688f-d2de-4603-9b4e-a0463e130656 None None] use_json = False {{(pid=99910) log_opt_values /opt/stack/data/venv/lib/python3.12/site-packages/oslo_config/cfg.py:3549}}
Aug 24 09:07:45.561486 np0000007961 devstack@g-api.service[99910]: DEBUG glance.common.config [None req-eeec688f-d2de-4603-9b4e-a0463e130656 None None] use_keystone_limits = True {{(pid=99910) log_opt_values /opt/stack/data/venv/lib/python3.12/site-packages/oslo_config/cfg.py:3549}}
Aug 24 09:07:45.561621 np0000007961 devstack@g-api.service[99910]: DEBUG glance.common.config [None req-eeec688f-d2de-4603-9b4e-a0463e130656 None None] use_stderr = False {{(pid=99910) log_opt_values /opt/stack/data/venv/lib/python3.12/site-packages/oslo_config/cfg.py:3549}}
Aug 24 09:07:45.561750 np0000007961 devstack@g-api.service[99910]: DEBUG glance.common.config [None req-eeec688f-d2de-4603-9b4e-a0463e130656 None None] use_syslog = False {{(pid=99910) log_opt_values /opt/stack/data/venv/lib/python3.12/site-packages/oslo_config/cfg.py:3549}}
Aug 24 09:07:45.561881 np0000007961 devstack@g-api.service[99910]: DEBUG glance.common.config [None req-eeec688f-d2de-4603-9b4e-a0463e130656 None None] user_storage_quota = 0 {{(pid=99910) log_opt_values /opt/stack/data/venv/lib/python3.12/site-packages/oslo_config/cfg.py:3549}}
Aug 24 09:07:45.562010 np0000007961 devstack@g-api.service[99910]: DEBUG glance.common.config [None req-eeec688f-d2de-4603-9b4e-a0463e130656 None None] worker_self_reference_url = http://127.0.0.1:60999 {{(pid=99910) log_opt_values /opt/stack/data/venv/lib/python3.12/site-packages/oslo_config/cfg.py:3549}}
Aug 24 09:07:45.562167 np0000007961 devstack@g-api.service[99910]: DEBUG glance.common.config [None req-eeec688f-d2de-4603-9b4e-a0463e130656 None None] oslo_concurrency.disable_process_locking = False {{(pid=99910) log_opt_values /opt/stack/data/venv/lib/python3.12/site-packages/oslo_config/cfg.py:3560}}
Aug 24 09:07:45.562309 np0000007961 devstack@g-api.service[99910]: DEBUG glance.common.config [None req-eeec688f-d2de-4603-9b4e-a0463e130656 None None] oslo_concurrency.lock_path = /opt/stack/data/glance/locks {{(pid=99910) log_opt_values /opt/stack/data/venv/lib/python3.12/site-packages/oslo_config/cfg.py:3560}}
Aug 24 09:07:45.562454 np0000007961 devstack@g-api.service[99910]: DEBUG glance.common.config [None req-eeec688f-d2de-4603-9b4e-a0463e130656 None None] oslo_middleware.enable_proxy_headers_parsing = False {{(pid=99910) log_opt_values /opt/stack/data/venv/lib/python3.12/site-packages/oslo_config/cfg.py:3560}}
Aug 24 09:07:45.562585 np0000007961 devstack@g-api.service[99910]: DEBUG glance.common.config [None req-eeec688f-d2de-4603-9b4e-a0463e130656 None None] oslo_middleware.http_basic_auth_user_file = /etc/htpasswd {{(pid=99910) log_opt_values /opt/stack/data/venv/lib/python3.12/site-packages/oslo_config/cfg.py:3560}}
Aug 24 09:07:45.562715 np0000007961 devstack@g-api.service[99910]: DEBUG glance.common.config [None req-eeec688f-d2de-4603-9b4e-a0463e130656 None None] paste_deploy.config_file = None {{(pid=99910) log_opt_values /opt/stack/data/venv/lib/python3.12/site-packages/oslo_config/cfg.py:3560}}
Aug 24 09:07:45.562843 np0000007961 devstack@g-api.service[99910]: DEBUG glance.common.config [None req-eeec688f-d2de-4603-9b4e-a0463e130656 None None] paste_deploy.flavor = keystone+cachemanagement {{(pid=99910) log_opt_values /opt/stack/data/venv/lib/python3.12/site-packages/oslo_config/cfg.py:3560}}
Aug 24 09:07:45.563021 np0000007961 devstack@g-api.service[99910]: DEBUG glance.common.config [None req-eeec688f-d2de-4603-9b4e-a0463e130656 None None] image_format.container_formats = ['ami', 'ari', 'aki', 'bare', 'ovf', 'ova', 'docker', 'compressed'] {{(pid=99910) log_opt_values /opt/stack/data/venv/lib/python3.12/site-packages/oslo_config/cfg.py:3560}}
Aug 24 09:07:45.563231 np0000007961 devstack@g-api.service[99910]: DEBUG glance.common.config [None req-eeec688f-d2de-4603-9b4e-a0463e130656 None None] image_format.disk_formats = ['ami', 'ari', 'aki', 'vhd', 'vhdx', 'vmdk', 'raw', 'qcow2', 'vdi', 'iso', 'ploop'] {{(pid=99910) log_opt_values /opt/stack/data/venv/lib/python3.12/site-packages/oslo_config/cfg.py:3560}}
Aug 24 09:07:45.563370 np0000007961 devstack@g-api.service[99910]: DEBUG glance.common.config [None req-eeec688f-d2de-4603-9b4e-a0463e130656 None None] image_format.gpt_safety_checks_nonfatal = [] {{(pid=99910) log_opt_values /opt/stack/data/venv/lib/python3.12/site-packages/oslo_config/cfg.py:3560}}
Aug 24 09:07:45.563512 np0000007961 devstack@g-api.service[99910]: DEBUG glance.common.config [None req-eeec688f-d2de-4603-9b4e-a0463e130656 None None] image_format.require_image_format_match = True {{(pid=99910) log_opt_values /opt/stack/data/venv/lib/python3.12/site-packages/oslo_config/cfg.py:3560}}
Aug 24 09:07:45.563551 np0000007961 devstack@g-api.service[99911]: DEBUG glance.common.config [None req-b32cb4d5-8ed8-4247-9457-02f76c003f0a None None] ******************************************************************************** {{(pid=99911) log_opt_values /opt/stack/data/venv/lib/python3.12/site-packages/oslo_config/cfg.py:3533}}
Aug 24 09:07:45.563600 np0000007961 devstack@g-api.service[99911]: DEBUG glance.common.config [None req-b32cb4d5-8ed8-4247-9457-02f76c003f0a None None] Configuration options gathered from: {{(pid=99911) log_opt_values /opt/stack/data/venv/lib/python3.12/site-packages/oslo_config/cfg.py:3534}}
Aug 24 09:07:45.563658 np0000007961 devstack@g-api.service[99910]: DEBUG glance.common.config [None req-eeec688f-d2de-4603-9b4e-a0463e130656 None None] image_format.vmdk_allowed_types = ['streamOptimized', 'monolithicSparse'] {{(pid=99910) log_opt_values /opt/stack/data/venv/lib/python3.12/site-packages/oslo_config/cfg.py:3560}}
Aug 24 09:07:45.563799 np0000007961 devstack@g-api.service[99910]: DEBUG glance.common.config [None req-eeec688f-d2de-4603-9b4e-a0463e130656 None None] task.task_executor = taskflow {{(pid=99910) log_opt_values /opt/stack/data/venv/lib/python3.12/site-packages/oslo_config/cfg.py:3560}}
Aug 24 09:07:45.563928 np0000007961 devstack@g-api.service[99910]: DEBUG glance.common.config [None req-eeec688f-d2de-4603-9b4e-a0463e130656 None None] task.task_time_to_live = 48 {{(pid=99910) log_opt_values /opt/stack/data/venv/lib/python3.12/site-packages/oslo_config/cfg.py:3560}}
Aug 24 09:07:45.564052 np0000007961 devstack@g-api.service[99910]: DEBUG glance.common.config [None req-eeec688f-d2de-4603-9b4e-a0463e130656 None None] task.work_dir = None {{(pid=99910) log_opt_values /opt/stack/data/venv/lib/python3.12/site-packages/oslo_config/cfg.py:3560}}
Aug 24 09:07:45.564203 np0000007961 devstack@g-api.service[99910]: DEBUG glance.common.config [None req-eeec688f-d2de-4603-9b4e-a0463e130656 None None] wsgi.python_interpreter = /opt/stack/data/venv/bin/python3 {{(pid=99910) log_opt_values /opt/stack/data/venv/lib/python3.12/site-packages/oslo_config/cfg.py:3560}}
Aug 24 09:07:45.564330 np0000007961 devstack@g-api.service[99910]: DEBUG glance.common.config [None req-eeec688f-d2de-4603-9b4e-a0463e130656 None None] wsgi.task_pool_threads = 16 {{(pid=99910) log_opt_values /opt/stack/data/venv/lib/python3.12/site-packages/oslo_config/cfg.py:3560}}
Aug 24 09:07:45.564480 np0000007961 devstack@g-api.service[99910]: DEBUG glance.common.config [None req-eeec688f-d2de-4603-9b4e-a0463e130656 None None] import_filtering_opts.allowed_hosts = [] {{(pid=99910) log_opt_values /opt/stack/data/venv/lib/python3.12/site-packages/oslo_config/cfg.py:3560}}
Aug 24 09:07:45.564616 np0000007961 devstack@g-api.service[99910]: DEBUG glance.common.config [None req-eeec688f-d2de-4603-9b4e-a0463e130656 None None] import_filtering_opts.allowed_ports = [80, 443] {{(pid=99910) log_opt_values /opt/stack/data/venv/lib/python3.12/site-packages/oslo_config/cfg.py:3560}}
Aug 24 09:07:45.564761 np0000007961 devstack@g-api.service[99910]: DEBUG glance.common.config [None req-eeec688f-d2de-4603-9b4e-a0463e130656 None None] import_filtering_opts.allowed_schemes = ['http', 'https'] {{(pid=99910) log_opt_values /opt/stack/data/venv/lib/python3.12/site-packages/oslo_config/cfg.py:3560}}
Aug 24 09:07:45.564888 np0000007961 devstack@g-api.service[99910]: DEBUG glance.common.config [None req-eeec688f-d2de-4603-9b4e-a0463e130656 None None] import_filtering_opts.disallowed_hosts = [] {{(pid=99910) log_opt_values /opt/stack/data/venv/lib/python3.12/site-packages/oslo_config/cfg.py:3560}}
