Aug 24 09:07:19.506065 np0000007961 nova-scheduler[93542]: DEBUG cotyledon.oslo_config_glue [-] oslo_messaging_rabbit.rabbit_quorum_queue = False {{(pid=93542) log_opt_values /opt/stack/data/venv/lib/python3.12/site-packages/oslo_config/cfg.py:3560}}
Aug 24 09:07:19.506065 np0000007961 nova-scheduler[93542]: DEBUG cotyledon.oslo_config_glue [-] oslo_messaging_rabbit.rabbit_retry_backoff = 2 {{(pid=93542) log_opt_values /opt/stack/data/venv/lib/python3.12/site-packages/oslo_config/cfg.py:3560}}
Aug 24 09:07:19.506065 np0000007961 nova-scheduler[93542]: DEBUG cotyledon.oslo_config_glue [-] oslo_messaging_rabbit.rabbit_retry_interval = 1 {{(pid=93542) log_opt_values /opt/stack/data/venv/lib/python3.12/site-packages/oslo_config/cfg.py:3560}}
Aug 24 09:07:19.506065 np0000007961 nova-scheduler[93542]: DEBUG cotyledon.oslo_config_glue [-] oslo_messaging_rabbit.rabbit_stream_fanout = False {{(pid=93542) log_opt_values /opt/stack/data/venv/lib/python3.12/site-packages/oslo_config/cfg.py:3560}}
Aug 24 09:07:19.506065 np0000007961 nova-scheduler[93542]: DEBUG cotyledon.oslo_config_glue [-] oslo_messaging_rabbit.rabbit_transient_queues_ttl = 1800 {{(pid=93542) log_opt_values /opt/stack/data/venv/lib/python3.12/site-packages/oslo_config/cfg.py:3560}}
Aug 24 09:07:19.506065 np0000007961 nova-scheduler[93542]: DEBUG cotyledon.oslo_config_glue [-] oslo_messaging_rabbit.rabbit_transient_quorum_queue = False {{(pid=93542) log_opt_values /opt/stack/data/venv/lib/python3.12/site-packages/oslo_config/cfg.py:3560}}
Aug 24 09:07:19.506065 np0000007961 nova-scheduler[93542]: DEBUG cotyledon.oslo_config_glue [-] oslo_messaging_rabbit.rpc_conn_pool_size = 30 {{(pid=93542) log_opt_values /opt/stack/data/venv/lib/python3.12/site-packages/oslo_config/cfg.py:3560}}
Aug 24 09:07:19.506065 np0000007961 nova-scheduler[93542]: DEBUG cotyledon.oslo_config_glue [-] oslo_messaging_rabbit.ssl = False {{(pid=93542) log_opt_values /opt/stack/data/venv/lib/python3.12/site-packages/oslo_config/cfg.py:3560}}
Aug 24 09:07:19.506419 np0000007961 nova-scheduler[93542]: DEBUG cotyledon.oslo_config_glue [-] oslo_messaging_rabbit.ssl_ca_file = {{(pid=93542) log_opt_values /opt/stack/data/venv/lib/python3.12/site-packages/oslo_config/cfg.py:3560}}
Aug 24 09:07:19.506419 np0000007961 nova-scheduler[93542]: DEBUG cotyledon.oslo_config_glue [-] oslo_messaging_rabbit.ssl_cert_file = {{(pid=93542) log_opt_values /opt/stack/data/venv/lib/python3.12/site-packages/oslo_config/cfg.py:3560}}
Aug 24 09:07:19.506419 np0000007961 nova-scheduler[93542]: DEBUG cotyledon.oslo_config_glue [-] oslo_messaging_rabbit.ssl_enforce_fips_mode = False {{(pid=93542) log_opt_values /opt/stack/data/venv/lib/python3.12/site-packages/oslo_config/cfg.py:3560}}
Aug 24 09:07:19.506419 np0000007961 nova-scheduler[93542]: DEBUG cotyledon.oslo_config_glue [-] oslo_messaging_rabbit.ssl_enforce_hostname_verification = True {{(pid=93542) log_opt_values /opt/stack/data/venv/lib/python3.12/site-packages/oslo_config/cfg.py:3560}}
Aug 24 09:07:19.506419 np0000007961 nova-scheduler[93542]: DEBUG cotyledon.oslo_config_glue [-] oslo_messaging_rabbit.ssl_key_file = {{(pid=93542) log_opt_values /opt/stack/data/venv/lib/python3.12/site-packages/oslo_config/cfg.py:3560}}
Aug 24 09:07:19.506419 np0000007961 nova-scheduler[93542]: DEBUG cotyledon.oslo_config_glue [-] oslo_messaging_rabbit.ssl_version = {{(pid=93542) log_opt_values /opt/stack/data/venv/lib/python3.12/site-packages/oslo_config/cfg.py:3560}}
Aug 24 09:07:19.506419 np0000007961 nova-scheduler[93542]: DEBUG cotyledon.oslo_config_glue [-] oslo_messaging_rabbit.use_queue_manager = False {{(pid=93542) log_opt_values /opt/stack/data/venv/lib/python3.12/site-packages/oslo_config/cfg.py:3560}}
Aug 24 09:07:19.506419 np0000007961 nova-scheduler[93542]: DEBUG cotyledon.oslo_config_glue [-] oslo_messaging_notifications.driver = ['messagingv2'] {{(pid=93542) log_opt_values /opt/stack/data/venv/lib/python3.12/site-packages/oslo_config/cfg.py:3560}}
Aug 24 09:07:19.506419 np0000007961 nova-scheduler[93542]: DEBUG cotyledon.oslo_config_glue [-] oslo_messaging_notifications.retry = -1 {{(pid=93542) log_opt_values /opt/stack/data/venv/lib/python3.12/site-packages/oslo_config/cfg.py:3560}}
Aug 24 09:07:19.506745 np0000007961 nova-scheduler[93542]: DEBUG cotyledon.oslo_config_glue [-] oslo_messaging_notifications.topics = ['notifications'] {{(pid=93542) log_opt_values /opt/stack/data/venv/lib/python3.12/site-packages/oslo_config/cfg.py:3560}}
Aug 24 09:07:19.506745 np0000007961 nova-scheduler[93542]: DEBUG cotyledon.oslo_config_glue [-] oslo_messaging_notifications.transport_url = **** {{(pid=93542) log_opt_values /opt/stack/data/venv/lib/python3.12/site-packages/oslo_config/cfg.py:3560}}
Aug 24 09:07:19.506745 np0000007961 nova-scheduler[93542]: DEBUG cotyledon.oslo_config_glue [-] oslo_limit.auth_section = None {{(pid=93542) log_opt_values /opt/stack/data/venv/lib/python3.12/site-packages/oslo_config/cfg.py:3560}}
Aug 24 09:07:19.506745 np0000007961 nova-scheduler[93542]: DEBUG cotyledon.oslo_config_glue [-] oslo_limit.auth_type = None {{(pid=93542) log_opt_values /opt/stack/data/venv/lib/python3.12/site-packages/oslo_config/cfg.py:3560}}
Aug 24 09:07:19.506745 np0000007961 nova-scheduler[93542]: DEBUG cotyledon.oslo_config_glue [-] oslo_limit.cafile = None {{(pid=93542) log_opt_values /opt/stack/data/venv/lib/python3.12/site-packages/oslo_config/cfg.py:3560}}
Aug 24 09:07:19.506933 np0000007961 nova-scheduler[93544]: INFO dbcounter [None req-9e79f403-3194-4947-94bd-56663a48272a None None] Registered counter for database nova_cell0
Aug 24 09:07:19.506979 np0000007961 nova-scheduler[93542]: DEBUG cotyledon.oslo_config_glue [-] oslo_limit.certfile = None {{(pid=93542) log_opt_values /opt/stack/data/venv/lib/python3.12/site-packages/oslo_config/cfg.py:3560}}
Aug 24 09:07:19.506979 np0000007961 nova-scheduler[93542]: DEBUG cotyledon.oslo_config_glue [-] oslo_limit.collect_timing = False {{(pid=93542) log_opt_values /opt/stack/data/venv/lib/python3.12/site-packages/oslo_config/cfg.py:3560}}
Aug 24 09:07:19.506979 np0000007961 nova-scheduler[93542]: DEBUG cotyledon.oslo_config_glue [-] oslo_limit.connect_retries = None {{(pid=93542) log_opt_values /opt/stack/data/venv/lib/python3.12/site-packages/oslo_config/cfg.py:3560}}
Aug 24 09:07:19.506979 np0000007961 nova-scheduler[93542]: DEBUG cotyledon.oslo_config_glue [-] oslo_limit.connect_retry_delay = None {{(pid=93542) log_opt_values /opt/stack/data/venv/lib/python3.12/site-packages/oslo_config/cfg.py:3560}}
Aug 24 09:07:19.506979 np0000007961 nova-scheduler[93542]: DEBUG cotyledon.oslo_config_glue [-] oslo_limit.endpoint_id = None {{(pid=93542) log_opt_values /opt/stack/data/venv/lib/python3.12/site-packages/oslo_config/cfg.py:3560}}
Aug 24 09:07:19.506979 np0000007961 nova-scheduler[93542]: DEBUG cotyledon.oslo_config_glue [-] oslo_limit.endpoint_interface = public {{(pid=93542) log_opt_values /opt/stack/data/venv/lib/python3.12/site-packages/oslo_config/cfg.py:3560}}
Aug 24 09:07:19.506979 np0000007961 nova-scheduler[93542]: DEBUG cotyledon.oslo_config_glue [-] oslo_limit.endpoint_override = None {{(pid=93542) log_opt_values /opt/stack/data/venv/lib/python3.12/site-packages/oslo_config/cfg.py:3560}}
Aug 24 09:07:19.506979 np0000007961 nova-scheduler[93542]: DEBUG cotyledon.oslo_config_glue [-] oslo_limit.endpoint_region_name = None {{(pid=93542) log_opt_values /opt/stack/data/venv/lib/python3.12/site-packages/oslo_config/cfg.py:3560}}
Aug 24 09:07:19.506979 np0000007961 nova-scheduler[93542]: DEBUG cotyledon.oslo_config_glue [-] oslo_limit.endpoint_service_name = None {{(pid=93542) log_opt_values /opt/stack/data/venv/lib/python3.12/site-packages/oslo_config/cfg.py:3560}}
Aug 24 09:07:19.507355 np0000007961 nova-scheduler[93542]: DEBUG cotyledon.oslo_config_glue [-] oslo_limit.endpoint_service_type = None {{(pid=93542) log_opt_values /opt/stack/data/venv/lib/python3.12/site-packages/oslo_config/cfg.py:3560}}
Aug 24 09:07:19.507355 np0000007961 nova-scheduler[93542]: DEBUG cotyledon.oslo_config_glue [-] oslo_limit.insecure = False {{(pid=93542) log_opt_values /opt/stack/data/venv/lib/python3.12/site-packages/oslo_config/cfg.py:3560}}
Aug 24 09:07:19.507355 np0000007961 nova-scheduler[93542]: DEBUG cotyledon.oslo_config_glue [-] oslo_limit.keyfile = None {{(pid=93542) log_opt_values /opt/stack/data/venv/lib/python3.12/site-packages/oslo_config/cfg.py:3560}}
Aug 24 09:07:19.507355 np0000007961 nova-scheduler[93542]: DEBUG cotyledon.oslo_config_glue [-] oslo_limit.max_version = None {{(pid=93542) log_opt_values /opt/stack/data/venv/lib/python3.12/site-packages/oslo_config/cfg.py:3560}}
Aug 24 09:07:19.507355 np0000007961 nova-scheduler[93542]: DEBUG cotyledon.oslo_config_glue [-] oslo_limit.min_version = None {{(pid=93542) log_opt_values /opt/stack/data/venv/lib/python3.12/site-packages/oslo_config/cfg.py:3560}}
Aug 24 09:07:19.507355 np0000007961 nova-scheduler[93542]: DEBUG cotyledon.oslo_config_glue [-] oslo_limit.region_name = None {{(pid=93542) log_opt_values /opt/stack/data/venv/lib/python3.12/site-packages/oslo_config/cfg.py:3560}}
Aug 24 09:07:19.507355 np0000007961 nova-scheduler[93542]: DEBUG cotyledon.oslo_config_glue [-] oslo_limit.retriable_status_codes = None {{(pid=93542) log_opt_values /opt/stack/data/venv/lib/python3.12/site-packages/oslo_config/cfg.py:3560}}
Aug 24 09:07:19.507355 np0000007961 nova-scheduler[93542]: DEBUG cotyledon.oslo_config_glue [-] oslo_limit.service_name = None {{(pid=93542) log_opt_values /opt/stack/data/venv/lib/python3.12/site-packages/oslo_config/cfg.py:3560}}
Aug 24 09:07:19.507355 np0000007961 nova-scheduler[93542]: DEBUG cotyledon.oslo_config_glue [-] oslo_limit.service_type = None {{(pid=93542) log_opt_values /opt/stack/data/venv/lib/python3.12/site-packages/oslo_config/cfg.py:3560}}
Aug 24 09:07:19.507627 np0000007961 nova-scheduler[93542]: DEBUG cotyledon.oslo_config_glue [-] oslo_limit.split_loggers = False {{(pid=93542) log_opt_values /opt/stack/data/venv/lib/python3.12/site-packages/oslo_config/cfg.py:3560}}
Aug 24 09:07:19.507627 np0000007961 nova-scheduler[93542]: DEBUG cotyledon.oslo_config_glue [-] oslo_limit.status_code_retries = None {{(pid=93542) log_opt_values /opt/stack/data/venv/lib/python3.12/site-packages/oslo_config/cfg.py:3560}}
Aug 24 09:07:19.507627 np0000007961 nova-scheduler[93542]: DEBUG cotyledon.oslo_config_glue [-] oslo_limit.status_code_retry_delay = None {{(pid=93542) log_opt_values /opt/stack/data/venv/lib/python3.12/site-packages/oslo_config/cfg.py:3560}}
Aug 24 09:07:19.507627 np0000007961 nova-scheduler[93542]: DEBUG cotyledon.oslo_config_glue [-] oslo_limit.timeout = None {{(pid=93542) log_opt_values /opt/stack/data/venv/lib/python3.12/site-packages/oslo_config/cfg.py:3560}}
Aug 24 09:07:19.507627 np0000007961 nova-scheduler[93542]: DEBUG cotyledon.oslo_config_glue [-] oslo_limit.valid_interfaces = None {{(pid=93542) log_opt_values /opt/stack/data/venv/lib/python3.12/site-packages/oslo_config/cfg.py:3560}}
Aug 24 09:07:19.507627 np0000007961 nova-scheduler[93542]: DEBUG cotyledon.oslo_config_glue [-] oslo_limit.version = None {{(pid=93542) log_opt_values /opt/stack/data/venv/lib/python3.12/site-packages/oslo_config/cfg.py:3560}}
Aug 24 09:07:19.507627 np0000007961 nova-scheduler[93542]: DEBUG cotyledon.oslo_config_glue [-] oslo_reports.file_event_handler = None {{(pid=93542) log_opt_values /opt/stack/data/venv/lib/python3.12/site-packages/oslo_config/cfg.py:3560}}
Aug 24 09:07:19.507627 np0000007961 nova-scheduler[93542]: DEBUG cotyledon.oslo_config_glue [-] oslo_reports.file_event_handler_interval = 1 {{(pid=93542) log_opt_values /opt/stack/data/venv/lib/python3.12/site-packages/oslo_config/cfg.py:3560}}
Aug 24 09:07:19.507627 np0000007961 nova-scheduler[93542]: DEBUG cotyledon.oslo_config_glue [-] oslo_reports.log_dir = None {{(pid=93542) log_opt_values /opt/stack/data/venv/lib/python3.12/site-packages/oslo_config/cfg.py:3560}}
Aug 24 09:07:19.507907 np0000007961 nova-scheduler[93542]: DEBUG cotyledon.oslo_config_glue [-] ******************************************************************************** {{(pid=93542) log_opt_values /opt/stack/data/venv/lib/python3.12/site-packages/oslo_config/cfg.py:3567}}
Aug 24 09:07:19.507907 np0000007961 nova-scheduler[93542]: DEBUG cotyledon._service_worker [-] Run service ServiceWrapper(1) [93542] {{(pid=93542) wait_forever /opt/stack/data/venv/lib/python3.12/site-packages/cotyledon/_service_worker.py:218}}
Aug 24 09:07:19.507907 np0000007961 nova-scheduler[93542]: INFO nova.service [-] Starting scheduler node (version 33.1.0)
Aug 24 09:07:19.507907 np0000007961 nova-scheduler[93542]: INFO dbcounter [None req-35239143-4c3c-423d-b302-dcd306c748a1 None None] Registered counter for database nova_cell0
Aug 24 09:07:19.508033 np0000007961 nova-scheduler[93540]: DEBUG oslo_db.sqlalchemy.engines [None req-5d584dc6-a130-4cf3-a351-4b3ce4db2cf8 None None] MySQL server mode set to STRICT_TRANS_TABLES,STRICT_ALL_TABLES,NO_ZERO_IN_DATE,NO_ZERO_DATE,ERROR_FOR_DIVISION_BY_ZERO,TRADITIONAL,NO_ENGINE_SUBSTITUTION {{(pid=93540) _check_effective_sql_mode /opt/stack/data/venv/lib/python3.12/site-packages/oslo_db/sqlalchemy/engines.py:325}}
Aug 24 09:07:19.508033 np0000007961 nova-scheduler[93540]: DEBUG dbcounter [-] [93540] Writer thread running {{(pid=93540) stat_writer /opt/stack/data/venv/lib/python3.12/site-packages/dbcounter.py:102}}
Aug 24 09:07:19.528807 np0000007961 nova-scheduler[93540]: DEBUG nova.service [None req-5d584dc6-a130-4cf3-a351-4b3ce4db2cf8 None None] Creating RPC server for service: nova-scheduler on topic: scheduler {{(pid=93540) start /opt/stack/nova/nova/service.py:262}}
Aug 24 09:07:19.534315 np0000007961 nova-scheduler[93542]: DEBUG oslo_db.sqlalchemy.engines [None req-35239143-4c3c-423d-b302-dcd306c748a1 None None] MySQL server mode set to STRICT_TRANS_TABLES,STRICT_ALL_TABLES,NO_ZERO_IN_DATE,NO_ZERO_DATE,ERROR_FOR_DIVISION_BY_ZERO,TRADITIONAL,NO_ENGINE_SUBSTITUTION {{(pid=93542) _check_effective_sql_mode /opt/stack/data/venv/lib/python3.12/site-packages/oslo_db/sqlalchemy/engines.py:325}}
Aug 24 09:07:19.540659 np0000007961 nova-scheduler[93544]: DEBUG oslo_db.sqlalchemy.engines [None req-9e79f403-3194-4947-94bd-56663a48272a None None] MySQL server mode set to STRICT_TRANS_TABLES,STRICT_ALL_TABLES,NO_ZERO_IN_DATE,NO_ZERO_DATE,ERROR_FOR_DIVISION_BY_ZERO,TRADITIONAL,NO_ENGINE_SUBSTITUTION {{(pid=93544) _check_effective_sql_mode /opt/stack/data/venv/lib/python3.12/site-packages/oslo_db/sqlalchemy/engines.py:325}}
Aug 24 09:07:19.548503 np0000007961 nova-scheduler[93542]: DEBUG dbcounter [-] [93542] Writer thread running {{(pid=93542) stat_writer /opt/stack/data/venv/lib/python3.12/site-packages/dbcounter.py:102}}
Aug 24 09:07:19.553398 np0000007961 nova-scheduler[93542]: DEBUG nova.service [None req-35239143-4c3c-423d-b302-dcd306c748a1 None None] Creating RPC server for service: nova-scheduler on topic: scheduler {{(pid=93542) start /opt/stack/nova/nova/service.py:262}}
Aug 24 09:07:19.554021 np0000007961 nova-scheduler[93544]: DEBUG dbcounter [-] [93544] Writer thread running {{(pid=93544) stat_writer /opt/stack/data/venv/lib/python3.12/site-packages/dbcounter.py:102}}
Aug 24 09:07:19.558490 np0000007961 nova-scheduler[93544]: DEBUG nova.service [None req-9e79f403-3194-4947-94bd-56663a48272a None None] Creating RPC server for service: nova-scheduler on topic: scheduler {{(pid=93544) start /opt/stack/nova/nova/service.py:262}}
Aug 24 09:07:19.565445 np0000007961 nova-scheduler[93540]: DEBUG nova.service [None req-5d584dc6-a130-4cf3-a351-4b3ce4db2cf8 None None] Join ServiceGroup membership for this service scheduler {{(pid=93540) start /opt/stack/nova/nova/service.py:288}}
Aug 24 09:07:19.565804 np0000007961 nova-scheduler[93540]: DEBUG nova.servicegroup.drivers.db [None req-5d584dc6-a130-4cf3-a351-4b3ce4db2cf8 None None] DB_Driver: join new ServiceGroup member np0000007961 to the scheduler group, service = {{(pid=93540) join /opt/stack/nova/nova/servicegroup/drivers/db.py:44}}
Aug 24 09:07:19.583193 np0000007961 nova-scheduler[93544]: DEBUG nova.service [None req-9e79f403-3194-4947-94bd-56663a48272a None None] Join ServiceGroup membership for this service scheduler {{(pid=93544) start /opt/stack/nova/nova/service.py:288}}
Aug 24 09:07:19.583464 np0000007961 nova-scheduler[93544]: DEBUG nova.servicegroup.drivers.db [None req-9e79f403-3194-4947-94bd-56663a48272a None None] DB_Driver: join new ServiceGroup member np0000007961 to the scheduler group, service = {{(pid=93544) join /opt/stack/nova/nova/servicegroup/drivers/db.py:44}}
Aug 24 09:07:19.583638 np0000007961 nova-scheduler[93542]: DEBUG nova.service [None req-35239143-4c3c-423d-b302-dcd306c748a1 None None] Join ServiceGroup membership for this service scheduler {{(pid=93542) start /opt/stack/nova/nova/service.py:288}}
Aug 24 09:07:19.584653 np0000007961 nova-scheduler[93542]: DEBUG nova.servicegroup.drivers.db [None req-35239143-4c3c-423d-b302-dcd306c748a1 None None] DB_Driver: join new ServiceGroup member np0000007961 to the scheduler group, service = {{(pid=93542) join /opt/stack/nova/nova/servicegroup/drivers/db.py:44}}
Aug 24 09:07:21.570512 np0000007961 nova-scheduler[93540]: DEBUG oslo.service.backend._threading.loopingcall [None req-38f88aef-e5af-4901-bbb7-b7dd863673ca None None] Dynamic interval looping call 'nova.service.Service.periodic_tasks' sleeping for 60.00 seconds {{(pid=93540) _run_loop /opt/stack/data/venv/lib/python3.12/site-packages/oslo_service/backend/_threading/loopingcall.py:125}}
Aug 24 09:07:24.587061 np0000007961 nova-scheduler[93540]: DEBUG oslo.service.backend._threading.loopingcall [-] Fixed interval looping call 'nova.servicegroup.drivers.db.DbDriver._report_state' sleeping for 119.98 seconds {{(pid=93540) _run_loop /opt/stack/data/venv/lib/python3.12/site-packages/oslo_service/backend/_threading/loopingcall.py:125}}
Aug 24 09:07:24.598323 np0000007961 nova-scheduler[93542]: DEBUG oslo.service.backend._threading.loopingcall [-] Fixed interval looping call 'nova.servicegroup.drivers.db.DbDriver._report_state' sleeping for 119.99 seconds {{(pid=93542) _run_loop /opt/stack/data/venv/lib/python3.12/site-packages/oslo_service/backend/_threading/loopingcall.py:125}}
Aug 24 09:07:24.599271 np0000007961 nova-scheduler[93544]: DEBUG oslo.service.backend._threading.loopingcall [-] Fixed interval looping call 'nova.servicegroup.drivers.db.DbDriver._report_state' sleeping for 119.99 seconds {{(pid=93544) _run_loop /opt/stack/data/venv/lib/python3.12/site-packages/oslo_service/backend/_threading/loopingcall.py:125}}
Aug 24 09:07:28.123701 np0000007961 nova-scheduler[92344]: DEBUG dbcounter [-] [92344] Writing DB stats nova_api:SELECT=3 {{(pid=92344) stat_writer /opt/stack/data/venv/lib/python3.12/site-packages/dbcounter.py:115}}
Aug 24 09:07:28.265106 np0000007961 nova-scheduler[92344]: DEBUG dbcounter [-] [92344] Writing DB stats nova_cell1:SELECT=1 {{(pid=92344) stat_writer /opt/stack/data/venv/lib/python3.12/site-packages/dbcounter.py:115}}
Aug 24 09:07:28.275567 np0000007961 nova-scheduler[92344]: DEBUG dbcounter [-] [92344] Writing DB stats nova_cell0:SELECT=1 {{(pid=92344) stat_writer /opt/stack/data/venv/lib/python3.12/site-packages/dbcounter.py:115}}
Aug 24 09:07:34.578189 np0000007961 nova-scheduler[93540]: DEBUG dbcounter [-] [93540] Writing DB stats nova_cell0:SELECT=4,nova_cell0:INSERT=1,nova_cell0:UPDATE=1 {{(pid=93540) stat_writer /opt/stack/data/venv/lib/python3.12/site-packages/dbcounter.py:115}}
Aug 24 09:07:34.595862 np0000007961 nova-scheduler[93542]: DEBUG dbcounter [-] [93542] Writing DB stats nova_cell0:SELECT=3 {{(pid=93542) stat_writer /opt/stack/data/venv/lib/python3.12/site-packages/dbcounter.py:115}}
Aug 24 09:07:34.596216 np0000007961 nova-scheduler[93544]: DEBUG dbcounter [-] [93544] Writing DB stats nova_cell0:SELECT=3 {{(pid=93544) stat_writer /opt/stack/data/venv/lib/python3.12/site-packages/dbcounter.py:115}}
Aug 24 09:07:36.585744 np0000007961 nova-scheduler[93544]: DEBUG oslo.service.backend._threading.loopingcall [None req-41b6f2a9-3a70-4b5f-a89b-3dbbaeacdf77 None None] Dynamic interval looping call 'nova.service.Service.periodic_tasks' sleeping for 60.00 seconds {{(pid=93544) _run_loop /opt/stack/data/venv/lib/python3.12/site-packages/oslo_service/backend/_threading/loopingcall.py:125}}
Aug 24 09:07:43.586886 np0000007961 nova-scheduler[93542]: DEBUG oslo.service.backend._threading.loopingcall [None req-b01c0bb0-89b8-48de-bc6b-62ba19698ea6 None None] Dynamic interval looping call 'nova.service.Service.periodic_tasks' sleeping for 60.00 seconds {{(pid=93542) _run_loop /opt/stack/data/venv/lib/python3.12/site-packages/oslo_service/backend/_threading/loopingcall.py:125}}
Aug 24 09:08:21.571046 np0000007961 nova-scheduler[93540]: DEBUG oslo.service.backend._threading.loopingcall [None req-38f88aef-e5af-4901-bbb7-b7dd863673ca None None] Dynamic interval looping call 'nova.service.Service.periodic_tasks' sleeping for 60.00 seconds {{(pid=93540) _run_loop /opt/stack/data/venv/lib/python3.12/site-packages/oslo_service/backend/_threading/loopingcall.py:125}}
Aug 24 09:08:36.587181 np0000007961 nova-scheduler[93544]: DEBUG oslo.service.backend._threading.loopingcall [None req-41b6f2a9-3a70-4b5f-a89b-3dbbaeacdf77 None None] Dynamic interval looping call 'nova.service.Service.periodic_tasks' sleeping for 60.00 seconds {{(pid=93544) _run_loop /opt/stack/data/venv/lib/python3.12/site-packages/oslo_service/backend/_threading/loopingcall.py:125}}
Aug 24 09:08:43.587474 np0000007961 nova-scheduler[93542]: DEBUG oslo.service.backend._threading.loopingcall [None req-b01c0bb0-89b8-48de-bc6b-62ba19698ea6 None None] Dynamic interval looping call 'nova.service.Service.periodic_tasks' sleeping for 60.00 seconds {{(pid=93542) _run_loop /opt/stack/data/venv/lib/python3.12/site-packages/oslo_service/backend/_threading/loopingcall.py:125}}
Aug 24 09:09:21.571589 np0000007961 nova-scheduler[93540]: DEBUG oslo.service.backend._threading.loopingcall [None req-38f88aef-e5af-4901-bbb7-b7dd863673ca None None] Dynamic interval looping call 'nova.service.Service.periodic_tasks' sleeping for 60.00 seconds {{(pid=93540) _run_loop /opt/stack/data/venv/lib/python3.12/site-packages/oslo_service/backend/_threading/loopingcall.py:125}}
Aug 24 09:09:24.571372 np0000007961 nova-scheduler[93540]: DEBUG oslo.service.backend._threading.loopingcall [-] Fixed interval looping call 'nova.servicegroup.drivers.db.DbDriver._report_state' sleeping for 119.99 seconds {{(pid=93540) _run_loop /opt/stack/data/venv/lib/python3.12/site-packages/oslo_service/backend/_threading/loopingcall.py:125}}
Aug 24 09:09:24.591883 np0000007961 nova-scheduler[93544]: DEBUG oslo.service.backend._threading.loopingcall [-] Fixed interval looping call 'nova.servicegroup.drivers.db.DbDriver._report_state' sleeping for 120.00 seconds {{(pid=93544) _run_loop /opt/stack/data/venv/lib/python3.12/site-packages/oslo_service/backend/_threading/loopingcall.py:125}}
Aug 24 09:09:24.592491 np0000007961 nova-scheduler[93542]: DEBUG oslo.service.backend._threading.loopingcall [-] Fixed interval looping call 'nova.servicegroup.drivers.db.DbDriver._report_state' sleeping for 120.00 seconds {{(pid=93542) _run_loop /opt/stack/data/venv/lib/python3.12/site-packages/oslo_service/backend/_threading/loopingcall.py:125}}
Aug 24 09:09:34.568929 np0000007961 nova-scheduler[93540]: DEBUG dbcounter [-] [93540] Writing DB stats nova_cell0:SELECT=1,nova_cell0:UPDATE=1 {{(pid=93540) stat_writer /opt/stack/data/venv/lib/python3.12/site-packages/dbcounter.py:115}}
Aug 24 09:09:34.590474 np0000007961 nova-scheduler[93542]: DEBUG dbcounter [-] [93542] Writing DB stats nova_cell0:SELECT=1 {{(pid=93542) stat_writer /opt/stack/data/venv/lib/python3.12/site-packages/dbcounter.py:115}}
Aug 24 09:09:34.591072 np0000007961 nova-scheduler[93544]: DEBUG dbcounter [-] [93544] Writing DB stats nova_cell0:SELECT=1 {{(pid=93544) stat_writer /opt/stack/data/venv/lib/python3.12/site-packages/dbcounter.py:115}}
Aug 24 09:09:36.586989 np0000007961 nova-scheduler[93544]: DEBUG oslo.service.backend._threading.loopingcall [None req-41b6f2a9-3a70-4b5f-a89b-3dbbaeacdf77 None None] Dynamic interval looping call 'nova.service.Service.periodic_tasks' sleeping for 60.00 seconds {{(pid=93544) _run_loop /opt/stack/data/venv/lib/python3.12/site-packages/oslo_service/backend/_threading/loopingcall.py:125}}
Aug 24 09:09:43.587962 np0000007961 nova-scheduler[93542]: DEBUG oslo.service.backend._threading.loopingcall [None req-b01c0bb0-89b8-48de-bc6b-62ba19698ea6 None None] Dynamic interval looping call 'nova.service.Service.periodic_tasks' sleeping for 60.00 seconds {{(pid=93542) _run_loop /opt/stack/data/venv/lib/python3.12/site-packages/oslo_service/backend/_threading/loopingcall.py:125}}
Aug 24 09:10:00.294002 np0000007961 nova-scheduler[93540]: DEBUG nova.scheduler.manager [None req-784ea556-413b-4037-a5d7-2c3cfa6eaa86 tempest-DeleteServersTestJSON-1450084859 tempest-DeleteServersTestJSON-1450084859-project-member] Starting to schedule for instances: ['cc4ff454-e9e6-4213-a4e5-fa1a145a713b'] {{(pid=93540) select_destinations /opt/stack/nova/nova/scheduler/manager.py:197}}
Aug 24 09:10:00.294873 np0000007961 nova-scheduler[93540]: DEBUG nova.scheduler.request_filter [None req-784ea556-413b-4037-a5d7-2c3cfa6eaa86 tempest-DeleteServersTestJSON-1450084859 tempest-DeleteServersTestJSON-1450084859-project-member] compute_status_filter request filter added forbidden trait COMPUTE_STATUS_DISABLED {{(pid=93540) compute_status_filter /opt/stack/nova/nova/scheduler/request_filter.py:258}}
Aug 24 09:10:00.295000 np0000007961 nova-scheduler[93540]: DEBUG nova.scheduler.request_filter [None req-784ea556-413b-4037-a5d7-2c3cfa6eaa86 tempest-DeleteServersTestJSON-1450084859 tempest-DeleteServersTestJSON-1450084859-project-member] Request filter 'compute_status_filter' took 0.0 seconds {{(pid=93540) wrapper /opt/stack/nova/nova/scheduler/request_filter.py:51}}
Aug 24 09:10:00.295248 np0000007961 nova-scheduler[93540]: DEBUG nova.scheduler.request_filter [None req-784ea556-413b-4037-a5d7-2c3cfa6eaa86 tempest-DeleteServersTestJSON-1450084859 tempest-DeleteServersTestJSON-1450084859-project-member] Request filter 'accelerators_filter' took 0.0 seconds {{(pid=93540) wrapper /opt/stack/nova/nova/scheduler/request_filter.py:51}}
Aug 24 09:10:00.295661 np0000007961 nova-scheduler[93540]: DEBUG nova.scheduler.request_filter [None req-784ea556-413b-4037-a5d7-2c3cfa6eaa86 tempest-DeleteServersTestJSON-1450084859 tempest-DeleteServersTestJSON-1450084859-project-member] Request filter 'packed_virtqueue_filter' took 0.0 seconds {{(pid=93540) wrapper /opt/stack/nova/nova/scheduler/request_filter.py:51}}
Aug 24 09:10:00.295754 np0000007961 nova-scheduler[93540]: DEBUG nova.scheduler.request_filter [None req-784ea556-413b-4037-a5d7-2c3cfa6eaa86 tempest-DeleteServersTestJSON-1450084859 tempest-DeleteServersTestJSON-1450084859-project-member] Request filter 'remote_managed_ports_filter' took 0.0 seconds {{(pid=93540) wrapper /opt/stack/nova/nova/scheduler/request_filter.py:51}}
Aug 24 09:10:00.295915 np0000007961 nova-scheduler[93540]: DEBUG nova.scheduler.request_filter [None req-784ea556-413b-4037-a5d7-2c3cfa6eaa86 tempest-DeleteServersTestJSON-1450084859 tempest-DeleteServersTestJSON-1450084859-project-member] ephemeral_encryption_filter skipped {{(pid=93540) ephemeral_encryption_filter /opt/stack/nova/nova/scheduler/request_filter.py:431}}
Aug 24 09:10:00.296056 np0000007961 nova-scheduler[93540]: DEBUG nova.scheduler.request_filter [None req-784ea556-413b-4037-a5d7-2c3cfa6eaa86 tempest-DeleteServersTestJSON-1450084859 tempest-DeleteServersTestJSON-1450084859-project-member] virtio_sound_filter skipped {{(pid=93540) virtio_sound_filter /opt/stack/nova/nova/scheduler/request_filter.py:465}}
Aug 24 09:10:00.296218 np0000007961 nova-scheduler[93540]: DEBUG nova.scheduler.request_filter [None req-784ea556-413b-4037-a5d7-2c3cfa6eaa86 tempest-DeleteServersTestJSON-1450084859 tempest-DeleteServersTestJSON-1450084859-project-member] tpm_secret_security_filter skipped {{(pid=93540) tpm_secret_security_filter /opt/stack/nova/nova/scheduler/request_filter.py:482}}
Aug 24 09:10:00.297863 np0000007961 nova-scheduler[93540]: DEBUG oslo_concurrency.lockutils [None req-784ea556-413b-4037-a5d7-2c3cfa6eaa86 tempest-DeleteServersTestJSON-1450084859 tempest-DeleteServersTestJSON-1450084859-project-member] Acquiring lock "00000000-0000-0000-0000-000000000000" by "nova.context.set_target_cell..get_or_set_cached_cell_and_set_connections" {{(pid=93540) inner /opt/stack/data/venv/lib/python3.12/site-packages/oslo_concurrency/lockutils.py:512}}
Aug 24 09:10:00.297863 np0000007961 nova-scheduler[93540]: DEBUG oslo_concurrency.lockutils [None req-784ea556-413b-4037-a5d7-2c3cfa6eaa86 tempest-DeleteServersTestJSON-1450084859 tempest-DeleteServersTestJSON-1450084859-project-member] Lock "00000000-0000-0000-0000-000000000000" acquired by "nova.context.set_target_cell..get_or_set_cached_cell_and_set_connections" :: waited 0.001s {{(pid=93540) inner /opt/stack/data/venv/lib/python3.12/site-packages/oslo_concurrency/lockutils.py:525}}
Aug 24 09:10:00.298495 np0000007961 nova-scheduler[93540]: DEBUG oslo_concurrency.lockutils [None req-784ea556-413b-4037-a5d7-2c3cfa6eaa86 tempest-DeleteServersTestJSON-1450084859 tempest-DeleteServersTestJSON-1450084859-project-member] Lock "00000000-0000-0000-0000-000000000000" "released" by "nova.context.set_target_cell..get_or_set_cached_cell_and_set_connections" :: held 0.001s {{(pid=93540) inner /opt/stack/data/venv/lib/python3.12/site-packages/oslo_concurrency/lockutils.py:544}}
Aug 24 09:10:00.298560 np0000007961 nova-scheduler[93540]: INFO nova.thread_pool_factory [None req-784ea556-413b-4037-a5d7-2c3cfa6eaa86 tempest-DeleteServersTestJSON-1450084859 tempest-DeleteServersTestJSON-1450084859-project-member] The cell_worker thread pool ForkProcess-1.cell_worker is initialized
Aug 24 09:10:00.299476 np0000007961 nova-scheduler[93540]: DEBUG oslo_concurrency.lockutils [None req-784ea556-413b-4037-a5d7-2c3cfa6eaa86 tempest-DeleteServersTestJSON-1450084859 tempest-DeleteServersTestJSON-1450084859-project-member] Acquiring lock "3d02069d-da00-4710-9fee-c7758054e964" by "nova.context.set_target_cell..get_or_set_cached_cell_and_set_connections" {{(pid=93540) inner /opt/stack/data/venv/lib/python3.12/site-packages/oslo_concurrency/lockutils.py:512}}
Aug 24 09:10:00.303124 np0000007961 nova-scheduler[93540]: INFO dbcounter [None req-784ea556-413b-4037-a5d7-2c3cfa6eaa86 tempest-DeleteServersTestJSON-1450084859 tempest-DeleteServersTestJSON-1450084859-project-member] Registered counter for database nova_cell0
Aug 24 09:10:00.304757 np0000007961 nova-scheduler[93540]: DEBUG oslo_concurrency.lockutils [None req-784ea556-413b-4037-a5d7-2c3cfa6eaa86 tempest-DeleteServersTestJSON-1450084859 tempest-DeleteServersTestJSON-1450084859-project-member] Lock "3d02069d-da00-4710-9fee-c7758054e964" acquired by "nova.context.set_target_cell..get_or_set_cached_cell_and_set_connections" :: waited 0.003s {{(pid=93540) inner /opt/stack/data/venv/lib/python3.12/site-packages/oslo_concurrency/lockutils.py:525}}
Aug 24 09:10:00.305992 np0000007961 nova-scheduler[93540]: DEBUG oslo_concurrency.lockutils [None req-784ea556-413b-4037-a5d7-2c3cfa6eaa86 tempest-DeleteServersTestJSON-1450084859 tempest-DeleteServersTestJSON-1450084859-project-member] Lock "3d02069d-da00-4710-9fee-c7758054e964" "released" by "nova.context.set_target_cell..get_or_set_cached_cell_and_set_connections" :: held 0.004s {{(pid=93540) inner /opt/stack/data/venv/lib/python3.12/site-packages/oslo_concurrency/lockutils.py:544}}
Aug 24 09:10:00.307858 np0000007961 nova-scheduler[93540]: INFO dbcounter [None req-784ea556-413b-4037-a5d7-2c3cfa6eaa86 tempest-DeleteServersTestJSON-1450084859 tempest-DeleteServersTestJSON-1450084859-project-member] Registered counter for database nova_cell1
Aug 24 09:10:00.349559 np0000007961 nova-scheduler[93540]: DEBUG oslo_db.sqlalchemy.engines [None req-784ea556-413b-4037-a5d7-2c3cfa6eaa86 tempest-DeleteServersTestJSON-1450084859 tempest-DeleteServersTestJSON-1450084859-project-member] MySQL server mode set to STRICT_TRANS_TABLES,STRICT_ALL_TABLES,NO_ZERO_IN_DATE,NO_ZERO_DATE,ERROR_FOR_DIVISION_BY_ZERO,TRADITIONAL,NO_ENGINE_SUBSTITUTION {{(pid=93540) _check_effective_sql_mode /opt/stack/data/venv/lib/python3.12/site-packages/oslo_db/sqlalchemy/engines.py:325}}
Aug 24 09:10:00.349788 np0000007961 nova-scheduler[93540]: DEBUG oslo_db.sqlalchemy.engines [None req-784ea556-413b-4037-a5d7-2c3cfa6eaa86 tempest-DeleteServersTestJSON-1450084859 tempest-DeleteServersTestJSON-1450084859-project-member] MySQL server mode set to STRICT_TRANS_TABLES,STRICT_ALL_TABLES,NO_ZERO_IN_DATE,NO_ZERO_DATE,ERROR_FOR_DIVISION_BY_ZERO,TRADITIONAL,NO_ENGINE_SUBSTITUTION {{(pid=93540) _check_effective_sql_mode /opt/stack/data/venv/lib/python3.12/site-packages/oslo_db/sqlalchemy/engines.py:325}}
Aug 24 09:10:00.354046 np0000007961 nova-scheduler[93540]: DEBUG dbcounter [-] [93540] Writer thread running {{(pid=93540) stat_writer /opt/stack/data/venv/lib/python3.12/site-packages/dbcounter.py:102}}
Aug 24 09:10:00.359281 np0000007961 nova-scheduler[93540]: DEBUG dbcounter [-] [93540] Writer thread running {{(pid=93540) stat_writer /opt/stack/data/venv/lib/python3.12/site-packages/dbcounter.py:102}}
Aug 24 09:10:00.361895 np0000007961 nova-scheduler[93540]: DEBUG nova.scheduler.request_filter [None req-784ea556-413b-4037-a5d7-2c3cfa6eaa86 tempest-DeleteServersTestJSON-1450084859 tempest-DeleteServersTestJSON-1450084859-project-member] Added required trait OWNER_NOVA to root provider in request spec {{(pid=93540) owner_nova_filter /opt/stack/nova/nova/scheduler/request_filter.py:580}}
Aug 24 09:10:00.362056 np0000007961 nova-scheduler[93540]: DEBUG nova.scheduler.request_filter [None req-784ea556-413b-4037-a5d7-2c3cfa6eaa86 tempest-DeleteServersTestJSON-1450084859 tempest-DeleteServersTestJSON-1450084859-project-member] Request filter 'owner_nova_filter' took 0.1 seconds {{(pid=93540) wrapper /opt/stack/nova/nova/scheduler/request_filter.py:51}}
Aug 24 09:10:00.880742 np0000007961 nova-scheduler[93540]: DEBUG oslo_concurrency.lockutils [None req-784ea556-413b-4037-a5d7-2c3cfa6eaa86 tempest-DeleteServersTestJSON-1450084859 tempest-DeleteServersTestJSON-1450084859-project-member] Acquiring lock "3d02069d-da00-4710-9fee-c7758054e964" by "nova.context.set_target_cell..get_or_set_cached_cell_and_set_connections" {{(pid=93540) inner /opt/stack/data/venv/lib/python3.12/site-packages/oslo_concurrency/lockutils.py:512}}
Aug 24 09:10:00.880972 np0000007961 nova-scheduler[93540]: DEBUG oslo_concurrency.lockutils [None req-784ea556-413b-4037-a5d7-2c3cfa6eaa86 tempest-DeleteServersTestJSON-1450084859 tempest-DeleteServersTestJSON-1450084859-project-member] Lock "3d02069d-da00-4710-9fee-c7758054e964" acquired by "nova.context.set_target_cell..get_or_set_cached_cell_and_set_connections" :: waited 0.000s {{(pid=93540) inner /opt/stack/data/venv/lib/python3.12/site-packages/oslo_concurrency/lockutils.py:525}}
Aug 24 09:10:00.881113 np0000007961 nova-scheduler[93540]: DEBUG oslo_concurrency.lockutils [None req-784ea556-413b-4037-a5d7-2c3cfa6eaa86 tempest-DeleteServersTestJSON-1450084859 tempest-DeleteServersTestJSON-1450084859-project-member] Lock "3d02069d-da00-4710-9fee-c7758054e964" "released" by "nova.context.set_target_cell..get_or_set_cached_cell_and_set_connections" :: held 0.000s {{(pid=93540) inner /opt/stack/data/venv/lib/python3.12/site-packages/oslo_concurrency/lockutils.py:544}}
Aug 24 09:10:00.896828 np0000007961 nova-scheduler[93540]: DEBUG oslo_db.sqlalchemy.engines [None req-784ea556-413b-4037-a5d7-2c3cfa6eaa86 tempest-DeleteServersTestJSON-1450084859 tempest-DeleteServersTestJSON-1450084859-project-member] Parent process 92344 forked (93540) with an open database connection, which is being discarded and recreated. {{(pid=93540) checkout /opt/stack/data/venv/lib/python3.12/site-packages/oslo_db/sqlalchemy/engines.py:402}}
Aug 24 09:10:00.951378 np0000007961 nova-scheduler[93540]: DEBUG dbcounter [-] [93540] Writer thread running {{(pid=93540) stat_writer /opt/stack/data/venv/lib/python3.12/site-packages/dbcounter.py:102}}
Aug 24 09:10:00.954799 np0000007961 nova-scheduler[93540]: DEBUG oslo_concurrency.lockutils [None req-784ea556-413b-4037-a5d7-2c3cfa6eaa86 tempest-DeleteServersTestJSON-1450084859 tempest-DeleteServersTestJSON-1450084859-project-member] Acquiring lock "3d02069d-da00-4710-9fee-c7758054e964" by "nova.context.set_target_cell..get_or_set_cached_cell_and_set_connections" {{(pid=93540) inner /opt/stack/data/venv/lib/python3.12/site-packages/oslo_concurrency/lockutils.py:512}}
Aug 24 09:10:00.955201 np0000007961 nova-scheduler[93540]: DEBUG oslo_concurrency.lockutils [None req-784ea556-413b-4037-a5d7-2c3cfa6eaa86 tempest-DeleteServersTestJSON-1450084859 tempest-DeleteServersTestJSON-1450084859-project-member] Lock "3d02069d-da00-4710-9fee-c7758054e964" acquired by "nova.context.set_target_cell..get_or_set_cached_cell_and_set_connections" :: waited 0.000s {{(pid=93540) inner /opt/stack/data/venv/lib/python3.12/site-packages/oslo_concurrency/lockutils.py:525}}
Aug 24 09:10:00.955341 np0000007961 nova-scheduler[93540]: DEBUG oslo_concurrency.lockutils [None req-784ea556-413b-4037-a5d7-2c3cfa6eaa86 tempest-DeleteServersTestJSON-1450084859 tempest-DeleteServersTestJSON-1450084859-project-member] Lock "3d02069d-da00-4710-9fee-c7758054e964" "released" by "nova.context.set_target_cell..get_or_set_cached_cell_and_set_connections" :: held 0.000s {{(pid=93540) inner /opt/stack/data/venv/lib/python3.12/site-packages/oslo_concurrency/lockutils.py:544}}
Aug 24 09:10:00.958963 np0000007961 nova-scheduler[93540]: DEBUG oslo_concurrency.lockutils [None req-784ea556-413b-4037-a5d7-2c3cfa6eaa86 tempest-DeleteServersTestJSON-1450084859 tempest-DeleteServersTestJSON-1450084859-project-member] Acquiring lock "np0000007961-np0000007961" by "nova.scheduler.host_manager.HostState.update.._locked_update" {{(pid=93540) inner /opt/stack/data/venv/lib/python3.12/site-packages/oslo_concurrency/lockutils.py:512}}
Aug 24 09:10:00.959172 np0000007961 nova-scheduler[93540]: DEBUG oslo_concurrency.lockutils [None req-784ea556-413b-4037-a5d7-2c3cfa6eaa86 tempest-DeleteServersTestJSON-1450084859 tempest-DeleteServersTestJSON-1450084859-project-member] Lock "np0000007961-np0000007961" acquired by "nova.scheduler.host_manager.HostState.update.._locked_update" :: waited 0.000s {{(pid=93540) inner /opt/stack/data/venv/lib/python3.12/site-packages/oslo_concurrency/lockutils.py:525}}
Aug 24 09:10:00.962080 np0000007961 nova-scheduler[93540]: DEBUG nova.scheduler.host_manager [None req-784ea556-413b-4037-a5d7-2c3cfa6eaa86 tempest-DeleteServersTestJSON-1450084859 tempest-DeleteServersTestJSON-1450084859-project-member] Update host state from compute node: ComputeNode(cpu_allocation_ratio=4.0,cpu_info='{"arch": "x86_64", "model": "EPYC-Milan", "vendor": "AMD", "topology": {"cells": 1, "sockets": 16, "cores": 1, "threads": 1}, "maxphysaddr": {"mode": "emulate", "bits": 40}, "features": ["mtrr", "pku", "pclmuldq", "topoext", "sse", "vme", "pge", "arch-capabilities", "mmx", "osvw", "skip-l1dfl-vmentry", "xsavec", "pause-filter", "rdpid", "pfthreshold", "rdctl-no", "tsc_adjust", "fxsr", "mds-no", "pse", "rdrand", "pae", "popcnt", "nrip-save", "avx", "wbnoinvd", "cx16", "xsave", "stibp-always-on", "flushbyasid", "cx8", "sse4a", "sep", "pcid", "fpu", "rdseed", "fxsr_opt", "lbrv", "pdpe1gb", "pschange-mc-no", "syscall", "mmxext", "null-sel-clr-base", "perfctr_core", "amd-psfd", "tsc-deadline", "3dnowprefetch", "smap", "clflush", "svm", "lahf_lm", "v-vmsave-vmload", "mce", "stibp", "invpcid", "sse2", "bmi1", "cmp_legacy", "cr8legacy", "f16c", "vmcb-clean", "ibrs", "xsaves", "xgetbv1", "spec-ctrl", "vpclmulqdq", "ssse3", "clzero", "lm", "apic", "aes", "nx", "arat", "bmi2", "x2apic", "svme-addr-chk", "vaes", "misalignsse", "msr", "clflushopt", "tsc", "xsaveerptr", "de", "pse36", "adx", "smep", "ssbd", "movbe", "xsaveopt", "fsrm", "fma", "no-nested-data-bp", "sse4.1", "umip", "mca", "pat", "cmov", "erms", "npt", "amd-ssbd", "virt-ssbd", "vgif", "fsgsbase", "lfence-always-serializing", "abm", "clwb", "ibpb", "hypervisor", "sha-ni", "amd-stibp", "gds-no", "pni", "rdtscp", "avx2", "sse4.2", "tsc-scale"]}',created_at=2026-08-24T09:07:42Z,current_workload=0,deleted=False,deleted_at=None,disk_allocation_ratio=1.0,disk_available_least=73,free_disk_gb=95,free_ram_mb=62765,host='np0000007961',host_ip=10.4.3.110,hypervisor_hostname='np0000007961',hypervisor_type='QEMU',hypervisor_version=8002002,id=1,local_gb=95,local_gb_used=0,mapped=1,memory_mb=63277,memory_mb_used=512,metrics='[]',numa_topology='{"nova_object.name": "NUMATopology", "nova_object.namespace": "nova", "nova_object.version": "1.2", "nova_object.data": {"cells": [{"nova_object.name": "NUMACell", "nova_object.namespace": "nova", "nova_object.version": "1.5", "nova_object.data": {"id": 0, "cpuset": [0, 1, 2, 3, 4, 5, 6, 7, 8, 9, 10, 11, 12, 13, 14, 15], "pcpuset": [0, 1, 2, 3, 4, 5, 6, 7, 8, 9, 10, 11, 12, 13, 14, 15], "memory": 63277, "cpu_usage": 0, "memory_usage": 0, "pinned_cpus": [], "siblings": [[6], [12], [2], [15], [5], [11], [8], [14], [4], [1], [7], [10], [0], [13], [3], [9]], "mempages": [{"nova_object.name": "NUMAPagesTopology", "nova_object.namespace": "nova", "nova_object.version": "1.1", "nova_object.data": {"size_kb": 4, "total": 16177928, "used": 0, "reserved": 0}, "nova_object.changes": ["used", "total", "size_kb", "reserved"]}, {"nova_object.name": "NUMAPagesTopology", "nova_object.namespace": "nova", "nova_object.version": "1.1", "nova_object.data": {"size_kb": 2048, "total": 41, "used": 0, "reserved": 0}, "nova_object.changes": ["used", "total", "size_kb", "reserved"]}, {"nova_object.name": "NUMAPagesTopology", "nova_object.namespace": "nova", "nova_object.version": "1.1", "nova_object.data": {"size_kb": 1048576, "total": 0, "used": 0, "reserved": 0}, "nova_object.changes": ["used", "total", "size_kb", "reserved"]}], "network_metadata": {"nova_object.name": "NetworkMetadata", "nova_object.namespace": "nova", "nova_object.version": "1.0", "nova_object.data": {"physnets": [], "tunneled": false}, "nova_object.changes": ["tunneled", "physnets"]}, "socket": null}, "nova_object.changes": ["siblings", "memory_usage", "id", "cpu_usage", "pcpuset", "memory", "socket", "pinned_cpus", "network_metadata", "cpuset", "mempages"]}]}, "nova_object.changes": ["cells"]}',pci_device_pools=PciDevicePoolList,ram_allocation_ratio=1.0,running_vms=0,service_id=2,stats={failed_builds='0',uptime=' 09:09:30 up 14 min, 2 users, load average: 1.22, 1.36, 0.83
Aug 24 09:10:00.962080 np0000007961 nova-scheduler[93540]: '},supported_hv_specs=[HVSpec,HVSpec,HVSpec,HVSpec,HVSpec,HVSpec,HVSpec,HVSpec,HVSpec,HVSpec,HVSpec,HVSpec,HVSpec,HVSpec,HVSpec,HVSpec,HVSpec,HVSpec,HVSpec,HVSpec,HVSpec,HVSpec,HVSpec,HVSpec,HVSpec],updated_at=2026-08-24T09:09:30Z,uuid=aff76bde-1842-4ea1-a302-554bd9efcb29,vcpus=16,vcpus_used=0) {{(pid=93540) _locked_update /opt/stack/nova/nova/scheduler/host_manager.py:169}}
Aug 24 09:10:00.963597 np0000007961 nova-scheduler[93540]: DEBUG nova.scheduler.host_manager [None req-784ea556-413b-4037-a5d7-2c3cfa6eaa86 tempest-DeleteServersTestJSON-1450084859 tempest-DeleteServersTestJSON-1450084859-project-member] Update host state with aggregates: [] {{(pid=93540) _locked_update /opt/stack/nova/nova/scheduler/host_manager.py:172}}
Aug 24 09:10:00.963758 np0000007961 nova-scheduler[93540]: DEBUG nova.scheduler.host_manager [None req-784ea556-413b-4037-a5d7-2c3cfa6eaa86 tempest-DeleteServersTestJSON-1450084859 tempest-DeleteServersTestJSON-1450084859-project-member] Update host state with service dict: {'id': 2, 'uuid': 'dcdcd45c-835c-4a55-8c90-b5c8c14e361a', 'host': 'np0000007961', 'binary': 'nova-compute', 'topic': 'compute', 'report_count': 2, 'disabled': False, 'disabled_reason': None, 'last_seen_up': datetime.datetime(2026, 8, 24, 9, 9, 49, tzinfo=datetime.timezone.utc), 'forced_down': False, 'version': 73, 'created_at': datetime.datetime(2026, 8, 24, 9, 7, 42, tzinfo=datetime.timezone.utc), 'updated_at': datetime.datetime(2026, 8, 24, 9, 9, 49, tzinfo=datetime.timezone.utc), 'deleted_at': None, 'deleted': False} {{(pid=93540) _locked_update /opt/stack/nova/nova/scheduler/host_manager.py:175}}
Aug 24 09:10:00.964033 np0000007961 nova-scheduler[93540]: DEBUG nova.scheduler.host_manager [None req-784ea556-413b-4037-a5d7-2c3cfa6eaa86 tempest-DeleteServersTestJSON-1450084859 tempest-DeleteServersTestJSON-1450084859-project-member] Update host state with instances: [] {{(pid=93540) _locked_update /opt/stack/nova/nova/scheduler/host_manager.py:178}}
Aug 24 09:10:00.964106 np0000007961 nova-scheduler[93540]: DEBUG oslo_concurrency.lockutils [None req-784ea556-413b-4037-a5d7-2c3cfa6eaa86 tempest-DeleteServersTestJSON-1450084859 tempest-DeleteServersTestJSON-1450084859-project-member] Lock "np0000007961-np0000007961" "released" by "nova.scheduler.host_manager.HostState.update.._locked_update" :: held 0.005s {{(pid=93540) inner /opt/stack/data/venv/lib/python3.12/site-packages/oslo_concurrency/lockutils.py:544}}
Aug 24 09:10:00.965491 np0000007961 nova-scheduler[93540]: DEBUG nova.filters [None req-784ea556-413b-4037-a5d7-2c3cfa6eaa86 tempest-DeleteServersTestJSON-1450084859 tempest-DeleteServersTestJSON-1450084859-project-member] Starting with 1 host(s) {{(pid=93540) get_filtered_objects /opt/stack/nova/nova/filters.py:70}}
Aug 24 09:10:00.965491 np0000007961 nova-scheduler[93540]: DEBUG nova.filters [None req-784ea556-413b-4037-a5d7-2c3cfa6eaa86 tempest-DeleteServersTestJSON-1450084859 tempest-DeleteServersTestJSON-1450084859-project-member] Filter ComputeFilter returned 1 host(s) {{(pid=93540) get_filtered_objects /opt/stack/nova/nova/filters.py:102}}
Aug 24 09:10:00.965491 np0000007961 nova-scheduler[93540]: DEBUG nova.filters [None req-784ea556-413b-4037-a5d7-2c3cfa6eaa86 tempest-DeleteServersTestJSON-1450084859 tempest-DeleteServersTestJSON-1450084859-project-member] Filter ComputeCapabilitiesFilter returned 1 host(s) {{(pid=93540) get_filtered_objects /opt/stack/nova/nova/filters.py:102}}
Aug 24 09:10:00.965885 np0000007961 nova-scheduler[93540]: DEBUG nova.filters [None req-784ea556-413b-4037-a5d7-2c3cfa6eaa86 tempest-DeleteServersTestJSON-1450084859 tempest-DeleteServersTestJSON-1450084859-project-member] Filter ImagePropertiesFilter returned 1 host(s) {{(pid=93540) get_filtered_objects /opt/stack/nova/nova/filters.py:102}}
Aug 24 09:10:00.965885 np0000007961 nova-scheduler[93540]: DEBUG nova.filters [None req-784ea556-413b-4037-a5d7-2c3cfa6eaa86 tempest-DeleteServersTestJSON-1450084859 tempest-DeleteServersTestJSON-1450084859-project-member] Filter ServerGroupAntiAffinityFilter returned 1 host(s) {{(pid=93540) get_filtered_objects /opt/stack/nova/nova/filters.py:102}}
Aug 24 09:10:00.966074 np0000007961 nova-scheduler[93540]: DEBUG nova.filters [None req-784ea556-413b-4037-a5d7-2c3cfa6eaa86 tempest-DeleteServersTestJSON-1450084859 tempest-DeleteServersTestJSON-1450084859-project-member] Filter ServerGroupAffinityFilter returned 1 host(s) {{(pid=93540) get_filtered_objects /opt/stack/nova/nova/filters.py:102}}
Aug 24 09:10:00.966307 np0000007961 nova-scheduler[93540]: DEBUG nova.filters [None req-784ea556-413b-4037-a5d7-2c3cfa6eaa86 tempest-DeleteServersTestJSON-1450084859 tempest-DeleteServersTestJSON-1450084859-project-member] Filter SameHostFilter returned 1 host(s) {{(pid=93540) get_filtered_objects /opt/stack/nova/nova/filters.py:102}}
Aug 24 09:10:00.966468 np0000007961 nova-scheduler[93540]: DEBUG nova.filters [None req-784ea556-413b-4037-a5d7-2c3cfa6eaa86 tempest-DeleteServersTestJSON-1450084859 tempest-DeleteServersTestJSON-1450084859-project-member] Filter DifferentHostFilter returned 1 host(s) {{(pid=93540) get_filtered_objects /opt/stack/nova/nova/filters.py:102}}
Aug 24 09:10:00.966688 np0000007961 nova-scheduler[93540]: DEBUG nova.scheduler.manager [None req-784ea556-413b-4037-a5d7-2c3cfa6eaa86 tempest-DeleteServersTestJSON-1450084859 tempest-DeleteServersTestJSON-1450084859-project-member] Filtered [(np0000007961, np0000007961) ram: 62765MB disk: 74752MB io_ops: 0 instances: 0, allocation_candidates: 1] {{(pid=93540) _get_sorted_hosts /opt/stack/nova/nova/scheduler/manager.py:730}}
Aug 24 09:10:00.968212 np0000007961 nova-scheduler[93540]: DEBUG nova.scheduler.manager [None req-784ea556-413b-4037-a5d7-2c3cfa6eaa86 tempest-DeleteServersTestJSON-1450084859 tempest-DeleteServersTestJSON-1450084859-project-member] Weighed [WeighedHost [host: (np0000007961, np0000007961) ram: 62765MB disk: 74752MB io_ops: 0 instances: 0, allocation_candidates: 1, weight: 0.0]] {{(pid=93540) _get_sorted_hosts /opt/stack/nova/nova/scheduler/manager.py:752}}
Aug 24 09:10:00.968212 np0000007961 nova-scheduler[93540]: DEBUG nova.scheduler.utils [None req-784ea556-413b-4037-a5d7-2c3cfa6eaa86 tempest-DeleteServersTestJSON-1450084859 tempest-DeleteServersTestJSON-1450084859-project-member] Attempting to claim resources in the placement API for instance cc4ff454-e9e6-4213-a4e5-fa1a145a713b {{(pid=93540) claim_resources /opt/stack/nova/nova/scheduler/utils.py:1345}}
Aug 24 09:10:01.106921 np0000007961 nova-scheduler[93544]: DEBUG nova.scheduler.manager [None req-3abe3f32-ff1c-4df3-84d8-9d388238ccf9 tempest-ServerBootFromVolumeStableRescueTest-1259793218 tempest-ServerBootFromVolumeStableRescueTest-1259793218-project-member] Starting to schedule for instances: ['88db45ce-4d31-400b-8b20-a05c85d2e7d2'] {{(pid=93544) select_destinations /opt/stack/nova/nova/scheduler/manager.py:197}}
