Jun 05 22:08:15.184621 np0000002231 devstack@g-api.service[98890]: DEBUG glance.api.middleware.version_negotiation [None req-05203519-a92b-40fe-b5c3-7c96232ef984 tempest-ServerRescueNegativeTestJSON-94571129 tempest-ServerRescueNegativeTestJSON-94571129-project-member] new path /v2/images/ce77b5d8-54f3-4f0c-8fa1-95a86bdb43ab {{(pid=98890) process_request /opt/stack/glance/glance/api/middleware/version_negotiation.py:70}}
Jun 05 22:08:15.198753 np0000002231 devstack@g-api.service[98890]: [pid: 98890|app: 0|req: 132/266] 127.0.0.1 () {44 vars in 1115 bytes} [Fri Jun 5 22:08:15 2026] GET /v2/images/ce77b5d8-54f3-4f0c-8fa1-95a86bdb43ab => generated 1044 bytes in 15 msecs (HTTP/1.1 200) 4 headers in 158 bytes (1 switches on core 0)
Jun 05 22:08:15.243083 np0000002231 devstack@g-api.service[98889]: DEBUG glance.api.middleware.version_negotiation [None req-05203519-a92b-40fe-b5c3-7c96232ef984 tempest-ServerRescueNegativeTestJSON-94571129 tempest-ServerRescueNegativeTestJSON-94571129-project-member] Determining version of request: GET /v2/schemas/image Accept: */* {{(pid=98889) process_request /opt/stack/glance/glance/api/middleware/version_negotiation.py:44}}
Jun 05 22:08:15.243694 np0000002231 devstack@g-api.service[98889]: DEBUG glance.api.middleware.version_negotiation [None req-05203519-a92b-40fe-b5c3-7c96232ef984 tempest-ServerRescueNegativeTestJSON-94571129 tempest-ServerRescueNegativeTestJSON-94571129-project-member] Using url versioning {{(pid=98889) process_request /opt/stack/glance/glance/api/middleware/version_negotiation.py:57}}
Jun 05 22:08:15.243694 np0000002231 devstack@g-api.service[98889]: DEBUG glance.api.middleware.version_negotiation [None req-05203519-a92b-40fe-b5c3-7c96232ef984 tempest-ServerRescueNegativeTestJSON-94571129 tempest-ServerRescueNegativeTestJSON-94571129-project-member] Matched version: v2 {{(pid=98889) process_request /opt/stack/glance/glance/api/middleware/version_negotiation.py:69}}
Jun 05 22:08:15.243694 np0000002231 devstack@g-api.service[98889]: DEBUG glance.api.middleware.version_negotiation [None req-05203519-a92b-40fe-b5c3-7c96232ef984 tempest-ServerRescueNegativeTestJSON-94571129 tempest-ServerRescueNegativeTestJSON-94571129-project-member] new path /v2/schemas/image {{(pid=98889) process_request /opt/stack/glance/glance/api/middleware/version_negotiation.py:70}}
Jun 05 22:08:15.247549 np0000002231 devstack@g-api.service[98889]: [pid: 98889|app: 0|req: 135/267] 127.0.0.1 () {44 vars in 1055 bytes} [Fri Jun 5 22:08:15 2026] GET /v2/schemas/image => generated 6083 bytes in 5 msecs (HTTP/1.1 200) 4 headers in 158 bytes (1 switches on core 0)
Jun 05 22:08:20.992127 np0000002231 devstack@g-api.service[98890]: DEBUG glance.api.middleware.version_negotiation [None req-922af706-fc19-4f30-8f8b-322aa84928d3 tempest-VolumesActionsTest-851311241 tempest-VolumesActionsTest-851311241-project-member] Determining version of request: GET /v2/images/ce77b5d8-54f3-4f0c-8fa1-95a86bdb43ab Accept: */* {{(pid=98890) process_request /opt/stack/glance/glance/api/middleware/version_negotiation.py:44}}
Jun 05 22:08:20.992630 np0000002231 devstack@g-api.service[98890]: DEBUG glance.api.middleware.version_negotiation [None req-922af706-fc19-4f30-8f8b-322aa84928d3 tempest-VolumesActionsTest-851311241 tempest-VolumesActionsTest-851311241-project-member] Using url versioning {{(pid=98890) process_request /opt/stack/glance/glance/api/middleware/version_negotiation.py:57}}
Jun 05 22:08:20.992630 np0000002231 devstack@g-api.service[98890]: DEBUG glance.api.middleware.version_negotiation [None req-922af706-fc19-4f30-8f8b-322aa84928d3 tempest-VolumesActionsTest-851311241 tempest-VolumesActionsTest-851311241-project-member] Matched version: v2 {{(pid=98890) process_request /opt/stack/glance/glance/api/middleware/version_negotiation.py:69}}
Jun 05 22:08:20.992630 np0000002231 devstack@g-api.service[98890]: DEBUG glance.api.middleware.version_negotiation [None req-922af706-fc19-4f30-8f8b-322aa84928d3 tempest-VolumesActionsTest-851311241 tempest-VolumesActionsTest-851311241-project-member] new path /v2/images/ce77b5d8-54f3-4f0c-8fa1-95a86bdb43ab {{(pid=98890) process_request /opt/stack/glance/glance/api/middleware/version_negotiation.py:70}}
Jun 05 22:08:21.005826 np0000002231 devstack@g-api.service[98890]: [pid: 98890|app: 0|req: 133/268] 127.0.0.1 () {44 vars in 1115 bytes} [Fri Jun 5 22:08:20 2026] GET /v2/images/ce77b5d8-54f3-4f0c-8fa1-95a86bdb43ab => generated 1044 bytes in 14 msecs (HTTP/1.1 200) 4 headers in 158 bytes (1 switches on core 0)
Jun 05 22:08:21.042675 np0000002231 devstack@g-api.service[98889]: DEBUG glance.api.middleware.version_negotiation [None req-922af706-fc19-4f30-8f8b-322aa84928d3 tempest-VolumesActionsTest-851311241 tempest-VolumesActionsTest-851311241-project-member] Determining version of request: GET /v2/schemas/image Accept: */* {{(pid=98889) process_request /opt/stack/glance/glance/api/middleware/version_negotiation.py:44}}
Jun 05 22:08:21.042675 np0000002231 devstack@g-api.service[98889]: DEBUG glance.api.middleware.version_negotiation [None req-922af706-fc19-4f30-8f8b-322aa84928d3 tempest-VolumesActionsTest-851311241 tempest-VolumesActionsTest-851311241-project-member] Using url versioning {{(pid=98889) process_request /opt/stack/glance/glance/api/middleware/version_negotiation.py:57}}
Jun 05 22:08:21.042675 np0000002231 devstack@g-api.service[98889]: DEBUG glance.api.middleware.version_negotiation [None req-922af706-fc19-4f30-8f8b-322aa84928d3 tempest-VolumesActionsTest-851311241 tempest-VolumesActionsTest-851311241-project-member] Matched version: v2 {{(pid=98889) process_request /opt/stack/glance/glance/api/middleware/version_negotiation.py:69}}
Jun 05 22:08:21.042675 np0000002231 devstack@g-api.service[98889]: DEBUG glance.api.middleware.version_negotiation [None req-922af706-fc19-4f30-8f8b-322aa84928d3 tempest-VolumesActionsTest-851311241 tempest-VolumesActionsTest-851311241-project-member] new path /v2/schemas/image {{(pid=98889) process_request /opt/stack/glance/glance/api/middleware/version_negotiation.py:70}}
Jun 05 22:08:21.046284 np0000002231 devstack@g-api.service[98889]: [pid: 98889|app: 0|req: 136/269] 127.0.0.1 () {44 vars in 1055 bytes} [Fri Jun 5 22:08:21 2026] GET /v2/schemas/image => generated 6083 bytes in 4 msecs (HTTP/1.1 200) 4 headers in 158 bytes (1 switches on core 0)
Jun 05 22:08:28.508782 np0000002231 devstack@g-api.service[98890]: DEBUG glance.api.middleware.version_negotiation [None req-e106a26a-6e3f-4d3f-afd6-58b87b300f58 tempest-VolumesNegativeTest-1843540751 tempest-VolumesNegativeTest-1843540751-project-member] Determining version of request: GET /v2/images/ce77b5d8-54f3-4f0c-8fa1-95a86bdb43ab Accept: */* {{(pid=98890) process_request /opt/stack/glance/glance/api/middleware/version_negotiation.py:44}}
Jun 05 22:08:28.509227 np0000002231 devstack@g-api.service[98890]: DEBUG glance.api.middleware.version_negotiation [None req-e106a26a-6e3f-4d3f-afd6-58b87b300f58 tempest-VolumesNegativeTest-1843540751 tempest-VolumesNegativeTest-1843540751-project-member] Using url versioning {{(pid=98890) process_request /opt/stack/glance/glance/api/middleware/version_negotiation.py:57}}
Jun 05 22:08:28.509227 np0000002231 devstack@g-api.service[98890]: DEBUG glance.api.middleware.version_negotiation [None req-e106a26a-6e3f-4d3f-afd6-58b87b300f58 tempest-VolumesNegativeTest-1843540751 tempest-VolumesNegativeTest-1843540751-project-member] Matched version: v2 {{(pid=98890) process_request /opt/stack/glance/glance/api/middleware/version_negotiation.py:69}}
Jun 05 22:08:28.509227 np0000002231 devstack@g-api.service[98890]: DEBUG glance.api.middleware.version_negotiation [None req-e106a26a-6e3f-4d3f-afd6-58b87b300f58 tempest-VolumesNegativeTest-1843540751 tempest-VolumesNegativeTest-1843540751-project-member] new path /v2/images/ce77b5d8-54f3-4f0c-8fa1-95a86bdb43ab {{(pid=98890) process_request /opt/stack/glance/glance/api/middleware/version_negotiation.py:70}}
Jun 05 22:08:28.525728 np0000002231 devstack@g-api.service[98890]: [pid: 98890|app: 0|req: 134/270] 127.0.0.1 () {44 vars in 1115 bytes} [Fri Jun 5 22:08:28 2026] GET /v2/images/ce77b5d8-54f3-4f0c-8fa1-95a86bdb43ab => generated 1044 bytes in 17 msecs (HTTP/1.1 200) 4 headers in 158 bytes (1 switches on core 0)
Jun 05 22:08:28.572235 np0000002231 devstack@g-api.service[98889]: DEBUG glance.api.middleware.version_negotiation [None req-e106a26a-6e3f-4d3f-afd6-58b87b300f58 tempest-VolumesNegativeTest-1843540751 tempest-VolumesNegativeTest-1843540751-project-member] Determining version of request: GET /v2/schemas/image Accept: */* {{(pid=98889) process_request /opt/stack/glance/glance/api/middleware/version_negotiation.py:44}}
Jun 05 22:08:28.572919 np0000002231 devstack@g-api.service[98889]: DEBUG glance.api.middleware.version_negotiation [None req-e106a26a-6e3f-4d3f-afd6-58b87b300f58 tempest-VolumesNegativeTest-1843540751 tempest-VolumesNegativeTest-1843540751-project-member] Using url versioning {{(pid=98889) process_request /opt/stack/glance/glance/api/middleware/version_negotiation.py:57}}
Jun 05 22:08:28.572919 np0000002231 devstack@g-api.service[98889]: DEBUG glance.api.middleware.version_negotiation [None req-e106a26a-6e3f-4d3f-afd6-58b87b300f58 tempest-VolumesNegativeTest-1843540751 tempest-VolumesNegativeTest-1843540751-project-member] Matched version: v2 {{(pid=98889) process_request /opt/stack/glance/glance/api/middleware/version_negotiation.py:69}}
Jun 05 22:08:28.572919 np0000002231 devstack@g-api.service[98889]: DEBUG glance.api.middleware.version_negotiation [None req-e106a26a-6e3f-4d3f-afd6-58b87b300f58 tempest-VolumesNegativeTest-1843540751 tempest-VolumesNegativeTest-1843540751-project-member] new path /v2/schemas/image {{(pid=98889) process_request /opt/stack/glance/glance/api/middleware/version_negotiation.py:70}}
Jun 05 22:08:28.577158 np0000002231 devstack@g-api.service[98889]: [pid: 98889|app: 0|req: 137/271] 127.0.0.1 () {44 vars in 1055 bytes} [Fri Jun 5 22:08:28 2026] GET /v2/schemas/image => generated 6083 bytes in 5 msecs (HTTP/1.1 200) 4 headers in 158 bytes (1 switches on core 0)
Jun 05 22:08:29.954846 np0000002231 devstack@g-api.service[98890]: DEBUG glance.api.middleware.version_negotiation [None req-f7e18a00-b7c0-48cf-ba68-8966aeaf3806 tempest-TestEncryptedCinderVolumes-1910945893 tempest-TestEncryptedCinderVolumes-1910945893-project-member] Determining version of request: GET /v2/images/ce77b5d8-54f3-4f0c-8fa1-95a86bdb43ab Accept: */* {{(pid=98890) process_request /opt/stack/glance/glance/api/middleware/version_negotiation.py:44}}
Jun 05 22:08:29.955396 np0000002231 devstack@g-api.service[98890]: DEBUG glance.api.middleware.version_negotiation [None req-f7e18a00-b7c0-48cf-ba68-8966aeaf3806 tempest-TestEncryptedCinderVolumes-1910945893 tempest-TestEncryptedCinderVolumes-1910945893-project-member] Using url versioning {{(pid=98890) process_request /opt/stack/glance/glance/api/middleware/version_negotiation.py:57}}
Jun 05 22:08:29.955396 np0000002231 devstack@g-api.service[98890]: DEBUG glance.api.middleware.version_negotiation [None req-f7e18a00-b7c0-48cf-ba68-8966aeaf3806 tempest-TestEncryptedCinderVolumes-1910945893 tempest-TestEncryptedCinderVolumes-1910945893-project-member] Matched version: v2 {{(pid=98890) process_request /opt/stack/glance/glance/api/middleware/version_negotiation.py:69}}
Jun 05 22:08:29.955396 np0000002231 devstack@g-api.service[98890]: DEBUG glance.api.middleware.version_negotiation [None req-f7e18a00-b7c0-48cf-ba68-8966aeaf3806 tempest-TestEncryptedCinderVolumes-1910945893 tempest-TestEncryptedCinderVolumes-1910945893-project-member] new path /v2/images/ce77b5d8-54f3-4f0c-8fa1-95a86bdb43ab {{(pid=98890) process_request /opt/stack/glance/glance/api/middleware/version_negotiation.py:70}}
Jun 05 22:08:29.982552 np0000002231 devstack@g-api.service[98890]: [pid: 98890|app: 0|req: 135/272] 127.0.0.1 () {44 vars in 1115 bytes} [Fri Jun 5 22:08:29 2026] GET /v2/images/ce77b5d8-54f3-4f0c-8fa1-95a86bdb43ab => generated 1044 bytes in 27 msecs (HTTP/1.1 200) 4 headers in 158 bytes (1 switches on core 0)
Jun 05 22:08:30.042810 np0000002231 devstack@g-api.service[98889]: DEBUG glance.api.middleware.version_negotiation [None req-f7e18a00-b7c0-48cf-ba68-8966aeaf3806 tempest-TestEncryptedCinderVolumes-1910945893 tempest-TestEncryptedCinderVolumes-1910945893-project-member] Determining version of request: GET /v2/schemas/image Accept: */* {{(pid=98889) process_request /opt/stack/glance/glance/api/middleware/version_negotiation.py:44}}
Jun 05 22:08:30.043226 np0000002231 devstack@g-api.service[98889]: DEBUG glance.api.middleware.version_negotiation [None req-f7e18a00-b7c0-48cf-ba68-8966aeaf3806 tempest-TestEncryptedCinderVolumes-1910945893 tempest-TestEncryptedCinderVolumes-1910945893-project-member] Using url versioning {{(pid=98889) process_request /opt/stack/glance/glance/api/middleware/version_negotiation.py:57}}
Jun 05 22:08:30.043226 np0000002231 devstack@g-api.service[98889]: DEBUG glance.api.middleware.version_negotiation [None req-f7e18a00-b7c0-48cf-ba68-8966aeaf3806 tempest-TestEncryptedCinderVolumes-1910945893 tempest-TestEncryptedCinderVolumes-1910945893-project-member] Matched version: v2 {{(pid=98889) process_request /opt/stack/glance/glance/api/middleware/version_negotiation.py:69}}
Jun 05 22:08:30.043226 np0000002231 devstack@g-api.service[98889]: DEBUG glance.api.middleware.version_negotiation [None req-f7e18a00-b7c0-48cf-ba68-8966aeaf3806 tempest-TestEncryptedCinderVolumes-1910945893 tempest-TestEncryptedCinderVolumes-1910945893-project-member] new path /v2/schemas/image {{(pid=98889) process_request /opt/stack/glance/glance/api/middleware/version_negotiation.py:70}}
Jun 05 22:08:30.046578 np0000002231 devstack@g-api.service[98889]: [pid: 98889|app: 0|req: 138/273] 127.0.0.1 () {44 vars in 1055 bytes} [Fri Jun 5 22:08:30 2026] GET /v2/schemas/image => generated 6083 bytes in 4 msecs (HTTP/1.1 200) 4 headers in 158 bytes (1 switches on core 0)
Jun 05 22:08:39.977172 np0000002231 devstack@g-api.service[98890]: DEBUG dbcounter [-] [98890] Writing DB stats glance:SELECT=8 {{(pid=98890) stat_writer /opt/stack/data/venv/lib/python3.12/site-packages/dbcounter.py:115}}
Jun 05 22:08:41.218558 np0000002231 devstack@g-api.service[98890]: DEBUG glance.api.middleware.version_negotiation [None req-0e2411d6-edd9-446b-907f-42b1e4e11c8c tempest-AttachVolumeTestJSON-1167765772 tempest-AttachVolumeTestJSON-1167765772-project-member] Determining version of request: GET /v2/images/ce77b5d8-54f3-4f0c-8fa1-95a86bdb43ab Accept: */* {{(pid=98890) process_request /opt/stack/glance/glance/api/middleware/version_negotiation.py:44}}
Jun 05 22:08:41.219121 np0000002231 devstack@g-api.service[98890]: DEBUG glance.api.middleware.version_negotiation [None req-0e2411d6-edd9-446b-907f-42b1e4e11c8c tempest-AttachVolumeTestJSON-1167765772 tempest-AttachVolumeTestJSON-1167765772-project-member] Using url versioning {{(pid=98890) process_request /opt/stack/glance/glance/api/middleware/version_negotiation.py:57}}
Jun 05 22:08:41.219121 np0000002231 devstack@g-api.service[98890]: DEBUG glance.api.middleware.version_negotiation [None req-0e2411d6-edd9-446b-907f-42b1e4e11c8c tempest-AttachVolumeTestJSON-1167765772 tempest-AttachVolumeTestJSON-1167765772-project-member] Matched version: v2 {{(pid=98890) process_request /opt/stack/glance/glance/api/middleware/version_negotiation.py:69}}
Jun 05 22:08:41.219121 np0000002231 devstack@g-api.service[98890]: DEBUG glance.api.middleware.version_negotiation [None req-0e2411d6-edd9-446b-907f-42b1e4e11c8c tempest-AttachVolumeTestJSON-1167765772 tempest-AttachVolumeTestJSON-1167765772-project-member] new path /v2/images/ce77b5d8-54f3-4f0c-8fa1-95a86bdb43ab {{(pid=98890) process_request /opt/stack/glance/glance/api/middleware/version_negotiation.py:70}}
Jun 05 22:08:41.231113 np0000002231 devstack@g-api.service[98890]: [pid: 98890|app: 0|req: 136/274] 127.0.0.1 () {44 vars in 1115 bytes} [Fri Jun 5 22:08:41 2026] GET /v2/images/ce77b5d8-54f3-4f0c-8fa1-95a86bdb43ab => generated 1044 bytes in 12 msecs (HTTP/1.1 200) 4 headers in 158 bytes (1 switches on core 0)
Jun 05 22:08:41.261253 np0000002231 devstack@g-api.service[98889]: DEBUG glance.api.middleware.version_negotiation [None req-0e2411d6-edd9-446b-907f-42b1e4e11c8c tempest-AttachVolumeTestJSON-1167765772 tempest-AttachVolumeTestJSON-1167765772-project-member] Determining version of request: GET /v2/schemas/image Accept: */* {{(pid=98889) process_request /opt/stack/glance/glance/api/middleware/version_negotiation.py:44}}
Jun 05 22:08:41.261656 np0000002231 devstack@g-api.service[98889]: DEBUG glance.api.middleware.version_negotiation [None req-0e2411d6-edd9-446b-907f-42b1e4e11c8c tempest-AttachVolumeTestJSON-1167765772 tempest-AttachVolumeTestJSON-1167765772-project-member] Using url versioning {{(pid=98889) process_request /opt/stack/glance/glance/api/middleware/version_negotiation.py:57}}
Jun 05 22:08:41.261656 np0000002231 devstack@g-api.service[98889]: DEBUG glance.api.middleware.version_negotiation [None req-0e2411d6-edd9-446b-907f-42b1e4e11c8c tempest-AttachVolumeTestJSON-1167765772 tempest-AttachVolumeTestJSON-1167765772-project-member] Matched version: v2 {{(pid=98889) process_request /opt/stack/glance/glance/api/middleware/version_negotiation.py:69}}
Jun 05 22:08:41.262088 np0000002231 devstack@g-api.service[98889]: DEBUG glance.api.middleware.version_negotiation [None req-0e2411d6-edd9-446b-907f-42b1e4e11c8c tempest-AttachVolumeTestJSON-1167765772 tempest-AttachVolumeTestJSON-1167765772-project-member] new path /v2/schemas/image {{(pid=98889) process_request /opt/stack/glance/glance/api/middleware/version_negotiation.py:70}}
Jun 05 22:08:41.266007 np0000002231 devstack@g-api.service[98889]: [pid: 98889|app: 0|req: 139/275] 127.0.0.1 () {44 vars in 1055 bytes} [Fri Jun 5 22:08:41 2026] GET /v2/schemas/image => generated 6083 bytes in 5 msecs (HTTP/1.1 200) 4 headers in 158 bytes (1 switches on core 0)
Jun 05 22:08:46.073908 np0000002231 devstack@g-api.service[98890]: DEBUG glance.api.middleware.version_negotiation [None req-6dcf3c95-3aaf-48b1-96d4-0378e3f23522 tempest-ServerBootFromVolumeStableRescueTest-520473860 tempest-ServerBootFromVolumeStableRescueTest-520473860-project-member] Determining version of request: GET /v2/images/ce77b5d8-54f3-4f0c-8fa1-95a86bdb43ab Accept: */* {{(pid=98890) process_request /opt/stack/glance/glance/api/middleware/version_negotiation.py:44}}
Jun 05 22:08:46.074335 np0000002231 devstack@g-api.service[98890]: DEBUG glance.api.middleware.version_negotiation [None req-6dcf3c95-3aaf-48b1-96d4-0378e3f23522 tempest-ServerBootFromVolumeStableRescueTest-520473860 tempest-ServerBootFromVolumeStableRescueTest-520473860-project-member] Using url versioning {{(pid=98890) process_request /opt/stack/glance/glance/api/middleware/version_negotiation.py:57}}
Jun 05 22:08:46.074335 np0000002231 devstack@g-api.service[98890]: DEBUG glance.api.middleware.version_negotiation [None req-6dcf3c95-3aaf-48b1-96d4-0378e3f23522 tempest-ServerBootFromVolumeStableRescueTest-520473860 tempest-ServerBootFromVolumeStableRescueTest-520473860-project-member] Matched version: v2 {{(pid=98890) process_request /opt/stack/glance/glance/api/middleware/version_negotiation.py:69}}
Jun 05 22:08:46.074475 np0000002231 devstack@g-api.service[98890]: DEBUG glance.api.middleware.version_negotiation [None req-6dcf3c95-3aaf-48b1-96d4-0378e3f23522 tempest-ServerBootFromVolumeStableRescueTest-520473860 tempest-ServerBootFromVolumeStableRescueTest-520473860-project-member] new path /v2/images/ce77b5d8-54f3-4f0c-8fa1-95a86bdb43ab {{(pid=98890) process_request /opt/stack/glance/glance/api/middleware/version_negotiation.py:70}}
Jun 05 22:08:46.099085 np0000002231 devstack@g-api.service[98890]: [pid: 98890|app: 0|req: 137/276] 127.0.0.1 () {44 vars in 1115 bytes} [Fri Jun 5 22:08:46 2026] GET /v2/images/ce77b5d8-54f3-4f0c-8fa1-95a86bdb43ab => generated 1044 bytes in 25 msecs (HTTP/1.1 200) 4 headers in 158 bytes (1 switches on core 0)
Jun 05 22:08:46.136423 np0000002231 devstack@g-api.service[98889]: DEBUG glance.api.middleware.version_negotiation [None req-6dcf3c95-3aaf-48b1-96d4-0378e3f23522 tempest-ServerBootFromVolumeStableRescueTest-520473860 tempest-ServerBootFromVolumeStableRescueTest-520473860-project-member] Determining version of request: GET /v2/schemas/image Accept: */* {{(pid=98889) process_request /opt/stack/glance/glance/api/middleware/version_negotiation.py:44}}
Jun 05 22:08:46.138154 np0000002231 devstack@g-api.service[98889]: DEBUG glance.api.middleware.version_negotiation [None req-6dcf3c95-3aaf-48b1-96d4-0378e3f23522 tempest-ServerBootFromVolumeStableRescueTest-520473860 tempest-ServerBootFromVolumeStableRescueTest-520473860-project-member] Using url versioning {{(pid=98889) process_request /opt/stack/glance/glance/api/middleware/version_negotiation.py:57}}
Jun 05 22:08:46.138154 np0000002231 devstack@g-api.service[98889]: DEBUG glance.api.middleware.version_negotiation [None req-6dcf3c95-3aaf-48b1-96d4-0378e3f23522 tempest-ServerBootFromVolumeStableRescueTest-520473860 tempest-ServerBootFromVolumeStableRescueTest-520473860-project-member] Matched version: v2 {{(pid=98889) process_request /opt/stack/glance/glance/api/middleware/version_negotiation.py:69}}
Jun 05 22:08:46.138154 np0000002231 devstack@g-api.service[98889]: DEBUG glance.api.middleware.version_negotiation [None req-6dcf3c95-3aaf-48b1-96d4-0378e3f23522 tempest-ServerBootFromVolumeStableRescueTest-520473860 tempest-ServerBootFromVolumeStableRescueTest-520473860-project-member] new path /v2/schemas/image {{(pid=98889) process_request /opt/stack/glance/glance/api/middleware/version_negotiation.py:70}}
Jun 05 22:08:46.139212 np0000002231 devstack@g-api.service[98889]: [pid: 98889|app: 0|req: 140/277] 127.0.0.1 () {44 vars in 1055 bytes} [Fri Jun 5 22:08:46 2026] GET /v2/schemas/image => generated 6083 bytes in 3 msecs (HTTP/1.1 200) 4 headers in 158 bytes (1 switches on core 0)
Jun 05 22:08:50.395423 np0000002231 devstack@g-api.service[98890]: DEBUG glance.api.middleware.version_negotiation [None req-28865ad6-f510-4476-a56a-f0a3a5aeaf2e tempest-VolumesBackupsTest-1969677826 tempest-VolumesBackupsTest-1969677826-project-member] Determining version of request: GET /v2/schemas/image Accept: */* {{(pid=98890) process_request /opt/stack/glance/glance/api/middleware/version_negotiation.py:44}}
Jun 05 22:08:50.395790 np0000002231 devstack@g-api.service[98890]: DEBUG glance.api.middleware.version_negotiation [None req-28865ad6-f510-4476-a56a-f0a3a5aeaf2e tempest-VolumesBackupsTest-1969677826 tempest-VolumesBackupsTest-1969677826-project-member] Using url versioning {{(pid=98890) process_request /opt/stack/glance/glance/api/middleware/version_negotiation.py:57}}
Jun 05 22:08:50.395790 np0000002231 devstack@g-api.service[98890]: DEBUG glance.api.middleware.version_negotiation [None req-28865ad6-f510-4476-a56a-f0a3a5aeaf2e tempest-VolumesBackupsTest-1969677826 tempest-VolumesBackupsTest-1969677826-project-member] Matched version: v2 {{(pid=98890) process_request /opt/stack/glance/glance/api/middleware/version_negotiation.py:69}}
Jun 05 22:08:50.395790 np0000002231 devstack@g-api.service[98890]: DEBUG glance.api.middleware.version_negotiation [None req-28865ad6-f510-4476-a56a-f0a3a5aeaf2e tempest-VolumesBackupsTest-1969677826 tempest-VolumesBackupsTest-1969677826-project-member] new path /v2/schemas/image {{(pid=98890) process_request /opt/stack/glance/glance/api/middleware/version_negotiation.py:70}}
Jun 05 22:08:50.481486 np0000002231 devstack@g-api.service[98890]: [pid: 98890|app: 0|req: 138/278] 127.0.0.1 () {44 vars in 1055 bytes} [Fri Jun 5 22:08:50 2026] GET /v2/schemas/image => generated 6083 bytes in 86 msecs (HTTP/1.1 200) 4 headers in 158 bytes (1 switches on core 0)
Jun 05 22:08:50.490158 np0000002231 devstack@g-api.service[98889]: DEBUG glance.api.middleware.version_negotiation [None req-28865ad6-f510-4476-a56a-f0a3a5aeaf2e tempest-VolumesBackupsTest-1969677826 tempest-VolumesBackupsTest-1969677826-project-member] Determining version of request: POST /v2/images Accept: */* {{(pid=98889) process_request /opt/stack/glance/glance/api/middleware/version_negotiation.py:44}}
Jun 05 22:08:50.490633 np0000002231 devstack@g-api.service[98889]: DEBUG glance.api.middleware.version_negotiation [None req-28865ad6-f510-4476-a56a-f0a3a5aeaf2e tempest-VolumesBackupsTest-1969677826 tempest-VolumesBackupsTest-1969677826-project-member] Using url versioning {{(pid=98889) process_request /opt/stack/glance/glance/api/middleware/version_negotiation.py:57}}
Jun 05 22:08:50.490633 np0000002231 devstack@g-api.service[98889]: DEBUG glance.api.middleware.version_negotiation [None req-28865ad6-f510-4476-a56a-f0a3a5aeaf2e tempest-VolumesBackupsTest-1969677826 tempest-VolumesBackupsTest-1969677826-project-member] Matched version: v2 {{(pid=98889) process_request /opt/stack/glance/glance/api/middleware/version_negotiation.py:69}}
Jun 05 22:08:50.490770 np0000002231 devstack@g-api.service[98889]: DEBUG glance.api.middleware.version_negotiation [None req-28865ad6-f510-4476-a56a-f0a3a5aeaf2e tempest-VolumesBackupsTest-1969677826 tempest-VolumesBackupsTest-1969677826-project-member] new path /v2/images {{(pid=98889) process_request /opt/stack/glance/glance/api/middleware/version_negotiation.py:70}}
Jun 05 22:08:51.054193 np0000002231 devstack@g-api.service[98889]: [pid: 98889|app: 0|req: 141/279] 127.0.0.1 () {46 vars in 1055 bytes} [Fri Jun 5 22:08:50 2026] POST /v2/images => generated 649 bytes in 564 msecs (HTTP/1.1 201) 6 headers in 315 bytes (1 switches on core 0)
Jun 05 22:08:51.066823 np0000002231 devstack@g-api.service[98890]: DEBUG glance.api.middleware.version_negotiation [None req-e5596f72-d68d-4387-a1d8-20f8e2250860 tempest-VolumesActionsTest-851311241 tempest-VolumesActionsTest-851311241-project-member] Determining version of request: GET /v2/images/c14cc186-01e7-4b16-9dcf-6da84ad71158 Accept: application/json {{(pid=98890) process_request /opt/stack/glance/glance/api/middleware/version_negotiation.py:44}}
Jun 05 22:08:51.066907 np0000002231 devstack@g-api.service[98890]: DEBUG glance.api.middleware.version_negotiation [None req-e5596f72-d68d-4387-a1d8-20f8e2250860 tempest-VolumesActionsTest-851311241 tempest-VolumesActionsTest-851311241-project-member] Using url versioning {{(pid=98890) process_request /opt/stack/glance/glance/api/middleware/version_negotiation.py:57}}
Jun 05 22:08:51.067067 np0000002231 devstack@g-api.service[98890]: DEBUG glance.api.middleware.version_negotiation [None req-e5596f72-d68d-4387-a1d8-20f8e2250860 tempest-VolumesActionsTest-851311241 tempest-VolumesActionsTest-851311241-project-member] Matched version: v2 {{(pid=98890) process_request /opt/stack/glance/glance/api/middleware/version_negotiation.py:69}}
Jun 05 22:08:51.067188 np0000002231 devstack@g-api.service[98890]: DEBUG glance.api.middleware.version_negotiation [None req-e5596f72-d68d-4387-a1d8-20f8e2250860 tempest-VolumesActionsTest-851311241 tempest-VolumesActionsTest-851311241-project-member] new path /v2/images/c14cc186-01e7-4b16-9dcf-6da84ad71158 {{(pid=98890) process_request /opt/stack/glance/glance/api/middleware/version_negotiation.py:70}}
Jun 05 22:08:51.074259 np0000002231 devstack@g-api.service[98890]: [pid: 98890|app: 0|req: 139/280] 127.0.0.1 () {40 vars in 838 bytes} [Fri Jun 5 22:08:51 2026] GET /v2/images/c14cc186-01e7-4b16-9dcf-6da84ad71158 => generated 649 bytes in 7 msecs (HTTP/1.1 200) 4 headers in 157 bytes (1 switches on core 0)
Jun 05 22:08:51.533410 np0000002231 devstack@g-api.service[98889]: DEBUG glance.api.middleware.version_negotiation [None req-e5596f72-d68d-4387-a1d8-20f8e2250860 tempest-VolumesActionsTest-851311241 tempest-VolumesActionsTest-851311241-project-member] Determining version of request: PUT /v2/images/c14cc186-01e7-4b16-9dcf-6da84ad71158/file Accept: */* {{(pid=98889) process_request /opt/stack/glance/glance/api/middleware/version_negotiation.py:44}}
Jun 05 22:08:51.533864 np0000002231 devstack@g-api.service[98889]: DEBUG glance.api.middleware.version_negotiation [None req-e5596f72-d68d-4387-a1d8-20f8e2250860 tempest-VolumesActionsTest-851311241 tempest-VolumesActionsTest-851311241-project-member] Using url versioning {{(pid=98889) process_request /opt/stack/glance/glance/api/middleware/version_negotiation.py:57}}
Jun 05 22:08:51.533864 np0000002231 devstack@g-api.service[98889]: DEBUG glance.api.middleware.version_negotiation [None req-e5596f72-d68d-4387-a1d8-20f8e2250860 tempest-VolumesActionsTest-851311241 tempest-VolumesActionsTest-851311241-project-member] Matched version: v2 {{(pid=98889) process_request /opt/stack/glance/glance/api/middleware/version_negotiation.py:69}}
Jun 05 22:08:51.533864 np0000002231 devstack@g-api.service[98889]: DEBUG glance.api.middleware.version_negotiation [None req-e5596f72-d68d-4387-a1d8-20f8e2250860 tempest-VolumesActionsTest-851311241 tempest-VolumesActionsTest-851311241-project-member] new path /v2/images/c14cc186-01e7-4b16-9dcf-6da84ad71158/file {{(pid=98889) process_request /opt/stack/glance/glance/api/middleware/version_negotiation.py:70}}
Jun 05 22:08:52.070675 np0000002231 devstack@g-api.service[98889]: INFO glance.api.v2.image_data [None req-e5596f72-d68d-4387-a1d8-20f8e2250860 tempest-VolumesActionsTest-851311241 tempest-VolumesActionsTest-851311241-project-member] Unable to create trust: no such option collect_timing in group [keystone_authtoken] Use the existing user token.
Jun 05 22:08:52.082554 np0000002231 devstack@g-api.service[98890]: DEBUG glance.api.middleware.version_negotiation [None req-d01d5798-8313-4ac3-8767-42f22ce48def tempest-VolumesActionsTest-851311241 tempest-VolumesActionsTest-851311241-project-member] Determining version of request: GET /v2/images/c14cc186-01e7-4b16-9dcf-6da84ad71158 Accept: application/json {{(pid=98890) process_request /opt/stack/glance/glance/api/middleware/version_negotiation.py:44}}
Jun 05 22:08:52.083055 np0000002231 devstack@g-api.service[98890]: DEBUG glance.api.middleware.version_negotiation [None req-d01d5798-8313-4ac3-8767-42f22ce48def tempest-VolumesActionsTest-851311241 tempest-VolumesActionsTest-851311241-project-member] Using url versioning {{(pid=98890) process_request /opt/stack/glance/glance/api/middleware/version_negotiation.py:57}}
Jun 05 22:08:52.083986 np0000002231 devstack@g-api.service[98890]: DEBUG glance.api.middleware.version_negotiation [None req-d01d5798-8313-4ac3-8767-42f22ce48def tempest-VolumesActionsTest-851311241 tempest-VolumesActionsTest-851311241-project-member] Matched version: v2 {{(pid=98890) process_request /opt/stack/glance/glance/api/middleware/version_negotiation.py:69}}
Jun 05 22:08:52.084133 np0000002231 devstack@g-api.service[98890]: DEBUG glance.api.middleware.version_negotiation [None req-d01d5798-8313-4ac3-8767-42f22ce48def tempest-VolumesActionsTest-851311241 tempest-VolumesActionsTest-851311241-project-member] new path /v2/images/c14cc186-01e7-4b16-9dcf-6da84ad71158 {{(pid=98890) process_request /opt/stack/glance/glance/api/middleware/version_negotiation.py:70}}
Jun 05 22:08:52.095861 np0000002231 devstack@g-api.service[98890]: [pid: 98890|app: 0|req: 140/281] 127.0.0.1 () {40 vars in 838 bytes} [Fri Jun 5 22:08:52 2026] GET /v2/images/c14cc186-01e7-4b16-9dcf-6da84ad71158 => generated 649 bytes in 13 msecs (HTTP/1.1 200) 4 headers in 157 bytes (1 switches on core 0)
Jun 05 22:08:52.523862 np0000002231 devstack@g-api.service[98889]: DEBUG glance.location [None req-e5596f72-d68d-4387-a1d8-20f8e2250860 tempest-VolumesActionsTest-851311241 tempest-VolumesActionsTest-851311241-project-member] Enabling in-flight format inspection for raw {{(pid=98889) set_data /opt/stack/glance/glance/location.py:616}}
Jun 05 22:08:52.526239 np0000002231 devstack@g-api.service[98889]: DEBUG glance_store.backend [None req-e5596f72-d68d-4387-a1d8-20f8e2250860 tempest-VolumesActionsTest-851311241 tempest-VolumesActionsTest-851311241-project-member] Attempting to import store swift {{(pid=98889) _load_store /opt/stack/data/venv/lib/python3.12/site-packages/glance_store/backend.py:215}}
Jun 05 22:08:52.526239 np0000002231 devstack@g-api.service[98889]: DEBUG glance_store.capabilities [None req-e5596f72-d68d-4387-a1d8-20f8e2250860 tempest-VolumesActionsTest-851311241 tempest-VolumesActionsTest-851311241-project-member] Store glance_store._drivers.swift.store.SingleTenantStore doesn't support updating dynamic storage capabilities. Please overwrite 'update_capabilities' method of the store to implement updating logics if needed. {{(pid=98889) update_capabilities /opt/stack/data/venv/lib/python3.12/site-packages/glance_store/capabilities.py:91}}
Jun 05 22:08:52.526239 np0000002231 devstack@g-api.service[98889]: DEBUG glance_store.driver [None req-e5596f72-d68d-4387-a1d8-20f8e2250860 tempest-VolumesActionsTest-851311241 tempest-VolumesActionsTest-851311241-project-member] Late loading location class glance_store._drivers.swift.store.StoreLocation {{(pid=98889) get_store_location_class /opt/stack/data/venv/lib/python3.12/site-packages/glance_store/driver.py:134}}
Jun 05 22:08:52.526239 np0000002231 devstack@g-api.service[98889]: DEBUG glance_store.location [None req-e5596f72-d68d-4387-a1d8-20f8e2250860 tempest-VolumesActionsTest-851311241 tempest-VolumesActionsTest-851311241-project-member] Registering scheme swift+https with {'store': , 'location_class': , 'store_entry': 'swift'} {{(pid=98889) register_scheme_map /opt/stack/data/venv/lib/python3.12/site-packages/glance_store/location.py:146}}
Jun 05 22:08:52.526523 np0000002231 devstack@g-api.service[98889]: DEBUG glance_store.location [None req-e5596f72-d68d-4387-a1d8-20f8e2250860 tempest-VolumesActionsTest-851311241 tempest-VolumesActionsTest-851311241-project-member] Registering scheme swift+https with {'store': , 'location_class': , 'store_entry': 'swift'} {{(pid=98889) register_scheme_map /opt/stack/data/venv/lib/python3.12/site-packages/glance_store/location.py:146}}
Jun 05 22:08:52.526523 np0000002231 devstack@g-api.service[98889]: DEBUG glance_store.location [None req-e5596f72-d68d-4387-a1d8-20f8e2250860 tempest-VolumesActionsTest-851311241 tempest-VolumesActionsTest-851311241-project-member] Registering scheme swift with {'store': , 'location_class': , 'store_entry': 'swift'} {{(pid=98889) register_scheme_map /opt/stack/data/venv/lib/python3.12/site-packages/glance_store/location.py:146}}
Jun 05 22:08:52.526523 np0000002231 devstack@g-api.service[98889]: DEBUG glance_store.location [None req-e5596f72-d68d-4387-a1d8-20f8e2250860 tempest-VolumesActionsTest-851311241 tempest-VolumesActionsTest-851311241-project-member] Registering scheme swift+https with {'store': , 'location_class': , 'store_entry': 'swift'} {{(pid=98889) register_scheme_map /opt/stack/data/venv/lib/python3.12/site-packages/glance_store/location.py:146}}
Jun 05 22:08:52.526641 np0000002231 devstack@g-api.service[98889]: DEBUG glance_store.location [None req-e5596f72-d68d-4387-a1d8-20f8e2250860 tempest-VolumesActionsTest-851311241 tempest-VolumesActionsTest-851311241-project-member] Registering scheme swift with {'store': , 'location_class': , 'store_entry': 'swift'} {{(pid=98889) register_scheme_map /opt/stack/data/venv/lib/python3.12/site-packages/glance_store/location.py:146}}
Jun 05 22:08:52.526641 np0000002231 devstack@g-api.service[98889]: DEBUG glance_store.location [None req-e5596f72-d68d-4387-a1d8-20f8e2250860 tempest-VolumesActionsTest-851311241 tempest-VolumesActionsTest-851311241-project-member] Registering scheme swift+http with {'store': , 'location_class': , 'store_entry': 'swift'} {{(pid=98889) register_scheme_map /opt/stack/data/venv/lib/python3.12/site-packages/glance_store/location.py:146}}
Jun 05 22:08:52.526711 np0000002231 devstack@g-api.service[98889]: DEBUG glance_store.location [None req-e5596f72-d68d-4387-a1d8-20f8e2250860 tempest-VolumesActionsTest-851311241 tempest-VolumesActionsTest-851311241-project-member] Registering scheme swift+https with {'store': , 'location_class': , 'store_entry': 'swift'} {{(pid=98889) register_scheme_map /opt/stack/data/venv/lib/python3.12/site-packages/glance_store/location.py:146}}
Jun 05 22:08:52.526760 np0000002231 devstack@g-api.service[98889]: DEBUG glance_store.location [None req-e5596f72-d68d-4387-a1d8-20f8e2250860 tempest-VolumesActionsTest-851311241 tempest-VolumesActionsTest-851311241-project-member] Registering scheme swift with {'store': , 'location_class': , 'store_entry': 'swift'} {{(pid=98889) register_scheme_map /opt/stack/data/venv/lib/python3.12/site-packages/glance_store/location.py:146}}
Jun 05 22:08:52.526910 np0000002231 devstack@g-api.service[98889]: DEBUG glance_store.location [None req-e5596f72-d68d-4387-a1d8-20f8e2250860 tempest-VolumesActionsTest-851311241 tempest-VolumesActionsTest-851311241-project-member] Registering scheme swift+http with {'store': , 'location_class': , 'store_entry': 'swift'} {{(pid=98889) register_scheme_map /opt/stack/data/venv/lib/python3.12/site-packages/glance_store/location.py:146}}
Jun 05 22:08:52.526910 np0000002231 devstack@g-api.service[98889]: DEBUG glance_store.location [None req-e5596f72-d68d-4387-a1d8-20f8e2250860 tempest-VolumesActionsTest-851311241 tempest-VolumesActionsTest-851311241-project-member] Registering scheme swift+config with {'store': , 'location_class': , 'store_entry': 'swift'} {{(pid=98889) register_scheme_map /opt/stack/data/venv/lib/python3.12/site-packages/glance_store/location.py:146}}
Jun 05 22:08:52.777049 np0000002231 devstack@g-api.service[98889]: DEBUG swiftclient [None req-e5596f72-d68d-4387-a1d8-20f8e2250860 tempest-VolumesActionsTest-851311241 tempest-VolumesActionsTest-851311241-project-member] REQ: curl -i https://10.4.3.174:8080/v1/AUTH_2110a678945844e994e2c57612b458fd/glance -I -H "X-Auth-Token: gAAAAABqI0j0HfeK..." {{(pid=98889) http_log /opt/stack/data/venv/lib/python3.12/site-packages/swiftclient/client.py:160}}
Jun 05 22:08:52.777430 np0000002231 devstack@g-api.service[98889]: DEBUG swiftclient [None req-e5596f72-d68d-4387-a1d8-20f8e2250860 tempest-VolumesActionsTest-851311241 tempest-VolumesActionsTest-851311241-project-member] RESP STATUS: 204 No Content {{(pid=98889) http_log /opt/stack/data/venv/lib/python3.12/site-packages/swiftclient/client.py:161}}
Jun 05 22:08:52.777430 np0000002231 devstack@g-api.service[98889]: DEBUG swiftclient [None req-e5596f72-d68d-4387-a1d8-20f8e2250860 tempest-VolumesActionsTest-851311241 tempest-VolumesActionsTest-851311241-project-member] RESP HEADERS: {'Date': 'Fri, 05 Jun 2026 22:08:52 GMT', 'Server': 'Apache/2.4.58 (Ubuntu)', 'Content-Type': 'text/plain; charset=utf-8', 'X-Container-Object-Count': '3', 'X-Container-Bytes-Used': '64356352', 'X-Timestamp': '1780696859.40384', 'Last-Modified': 'Fri, 05 Jun 2026 22:01:00 GMT', 'Accept-Ranges': 'bytes', 'X-Storage-Policy': 'Policy-0', 'X-Container-Sharding': 'False', 'Vary': 'Accept', 'X-Trans-Id': 'txf84b156ba21047a5ad25e-006a2348f4', 'X-Openstack-Request-Id': 'txf84b156ba21047a5ad25e-006a2348f4', 'Connection': 'close'} {{(pid=98889) http_log /opt/stack/data/venv/lib/python3.12/site-packages/swiftclient/client.py:162}}
Jun 05 22:08:52.777807 np0000002231 devstack@g-api.service[98889]: DEBUG glance_store._drivers.swift.store [None req-e5596f72-d68d-4387-a1d8-20f8e2250860 tempest-VolumesActionsTest-851311241 tempest-VolumesActionsTest-851311241-project-member] Adding image object 'c14cc186-01e7-4b16-9dcf-6da84ad71158' to Swift {{(pid=98889) add /opt/stack/data/venv/lib/python3.12/site-packages/glance_store/_drivers/swift/store.py:970}}
Jun 05 22:08:52.787724 np0000002231 devstack@g-api.service[98889]: DEBUG glance_store._drivers.swift.store [None req-e5596f72-d68d-4387-a1d8-20f8e2250860 tempest-VolumesActionsTest-851311241 tempest-VolumesActionsTest-851311241-project-member] Cannot determine image size because it is either not provided in the request or chunked-transfer encoding is used. Adding image as a segmented object to Swift. {{(pid=98889) add /opt/stack/data/venv/lib/python3.12/site-packages/glance_store/_drivers/swift/store.py:994}}
Jun 05 22:08:52.798976 np0000002231 devstack@g-api.service[98889]: DEBUG oslo_utils.imageutils.format_inspector [None req-e5596f72-d68d-4387-a1d8-20f8e2250860 tempest-VolumesActionsTest-851311241 tempest-VolumesActionsTest-851311241-project-member] Format inspector for vmdk does not match, excluding from consideration (Signature KDMV not found: b'\x00\x00\x00\x00') {{(pid=98889) _process_chunk /opt/stack/data/venv/lib/python3.12/site-packages/oslo_utils/imageutils/format_inspector.py:1758}}
Jun 05 22:08:52.801482 np0000002231 devstack@g-api.service[98889]: DEBUG oslo_utils.imageutils.format_inspector [None req-e5596f72-d68d-4387-a1d8-20f8e2250860 tempest-VolumesActionsTest-851311241 tempest-VolumesActionsTest-851311241-project-member] Format inspector for vhdx does not match, excluding from consideration (Region signature not found at 30000) {{(pid=98889) _process_chunk /opt/stack/data/venv/lib/python3.12/site-packages/oslo_utils/imageutils/format_inspector.py:1758}}
Jun 05 22:08:53.110005 np0000002231 devstack@g-api.service[98890]: DEBUG glance.api.middleware.version_negotiation [None req-babe2640-0443-4bb9-9f92-480db8627878 tempest-VolumesActionsTest-851311241 tempest-VolumesActionsTest-851311241-project-member] Determining version of request: GET /v2/images/c14cc186-01e7-4b16-9dcf-6da84ad71158 Accept: application/json {{(pid=98890) process_request /opt/stack/glance/glance/api/middleware/version_negotiation.py:44}}
Jun 05 22:08:53.110005 np0000002231 devstack@g-api.service[98890]: DEBUG glance.api.middleware.version_negotiation [None req-babe2640-0443-4bb9-9f92-480db8627878 tempest-VolumesActionsTest-851311241 tempest-VolumesActionsTest-851311241-project-member] Using url versioning {{(pid=98890) process_request /opt/stack/glance/glance/api/middleware/version_negotiation.py:57}}
Jun 05 22:08:53.110005 np0000002231 devstack@g-api.service[98890]: DEBUG glance.api.middleware.version_negotiation [None req-babe2640-0443-4bb9-9f92-480db8627878 tempest-VolumesActionsTest-851311241 tempest-VolumesActionsTest-851311241-project-member] Matched version: v2 {{(pid=98890) process_request /opt/stack/glance/glance/api/middleware/version_negotiation.py:69}}
Jun 05 22:08:53.110005 np0000002231 devstack@g-api.service[98890]: DEBUG glance.api.middleware.version_negotiation [None req-babe2640-0443-4bb9-9f92-480db8627878 tempest-VolumesActionsTest-851311241 tempest-VolumesActionsTest-851311241-project-member] new path /v2/images/c14cc186-01e7-4b16-9dcf-6da84ad71158 {{(pid=98890) process_request /opt/stack/glance/glance/api/middleware/version_negotiation.py:70}}
Jun 05 22:08:53.132643 np0000002231 devstack@g-api.service[98890]: [pid: 98890|app: 0|req: 141/282] 127.0.0.1 () {40 vars in 838 bytes} [Fri Jun 5 22:08:53 2026] GET /v2/images/c14cc186-01e7-4b16-9dcf-6da84ad71158 => generated 649 bytes in 24 msecs (HTTP/1.1 200) 4 headers in 157 bytes (1 switches on core 0)
Jun 05 22:08:54.145084 np0000002231 devstack@g-api.service[98890]: DEBUG glance.api.middleware.version_negotiation [None req-84ab00e0-073f-4369-84bc-fbc5c12e2db5 tempest-VolumesActionsTest-851311241 tempest-VolumesActionsTest-851311241-project-member] Determining version of request: GET /v2/images/c14cc186-01e7-4b16-9dcf-6da84ad71158 Accept: application/json {{(pid=98890) process_request /opt/stack/glance/glance/api/middleware/version_negotiation.py:44}}
Jun 05 22:08:54.145084 np0000002231 devstack@g-api.service[98890]: DEBUG glance.api.middleware.version_negotiation [None req-84ab00e0-073f-4369-84bc-fbc5c12e2db5 tempest-VolumesActionsTest-851311241 tempest-VolumesActionsTest-851311241-project-member] Using url versioning {{(pid=98890) process_request /opt/stack/glance/glance/api/middleware/version_negotiation.py:57}}
Jun 05 22:08:54.145084 np0000002231 devstack@g-api.service[98890]: DEBUG glance.api.middleware.version_negotiation [None req-84ab00e0-073f-4369-84bc-fbc5c12e2db5 tempest-VolumesActionsTest-851311241 tempest-VolumesActionsTest-851311241-project-member] Matched version: v2 {{(pid=98890) process_request /opt/stack/glance/glance/api/middleware/version_negotiation.py:69}}
Jun 05 22:08:54.145084 np0000002231 devstack@g-api.service[98890]: DEBUG glance.api.middleware.version_negotiation [None req-84ab00e0-073f-4369-84bc-fbc5c12e2db5 tempest-VolumesActionsTest-851311241 tempest-VolumesActionsTest-851311241-project-member] new path /v2/images/c14cc186-01e7-4b16-9dcf-6da84ad71158 {{(pid=98890) process_request /opt/stack/glance/glance/api/middleware/version_negotiation.py:70}}
Jun 05 22:08:54.160349 np0000002231 devstack@g-api.service[98890]: [pid: 98890|app: 0|req: 142/283] 127.0.0.1 () {40 vars in 838 bytes} [Fri Jun 5 22:08:54 2026] GET /v2/images/c14cc186-01e7-4b16-9dcf-6da84ad71158 => generated 649 bytes in 16 msecs (HTTP/1.1 200) 4 headers in 157 bytes (1 switches on core 0)
Jun 05 22:08:54.538503 np0000002231 devstack@g-api.service[98890]: DEBUG glance.api.middleware.version_negotiation [None req-64ba2399-a50b-4d48-8ed0-223714546e5c tempest-VolumesActionsTest-851311241 tempest-VolumesActionsTest-851311241-project-member] Determining version of request: POST /v2/images Accept: application/json {{(pid=98890) process_request /opt/stack/glance/glance/api/middleware/version_negotiation.py:44}}
Jun 05 22:08:54.539094 np0000002231 devstack@g-api.service[98890]: DEBUG glance.api.middleware.version_negotiation [None req-64ba2399-a50b-4d48-8ed0-223714546e5c tempest-VolumesActionsTest-851311241 tempest-VolumesActionsTest-851311241-project-member] Using url versioning {{(pid=98890) process_request /opt/stack/glance/glance/api/middleware/version_negotiation.py:57}}
Jun 05 22:08:54.539094 np0000002231 devstack@g-api.service[98890]: DEBUG glance.api.middleware.version_negotiation [None req-64ba2399-a50b-4d48-8ed0-223714546e5c tempest-VolumesActionsTest-851311241 tempest-VolumesActionsTest-851311241-project-member] Matched version: v2 {{(pid=98890) process_request /opt/stack/glance/glance/api/middleware/version_negotiation.py:69}}
Jun 05 22:08:54.539094 np0000002231 devstack@g-api.service[98890]: DEBUG glance.api.middleware.version_negotiation [None req-64ba2399-a50b-4d48-8ed0-223714546e5c tempest-VolumesActionsTest-851311241 tempest-VolumesActionsTest-851311241-project-member] new path /v2/images {{(pid=98890) process_request /opt/stack/glance/glance/api/middleware/version_negotiation.py:70}}
Jun 05 22:08:55.358761 np0000002231 devstack@g-api.service[98889]: DEBUG swiftclient [None req-e5596f72-d68d-4387-a1d8-20f8e2250860 tempest-VolumesActionsTest-851311241 tempest-VolumesActionsTest-851311241-project-member] REQ: curl -i https://10.4.3.174:8080/v1/AUTH_2110a678945844e994e2c57612b458fd/glance/c14cc186-01e7-4b16-9dcf-6da84ad71158-00001 -X PUT -H "X-Auth-Token: gAAAAABqI0j0HfeK..." {{(pid=98889) http_log /opt/stack/data/venv/lib/python3.12/site-packages/swiftclient/client.py:160}}
Jun 05 22:08:55.358761 np0000002231 devstack@g-api.service[98889]: DEBUG swiftclient [None req-e5596f72-d68d-4387-a1d8-20f8e2250860 tempest-VolumesActionsTest-851311241 tempest-VolumesActionsTest-851311241-project-member] RESP STATUS: 201 Created {{(pid=98889) http_log /opt/stack/data/venv/lib/python3.12/site-packages/swiftclient/client.py:161}}
Jun 05 22:08:55.358761 np0000002231 devstack@g-api.service[98889]: DEBUG swiftclient [None req-e5596f72-d68d-4387-a1d8-20f8e2250860 tempest-VolumesActionsTest-851311241 tempest-VolumesActionsTest-851311241-project-member] RESP HEADERS: {'Date': 'Fri, 05 Jun 2026 22:08:55 GMT', 'Server': 'Apache/2.4.58 (Ubuntu)', 'Content-Type': 'text/html; charset=UTF-8', 'Content-Length': '0', 'Etag': 'eda9a9889837ac4bc81d6387d92c1bec', 'Last-Modified': 'Fri, 05 Jun 2026 22:08:53 GMT', 'X-Trans-Id': 'txf025b39346724268a28ab-006a2348f4', 'X-Openstack-Request-Id': 'txf025b39346724268a28ab-006a2348f4', 'Connection': 'close'} {{(pid=98889) http_log /opt/stack/data/venv/lib/python3.12/site-packages/swiftclient/client.py:162}}
Jun 05 22:08:55.358761 np0000002231 devstack@g-api.service[98889]: DEBUG glance_store._drivers.swift.store [None req-e5596f72-d68d-4387-a1d8-20f8e2250860 tempest-VolumesActionsTest-851311241 tempest-VolumesActionsTest-851311241-project-member] Wrote chunk c14cc186-01e7-4b16-9dcf-6da84ad71158-00001 (1/?) of length 204800000 to Swift returning MD5 of content: eda9a9889837ac4bc81d6387d92c1bec {{(pid=98889) add /opt/stack/data/venv/lib/python3.12/site-packages/glance_store/_drivers/swift/store.py:1059}}
Jun 05 22:08:55.608524 np0000002231 devstack@g-api.service[98890]: [pid: 98890|app: 0|req: 143/284] 127.0.0.1 () {42 vars in 786 bytes} [Fri Jun 5 22:08:54 2026] POST /v2/images => generated 652 bytes in 1070 msecs (HTTP/1.1 201) 6 headers in 315 bytes (1 switches on core 0)
Jun 05 22:08:55.609605 np0000002231 devstack@g-api.service[98890]: DEBUG glance.api.middleware.version_negotiation [None req-479739b3-77a4-4d26-80c2-b512d7905710 tempest-VolumesNegativeTest-1843540751 tempest-VolumesNegativeTest-1843540751-project-member] Determining version of request: GET /v2/images/c14cc186-01e7-4b16-9dcf-6da84ad71158 Accept: application/json {{(pid=98890) process_request /opt/stack/glance/glance/api/middleware/version_negotiation.py:44}}
Jun 05 22:08:55.609937 np0000002231 devstack@g-api.service[98890]: DEBUG glance.api.middleware.version_negotiation [None req-479739b3-77a4-4d26-80c2-b512d7905710 tempest-VolumesNegativeTest-1843540751 tempest-VolumesNegativeTest-1843540751-project-member] Using url versioning {{(pid=98890) process_request /opt/stack/glance/glance/api/middleware/version_negotiation.py:57}}
Jun 05 22:08:55.610227 np0000002231 devstack@g-api.service[98890]: DEBUG glance.api.middleware.version_negotiation [None req-479739b3-77a4-4d26-80c2-b512d7905710 tempest-VolumesNegativeTest-1843540751 tempest-VolumesNegativeTest-1843540751-project-member] Matched version: v2 {{(pid=98890) process_request /opt/stack/glance/glance/api/middleware/version_negotiation.py:69}}
