Jun 04 10:49:21.634276 np0000002129 devstack@g-api.service[98902]: [pid: 98902|app: 0|req: 39/101] 127.0.0.1 () {44 vars in 1111 bytes} [Thu Jun 4 10:49:21 2026] GET /v2/images/d28ac04e-13ed-4e31-b1dd-63eb423004eb => generated 1358 bytes in 16 msecs (HTTP/1.1 200) 4 headers in 158 bytes (1 switches on core 0)
Jun 04 10:49:21.683318 np0000002129 devstack@g-api.service[98901]: DEBUG glance.api.middleware.version_negotiation [None req-3c62f94a-4dcc-4cf2-a460-4e318c94b1c5 tempest-ServerBootFromVolumeStableRescueTest-1187172917 tempest-ServerBootFromVolumeStableRescueTest-1187172917-project-member] Determining version of request: GET /v2/schemas/image Accept: */* {{(pid=98901) process_request /opt/stack/glance/glance/api/middleware/version_negotiation.py:44}}
Jun 04 10:49:21.683487 np0000002129 devstack@g-api.service[98901]: DEBUG glance.api.middleware.version_negotiation [None req-3c62f94a-4dcc-4cf2-a460-4e318c94b1c5 tempest-ServerBootFromVolumeStableRescueTest-1187172917 tempest-ServerBootFromVolumeStableRescueTest-1187172917-project-member] Using url versioning {{(pid=98901) process_request /opt/stack/glance/glance/api/middleware/version_negotiation.py:57}}
Jun 04 10:49:21.683890 np0000002129 devstack@g-api.service[98901]: DEBUG glance.api.middleware.version_negotiation [None req-3c62f94a-4dcc-4cf2-a460-4e318c94b1c5 tempest-ServerBootFromVolumeStableRescueTest-1187172917 tempest-ServerBootFromVolumeStableRescueTest-1187172917-project-member] Matched version: v2 {{(pid=98901) process_request /opt/stack/glance/glance/api/middleware/version_negotiation.py:69}}
Jun 04 10:49:21.683890 np0000002129 devstack@g-api.service[98901]: DEBUG glance.api.middleware.version_negotiation [None req-3c62f94a-4dcc-4cf2-a460-4e318c94b1c5 tempest-ServerBootFromVolumeStableRescueTest-1187172917 tempest-ServerBootFromVolumeStableRescueTest-1187172917-project-member] new path /v2/schemas/image {{(pid=98901) process_request /opt/stack/glance/glance/api/middleware/version_negotiation.py:70}}
Jun 04 10:49:21.686655 np0000002129 devstack@g-api.service[98901]: [pid: 98901|app: 0|req: 63/102] 127.0.0.1 () {44 vars in 1051 bytes} [Thu Jun 4 10:49:21 2026] GET /v2/schemas/image => generated 6083 bytes in 3 msecs (HTTP/1.1 200) 4 headers in 158 bytes (1 switches on core 0)
Jun 04 10:49:22.049193 np0000002129 devstack@g-api.service[98902]: DEBUG glance.api.middleware.version_negotiation [None req-c1003ff7-e545-4bd1-a4d6-7b770ca5d8df tempest-ServerBootFromVolumeStableRescueTest-1187172917 tempest-ServerBootFromVolumeStableRescueTest-1187172917-project-member] Determining version of request: GET /v2/images/d28ac04e-13ed-4e31-b1dd-63eb423004eb Accept: application/json {{(pid=98902) process_request /opt/stack/glance/glance/api/middleware/version_negotiation.py:44}}
Jun 04 10:49:22.049384 np0000002129 devstack@g-api.service[98902]: DEBUG glance.api.middleware.version_negotiation [None req-c1003ff7-e545-4bd1-a4d6-7b770ca5d8df tempest-ServerBootFromVolumeStableRescueTest-1187172917 tempest-ServerBootFromVolumeStableRescueTest-1187172917-project-member] Using url versioning {{(pid=98902) process_request /opt/stack/glance/glance/api/middleware/version_negotiation.py:57}}
Jun 04 10:49:22.049527 np0000002129 devstack@g-api.service[98902]: DEBUG glance.api.middleware.version_negotiation [None req-c1003ff7-e545-4bd1-a4d6-7b770ca5d8df tempest-ServerBootFromVolumeStableRescueTest-1187172917 tempest-ServerBootFromVolumeStableRescueTest-1187172917-project-member] Matched version: v2 {{(pid=98902) process_request /opt/stack/glance/glance/api/middleware/version_negotiation.py:69}}
Jun 04 10:49:22.049633 np0000002129 devstack@g-api.service[98902]: DEBUG glance.api.middleware.version_negotiation [None req-c1003ff7-e545-4bd1-a4d6-7b770ca5d8df tempest-ServerBootFromVolumeStableRescueTest-1187172917 tempest-ServerBootFromVolumeStableRescueTest-1187172917-project-member] new path /v2/images/d28ac04e-13ed-4e31-b1dd-63eb423004eb {{(pid=98902) process_request /opt/stack/glance/glance/api/middleware/version_negotiation.py:70}}
Jun 04 10:49:22.071417 np0000002129 devstack@g-api.service[98902]: [pid: 98902|app: 0|req: 40/103] 127.0.0.1 () {40 vars in 834 bytes} [Thu Jun 4 10:49:22 2026] GET /v2/images/d28ac04e-13ed-4e31-b1dd-63eb423004eb => generated 1358 bytes in 22 msecs (HTTP/1.1 200) 4 headers in 158 bytes (1 switches on core 0)
Jun 04 10:49:23.080664 np0000002129 devstack@g-api.service[98901]: DEBUG glance.api.middleware.version_negotiation [None req-c1003ff7-e545-4bd1-a4d6-7b770ca5d8df tempest-ServerBootFromVolumeStableRescueTest-1187172917 tempest-ServerBootFromVolumeStableRescueTest-1187172917-project-member] Determining version of request: GET /v2/images/d28ac04e-13ed-4e31-b1dd-63eb423004eb Accept: application/json {{(pid=98901) process_request /opt/stack/glance/glance/api/middleware/version_negotiation.py:44}}
Jun 04 10:49:23.081004 np0000002129 devstack@g-api.service[98901]: DEBUG glance.api.middleware.version_negotiation [None req-c1003ff7-e545-4bd1-a4d6-7b770ca5d8df tempest-ServerBootFromVolumeStableRescueTest-1187172917 tempest-ServerBootFromVolumeStableRescueTest-1187172917-project-member] Using url versioning {{(pid=98901) process_request /opt/stack/glance/glance/api/middleware/version_negotiation.py:57}}
Jun 04 10:49:23.081004 np0000002129 devstack@g-api.service[98901]: DEBUG glance.api.middleware.version_negotiation [None req-c1003ff7-e545-4bd1-a4d6-7b770ca5d8df tempest-ServerBootFromVolumeStableRescueTest-1187172917 tempest-ServerBootFromVolumeStableRescueTest-1187172917-project-member] Matched version: v2 {{(pid=98901) process_request /opt/stack/glance/glance/api/middleware/version_negotiation.py:69}}
Jun 04 10:49:23.081087 np0000002129 devstack@g-api.service[98901]: DEBUG glance.api.middleware.version_negotiation [None req-c1003ff7-e545-4bd1-a4d6-7b770ca5d8df tempest-ServerBootFromVolumeStableRescueTest-1187172917 tempest-ServerBootFromVolumeStableRescueTest-1187172917-project-member] new path /v2/images/d28ac04e-13ed-4e31-b1dd-63eb423004eb {{(pid=98901) process_request /opt/stack/glance/glance/api/middleware/version_negotiation.py:70}}
Jun 04 10:49:23.093437 np0000002129 devstack@g-api.service[98901]: [pid: 98901|app: 0|req: 64/104] 127.0.0.1 () {40 vars in 834 bytes} [Thu Jun 4 10:49:23 2026] GET /v2/images/d28ac04e-13ed-4e31-b1dd-63eb423004eb => generated 1358 bytes in 13 msecs (HTTP/1.1 200) 4 headers in 158 bytes (1 switches on core 0)
Jun 04 10:49:24.107746 np0000002129 devstack@g-api.service[98902]: DEBUG glance.api.middleware.version_negotiation [None req-14f79a03-e281-4e34-9492-c8a5bb47a7f9 tempest-ServerBootFromVolumeStableRescueTest-1187172917 tempest-ServerBootFromVolumeStableRescueTest-1187172917-project-member] Determining version of request: GET /v2/images/d28ac04e-13ed-4e31-b1dd-63eb423004eb Accept: application/json {{(pid=98902) process_request /opt/stack/glance/glance/api/middleware/version_negotiation.py:44}}
Jun 04 10:49:24.108382 np0000002129 devstack@g-api.service[98902]: DEBUG glance.api.middleware.version_negotiation [None req-14f79a03-e281-4e34-9492-c8a5bb47a7f9 tempest-ServerBootFromVolumeStableRescueTest-1187172917 tempest-ServerBootFromVolumeStableRescueTest-1187172917-project-member] Using url versioning {{(pid=98902) process_request /opt/stack/glance/glance/api/middleware/version_negotiation.py:57}}
Jun 04 10:49:24.110996 np0000002129 devstack@g-api.service[98902]: DEBUG glance.api.middleware.version_negotiation [None req-14f79a03-e281-4e34-9492-c8a5bb47a7f9 tempest-ServerBootFromVolumeStableRescueTest-1187172917 tempest-ServerBootFromVolumeStableRescueTest-1187172917-project-member] Matched version: v2 {{(pid=98902) process_request /opt/stack/glance/glance/api/middleware/version_negotiation.py:69}}
Jun 04 10:49:24.111107 np0000002129 devstack@g-api.service[98902]: DEBUG glance.api.middleware.version_negotiation [None req-14f79a03-e281-4e34-9492-c8a5bb47a7f9 tempest-ServerBootFromVolumeStableRescueTest-1187172917 tempest-ServerBootFromVolumeStableRescueTest-1187172917-project-member] new path /v2/images/d28ac04e-13ed-4e31-b1dd-63eb423004eb {{(pid=98902) process_request /opt/stack/glance/glance/api/middleware/version_negotiation.py:70}}
Jun 04 10:49:24.136027 np0000002129 devstack@g-api.service[98902]: [pid: 98902|app: 0|req: 41/105] 127.0.0.1 () {40 vars in 834 bytes} [Thu Jun 4 10:49:24 2026] GET /v2/images/d28ac04e-13ed-4e31-b1dd-63eb423004eb => generated 1358 bytes in 29 msecs (HTTP/1.1 200) 4 headers in 158 bytes (1 switches on core 0)
Jun 04 10:49:24.791389 np0000002129 devstack@g-api.service[98901]: DEBUG glance.api.middleware.version_negotiation [None req-0a5d2c2b-1c8e-4ee3-87b5-f404d15824e6 tempest-ServerBootFromVolumeStableRescueTest-1187172917 tempest-ServerBootFromVolumeStableRescueTest-1187172917-project-member] Determining version of request: GET /v2/images/d28ac04e-13ed-4e31-b1dd-63eb423004eb Accept: */* {{(pid=98901) process_request /opt/stack/glance/glance/api/middleware/version_negotiation.py:44}}
Jun 04 10:49:24.794177 np0000002129 devstack@g-api.service[98901]: DEBUG glance.api.middleware.version_negotiation [None req-0a5d2c2b-1c8e-4ee3-87b5-f404d15824e6 tempest-ServerBootFromVolumeStableRescueTest-1187172917 tempest-ServerBootFromVolumeStableRescueTest-1187172917-project-member] Using url versioning {{(pid=98901) process_request /opt/stack/glance/glance/api/middleware/version_negotiation.py:57}}
Jun 04 10:49:24.794591 np0000002129 devstack@g-api.service[98901]: DEBUG glance.api.middleware.version_negotiation [None req-0a5d2c2b-1c8e-4ee3-87b5-f404d15824e6 tempest-ServerBootFromVolumeStableRescueTest-1187172917 tempest-ServerBootFromVolumeStableRescueTest-1187172917-project-member] Matched version: v2 {{(pid=98901) process_request /opt/stack/glance/glance/api/middleware/version_negotiation.py:69}}
Jun 04 10:49:24.794836 np0000002129 devstack@g-api.service[98901]: DEBUG glance.api.middleware.version_negotiation [None req-0a5d2c2b-1c8e-4ee3-87b5-f404d15824e6 tempest-ServerBootFromVolumeStableRescueTest-1187172917 tempest-ServerBootFromVolumeStableRescueTest-1187172917-project-member] new path /v2/images/d28ac04e-13ed-4e31-b1dd-63eb423004eb {{(pid=98901) process_request /opt/stack/glance/glance/api/middleware/version_negotiation.py:70}}
Jun 04 10:49:24.817091 np0000002129 devstack@g-api.service[98901]: [pid: 98901|app: 0|req: 65/106] 127.0.0.1 () {44 vars in 1111 bytes} [Thu Jun 4 10:49:24 2026] GET /v2/images/d28ac04e-13ed-4e31-b1dd-63eb423004eb => generated 1358 bytes in 26 msecs (HTTP/1.1 200) 4 headers in 158 bytes (1 switches on core 0)
Jun 04 10:49:24.880238 np0000002129 devstack@g-api.service[98902]: DEBUG glance.api.middleware.version_negotiation [None req-ffa05151-3e7a-46a4-bf78-cfea075e61f2 tempest-ServerBootFromVolumeStableRescueTest-1187172917 tempest-ServerBootFromVolumeStableRescueTest-1187172917-project-member] Determining version of request: GET /v2/schemas/image Accept: */* {{(pid=98902) process_request /opt/stack/glance/glance/api/middleware/version_negotiation.py:44}}
Jun 04 10:49:24.880409 np0000002129 devstack@g-api.service[98902]: DEBUG glance.api.middleware.version_negotiation [None req-ffa05151-3e7a-46a4-bf78-cfea075e61f2 tempest-ServerBootFromVolumeStableRescueTest-1187172917 tempest-ServerBootFromVolumeStableRescueTest-1187172917-project-member] Using url versioning {{(pid=98902) process_request /opt/stack/glance/glance/api/middleware/version_negotiation.py:57}}
Jun 04 10:49:24.880519 np0000002129 devstack@g-api.service[98902]: DEBUG glance.api.middleware.version_negotiation [None req-ffa05151-3e7a-46a4-bf78-cfea075e61f2 tempest-ServerBootFromVolumeStableRescueTest-1187172917 tempest-ServerBootFromVolumeStableRescueTest-1187172917-project-member] Matched version: v2 {{(pid=98902) process_request /opt/stack/glance/glance/api/middleware/version_negotiation.py:69}}
Jun 04 10:49:24.880639 np0000002129 devstack@g-api.service[98902]: DEBUG glance.api.middleware.version_negotiation [None req-ffa05151-3e7a-46a4-bf78-cfea075e61f2 tempest-ServerBootFromVolumeStableRescueTest-1187172917 tempest-ServerBootFromVolumeStableRescueTest-1187172917-project-member] new path /v2/schemas/image {{(pid=98902) process_request /opt/stack/glance/glance/api/middleware/version_negotiation.py:70}}
Jun 04 10:49:24.886238 np0000002129 devstack@g-api.service[98902]: [pid: 98902|app: 0|req: 42/107] 127.0.0.1 () {44 vars in 1051 bytes} [Thu Jun 4 10:49:24 2026] GET /v2/schemas/image => generated 6083 bytes in 6 msecs (HTTP/1.1 200) 4 headers in 158 bytes (1 switches on core 0)
Jun 04 10:49:24.942122 np0000002129 devstack@g-api.service[98901]: DEBUG glance.api.middleware.version_negotiation [None req-c1003ff7-e545-4bd1-a4d6-7b770ca5d8df tempest-ServerBootFromVolumeStableRescueTest-1187172917 tempest-ServerBootFromVolumeStableRescueTest-1187172917-project-member] Determining version of request: GET /v2/schemas/image Accept: */* {{(pid=98901) process_request /opt/stack/glance/glance/api/middleware/version_negotiation.py:44}}
Jun 04 10:49:24.942327 np0000002129 devstack@g-api.service[98901]: DEBUG glance.api.middleware.version_negotiation [None req-c1003ff7-e545-4bd1-a4d6-7b770ca5d8df tempest-ServerBootFromVolumeStableRescueTest-1187172917 tempest-ServerBootFromVolumeStableRescueTest-1187172917-project-member] Using url versioning {{(pid=98901) process_request /opt/stack/glance/glance/api/middleware/version_negotiation.py:57}}
Jun 04 10:49:24.942489 np0000002129 devstack@g-api.service[98901]: DEBUG glance.api.middleware.version_negotiation [None req-c1003ff7-e545-4bd1-a4d6-7b770ca5d8df tempest-ServerBootFromVolumeStableRescueTest-1187172917 tempest-ServerBootFromVolumeStableRescueTest-1187172917-project-member] Matched version: v2 {{(pid=98901) process_request /opt/stack/glance/glance/api/middleware/version_negotiation.py:69}}
Jun 04 10:49:24.942629 np0000002129 devstack@g-api.service[98901]: DEBUG glance.api.middleware.version_negotiation [None req-c1003ff7-e545-4bd1-a4d6-7b770ca5d8df tempest-ServerBootFromVolumeStableRescueTest-1187172917 tempest-ServerBootFromVolumeStableRescueTest-1187172917-project-member] new path /v2/schemas/image {{(pid=98901) process_request /opt/stack/glance/glance/api/middleware/version_negotiation.py:70}}
Jun 04 10:49:24.945923 np0000002129 devstack@g-api.service[98901]: [pid: 98901|app: 0|req: 66/108] 127.0.0.1 () {44 vars in 1051 bytes} [Thu Jun 4 10:49:24 2026] GET /v2/schemas/image => generated 6083 bytes in 4 msecs (HTTP/1.1 200) 4 headers in 158 bytes (1 switches on core 0)
Jun 04 10:49:25.076845 np0000002129 devstack@g-api.service[98902]: DEBUG glance.api.middleware.version_negotiation [None req-c1003ff7-e545-4bd1-a4d6-7b770ca5d8df tempest-ServerBootFromVolumeStableRescueTest-1187172917 tempest-ServerBootFromVolumeStableRescueTest-1187172917-project-member] Determining version of request: PATCH /v2/images/d28ac04e-13ed-4e31-b1dd-63eb423004eb Accept: */* {{(pid=98902) process_request /opt/stack/glance/glance/api/middleware/version_negotiation.py:44}}
Jun 04 10:49:25.077079 np0000002129 devstack@g-api.service[98902]: DEBUG glance.api.middleware.version_negotiation [None req-c1003ff7-e545-4bd1-a4d6-7b770ca5d8df tempest-ServerBootFromVolumeStableRescueTest-1187172917 tempest-ServerBootFromVolumeStableRescueTest-1187172917-project-member] Using url versioning {{(pid=98902) process_request /opt/stack/glance/glance/api/middleware/version_negotiation.py:57}}
Jun 04 10:49:25.077079 np0000002129 devstack@g-api.service[98902]: DEBUG glance.api.middleware.version_negotiation [None req-c1003ff7-e545-4bd1-a4d6-7b770ca5d8df tempest-ServerBootFromVolumeStableRescueTest-1187172917 tempest-ServerBootFromVolumeStableRescueTest-1187172917-project-member] Matched version: v2 {{(pid=98902) process_request /opt/stack/glance/glance/api/middleware/version_negotiation.py:69}}
Jun 04 10:49:25.077150 np0000002129 devstack@g-api.service[98902]: DEBUG glance.api.middleware.version_negotiation [None req-c1003ff7-e545-4bd1-a4d6-7b770ca5d8df tempest-ServerBootFromVolumeStableRescueTest-1187172917 tempest-ServerBootFromVolumeStableRescueTest-1187172917-project-member] new path /v2/images/d28ac04e-13ed-4e31-b1dd-63eb423004eb {{(pid=98902) process_request /opt/stack/glance/glance/api/middleware/version_negotiation.py:70}}
Jun 04 10:49:25.144635 np0000002129 devstack@g-api.service[98901]: DEBUG glance.api.middleware.version_negotiation [None req-c1003ff7-e545-4bd1-a4d6-7b770ca5d8df tempest-ServerBootFromVolumeStableRescueTest-1187172917 tempest-ServerBootFromVolumeStableRescueTest-1187172917-project-member] Determining version of request: GET /v2/images/d28ac04e-13ed-4e31-b1dd-63eb423004eb Accept: application/json {{(pid=98901) process_request /opt/stack/glance/glance/api/middleware/version_negotiation.py:44}}
Jun 04 10:49:25.145444 np0000002129 devstack@g-api.service[98901]: DEBUG glance.api.middleware.version_negotiation [None req-c1003ff7-e545-4bd1-a4d6-7b770ca5d8df tempest-ServerBootFromVolumeStableRescueTest-1187172917 tempest-ServerBootFromVolumeStableRescueTest-1187172917-project-member] Using url versioning {{(pid=98901) process_request /opt/stack/glance/glance/api/middleware/version_negotiation.py:57}}
Jun 04 10:49:25.145444 np0000002129 devstack@g-api.service[98901]: DEBUG glance.api.middleware.version_negotiation [None req-c1003ff7-e545-4bd1-a4d6-7b770ca5d8df tempest-ServerBootFromVolumeStableRescueTest-1187172917 tempest-ServerBootFromVolumeStableRescueTest-1187172917-project-member] Matched version: v2 {{(pid=98901) process_request /opt/stack/glance/glance/api/middleware/version_negotiation.py:69}}
Jun 04 10:49:25.145444 np0000002129 devstack@g-api.service[98901]: DEBUG glance.api.middleware.version_negotiation [None req-c1003ff7-e545-4bd1-a4d6-7b770ca5d8df tempest-ServerBootFromVolumeStableRescueTest-1187172917 tempest-ServerBootFromVolumeStableRescueTest-1187172917-project-member] new path /v2/images/d28ac04e-13ed-4e31-b1dd-63eb423004eb {{(pid=98901) process_request /opt/stack/glance/glance/api/middleware/version_negotiation.py:70}}
Jun 04 10:49:25.160910 np0000002129 devstack@g-api.service[98901]: [pid: 98901|app: 0|req: 67/109] 127.0.0.1 () {40 vars in 834 bytes} [Thu Jun 4 10:49:25 2026] GET /v2/images/d28ac04e-13ed-4e31-b1dd-63eb423004eb => generated 1358 bytes in 16 msecs (HTTP/1.1 200) 4 headers in 158 bytes (1 switches on core 0)
Jun 04 10:49:25.269490 np0000002129 devstack@g-api.service[98902]: [pid: 98902|app: 0|req: 43/110] 127.0.0.1 () {46 vars in 1154 bytes} [Thu Jun 4 10:49:25 2026] PATCH /v2/images/d28ac04e-13ed-4e31-b1dd-63eb423004eb => generated 1469 bytes in 194 msecs (HTTP/1.1 200) 4 headers in 158 bytes (1 switches on core 0)
Jun 04 10:49:25.305793 np0000002129 devstack@g-api.service[98901]: DEBUG glance.api.middleware.version_negotiation [None req-86dc0b31-ddd9-46a7-bd0a-29b8b6153d25 tempest-ServerBootFromVolumeStableRescueTest-1187172917 tempest-ServerBootFromVolumeStableRescueTest-1187172917-project-member] Determining version of request: GET /v2/images/d28ac04e-13ed-4e31-b1dd-63eb423004eb Accept: */* {{(pid=98901) process_request /opt/stack/glance/glance/api/middleware/version_negotiation.py:44}}
Jun 04 10:49:25.305793 np0000002129 devstack@g-api.service[98901]: DEBUG glance.api.middleware.version_negotiation [None req-86dc0b31-ddd9-46a7-bd0a-29b8b6153d25 tempest-ServerBootFromVolumeStableRescueTest-1187172917 tempest-ServerBootFromVolumeStableRescueTest-1187172917-project-member] Using url versioning {{(pid=98901) process_request /opt/stack/glance/glance/api/middleware/version_negotiation.py:57}}
Jun 04 10:49:25.305793 np0000002129 devstack@g-api.service[98901]: DEBUG glance.api.middleware.version_negotiation [None req-86dc0b31-ddd9-46a7-bd0a-29b8b6153d25 tempest-ServerBootFromVolumeStableRescueTest-1187172917 tempest-ServerBootFromVolumeStableRescueTest-1187172917-project-member] Matched version: v2 {{(pid=98901) process_request /opt/stack/glance/glance/api/middleware/version_negotiation.py:69}}
Jun 04 10:49:25.305793 np0000002129 devstack@g-api.service[98901]: DEBUG glance.api.middleware.version_negotiation [None req-86dc0b31-ddd9-46a7-bd0a-29b8b6153d25 tempest-ServerBootFromVolumeStableRescueTest-1187172917 tempest-ServerBootFromVolumeStableRescueTest-1187172917-project-member] new path /v2/images/d28ac04e-13ed-4e31-b1dd-63eb423004eb {{(pid=98901) process_request /opt/stack/glance/glance/api/middleware/version_negotiation.py:70}}
Jun 04 10:49:25.318313 np0000002129 devstack@g-api.service[98901]: [pid: 98901|app: 0|req: 68/111] 127.0.0.1 () {44 vars in 1111 bytes} [Thu Jun 4 10:49:25 2026] GET /v2/images/d28ac04e-13ed-4e31-b1dd-63eb423004eb => generated 1469 bytes in 13 msecs (HTTP/1.1 200) 4 headers in 158 bytes (1 switches on core 0)
Jun 04 10:49:25.365793 np0000002129 devstack@g-api.service[98902]: DEBUG glance.api.middleware.version_negotiation [None req-c1003ff7-e545-4bd1-a4d6-7b770ca5d8df tempest-ServerBootFromVolumeStableRescueTest-1187172917 tempest-ServerBootFromVolumeStableRescueTest-1187172917-project-member] Determining version of request: PUT /v2/images/d28ac04e-13ed-4e31-b1dd-63eb423004eb/file Accept: */* {{(pid=98902) process_request /opt/stack/glance/glance/api/middleware/version_negotiation.py:44}}
Jun 04 10:49:25.365990 np0000002129 devstack@g-api.service[98902]: DEBUG glance.api.middleware.version_negotiation [None req-c1003ff7-e545-4bd1-a4d6-7b770ca5d8df tempest-ServerBootFromVolumeStableRescueTest-1187172917 tempest-ServerBootFromVolumeStableRescueTest-1187172917-project-member] Using url versioning {{(pid=98902) process_request /opt/stack/glance/glance/api/middleware/version_negotiation.py:57}}
Jun 04 10:49:25.366117 np0000002129 devstack@g-api.service[98902]: DEBUG glance.api.middleware.version_negotiation [None req-c1003ff7-e545-4bd1-a4d6-7b770ca5d8df tempest-ServerBootFromVolumeStableRescueTest-1187172917 tempest-ServerBootFromVolumeStableRescueTest-1187172917-project-member] Matched version: v2 {{(pid=98902) process_request /opt/stack/glance/glance/api/middleware/version_negotiation.py:69}}
Jun 04 10:49:25.366218 np0000002129 devstack@g-api.service[98902]: DEBUG glance.api.middleware.version_negotiation [None req-c1003ff7-e545-4bd1-a4d6-7b770ca5d8df tempest-ServerBootFromVolumeStableRescueTest-1187172917 tempest-ServerBootFromVolumeStableRescueTest-1187172917-project-member] new path /v2/images/d28ac04e-13ed-4e31-b1dd-63eb423004eb/file {{(pid=98902) process_request /opt/stack/glance/glance/api/middleware/version_negotiation.py:70}}
Jun 04 10:49:26.044313 np0000002129 devstack@g-api.service[98902]: INFO glance.api.v2.image_data [None req-c1003ff7-e545-4bd1-a4d6-7b770ca5d8df tempest-ServerBootFromVolumeStableRescueTest-1187172917 tempest-ServerBootFromVolumeStableRescueTest-1187172917-project-member] Unable to create trust: no such option collect_timing in group [keystone_authtoken] Use the existing user token.
Jun 04 10:49:26.170957 np0000002129 devstack@g-api.service[98901]: DEBUG glance.api.middleware.version_negotiation [None req-c1003ff7-e545-4bd1-a4d6-7b770ca5d8df tempest-ServerBootFromVolumeStableRescueTest-1187172917 tempest-ServerBootFromVolumeStableRescueTest-1187172917-project-member] Determining version of request: GET /v2/images/d28ac04e-13ed-4e31-b1dd-63eb423004eb Accept: application/json {{(pid=98901) process_request /opt/stack/glance/glance/api/middleware/version_negotiation.py:44}}
Jun 04 10:49:26.170957 np0000002129 devstack@g-api.service[98901]: DEBUG glance.api.middleware.version_negotiation [None req-c1003ff7-e545-4bd1-a4d6-7b770ca5d8df tempest-ServerBootFromVolumeStableRescueTest-1187172917 tempest-ServerBootFromVolumeStableRescueTest-1187172917-project-member] Using url versioning {{(pid=98901) process_request /opt/stack/glance/glance/api/middleware/version_negotiation.py:57}}
Jun 04 10:49:26.170957 np0000002129 devstack@g-api.service[98901]: DEBUG glance.api.middleware.version_negotiation [None req-c1003ff7-e545-4bd1-a4d6-7b770ca5d8df tempest-ServerBootFromVolumeStableRescueTest-1187172917 tempest-ServerBootFromVolumeStableRescueTest-1187172917-project-member] Matched version: v2 {{(pid=98901) process_request /opt/stack/glance/glance/api/middleware/version_negotiation.py:69}}
Jun 04 10:49:26.170957 np0000002129 devstack@g-api.service[98901]: DEBUG glance.api.middleware.version_negotiation [None req-c1003ff7-e545-4bd1-a4d6-7b770ca5d8df tempest-ServerBootFromVolumeStableRescueTest-1187172917 tempest-ServerBootFromVolumeStableRescueTest-1187172917-project-member] new path /v2/images/d28ac04e-13ed-4e31-b1dd-63eb423004eb {{(pid=98901) process_request /opt/stack/glance/glance/api/middleware/version_negotiation.py:70}}
Jun 04 10:49:26.187079 np0000002129 devstack@g-api.service[98901]: [pid: 98901|app: 0|req: 69/112] 127.0.0.1 () {40 vars in 834 bytes} [Thu Jun 4 10:49:26 2026] GET /v2/images/d28ac04e-13ed-4e31-b1dd-63eb423004eb => generated 1469 bytes in 17 msecs (HTTP/1.1 200) 4 headers in 158 bytes (1 switches on core 0)
Jun 04 10:49:27.186284 np0000002129 devstack@g-api.service[98902]: DEBUG glance.location [None req-c1003ff7-e545-4bd1-a4d6-7b770ca5d8df tempest-ServerBootFromVolumeStableRescueTest-1187172917 tempest-ServerBootFromVolumeStableRescueTest-1187172917-project-member] Enabling in-flight format inspection for qcow2 {{(pid=98902) set_data /opt/stack/glance/glance/location.py:616}}
Jun 04 10:49:27.186696 np0000002129 devstack@g-api.service[98902]: DEBUG glance_store.backend [None req-c1003ff7-e545-4bd1-a4d6-7b770ca5d8df tempest-ServerBootFromVolumeStableRescueTest-1187172917 tempest-ServerBootFromVolumeStableRescueTest-1187172917-project-member] Attempting to import store swift {{(pid=98902) _load_store /opt/stack/data/venv/lib/python3.12/site-packages/glance_store/backend.py:215}}
Jun 04 10:49:27.188193 np0000002129 devstack@g-api.service[98902]: DEBUG glance_store.capabilities [None req-c1003ff7-e545-4bd1-a4d6-7b770ca5d8df tempest-ServerBootFromVolumeStableRescueTest-1187172917 tempest-ServerBootFromVolumeStableRescueTest-1187172917-project-member] Store glance_store._drivers.swift.store.SingleTenantStore doesn't support updating dynamic storage capabilities. Please overwrite 'update_capabilities' method of the store to implement updating logics if needed. {{(pid=98902) update_capabilities /opt/stack/data/venv/lib/python3.12/site-packages/glance_store/capabilities.py:91}}
Jun 04 10:49:27.188322 np0000002129 devstack@g-api.service[98902]: DEBUG glance_store.driver [None req-c1003ff7-e545-4bd1-a4d6-7b770ca5d8df tempest-ServerBootFromVolumeStableRescueTest-1187172917 tempest-ServerBootFromVolumeStableRescueTest-1187172917-project-member] Late loading location class glance_store._drivers.swift.store.StoreLocation {{(pid=98902) get_store_location_class /opt/stack/data/venv/lib/python3.12/site-packages/glance_store/driver.py:134}}
Jun 04 10:49:27.188398 np0000002129 devstack@g-api.service[98902]: DEBUG glance_store.location [None req-c1003ff7-e545-4bd1-a4d6-7b770ca5d8df tempest-ServerBootFromVolumeStableRescueTest-1187172917 tempest-ServerBootFromVolumeStableRescueTest-1187172917-project-member] Registering scheme swift+https with {'store': , 'location_class': , 'store_entry': 'swift'} {{(pid=98902) register_scheme_map /opt/stack/data/venv/lib/python3.12/site-packages/glance_store/location.py:146}}
Jun 04 10:49:27.188479 np0000002129 devstack@g-api.service[98902]: DEBUG glance_store.location [None req-c1003ff7-e545-4bd1-a4d6-7b770ca5d8df tempest-ServerBootFromVolumeStableRescueTest-1187172917 tempest-ServerBootFromVolumeStableRescueTest-1187172917-project-member] Registering scheme swift+https with {'store': , 'location_class': , 'store_entry': 'swift'} {{(pid=98902) register_scheme_map /opt/stack/data/venv/lib/python3.12/site-packages/glance_store/location.py:146}}
Jun 04 10:49:27.188551 np0000002129 devstack@g-api.service[98902]: DEBUG glance_store.location [None req-c1003ff7-e545-4bd1-a4d6-7b770ca5d8df tempest-ServerBootFromVolumeStableRescueTest-1187172917 tempest-ServerBootFromVolumeStableRescueTest-1187172917-project-member] Registering scheme swift with {'store': , 'location_class': , 'store_entry': 'swift'} {{(pid=98902) register_scheme_map /opt/stack/data/venv/lib/python3.12/site-packages/glance_store/location.py:146}}
Jun 04 10:49:27.188620 np0000002129 devstack@g-api.service[98902]: DEBUG glance_store.location [None req-c1003ff7-e545-4bd1-a4d6-7b770ca5d8df tempest-ServerBootFromVolumeStableRescueTest-1187172917 tempest-ServerBootFromVolumeStableRescueTest-1187172917-project-member] Registering scheme swift+https with {'store': , 'location_class': , 'store_entry': 'swift'} {{(pid=98902) register_scheme_map /opt/stack/data/venv/lib/python3.12/site-packages/glance_store/location.py:146}}
Jun 04 10:49:27.188696 np0000002129 devstack@g-api.service[98902]: DEBUG glance_store.location [None req-c1003ff7-e545-4bd1-a4d6-7b770ca5d8df tempest-ServerBootFromVolumeStableRescueTest-1187172917 tempest-ServerBootFromVolumeStableRescueTest-1187172917-project-member] Registering scheme swift with {'store': , 'location_class': , 'store_entry': 'swift'} {{(pid=98902) register_scheme_map /opt/stack/data/venv/lib/python3.12/site-packages/glance_store/location.py:146}}
Jun 04 10:49:27.188761 np0000002129 devstack@g-api.service[98902]: DEBUG glance_store.location [None req-c1003ff7-e545-4bd1-a4d6-7b770ca5d8df tempest-ServerBootFromVolumeStableRescueTest-1187172917 tempest-ServerBootFromVolumeStableRescueTest-1187172917-project-member] Registering scheme swift+http with {'store': , 'location_class': , 'store_entry': 'swift'} {{(pid=98902) register_scheme_map /opt/stack/data/venv/lib/python3.12/site-packages/glance_store/location.py:146}}
Jun 04 10:49:27.197016 np0000002129 devstack@g-api.service[98902]: DEBUG glance_store.location [None req-c1003ff7-e545-4bd1-a4d6-7b770ca5d8df tempest-ServerBootFromVolumeStableRescueTest-1187172917 tempest-ServerBootFromVolumeStableRescueTest-1187172917-project-member] Registering scheme swift+https with {'store': , 'location_class': , 'store_entry': 'swift'} {{(pid=98902) register_scheme_map /opt/stack/data/venv/lib/python3.12/site-packages/glance_store/location.py:146}}
Jun 04 10:49:27.197246 np0000002129 devstack@g-api.service[98902]: DEBUG glance_store.location [None req-c1003ff7-e545-4bd1-a4d6-7b770ca5d8df tempest-ServerBootFromVolumeStableRescueTest-1187172917 tempest-ServerBootFromVolumeStableRescueTest-1187172917-project-member] Registering scheme swift with {'store': , 'location_class': , 'store_entry': 'swift'} {{(pid=98902) register_scheme_map /opt/stack/data/venv/lib/python3.12/site-packages/glance_store/location.py:146}}
Jun 04 10:49:27.197415 np0000002129 devstack@g-api.service[98902]: DEBUG glance_store.location [None req-c1003ff7-e545-4bd1-a4d6-7b770ca5d8df tempest-ServerBootFromVolumeStableRescueTest-1187172917 tempest-ServerBootFromVolumeStableRescueTest-1187172917-project-member] Registering scheme swift+http with {'store': , 'location_class': , 'store_entry': 'swift'} {{(pid=98902) register_scheme_map /opt/stack/data/venv/lib/python3.12/site-packages/glance_store/location.py:146}}
Jun 04 10:49:27.197546 np0000002129 devstack@g-api.service[98902]: DEBUG glance_store.location [None req-c1003ff7-e545-4bd1-a4d6-7b770ca5d8df tempest-ServerBootFromVolumeStableRescueTest-1187172917 tempest-ServerBootFromVolumeStableRescueTest-1187172917-project-member] Registering scheme swift+config with {'store': , 'location_class': , 'store_entry': 'swift'} {{(pid=98902) register_scheme_map /opt/stack/data/venv/lib/python3.12/site-packages/glance_store/location.py:146}}
Jun 04 10:49:27.203642 np0000002129 devstack@g-api.service[98901]: DEBUG glance.api.middleware.version_negotiation [None req-3f9621a8-7edb-4657-935b-151adb1a7979 tempest-ServerBootFromVolumeStableRescueTest-1187172917 tempest-ServerBootFromVolumeStableRescueTest-1187172917-project-member] Determining version of request: GET /v2/images/d28ac04e-13ed-4e31-b1dd-63eb423004eb Accept: application/json {{(pid=98901) process_request /opt/stack/glance/glance/api/middleware/version_negotiation.py:44}}
Jun 04 10:49:27.204665 np0000002129 devstack@g-api.service[98901]: DEBUG glance.api.middleware.version_negotiation [None req-3f9621a8-7edb-4657-935b-151adb1a7979 tempest-ServerBootFromVolumeStableRescueTest-1187172917 tempest-ServerBootFromVolumeStableRescueTest-1187172917-project-member] Using url versioning {{(pid=98901) process_request /opt/stack/glance/glance/api/middleware/version_negotiation.py:57}}
Jun 04 10:49:27.205919 np0000002129 devstack@g-api.service[98901]: DEBUG glance.api.middleware.version_negotiation [None req-3f9621a8-7edb-4657-935b-151adb1a7979 tempest-ServerBootFromVolumeStableRescueTest-1187172917 tempest-ServerBootFromVolumeStableRescueTest-1187172917-project-member] Matched version: v2 {{(pid=98901) process_request /opt/stack/glance/glance/api/middleware/version_negotiation.py:69}}
Jun 04 10:49:27.206080 np0000002129 devstack@g-api.service[98901]: DEBUG glance.api.middleware.version_negotiation [None req-3f9621a8-7edb-4657-935b-151adb1a7979 tempest-ServerBootFromVolumeStableRescueTest-1187172917 tempest-ServerBootFromVolumeStableRescueTest-1187172917-project-member] new path /v2/images/d28ac04e-13ed-4e31-b1dd-63eb423004eb {{(pid=98901) process_request /opt/stack/glance/glance/api/middleware/version_negotiation.py:70}}
Jun 04 10:49:27.234428 np0000002129 devstack@g-api.service[98901]: [pid: 98901|app: 0|req: 70/113] 127.0.0.1 () {40 vars in 834 bytes} [Thu Jun 4 10:49:27 2026] GET /v2/images/d28ac04e-13ed-4e31-b1dd-63eb423004eb => generated 1469 bytes in 32 msecs (HTTP/1.1 200) 4 headers in 158 bytes (1 switches on core 0)
Jun 04 10:49:27.915345 np0000002129 devstack@g-api.service[98902]: DEBUG swiftclient [None req-c1003ff7-e545-4bd1-a4d6-7b770ca5d8df tempest-ServerBootFromVolumeStableRescueTest-1187172917 tempest-ServerBootFromVolumeStableRescueTest-1187172917-project-member] REQ: curl -i https://10.4.3.56:8080/v1/AUTH_2837f4cdab6f49dabc14b9de575b1178/glance -I -H "X-Auth-Token: gAAAAABqIVg36WJe..." {{(pid=98902) http_log /opt/stack/data/venv/lib/python3.12/site-packages/swiftclient/client.py:160}}
Jun 04 10:49:27.915471 np0000002129 devstack@g-api.service[98902]: DEBUG swiftclient [None req-c1003ff7-e545-4bd1-a4d6-7b770ca5d8df tempest-ServerBootFromVolumeStableRescueTest-1187172917 tempest-ServerBootFromVolumeStableRescueTest-1187172917-project-member] RESP STATUS: 204 No Content {{(pid=98902) http_log /opt/stack/data/venv/lib/python3.12/site-packages/swiftclient/client.py:161}}
Jun 04 10:49:27.915695 np0000002129 devstack@g-api.service[98902]: DEBUG swiftclient [None req-c1003ff7-e545-4bd1-a4d6-7b770ca5d8df tempest-ServerBootFromVolumeStableRescueTest-1187172917 tempest-ServerBootFromVolumeStableRescueTest-1187172917-project-member] RESP HEADERS: {'Date': 'Thu, 04 Jun 2026 10:49:27 GMT', 'Server': 'Apache/2.4.58 (Ubuntu)', 'Content-Type': 'text/plain; charset=utf-8', 'X-Container-Object-Count': '5', 'X-Container-Bytes-Used': '86048768', 'X-Timestamp': '1780569961.13441', 'Last-Modified': 'Thu, 04 Jun 2026 10:46:02 GMT', 'Accept-Ranges': 'bytes', 'X-Storage-Policy': 'Policy-0', 'X-Container-Sharding': 'False', 'Vary': 'Accept', 'X-Trans-Id': 'tx09acda8d6a3f4d12bc806-006a215837', 'X-Openstack-Request-Id': 'tx09acda8d6a3f4d12bc806-006a215837', 'Connection': 'close'} {{(pid=98902) http_log /opt/stack/data/venv/lib/python3.12/site-packages/swiftclient/client.py:162}}
Jun 04 10:49:27.915860 np0000002129 devstack@g-api.service[98902]: DEBUG glance_store._drivers.swift.store [None req-c1003ff7-e545-4bd1-a4d6-7b770ca5d8df tempest-ServerBootFromVolumeStableRescueTest-1187172917 tempest-ServerBootFromVolumeStableRescueTest-1187172917-project-member] Adding image object 'd28ac04e-13ed-4e31-b1dd-63eb423004eb' to Swift {{(pid=98902) add /opt/stack/data/venv/lib/python3.12/site-packages/glance_store/_drivers/swift/store.py:970}}
Jun 04 10:49:27.915957 np0000002129 devstack@g-api.service[98902]: DEBUG glance_store._drivers.swift.store [None req-c1003ff7-e545-4bd1-a4d6-7b770ca5d8df tempest-ServerBootFromVolumeStableRescueTest-1187172917 tempest-ServerBootFromVolumeStableRescueTest-1187172917-project-member] Cannot determine image size because it is either not provided in the request or chunked-transfer encoding is used. Adding image as a segmented object to Swift. {{(pid=98902) add /opt/stack/data/venv/lib/python3.12/site-packages/glance_store/_drivers/swift/store.py:994}}
Jun 04 10:49:27.923796 np0000002129 devstack@g-api.service[98902]: DEBUG oslo_utils.imageutils.format_inspector [None req-c1003ff7-e545-4bd1-a4d6-7b770ca5d8df tempest-ServerBootFromVolumeStableRescueTest-1187172917 tempest-ServerBootFromVolumeStableRescueTest-1187172917-project-member] Format inspector for vmdk does not match, excluding from consideration (Signature KDMV not found: b'QFI\xfb') {{(pid=98902) _process_chunk /opt/stack/data/venv/lib/python3.12/site-packages/oslo_utils/imageutils/format_inspector.py:1758}}
Jun 04 10:49:27.928029 np0000002129 devstack@g-api.service[98902]: DEBUG oslo_utils.imageutils.format_inspector [None req-c1003ff7-e545-4bd1-a4d6-7b770ca5d8df tempest-ServerBootFromVolumeStableRescueTest-1187172917 tempest-ServerBootFromVolumeStableRescueTest-1187172917-project-member] Format inspector for vhdx does not match, excluding from consideration (Region signature not found at 30000) {{(pid=98902) _process_chunk /opt/stack/data/venv/lib/python3.12/site-packages/oslo_utils/imageutils/format_inspector.py:1758}}
Jun 04 10:49:28.245718 np0000002129 devstack@g-api.service[98901]: DEBUG glance.api.middleware.version_negotiation [None req-d14bbda4-e5c7-4ee2-8fbd-b91f37fa6030 tempest-ServerBootFromVolumeStableRescueTest-1187172917 tempest-ServerBootFromVolumeStableRescueTest-1187172917-project-member] Determining version of request: GET /v2/images/d28ac04e-13ed-4e31-b1dd-63eb423004eb Accept: application/json {{(pid=98901) process_request /opt/stack/glance/glance/api/middleware/version_negotiation.py:44}}
Jun 04 10:49:28.246132 np0000002129 devstack@g-api.service[98901]: DEBUG glance.api.middleware.version_negotiation [None req-d14bbda4-e5c7-4ee2-8fbd-b91f37fa6030 tempest-ServerBootFromVolumeStableRescueTest-1187172917 tempest-ServerBootFromVolumeStableRescueTest-1187172917-project-member] Using url versioning {{(pid=98901) process_request /opt/stack/glance/glance/api/middleware/version_negotiation.py:57}}
Jun 04 10:49:28.246132 np0000002129 devstack@g-api.service[98901]: DEBUG glance.api.middleware.version_negotiation [None req-d14bbda4-e5c7-4ee2-8fbd-b91f37fa6030 tempest-ServerBootFromVolumeStableRescueTest-1187172917 tempest-ServerBootFromVolumeStableRescueTest-1187172917-project-member] Matched version: v2 {{(pid=98901) process_request /opt/stack/glance/glance/api/middleware/version_negotiation.py:69}}
Jun 04 10:49:28.246243 np0000002129 devstack@g-api.service[98901]: DEBUG glance.api.middleware.version_negotiation [None req-d14bbda4-e5c7-4ee2-8fbd-b91f37fa6030 tempest-ServerBootFromVolumeStableRescueTest-1187172917 tempest-ServerBootFromVolumeStableRescueTest-1187172917-project-member] new path /v2/images/d28ac04e-13ed-4e31-b1dd-63eb423004eb {{(pid=98901) process_request /opt/stack/glance/glance/api/middleware/version_negotiation.py:70}}
Jun 04 10:49:28.250304 np0000002129 devstack@g-api.service[98902]: DEBUG swiftclient [None req-c1003ff7-e545-4bd1-a4d6-7b770ca5d8df tempest-ServerBootFromVolumeStableRescueTest-1187172917 tempest-ServerBootFromVolumeStableRescueTest-1187172917-project-member] REQ: curl -i https://10.4.3.56:8080/v1/AUTH_2837f4cdab6f49dabc14b9de575b1178/glance/d28ac04e-13ed-4e31-b1dd-63eb423004eb-00001 -X PUT -H "X-Auth-Token: gAAAAABqIVg36WJe..." {{(pid=98902) http_log /opt/stack/data/venv/lib/python3.12/site-packages/swiftclient/client.py:160}}
Jun 04 10:49:28.250579 np0000002129 devstack@g-api.service[98902]: DEBUG swiftclient [None req-c1003ff7-e545-4bd1-a4d6-7b770ca5d8df tempest-ServerBootFromVolumeStableRescueTest-1187172917 tempest-ServerBootFromVolumeStableRescueTest-1187172917-project-member] RESP STATUS: 201 Created {{(pid=98902) http_log /opt/stack/data/venv/lib/python3.12/site-packages/swiftclient/client.py:161}}
Jun 04 10:49:28.250579 np0000002129 devstack@g-api.service[98902]: DEBUG swiftclient [None req-c1003ff7-e545-4bd1-a4d6-7b770ca5d8df tempest-ServerBootFromVolumeStableRescueTest-1187172917 tempest-ServerBootFromVolumeStableRescueTest-1187172917-project-member] RESP HEADERS: {'Date': 'Thu, 04 Jun 2026 10:49:28 GMT', 'Server': 'Apache/2.4.58 (Ubuntu)', 'Content-Type': 'text/html; charset=UTF-8', 'Content-Length': '0', 'Etag': '4fa343ee581d8d2e78533191fd1ac3e1', 'Last-Modified': 'Thu, 04 Jun 2026 10:49:28 GMT', 'X-Trans-Id': 'txae47f826a42c4f7cbf185-006a215837', 'X-Openstack-Request-Id': 'txae47f826a42c4f7cbf185-006a215837', 'Connection': 'close'} {{(pid=98902) http_log /opt/stack/data/venv/lib/python3.12/site-packages/swiftclient/client.py:162}}
Jun 04 10:49:28.250730 np0000002129 devstack@g-api.service[98902]: DEBUG glance_store._drivers.swift.store [None req-c1003ff7-e545-4bd1-a4d6-7b770ca5d8df tempest-ServerBootFromVolumeStableRescueTest-1187172917 tempest-ServerBootFromVolumeStableRescueTest-1187172917-project-member] Wrote chunk d28ac04e-13ed-4e31-b1dd-63eb423004eb-00001 (1/?) of length 23527424 to Swift returning MD5 of content: 4fa343ee581d8d2e78533191fd1ac3e1 {{(pid=98902) add /opt/stack/data/venv/lib/python3.12/site-packages/glance_store/_drivers/swift/store.py:1059}}
Jun 04 10:49:28.254411 np0000002129 devstack@g-api.service[98902]: DEBUG glance_store._drivers.swift.store [None req-c1003ff7-e545-4bd1-a4d6-7b770ca5d8df tempest-ServerBootFromVolumeStableRescueTest-1187172917 tempest-ServerBootFromVolumeStableRescueTest-1187172917-project-member] Not writing zero-length chunk. {{(pid=98902) add /opt/stack/data/venv/lib/python3.12/site-packages/glance_store/_drivers/swift/store.py:1028}}
Jun 04 10:49:28.261742 np0000002129 devstack@g-api.service[98901]: [pid: 98901|app: 0|req: 71/114] 127.0.0.1 () {40 vars in 834 bytes} [Thu Jun 4 10:49:28 2026] GET /v2/images/d28ac04e-13ed-4e31-b1dd-63eb423004eb => generated 1469 bytes in 18 msecs (HTTP/1.1 200) 4 headers in 158 bytes (1 switches on core 0)
Jun 04 10:49:28.288438 np0000002129 devstack@g-api.service[98902]: DEBUG swiftclient [None req-c1003ff7-e545-4bd1-a4d6-7b770ca5d8df tempest-ServerBootFromVolumeStableRescueTest-1187172917 tempest-ServerBootFromVolumeStableRescueTest-1187172917-project-member] REQ: curl -i https://10.4.3.56:8080/v1/AUTH_2837f4cdab6f49dabc14b9de575b1178/glance/d28ac04e-13ed-4e31-b1dd-63eb423004eb -X PUT -H "X-Object-Manifest: glance/d28ac04e-13ed-4e31-b1dd-63eb423004eb-" -H "X-Auth-Token: gAAAAABqIVg36WJe..." -H "Content-Length: 0" {{(pid=98902) http_log /opt/stack/data/venv/lib/python3.12/site-packages/swiftclient/client.py:160}}
Jun 04 10:49:28.288582 np0000002129 devstack@g-api.service[98902]: DEBUG swiftclient [None req-c1003ff7-e545-4bd1-a4d6-7b770ca5d8df tempest-ServerBootFromVolumeStableRescueTest-1187172917 tempest-ServerBootFromVolumeStableRescueTest-1187172917-project-member] RESP STATUS: 201 Created {{(pid=98902) http_log /opt/stack/data/venv/lib/python3.12/site-packages/swiftclient/client.py:161}}
Jun 04 10:49:28.288770 np0000002129 devstack@g-api.service[98902]: DEBUG swiftclient [None req-c1003ff7-e545-4bd1-a4d6-7b770ca5d8df tempest-ServerBootFromVolumeStableRescueTest-1187172917 tempest-ServerBootFromVolumeStableRescueTest-1187172917-project-member] RESP HEADERS: {'Date': 'Thu, 04 Jun 2026 10:49:28 GMT', 'Server': 'Apache/2.4.58 (Ubuntu)', 'Content-Type': 'text/html; charset=UTF-8', 'Content-Length': '0', 'Etag': 'd41d8cd98f00b204e9800998ecf8427e', 'Last-Modified': 'Thu, 04 Jun 2026 10:49:29 GMT', 'X-Trans-Id': 'txa4375bec943c42688e993-006a215838', 'X-Openstack-Request-Id': 'txa4375bec943c42688e993-006a215838', 'Connection': 'close'} {{(pid=98902) http_log /opt/stack/data/venv/lib/python3.12/site-packages/swiftclient/client.py:162}}
Jun 04 10:49:28.289563 np0000002129 devstack@g-api.service[98902]: INFO glance.location [None req-c1003ff7-e545-4bd1-a4d6-7b770ca5d8df tempest-ServerBootFromVolumeStableRescueTest-1187172917 tempest-ServerBootFromVolumeStableRescueTest-1187172917-project-member] Image format matched and virtual size computed: 1073741824
Jun 04 10:49:28.391492 np0000002129 devstack@g-api.service[98902]: DEBUG glance_store.backend [None req-c1003ff7-e545-4bd1-a4d6-7b770ca5d8df tempest-ServerBootFromVolumeStableRescueTest-1187172917 tempest-ServerBootFromVolumeStableRescueTest-1187172917-project-member] Attempting to import store swift {{(pid=98902) _load_store /opt/stack/data/venv/lib/python3.12/site-packages/glance_store/backend.py:215}}
Jun 04 10:49:28.392834 np0000002129 devstack@g-api.service[98902]: DEBUG glance_store.capabilities [None req-c1003ff7-e545-4bd1-a4d6-7b770ca5d8df tempest-ServerBootFromVolumeStableRescueTest-1187172917 tempest-ServerBootFromVolumeStableRescueTest-1187172917-project-member] Store glance_store._drivers.swift.store.SingleTenantStore doesn't support updating dynamic storage capabilities. Please overwrite 'update_capabilities' method of the store to implement updating logics if needed. {{(pid=98902) update_capabilities /opt/stack/data/venv/lib/python3.12/site-packages/glance_store/capabilities.py:91}}
Jun 04 10:49:28.392928 np0000002129 devstack@g-api.service[98902]: DEBUG glance_store.driver [None req-c1003ff7-e545-4bd1-a4d6-7b770ca5d8df tempest-ServerBootFromVolumeStableRescueTest-1187172917 tempest-ServerBootFromVolumeStableRescueTest-1187172917-project-member] Late loading location class glance_store._drivers.swift.store.StoreLocation {{(pid=98902) get_store_location_class /opt/stack/data/venv/lib/python3.12/site-packages/glance_store/driver.py:134}}
Jun 04 10:49:28.392996 np0000002129 devstack@g-api.service[98902]: DEBUG glance_store.location [None req-c1003ff7-e545-4bd1-a4d6-7b770ca5d8df tempest-ServerBootFromVolumeStableRescueTest-1187172917 tempest-ServerBootFromVolumeStableRescueTest-1187172917-project-member] Registering scheme swift+https with {'store': , 'location_class': , 'store_entry': 'swift'} {{(pid=98902) register_scheme_map /opt/stack/data/venv/lib/python3.12/site-packages/glance_store/location.py:146}}
Jun 04 10:49:28.393060 np0000002129 devstack@g-api.service[98902]: DEBUG glance_store.location [None req-c1003ff7-e545-4bd1-a4d6-7b770ca5d8df tempest-ServerBootFromVolumeStableRescueTest-1187172917 tempest-ServerBootFromVolumeStableRescueTest-1187172917-project-member] Registering scheme swift+https with {'store': , 'location_class': , 'store_entry': 'swift'} {{(pid=98902) register_scheme_map /opt/stack/data/venv/lib/python3.12/site-packages/glance_store/location.py:146}}
Jun 04 10:49:28.393099 np0000002129 devstack@g-api.service[98902]: DEBUG glance_store.location [None req-c1003ff7-e545-4bd1-a4d6-7b770ca5d8df tempest-ServerBootFromVolumeStableRescueTest-1187172917 tempest-ServerBootFromVolumeStableRescueTest-1187172917-project-member] Registering scheme swift with {'store': , 'location_class': , 'store_entry': 'swift'} {{(pid=98902) register_scheme_map /opt/stack/data/venv/lib/python3.12/site-packages/glance_store/location.py:146}}
Jun 04 10:49:28.394288 np0000002129 devstack@g-api.service[98902]: DEBUG glance_store.location [None req-c1003ff7-e545-4bd1-a4d6-7b770ca5d8df tempest-ServerBootFromVolumeStableRescueTest-1187172917 tempest-ServerBootFromVolumeStableRescueTest-1187172917-project-member] Registering scheme swift+https with {'store': , 'location_class': , 'store_entry': 'swift'} {{(pid=98902) register_scheme_map /opt/stack/data/venv/lib/python3.12/site-packages/glance_store/location.py:146}}
Jun 04 10:49:28.394288 np0000002129 devstack@g-api.service[98902]: DEBUG glance_store.location [None req-c1003ff7-e545-4bd1-a4d6-7b770ca5d8df tempest-ServerBootFromVolumeStableRescueTest-1187172917 tempest-ServerBootFromVolumeStableRescueTest-1187172917-project-member] Registering scheme swift with {'store': , 'location_class': , 'store_entry': 'swift'} {{(pid=98902) register_scheme_map /opt/stack/data/venv/lib/python3.12/site-packages/glance_store/location.py:146}}
Jun 04 10:49:28.394288 np0000002129 devstack@g-api.service[98902]: DEBUG glance_store.location [None req-c1003ff7-e545-4bd1-a4d6-7b770ca5d8df tempest-ServerBootFromVolumeStableRescueTest-1187172917 tempest-ServerBootFromVolumeStableRescueTest-1187172917-project-member] Registering scheme swift+http with {'store': , 'location_class': , 'store_entry': 'swift'} {{(pid=98902) register_scheme_map /opt/stack/data/venv/lib/python3.12/site-packages/glance_store/location.py:146}}
Jun 04 10:49:28.394499 np0000002129 devstack@g-api.service[98902]: DEBUG glance_store.location [None req-c1003ff7-e545-4bd1-a4d6-7b770ca5d8df tempest-ServerBootFromVolumeStableRescueTest-1187172917 tempest-ServerBootFromVolumeStableRescueTest-1187172917-project-member] Registering scheme swift+https with {'store': , 'location_class': , 'store_entry': 'swift'} {{(pid=98902) register_scheme_map /opt/stack/data/venv/lib/python3.12/site-packages/glance_store/location.py:146}}
Jun 04 10:49:28.394499 np0000002129 devstack@g-api.service[98902]: DEBUG glance_store.location [None req-c1003ff7-e545-4bd1-a4d6-7b770ca5d8df tempest-ServerBootFromVolumeStableRescueTest-1187172917 tempest-ServerBootFromVolumeStableRescueTest-1187172917-project-member] Registering scheme swift with {'store': , 'location_class': , 'store_entry': 'swift'} {{(pid=98902) register_scheme_map /opt/stack/data/venv/lib/python3.12/site-packages/glance_store/location.py:146}}
Jun 04 10:49:28.394499 np0000002129 devstack@g-api.service[98902]: DEBUG glance_store.location [None req-c1003ff7-e545-4bd1-a4d6-7b770ca5d8df tempest-ServerBootFromVolumeStableRescueTest-1187172917 tempest-ServerBootFromVolumeStableRescueTest-1187172917-project-member] Registering scheme swift+http with {'store': , 'location_class': , 'store_entry': 'swift'} {{(pid=98902) register_scheme_map /opt/stack/data/venv/lib/python3.12/site-packages/glance_store/location.py:146}}
