Jul 23 01:59:44.954803 np0000005690 devstack@g-api.service[102997]: DEBUG glance.api.middleware.version_negotiation [None req-94cd4aaf-cac5-474b-a5ad-8b1e1e1f5efa tempest-TaggedBootDevicesTest-273885760 tempest-TaggedBootDevicesTest-273885760-project-member] new path /v2/schemas/image {{(pid=102997) process_request /opt/stack/glance/glance/api/middleware/version_negotiation.py:70}}
Jul 23 01:59:44.962315 np0000005690 devstack@g-api.service[102997]: [pid: 102997|app: 0|req: 36/131] 127.0.0.1 () {44 vars in 1051 bytes} [Thu Jul 23 01:59:44 2026] GET /v2/schemas/image => generated 6083 bytes in 8 msecs (HTTP/1.1 200) 4 headers in 158 bytes (1 switches on core 0)
Jul 23 01:59:44.975394 np0000005690 devstack@g-api.service[102996]: DEBUG glance.api.middleware.version_negotiation [None req-94cd4aaf-cac5-474b-a5ad-8b1e1e1f5efa tempest-TaggedBootDevicesTest-273885760 tempest-TaggedBootDevicesTest-273885760-project-member] Determining version of request: GET /v2/schemas/image Accept: */* {{(pid=102996) process_request /opt/stack/glance/glance/api/middleware/version_negotiation.py:44}}
Jul 23 01:59:44.975672 np0000005690 devstack@g-api.service[102996]: DEBUG glance.api.middleware.version_negotiation [None req-94cd4aaf-cac5-474b-a5ad-8b1e1e1f5efa tempest-TaggedBootDevicesTest-273885760 tempest-TaggedBootDevicesTest-273885760-project-member] Using url versioning {{(pid=102996) process_request /opt/stack/glance/glance/api/middleware/version_negotiation.py:57}}
Jul 23 01:59:44.975980 np0000005690 devstack@g-api.service[102996]: DEBUG glance.api.middleware.version_negotiation [None req-94cd4aaf-cac5-474b-a5ad-8b1e1e1f5efa tempest-TaggedBootDevicesTest-273885760 tempest-TaggedBootDevicesTest-273885760-project-member] Matched version: v2 {{(pid=102996) process_request /opt/stack/glance/glance/api/middleware/version_negotiation.py:69}}
Jul 23 01:59:44.976215 np0000005690 devstack@g-api.service[102996]: DEBUG glance.api.middleware.version_negotiation [None req-94cd4aaf-cac5-474b-a5ad-8b1e1e1f5efa tempest-TaggedBootDevicesTest-273885760 tempest-TaggedBootDevicesTest-273885760-project-member] new path /v2/schemas/image {{(pid=102996) process_request /opt/stack/glance/glance/api/middleware/version_negotiation.py:70}}
Jul 23 01:59:44.981960 np0000005690 devstack@g-api.service[102996]: [pid: 102996|app: 0|req: 35/132] 127.0.0.1 () {44 vars in 1051 bytes} [Thu Jul 23 01:59:44 2026] GET /v2/schemas/image => generated 6083 bytes in 7 msecs (HTTP/1.1 200) 4 headers in 158 bytes (1 switches on core 0)
Jul 23 01:59:45.015403 np0000005690 devstack@g-api.service[102998]: DEBUG glance.api.middleware.version_negotiation [None req-94cd4aaf-cac5-474b-a5ad-8b1e1e1f5efa tempest-TaggedBootDevicesTest-273885760 tempest-TaggedBootDevicesTest-273885760-project-member] Determining version of request: GET /v2/images/aa00df08-7d9b-49fb-a553-6bcba27588c8 Accept: */* {{(pid=102998) process_request /opt/stack/glance/glance/api/middleware/version_negotiation.py:44}}
Jul 23 01:59:45.015605 np0000005690 devstack@g-api.service[102998]: DEBUG glance.api.middleware.version_negotiation [None req-94cd4aaf-cac5-474b-a5ad-8b1e1e1f5efa tempest-TaggedBootDevicesTest-273885760 tempest-TaggedBootDevicesTest-273885760-project-member] Using url versioning {{(pid=102998) process_request /opt/stack/glance/glance/api/middleware/version_negotiation.py:57}}
Jul 23 01:59:45.015779 np0000005690 devstack@g-api.service[102998]: DEBUG glance.api.middleware.version_negotiation [None req-94cd4aaf-cac5-474b-a5ad-8b1e1e1f5efa tempest-TaggedBootDevicesTest-273885760 tempest-TaggedBootDevicesTest-273885760-project-member] Matched version: v2 {{(pid=102998) process_request /opt/stack/glance/glance/api/middleware/version_negotiation.py:69}}
Jul 23 01:59:45.015931 np0000005690 devstack@g-api.service[102998]: DEBUG glance.api.middleware.version_negotiation [None req-94cd4aaf-cac5-474b-a5ad-8b1e1e1f5efa tempest-TaggedBootDevicesTest-273885760 tempest-TaggedBootDevicesTest-273885760-project-member] new path /v2/images/aa00df08-7d9b-49fb-a553-6bcba27588c8 {{(pid=102998) process_request /opt/stack/glance/glance/api/middleware/version_negotiation.py:70}}
Jul 23 01:59:45.035390 np0000005690 devstack@g-api.service[102998]: [pid: 102998|app: 0|req: 35/133] 127.0.0.1 () {44 vars in 1111 bytes} [Thu Jul 23 01:59:45 2026] GET /v2/images/aa00df08-7d9b-49fb-a553-6bcba27588c8 => generated 1044 bytes in 15 msecs (HTTP/1.1 200) 4 headers in 158 bytes (1 switches on core 0)
Jul 23 01:59:45.043202 np0000005690 devstack@g-api.service[102997]: DEBUG glance.api.middleware.version_negotiation [None req-94cd4aaf-cac5-474b-a5ad-8b1e1e1f5efa tempest-TaggedBootDevicesTest-273885760 tempest-TaggedBootDevicesTest-273885760-project-member] Determining version of request: GET /v2/schemas/image Accept: */* {{(pid=102997) process_request /opt/stack/glance/glance/api/middleware/version_negotiation.py:44}}
Jul 23 01:59:45.043890 np0000005690 devstack@g-api.service[102997]: DEBUG glance.api.middleware.version_negotiation [None req-94cd4aaf-cac5-474b-a5ad-8b1e1e1f5efa tempest-TaggedBootDevicesTest-273885760 tempest-TaggedBootDevicesTest-273885760-project-member] Using url versioning {{(pid=102997) process_request /opt/stack/glance/glance/api/middleware/version_negotiation.py:57}}
Jul 23 01:59:45.044066 np0000005690 devstack@g-api.service[102997]: DEBUG glance.api.middleware.version_negotiation [None req-94cd4aaf-cac5-474b-a5ad-8b1e1e1f5efa tempest-TaggedBootDevicesTest-273885760 tempest-TaggedBootDevicesTest-273885760-project-member] Matched version: v2 {{(pid=102997) process_request /opt/stack/glance/glance/api/middleware/version_negotiation.py:69}}
Jul 23 01:59:45.044066 np0000005690 devstack@g-api.service[102997]: DEBUG glance.api.middleware.version_negotiation [None req-94cd4aaf-cac5-474b-a5ad-8b1e1e1f5efa tempest-TaggedBootDevicesTest-273885760 tempest-TaggedBootDevicesTest-273885760-project-member] new path /v2/schemas/image {{(pid=102997) process_request /opt/stack/glance/glance/api/middleware/version_negotiation.py:70}}
Jul 23 01:59:45.047066 np0000005690 devstack@g-api.service[102997]: [pid: 102997|app: 0|req: 37/134] 127.0.0.1 () {44 vars in 1051 bytes} [Thu Jul 23 01:59:45 2026] GET /v2/schemas/image => generated 6083 bytes in 4 msecs (HTTP/1.1 200) 4 headers in 158 bytes (1 switches on core 0)
Jul 23 01:59:45.059979 np0000005690 devstack@g-api.service[102996]: DEBUG glance.api.middleware.version_negotiation [None req-94cd4aaf-cac5-474b-a5ad-8b1e1e1f5efa tempest-TaggedBootDevicesTest-273885760 tempest-TaggedBootDevicesTest-273885760-project-member] Determining version of request: GET /v2/schemas/image Accept: */* {{(pid=102996) process_request /opt/stack/glance/glance/api/middleware/version_negotiation.py:44}}
Jul 23 01:59:45.060220 np0000005690 devstack@g-api.service[102996]: DEBUG glance.api.middleware.version_negotiation [None req-94cd4aaf-cac5-474b-a5ad-8b1e1e1f5efa tempest-TaggedBootDevicesTest-273885760 tempest-TaggedBootDevicesTest-273885760-project-member] Using url versioning {{(pid=102996) process_request /opt/stack/glance/glance/api/middleware/version_negotiation.py:57}}
Jul 23 01:59:45.060397 np0000005690 devstack@g-api.service[102996]: DEBUG glance.api.middleware.version_negotiation [None req-94cd4aaf-cac5-474b-a5ad-8b1e1e1f5efa tempest-TaggedBootDevicesTest-273885760 tempest-TaggedBootDevicesTest-273885760-project-member] Matched version: v2 {{(pid=102996) process_request /opt/stack/glance/glance/api/middleware/version_negotiation.py:69}}
Jul 23 01:59:45.060546 np0000005690 devstack@g-api.service[102996]: DEBUG glance.api.middleware.version_negotiation [None req-94cd4aaf-cac5-474b-a5ad-8b1e1e1f5efa tempest-TaggedBootDevicesTest-273885760 tempest-TaggedBootDevicesTest-273885760-project-member] new path /v2/schemas/image {{(pid=102996) process_request /opt/stack/glance/glance/api/middleware/version_negotiation.py:70}}
Jul 23 01:59:45.067278 np0000005690 devstack@g-api.service[102996]: [pid: 102996|app: 0|req: 36/135] 127.0.0.1 () {44 vars in 1051 bytes} [Thu Jul 23 01:59:45 2026] GET /v2/schemas/image => generated 6083 bytes in 7 msecs (HTTP/1.1 200) 4 headers in 158 bytes (1 switches on core 0)
Jul 23 01:59:45.601627 np0000005690 devstack@g-api.service[102998]: DEBUG glance.api.middleware.version_negotiation [None req-94cd4aaf-cac5-474b-a5ad-8b1e1e1f5efa tempest-TaggedBootDevicesTest-273885760 tempest-TaggedBootDevicesTest-273885760-project-member] Determining version of request: GET /v2/images/f697ce2b-8ec6-4b52-9da6-1029e302894d Accept: application/json {{(pid=102998) process_request /opt/stack/glance/glance/api/middleware/version_negotiation.py:44}}
Jul 23 01:59:45.602049 np0000005690 devstack@g-api.service[102998]: DEBUG glance.api.middleware.version_negotiation [None req-94cd4aaf-cac5-474b-a5ad-8b1e1e1f5efa tempest-TaggedBootDevicesTest-273885760 tempest-TaggedBootDevicesTest-273885760-project-member] Using url versioning {{(pid=102998) process_request /opt/stack/glance/glance/api/middleware/version_negotiation.py:57}}
Jul 23 01:59:45.602297 np0000005690 devstack@g-api.service[102998]: DEBUG glance.api.middleware.version_negotiation [None req-94cd4aaf-cac5-474b-a5ad-8b1e1e1f5efa tempest-TaggedBootDevicesTest-273885760 tempest-TaggedBootDevicesTest-273885760-project-member] Matched version: v2 {{(pid=102998) process_request /opt/stack/glance/glance/api/middleware/version_negotiation.py:69}}
Jul 23 01:59:45.602441 np0000005690 devstack@g-api.service[102998]: DEBUG glance.api.middleware.version_negotiation [None req-94cd4aaf-cac5-474b-a5ad-8b1e1e1f5efa tempest-TaggedBootDevicesTest-273885760 tempest-TaggedBootDevicesTest-273885760-project-member] new path /v2/images/f697ce2b-8ec6-4b52-9da6-1029e302894d {{(pid=102998) process_request /opt/stack/glance/glance/api/middleware/version_negotiation.py:70}}
Jul 23 01:59:45.615777 np0000005690 devstack@g-api.service[102998]: [pid: 102998|app: 0|req: 36/136] 127.0.0.1 () {40 vars in 834 bytes} [Thu Jul 23 01:59:45 2026] GET /v2/images/f697ce2b-8ec6-4b52-9da6-1029e302894d => generated 649 bytes in 14 msecs (HTTP/1.1 200) 4 headers in 157 bytes (1 switches on core 0)
Jul 23 01:59:45.660754 np0000005690 devstack@g-api.service[102997]: DEBUG glance.api.middleware.version_negotiation [None req-94cd4aaf-cac5-474b-a5ad-8b1e1e1f5efa tempest-TaggedBootDevicesTest-273885760 tempest-TaggedBootDevicesTest-273885760-project-member] Determining version of request: GET /versions Accept: */* {{(pid=102997) process_request /opt/stack/glance/glance/api/middleware/version_negotiation.py:44}}
Jul 23 01:59:45.661528 np0000005690 devstack@g-api.service[102997]: [pid: 102997|app: 0|req: 38/137] 127.0.0.1 () {44 vars in 1035 bytes} [Thu Jul 23 01:59:45 2026] GET /versions => generated 1501 bytes in 1 msecs (HTTP/1.1 200) 3 headers in 92 bytes (1 switches on core 0)
Jul 23 01:59:45.676792 np0000005690 devstack@g-api.service[102996]: DEBUG glance.api.middleware.version_negotiation [None req-94cd4aaf-cac5-474b-a5ad-8b1e1e1f5efa tempest-TaggedBootDevicesTest-273885760 tempest-TaggedBootDevicesTest-273885760-project-member] Determining version of request: GET /v2/images/aa00df08-7d9b-49fb-a553-6bcba27588c8/locations Accept: */* {{(pid=102996) process_request /opt/stack/glance/glance/api/middleware/version_negotiation.py:44}}
Jul 23 01:59:45.677175 np0000005690 devstack@g-api.service[102996]: DEBUG glance.api.middleware.version_negotiation [None req-94cd4aaf-cac5-474b-a5ad-8b1e1e1f5efa tempest-TaggedBootDevicesTest-273885760 tempest-TaggedBootDevicesTest-273885760-project-member] Using url versioning {{(pid=102996) process_request /opt/stack/glance/glance/api/middleware/version_negotiation.py:57}}
Jul 23 01:59:45.678655 np0000005690 devstack@g-api.service[102996]: DEBUG glance.api.middleware.version_negotiation [None req-94cd4aaf-cac5-474b-a5ad-8b1e1e1f5efa tempest-TaggedBootDevicesTest-273885760 tempest-TaggedBootDevicesTest-273885760-project-member] Matched version: v2 {{(pid=102996) process_request /opt/stack/glance/glance/api/middleware/version_negotiation.py:69}}
Jul 23 01:59:45.679291 np0000005690 devstack@g-api.service[102996]: DEBUG glance.api.middleware.version_negotiation [None req-94cd4aaf-cac5-474b-a5ad-8b1e1e1f5efa tempest-TaggedBootDevicesTest-273885760 tempest-TaggedBootDevicesTest-273885760-project-member] new path /v2/images/aa00df08-7d9b-49fb-a553-6bcba27588c8/locations {{(pid=102996) process_request /opt/stack/glance/glance/api/middleware/version_negotiation.py:70}}
Jul 23 01:59:45.737785 np0000005690 devstack@g-api.service[102998]: DEBUG glance.api.middleware.version_negotiation [None req-f5dedc9c-9d88-4e01-bdea-1fb5562848df tempest-VolumesActionsTest-1059664044 tempest-VolumesActionsTest-1059664044-project-member] Determining version of request: GET /v2/images/aa00df08-7d9b-49fb-a553-6bcba27588c8 Accept: */* {{(pid=102998) process_request /opt/stack/glance/glance/api/middleware/version_negotiation.py:44}}
Jul 23 01:59:45.738323 np0000005690 devstack@g-api.service[102998]: DEBUG glance.api.middleware.version_negotiation [None req-f5dedc9c-9d88-4e01-bdea-1fb5562848df tempest-VolumesActionsTest-1059664044 tempest-VolumesActionsTest-1059664044-project-member] Using url versioning {{(pid=102998) process_request /opt/stack/glance/glance/api/middleware/version_negotiation.py:57}}
Jul 23 01:59:45.738323 np0000005690 devstack@g-api.service[102998]: DEBUG glance.api.middleware.version_negotiation [None req-f5dedc9c-9d88-4e01-bdea-1fb5562848df tempest-VolumesActionsTest-1059664044 tempest-VolumesActionsTest-1059664044-project-member] Matched version: v2 {{(pid=102998) process_request /opt/stack/glance/glance/api/middleware/version_negotiation.py:69}}
Jul 23 01:59:45.738323 np0000005690 devstack@g-api.service[102998]: DEBUG glance.api.middleware.version_negotiation [None req-f5dedc9c-9d88-4e01-bdea-1fb5562848df tempest-VolumesActionsTest-1059664044 tempest-VolumesActionsTest-1059664044-project-member] new path /v2/images/aa00df08-7d9b-49fb-a553-6bcba27588c8 {{(pid=102998) process_request /opt/stack/glance/glance/api/middleware/version_negotiation.py:70}}
Jul 23 01:59:45.755172 np0000005690 devstack@g-api.service[102998]: [pid: 102998|app: 0|req: 37/138] 127.0.0.1 () {44 vars in 1111 bytes} [Thu Jul 23 01:59:45 2026] GET /v2/images/aa00df08-7d9b-49fb-a553-6bcba27588c8 => generated 1044 bytes in 17 msecs (HTTP/1.1 200) 4 headers in 158 bytes (1 switches on core 0)
Jul 23 01:59:45.798445 np0000005690 devstack@g-api.service[102997]: DEBUG glance.api.middleware.version_negotiation [None req-94cd4aaf-cac5-474b-a5ad-8b1e1e1f5efa tempest-TaggedBootDevicesTest-273885760 tempest-TaggedBootDevicesTest-273885760-project-member] Determining version of request: GET /v2/schemas/image Accept: */* {{(pid=102997) process_request /opt/stack/glance/glance/api/middleware/version_negotiation.py:44}}
Jul 23 01:59:45.798688 np0000005690 devstack@g-api.service[102997]: DEBUG glance.api.middleware.version_negotiation [None req-94cd4aaf-cac5-474b-a5ad-8b1e1e1f5efa tempest-TaggedBootDevicesTest-273885760 tempest-TaggedBootDevicesTest-273885760-project-member] Using url versioning {{(pid=102997) process_request /opt/stack/glance/glance/api/middleware/version_negotiation.py:57}}
Jul 23 01:59:45.799487 np0000005690 devstack@g-api.service[102997]: DEBUG glance.api.middleware.version_negotiation [None req-94cd4aaf-cac5-474b-a5ad-8b1e1e1f5efa tempest-TaggedBootDevicesTest-273885760 tempest-TaggedBootDevicesTest-273885760-project-member] Matched version: v2 {{(pid=102997) process_request /opt/stack/glance/glance/api/middleware/version_negotiation.py:69}}
Jul 23 01:59:45.799487 np0000005690 devstack@g-api.service[102997]: DEBUG glance.api.middleware.version_negotiation [None req-94cd4aaf-cac5-474b-a5ad-8b1e1e1f5efa tempest-TaggedBootDevicesTest-273885760 tempest-TaggedBootDevicesTest-273885760-project-member] new path /v2/schemas/image {{(pid=102997) process_request /opt/stack/glance/glance/api/middleware/version_negotiation.py:70}}
Jul 23 01:59:45.804164 np0000005690 devstack@g-api.service[102997]: [pid: 102997|app: 0|req: 39/139] 127.0.0.1 () {44 vars in 1051 bytes} [Thu Jul 23 01:59:45 2026] GET /v2/schemas/image => generated 6083 bytes in 6 msecs (HTTP/1.1 200) 4 headers in 158 bytes (1 switches on core 0)
Jul 23 01:59:45.956858 np0000005690 devstack@g-api.service[102996]: [pid: 102996|app: 0|req: 37/140] 127.0.0.1 () {44 vars in 1131 bytes} [Thu Jul 23 01:59:45 2026] GET /v2/images/aa00df08-7d9b-49fb-a553-6bcba27588c8/locations => generated 92 bytes in 280 msecs (HTTP/1.1 200) 4 headers in 156 bytes (1 switches on core 0)
Jul 23 01:59:45.964618 np0000005690 devstack@g-api.service[102998]: DEBUG glance.api.middleware.version_negotiation [None req-8802e097-62fe-4163-9440-fa8205f62940 tempest-AttachVolumeShelveTestJSON-1164545400 tempest-AttachVolumeShelveTestJSON-1164545400-project-member] Determining version of request: GET /v2/images/aa00df08-7d9b-49fb-a553-6bcba27588c8 Accept: */* {{(pid=102998) process_request /opt/stack/glance/glance/api/middleware/version_negotiation.py:44}}
Jul 23 01:59:45.964722 np0000005690 devstack@g-api.service[102998]: DEBUG glance.api.middleware.version_negotiation [None req-8802e097-62fe-4163-9440-fa8205f62940 tempest-AttachVolumeShelveTestJSON-1164545400 tempest-AttachVolumeShelveTestJSON-1164545400-project-member] Using url versioning {{(pid=102998) process_request /opt/stack/glance/glance/api/middleware/version_negotiation.py:57}}
Jul 23 01:59:45.964885 np0000005690 devstack@g-api.service[102998]: DEBUG glance.api.middleware.version_negotiation [None req-8802e097-62fe-4163-9440-fa8205f62940 tempest-AttachVolumeShelveTestJSON-1164545400 tempest-AttachVolumeShelveTestJSON-1164545400-project-member] Matched version: v2 {{(pid=102998) process_request /opt/stack/glance/glance/api/middleware/version_negotiation.py:69}}
Jul 23 01:59:45.965943 np0000005690 devstack@g-api.service[102998]: DEBUG glance.api.middleware.version_negotiation [None req-8802e097-62fe-4163-9440-fa8205f62940 tempest-AttachVolumeShelveTestJSON-1164545400 tempest-AttachVolumeShelveTestJSON-1164545400-project-member] new path /v2/images/aa00df08-7d9b-49fb-a553-6bcba27588c8 {{(pid=102998) process_request /opt/stack/glance/glance/api/middleware/version_negotiation.py:70}}
Jul 23 01:59:45.976833 np0000005690 devstack@g-api.service[102998]: [pid: 102998|app: 0|req: 38/141] 127.0.0.1 () {44 vars in 1111 bytes} [Thu Jul 23 01:59:45 2026] GET /v2/images/aa00df08-7d9b-49fb-a553-6bcba27588c8 => generated 1044 bytes in 12 msecs (HTTP/1.1 200) 4 headers in 158 bytes (1 switches on core 0)
Jul 23 01:59:45.991585 np0000005690 devstack@g-api.service[102997]: DEBUG glance.api.middleware.version_negotiation [None req-8802e097-62fe-4163-9440-fa8205f62940 tempest-AttachVolumeShelveTestJSON-1164545400 tempest-AttachVolumeShelveTestJSON-1164545400-project-member] Determining version of request: GET /v2/schemas/image Accept: */* {{(pid=102997) process_request /opt/stack/glance/glance/api/middleware/version_negotiation.py:44}}
Jul 23 01:59:45.991585 np0000005690 devstack@g-api.service[102997]: DEBUG glance.api.middleware.version_negotiation [None req-8802e097-62fe-4163-9440-fa8205f62940 tempest-AttachVolumeShelveTestJSON-1164545400 tempest-AttachVolumeShelveTestJSON-1164545400-project-member] Using url versioning {{(pid=102997) process_request /opt/stack/glance/glance/api/middleware/version_negotiation.py:57}}
Jul 23 01:59:45.991585 np0000005690 devstack@g-api.service[102997]: DEBUG glance.api.middleware.version_negotiation [None req-8802e097-62fe-4163-9440-fa8205f62940 tempest-AttachVolumeShelveTestJSON-1164545400 tempest-AttachVolumeShelveTestJSON-1164545400-project-member] Matched version: v2 {{(pid=102997) process_request /opt/stack/glance/glance/api/middleware/version_negotiation.py:69}}
Jul 23 01:59:45.992068 np0000005690 devstack@g-api.service[102997]: DEBUG glance.api.middleware.version_negotiation [None req-8802e097-62fe-4163-9440-fa8205f62940 tempest-AttachVolumeShelveTestJSON-1164545400 tempest-AttachVolumeShelveTestJSON-1164545400-project-member] new path /v2/schemas/image {{(pid=102997) process_request /opt/stack/glance/glance/api/middleware/version_negotiation.py:70}}
Jul 23 01:59:45.996078 np0000005690 devstack@g-api.service[102997]: [pid: 102997|app: 0|req: 40/142] 127.0.0.1 () {44 vars in 1051 bytes} [Thu Jul 23 01:59:45 2026] GET /v2/schemas/image => generated 6083 bytes in 6 msecs (HTTP/1.1 200) 4 headers in 158 bytes (1 switches on core 0)
Jul 23 01:59:46.005211 np0000005690 devstack@g-api.service[102996]: DEBUG glance.api.middleware.version_negotiation [None req-94cd4aaf-cac5-474b-a5ad-8b1e1e1f5efa service glance] Determining version of request: GET /v2/schemas/image Accept: */* {{(pid=102996) process_request /opt/stack/glance/glance/api/middleware/version_negotiation.py:44}}
Jul 23 01:59:46.005390 np0000005690 devstack@g-api.service[102996]: DEBUG glance.api.middleware.version_negotiation [None req-94cd4aaf-cac5-474b-a5ad-8b1e1e1f5efa service glance] Using url versioning {{(pid=102996) process_request /opt/stack/glance/glance/api/middleware/version_negotiation.py:57}}
Jul 23 01:59:46.005537 np0000005690 devstack@g-api.service[102996]: DEBUG glance.api.middleware.version_negotiation [None req-94cd4aaf-cac5-474b-a5ad-8b1e1e1f5efa service glance] Matched version: v2 {{(pid=102996) process_request /opt/stack/glance/glance/api/middleware/version_negotiation.py:69}}
Jul 23 01:59:46.005668 np0000005690 devstack@g-api.service[102996]: DEBUG glance.api.middleware.version_negotiation [None req-94cd4aaf-cac5-474b-a5ad-8b1e1e1f5efa service glance] new path /v2/schemas/image {{(pid=102996) process_request /opt/stack/glance/glance/api/middleware/version_negotiation.py:70}}
Jul 23 01:59:46.009927 np0000005690 devstack@g-api.service[102996]: [pid: 102996|app: 0|req: 38/143] 127.0.0.1 () {44 vars in 1051 bytes} [Thu Jul 23 01:59:46 2026] GET /v2/schemas/image => generated 6083 bytes in 5 msecs (HTTP/1.1 200) 4 headers in 158 bytes (1 switches on core 0)
Jul 23 01:59:46.133784 np0000005690 devstack@g-api.service[102995]: DEBUG swiftclient [None req-e7ac6b27-237a-4d5c-ba64-0e0f79cde224 tempest-VolumesActionsTest-1059664044 tempest-VolumesActionsTest-1059664044-project-member] REQ: curl -i https://10.4.3.21:8080/v1/AUTH_0bfb783347854ecfbb5fbbd0daa1b12c/glance/f697ce2b-8ec6-4b52-9da6-1029e302894d-00003 -X PUT -H "X-Auth-Token: gAAAAABqYXWLZBuK..." {{(pid=102995) http_log /opt/stack/data/venv/lib/python3.12/site-packages/swiftclient/client.py:160}}
Jul 23 01:59:46.134069 np0000005690 devstack@g-api.service[102995]: DEBUG swiftclient [None req-e7ac6b27-237a-4d5c-ba64-0e0f79cde224 tempest-VolumesActionsTest-1059664044 tempest-VolumesActionsTest-1059664044-project-member] RESP STATUS: 201 Created {{(pid=102995) http_log /opt/stack/data/venv/lib/python3.12/site-packages/swiftclient/client.py:161}}
Jul 23 01:59:46.134069 np0000005690 devstack@g-api.service[102995]: DEBUG swiftclient [None req-e7ac6b27-237a-4d5c-ba64-0e0f79cde224 tempest-VolumesActionsTest-1059664044 tempest-VolumesActionsTest-1059664044-project-member] RESP HEADERS: {'Date': 'Thu, 23 Jul 2026 01:59:46 GMT', 'Server': 'Apache/2.4.58 (Ubuntu)', 'Content-Type': 'text/html; charset=UTF-8', 'Content-Length': '0', 'Etag': 'eda9a9889837ac4bc81d6387d92c1bec', 'Last-Modified': 'Thu, 23 Jul 2026 01:59:45 GMT', 'X-Trans-Id': 'txfbd5cc21612d4901b0af1-006a617590', 'X-Openstack-Request-Id': 'txfbd5cc21612d4901b0af1-006a617590', 'Connection': 'close'} {{(pid=102995) http_log /opt/stack/data/venv/lib/python3.12/site-packages/swiftclient/client.py:162}}
Jul 23 01:59:46.134178 np0000005690 devstack@g-api.service[102995]: DEBUG glance_store._drivers.swift.store [None req-e7ac6b27-237a-4d5c-ba64-0e0f79cde224 tempest-VolumesActionsTest-1059664044 tempest-VolumesActionsTest-1059664044-project-member] Wrote chunk f697ce2b-8ec6-4b52-9da6-1029e302894d-00003 (3/?) of length 204800000 to Swift returning MD5 of content: eda9a9889837ac4bc81d6387d92c1bec {{(pid=102995) add /opt/stack/data/venv/lib/python3.12/site-packages/glance_store/_drivers/swift/store.py:1059}}
Jul 23 01:59:46.636046 np0000005690 devstack@g-api.service[102998]: DEBUG glance.api.middleware.version_negotiation [None req-94cd4aaf-cac5-474b-a5ad-8b1e1e1f5efa tempest-TaggedBootDevicesTest-273885760 tempest-TaggedBootDevicesTest-273885760-project-member] Determining version of request: GET /v2/images/f697ce2b-8ec6-4b52-9da6-1029e302894d Accept: application/json {{(pid=102998) process_request /opt/stack/glance/glance/api/middleware/version_negotiation.py:44}}
Jul 23 01:59:46.636531 np0000005690 devstack@g-api.service[102998]: DEBUG glance.api.middleware.version_negotiation [None req-94cd4aaf-cac5-474b-a5ad-8b1e1e1f5efa tempest-TaggedBootDevicesTest-273885760 tempest-TaggedBootDevicesTest-273885760-project-member] Using url versioning {{(pid=102998) process_request /opt/stack/glance/glance/api/middleware/version_negotiation.py:57}}
Jul 23 01:59:46.636531 np0000005690 devstack@g-api.service[102998]: DEBUG glance.api.middleware.version_negotiation [None req-94cd4aaf-cac5-474b-a5ad-8b1e1e1f5efa tempest-TaggedBootDevicesTest-273885760 tempest-TaggedBootDevicesTest-273885760-project-member] Matched version: v2 {{(pid=102998) process_request /opt/stack/glance/glance/api/middleware/version_negotiation.py:69}}
Jul 23 01:59:46.636531 np0000005690 devstack@g-api.service[102998]: DEBUG glance.api.middleware.version_negotiation [None req-94cd4aaf-cac5-474b-a5ad-8b1e1e1f5efa tempest-TaggedBootDevicesTest-273885760 tempest-TaggedBootDevicesTest-273885760-project-member] new path /v2/images/f697ce2b-8ec6-4b52-9da6-1029e302894d {{(pid=102998) process_request /opt/stack/glance/glance/api/middleware/version_negotiation.py:70}}
Jul 23 01:59:46.651503 np0000005690 devstack@g-api.service[102998]: [pid: 102998|app: 0|req: 39/144] 127.0.0.1 () {40 vars in 834 bytes} [Thu Jul 23 01:59:46 2026] GET /v2/images/f697ce2b-8ec6-4b52-9da6-1029e302894d => generated 649 bytes in 15 msecs (HTTP/1.1 200) 4 headers in 157 bytes (1 switches on core 0)
Jul 23 01:59:47.666850 np0000005690 devstack@g-api.service[102997]: DEBUG glance.api.middleware.version_negotiation [None req-94cd4aaf-cac5-474b-a5ad-8b1e1e1f5efa tempest-TaggedBootDevicesTest-273885760 tempest-TaggedBootDevicesTest-273885760-project-member] Determining version of request: GET /v2/images/f697ce2b-8ec6-4b52-9da6-1029e302894d Accept: application/json {{(pid=102997) process_request /opt/stack/glance/glance/api/middleware/version_negotiation.py:44}}
Jul 23 01:59:47.666850 np0000005690 devstack@g-api.service[102997]: DEBUG glance.api.middleware.version_negotiation [None req-94cd4aaf-cac5-474b-a5ad-8b1e1e1f5efa tempest-TaggedBootDevicesTest-273885760 tempest-TaggedBootDevicesTest-273885760-project-member] Using url versioning {{(pid=102997) process_request /opt/stack/glance/glance/api/middleware/version_negotiation.py:57}}
Jul 23 01:59:47.666850 np0000005690 devstack@g-api.service[102997]: DEBUG glance.api.middleware.version_negotiation [None req-94cd4aaf-cac5-474b-a5ad-8b1e1e1f5efa tempest-TaggedBootDevicesTest-273885760 tempest-TaggedBootDevicesTest-273885760-project-member] Matched version: v2 {{(pid=102997) process_request /opt/stack/glance/glance/api/middleware/version_negotiation.py:69}}
Jul 23 01:59:47.666850 np0000005690 devstack@g-api.service[102997]: DEBUG glance.api.middleware.version_negotiation [None req-94cd4aaf-cac5-474b-a5ad-8b1e1e1f5efa tempest-TaggedBootDevicesTest-273885760 tempest-TaggedBootDevicesTest-273885760-project-member] new path /v2/images/f697ce2b-8ec6-4b52-9da6-1029e302894d {{(pid=102997) process_request /opt/stack/glance/glance/api/middleware/version_negotiation.py:70}}
Jul 23 01:59:47.677588 np0000005690 devstack@g-api.service[102997]: [pid: 102997|app: 0|req: 41/145] 127.0.0.1 () {40 vars in 834 bytes} [Thu Jul 23 01:59:47 2026] GET /v2/images/f697ce2b-8ec6-4b52-9da6-1029e302894d => generated 649 bytes in 13 msecs (HTTP/1.1 200) 4 headers in 157 bytes (1 switches on core 0)
Jul 23 01:59:48.221144 np0000005690 devstack@g-api.service[102995]: DEBUG swiftclient [None req-e7ac6b27-237a-4d5c-ba64-0e0f79cde224 tempest-VolumesActionsTest-1059664044 tempest-VolumesActionsTest-1059664044-project-member] REQ: curl -i https://10.4.3.21:8080/v1/AUTH_0bfb783347854ecfbb5fbbd0daa1b12c/glance/f697ce2b-8ec6-4b52-9da6-1029e302894d-00004 -X PUT -H "X-Auth-Token: gAAAAABqYXWLZBuK..." {{(pid=102995) http_log /opt/stack/data/venv/lib/python3.12/site-packages/swiftclient/client.py:160}}
Jul 23 01:59:48.221466 np0000005690 devstack@g-api.service[102995]: DEBUG swiftclient [None req-e7ac6b27-237a-4d5c-ba64-0e0f79cde224 tempest-VolumesActionsTest-1059664044 tempest-VolumesActionsTest-1059664044-project-member] RESP STATUS: 201 Created {{(pid=102995) http_log /opt/stack/data/venv/lib/python3.12/site-packages/swiftclient/client.py:161}}
Jul 23 01:59:48.221466 np0000005690 devstack@g-api.service[102995]: DEBUG swiftclient [None req-e7ac6b27-237a-4d5c-ba64-0e0f79cde224 tempest-VolumesActionsTest-1059664044 tempest-VolumesActionsTest-1059664044-project-member] RESP HEADERS: {'Date': 'Thu, 23 Jul 2026 01:59:48 GMT', 'Server': 'Apache/2.4.58 (Ubuntu)', 'Content-Type': 'text/html; charset=UTF-8', 'Content-Length': '0', 'Etag': 'eda9a9889837ac4bc81d6387d92c1bec', 'Last-Modified': 'Thu, 23 Jul 2026 01:59:47 GMT', 'X-Trans-Id': 'tx88ae55d13eef428983d4b-006a617592', 'X-Openstack-Request-Id': 'tx88ae55d13eef428983d4b-006a617592', 'Connection': 'close'} {{(pid=102995) http_log /opt/stack/data/venv/lib/python3.12/site-packages/swiftclient/client.py:162}}
Jul 23 01:59:48.221682 np0000005690 devstack@g-api.service[102995]: DEBUG glance_store._drivers.swift.store [None req-e7ac6b27-237a-4d5c-ba64-0e0f79cde224 tempest-VolumesActionsTest-1059664044 tempest-VolumesActionsTest-1059664044-project-member] Wrote chunk f697ce2b-8ec6-4b52-9da6-1029e302894d-00004 (4/?) of length 204800000 to Swift returning MD5 of content: eda9a9889837ac4bc81d6387d92c1bec {{(pid=102995) add /opt/stack/data/venv/lib/python3.12/site-packages/glance_store/_drivers/swift/store.py:1059}}
Jul 23 01:59:48.686229 np0000005690 devstack@g-api.service[102996]: DEBUG glance.api.middleware.version_negotiation [None req-94cd4aaf-cac5-474b-a5ad-8b1e1e1f5efa tempest-TaggedBootDevicesTest-273885760 tempest-TaggedBootDevicesTest-273885760-project-member] Determining version of request: GET /v2/images/f697ce2b-8ec6-4b52-9da6-1029e302894d Accept: application/json {{(pid=102996) process_request /opt/stack/glance/glance/api/middleware/version_negotiation.py:44}}
Jul 23 01:59:48.686716 np0000005690 devstack@g-api.service[102996]: DEBUG glance.api.middleware.version_negotiation [None req-94cd4aaf-cac5-474b-a5ad-8b1e1e1f5efa tempest-TaggedBootDevicesTest-273885760 tempest-TaggedBootDevicesTest-273885760-project-member] Using url versioning {{(pid=102996) process_request /opt/stack/glance/glance/api/middleware/version_negotiation.py:57}}
Jul 23 01:59:48.686716 np0000005690 devstack@g-api.service[102996]: DEBUG glance.api.middleware.version_negotiation [None req-94cd4aaf-cac5-474b-a5ad-8b1e1e1f5efa tempest-TaggedBootDevicesTest-273885760 tempest-TaggedBootDevicesTest-273885760-project-member] Matched version: v2 {{(pid=102996) process_request /opt/stack/glance/glance/api/middleware/version_negotiation.py:69}}
Jul 23 01:59:48.686716 np0000005690 devstack@g-api.service[102996]: DEBUG glance.api.middleware.version_negotiation [None req-94cd4aaf-cac5-474b-a5ad-8b1e1e1f5efa tempest-TaggedBootDevicesTest-273885760 tempest-TaggedBootDevicesTest-273885760-project-member] new path /v2/images/f697ce2b-8ec6-4b52-9da6-1029e302894d {{(pid=102996) process_request /opt/stack/glance/glance/api/middleware/version_negotiation.py:70}}
Jul 23 01:59:48.697589 np0000005690 devstack@g-api.service[102996]: [pid: 102996|app: 0|req: 39/146] 127.0.0.1 () {40 vars in 834 bytes} [Thu Jul 23 01:59:48 2026] GET /v2/images/f697ce2b-8ec6-4b52-9da6-1029e302894d => generated 649 bytes in 11 msecs (HTTP/1.1 200) 4 headers in 157 bytes (1 switches on core 0)
Jul 23 01:59:49.390806 np0000005690 devstack@g-api.service[102995]: DEBUG dbcounter [-] [102995] Writing DB stats glance:SELECT=34,glance:UPDATE=10,glance:DELETE=1,glance:INSERT=1 {{(pid=102995) stat_writer /opt/stack/data/venv/lib/python3.12/site-packages/dbcounter.py:115}}
Jul 23 01:59:49.706621 np0000005690 devstack@g-api.service[102998]: DEBUG glance.api.middleware.version_negotiation [None req-e90d6822-eaf1-40d2-9d57-a948928a924d tempest-VolumesActionsTest-1059664044 tempest-VolumesActionsTest-1059664044-project-member] Determining version of request: GET /v2/images/f697ce2b-8ec6-4b52-9da6-1029e302894d Accept: application/json {{(pid=102998) process_request /opt/stack/glance/glance/api/middleware/version_negotiation.py:44}}
Jul 23 01:59:49.707086 np0000005690 devstack@g-api.service[102998]: DEBUG glance.api.middleware.version_negotiation [None req-e90d6822-eaf1-40d2-9d57-a948928a924d tempest-VolumesActionsTest-1059664044 tempest-VolumesActionsTest-1059664044-project-member] Using url versioning {{(pid=102998) process_request /opt/stack/glance/glance/api/middleware/version_negotiation.py:57}}
Jul 23 01:59:49.707086 np0000005690 devstack@g-api.service[102998]: DEBUG glance.api.middleware.version_negotiation [None req-e90d6822-eaf1-40d2-9d57-a948928a924d tempest-VolumesActionsTest-1059664044 tempest-VolumesActionsTest-1059664044-project-member] Matched version: v2 {{(pid=102998) process_request /opt/stack/glance/glance/api/middleware/version_negotiation.py:69}}
Jul 23 01:59:49.707204 np0000005690 devstack@g-api.service[102998]: DEBUG glance.api.middleware.version_negotiation [None req-e90d6822-eaf1-40d2-9d57-a948928a924d tempest-VolumesActionsTest-1059664044 tempest-VolumesActionsTest-1059664044-project-member] new path /v2/images/f697ce2b-8ec6-4b52-9da6-1029e302894d {{(pid=102998) process_request /opt/stack/glance/glance/api/middleware/version_negotiation.py:70}}
Jul 23 01:59:49.718840 np0000005690 devstack@g-api.service[102998]: [pid: 102998|app: 0|req: 40/147] 127.0.0.1 () {40 vars in 834 bytes} [Thu Jul 23 01:59:49 2026] GET /v2/images/f697ce2b-8ec6-4b52-9da6-1029e302894d => generated 649 bytes in 12 msecs (HTTP/1.1 200) 4 headers in 157 bytes (1 switches on core 0)
Jul 23 01:59:50.709522 np0000005690 devstack@g-api.service[102995]: DEBUG swiftclient [None req-e7ac6b27-237a-4d5c-ba64-0e0f79cde224 tempest-VolumesActionsTest-1059664044 tempest-VolumesActionsTest-1059664044-project-member] REQ: curl -i https://10.4.3.21:8080/v1/AUTH_0bfb783347854ecfbb5fbbd0daa1b12c/glance/f697ce2b-8ec6-4b52-9da6-1029e302894d-00005 -X PUT -H "X-Auth-Token: gAAAAABqYXWLZBuK..." {{(pid=102995) http_log /opt/stack/data/venv/lib/python3.12/site-packages/swiftclient/client.py:160}}
Jul 23 01:59:50.709853 np0000005690 devstack@g-api.service[102995]: DEBUG swiftclient [None req-e7ac6b27-237a-4d5c-ba64-0e0f79cde224 tempest-VolumesActionsTest-1059664044 tempest-VolumesActionsTest-1059664044-project-member] RESP STATUS: 201 Created {{(pid=102995) http_log /opt/stack/data/venv/lib/python3.12/site-packages/swiftclient/client.py:161}}
Jul 23 01:59:50.710281 np0000005690 devstack@g-api.service[102995]: DEBUG swiftclient [None req-e7ac6b27-237a-4d5c-ba64-0e0f79cde224 tempest-VolumesActionsTest-1059664044 tempest-VolumesActionsTest-1059664044-project-member] RESP HEADERS: {'Date': 'Thu, 23 Jul 2026 01:59:50 GMT', 'Server': 'Apache/2.4.58 (Ubuntu)', 'Content-Type': 'text/html; charset=UTF-8', 'Content-Length': '0', 'Etag': 'eda9a9889837ac4bc81d6387d92c1bec', 'Last-Modified': 'Thu, 23 Jul 2026 01:59:49 GMT', 'X-Trans-Id': 'txf560475d7b8c486a84189-006a617594', 'X-Openstack-Request-Id': 'txf560475d7b8c486a84189-006a617594', 'Connection': 'close'} {{(pid=102995) http_log /opt/stack/data/venv/lib/python3.12/site-packages/swiftclient/client.py:162}}
Jul 23 01:59:50.710281 np0000005690 devstack@g-api.service[102995]: DEBUG glance_store._drivers.swift.store [None req-e7ac6b27-237a-4d5c-ba64-0e0f79cde224 tempest-VolumesActionsTest-1059664044 tempest-VolumesActionsTest-1059664044-project-member] Wrote chunk f697ce2b-8ec6-4b52-9da6-1029e302894d-00005 (5/?) of length 204800000 to Swift returning MD5 of content: eda9a9889837ac4bc81d6387d92c1bec {{(pid=102995) add /opt/stack/data/venv/lib/python3.12/site-packages/glance_store/_drivers/swift/store.py:1059}}
Jul 23 01:59:50.728960 np0000005690 devstack@g-api.service[102997]: DEBUG glance.api.middleware.version_negotiation [None req-ef6c4620-fb4f-4beb-ab21-3b519756c065 tempest-VolumesActionsTest-1059664044 tempest-VolumesActionsTest-1059664044-project-member] Determining version of request: GET /v2/images/f697ce2b-8ec6-4b52-9da6-1029e302894d Accept: application/json {{(pid=102997) process_request /opt/stack/glance/glance/api/middleware/version_negotiation.py:44}}
Jul 23 01:59:50.729429 np0000005690 devstack@g-api.service[102997]: DEBUG glance.api.middleware.version_negotiation [None req-ef6c4620-fb4f-4beb-ab21-3b519756c065 tempest-VolumesActionsTest-1059664044 tempest-VolumesActionsTest-1059664044-project-member] Using url versioning {{(pid=102997) process_request /opt/stack/glance/glance/api/middleware/version_negotiation.py:57}}
Jul 23 01:59:50.729429 np0000005690 devstack@g-api.service[102997]: DEBUG glance.api.middleware.version_negotiation [None req-ef6c4620-fb4f-4beb-ab21-3b519756c065 tempest-VolumesActionsTest-1059664044 tempest-VolumesActionsTest-1059664044-project-member] Matched version: v2 {{(pid=102997) process_request /opt/stack/glance/glance/api/middleware/version_negotiation.py:69}}
Jul 23 01:59:50.729502 np0000005690 devstack@g-api.service[102997]: DEBUG glance.api.middleware.version_negotiation [None req-ef6c4620-fb4f-4beb-ab21-3b519756c065 tempest-VolumesActionsTest-1059664044 tempest-VolumesActionsTest-1059664044-project-member] new path /v2/images/f697ce2b-8ec6-4b52-9da6-1029e302894d {{(pid=102997) process_request /opt/stack/glance/glance/api/middleware/version_negotiation.py:70}}
Jul 23 01:59:50.750713 np0000005690 devstack@g-api.service[102997]: [pid: 102997|app: 0|req: 42/148] 127.0.0.1 () {40 vars in 834 bytes} [Thu Jul 23 01:59:50 2026] GET /v2/images/f697ce2b-8ec6-4b52-9da6-1029e302894d => generated 649 bytes in 22 msecs (HTTP/1.1 200) 4 headers in 157 bytes (1 switches on core 0)
Jul 23 01:59:51.201048 np0000005690 devstack@g-api.service[102995]: DEBUG swiftclient [None req-e7ac6b27-237a-4d5c-ba64-0e0f79cde224 tempest-VolumesActionsTest-1059664044 tempest-VolumesActionsTest-1059664044-project-member] REQ: curl -i https://10.4.3.21:8080/v1/AUTH_0bfb783347854ecfbb5fbbd0daa1b12c/glance/f697ce2b-8ec6-4b52-9da6-1029e302894d-00006 -X PUT -H "X-Auth-Token: gAAAAABqYXWLZBuK..." {{(pid=102995) http_log /opt/stack/data/venv/lib/python3.12/site-packages/swiftclient/client.py:160}}
Jul 23 01:59:51.201048 np0000005690 devstack@g-api.service[102995]: DEBUG swiftclient [None req-e7ac6b27-237a-4d5c-ba64-0e0f79cde224 tempest-VolumesActionsTest-1059664044 tempest-VolumesActionsTest-1059664044-project-member] RESP STATUS: 201 Created {{(pid=102995) http_log /opt/stack/data/venv/lib/python3.12/site-packages/swiftclient/client.py:161}}
Jul 23 01:59:51.201048 np0000005690 devstack@g-api.service[102995]: DEBUG swiftclient [None req-e7ac6b27-237a-4d5c-ba64-0e0f79cde224 tempest-VolumesActionsTest-1059664044 tempest-VolumesActionsTest-1059664044-project-member] RESP HEADERS: {'Date': 'Thu, 23 Jul 2026 01:59:51 GMT', 'Server': 'Apache/2.4.58 (Ubuntu)', 'Content-Type': 'text/html; charset=UTF-8', 'Content-Length': '0', 'Etag': '708761f3b8777ec77058e63da08eeeb6', 'Last-Modified': 'Thu, 23 Jul 2026 01:59:51 GMT', 'X-Trans-Id': 'txd44aebe7608249a9b499e-006a617596', 'X-Openstack-Request-Id': 'txd44aebe7608249a9b499e-006a617596', 'Connection': 'close'} {{(pid=102995) http_log /opt/stack/data/venv/lib/python3.12/site-packages/swiftclient/client.py:162}}
Jul 23 01:59:51.201048 np0000005690 devstack@g-api.service[102995]: DEBUG glance_store._drivers.swift.store [None req-e7ac6b27-237a-4d5c-ba64-0e0f79cde224 tempest-VolumesActionsTest-1059664044 tempest-VolumesActionsTest-1059664044-project-member] Wrote chunk f697ce2b-8ec6-4b52-9da6-1029e302894d-00006 (6/?) of length 49741824 to Swift returning MD5 of content: 708761f3b8777ec77058e63da08eeeb6 {{(pid=102995) add /opt/stack/data/venv/lib/python3.12/site-packages/glance_store/_drivers/swift/store.py:1059}}
Jul 23 01:59:51.201048 np0000005690 devstack@g-api.service[102995]: DEBUG glance_store._drivers.swift.store [None req-e7ac6b27-237a-4d5c-ba64-0e0f79cde224 tempest-VolumesActionsTest-1059664044 tempest-VolumesActionsTest-1059664044-project-member] Not writing zero-length chunk. {{(pid=102995) add /opt/stack/data/venv/lib/python3.12/site-packages/glance_store/_drivers/swift/store.py:1028}}
Jul 23 01:59:51.230951 np0000005690 devstack@g-api.service[102995]: DEBUG swiftclient [None req-e7ac6b27-237a-4d5c-ba64-0e0f79cde224 tempest-VolumesActionsTest-1059664044 tempest-VolumesActionsTest-1059664044-project-member] REQ: curl -i https://10.4.3.21:8080/v1/AUTH_0bfb783347854ecfbb5fbbd0daa1b12c/glance/f697ce2b-8ec6-4b52-9da6-1029e302894d -X PUT -H "X-Object-Manifest: glance/f697ce2b-8ec6-4b52-9da6-1029e302894d-" -H "X-Auth-Token: gAAAAABqYXWLZBuK..." -H "Content-Length: 0" {{(pid=102995) http_log /opt/stack/data/venv/lib/python3.12/site-packages/swiftclient/client.py:160}}
Jul 23 01:59:51.231085 np0000005690 devstack@g-api.service[102995]: DEBUG swiftclient [None req-e7ac6b27-237a-4d5c-ba64-0e0f79cde224 tempest-VolumesActionsTest-1059664044 tempest-VolumesActionsTest-1059664044-project-member] RESP STATUS: 201 Created {{(pid=102995) http_log /opt/stack/data/venv/lib/python3.12/site-packages/swiftclient/client.py:161}}
Jul 23 01:59:51.231170 np0000005690 devstack@g-api.service[102995]: DEBUG swiftclient [None req-e7ac6b27-237a-4d5c-ba64-0e0f79cde224 tempest-VolumesActionsTest-1059664044 tempest-VolumesActionsTest-1059664044-project-member] RESP HEADERS: {'Date': 'Thu, 23 Jul 2026 01:59:51 GMT', 'Server': 'Apache/2.4.58 (Ubuntu)', 'Content-Type': 'text/html; charset=UTF-8', 'Content-Length': '0', 'Etag': 'd41d8cd98f00b204e9800998ecf8427e', 'Last-Modified': 'Thu, 23 Jul 2026 01:59:52 GMT', 'X-Trans-Id': 'tx07b2aa62a5224a15842af-006a617597', 'X-Openstack-Request-Id': 'tx07b2aa62a5224a15842af-006a617597', 'Connection': 'close'} {{(pid=102995) http_log /opt/stack/data/venv/lib/python3.12/site-packages/swiftclient/client.py:162}}
Jul 23 01:59:51.231691 np0000005690 devstack@g-api.service[102995]: INFO glance.location [None req-e7ac6b27-237a-4d5c-ba64-0e0f79cde224 tempest-VolumesActionsTest-1059664044 tempest-VolumesActionsTest-1059664044-project-member] Image format matched and virtual size computed: 1073741824
Jul 23 01:59:51.269191 np0000005690 devstack@g-api.service[102995]: DEBUG glance_store.backend [None req-e7ac6b27-237a-4d5c-ba64-0e0f79cde224 tempest-VolumesActionsTest-1059664044 tempest-VolumesActionsTest-1059664044-project-member] Attempting to import store swift {{(pid=102995) _load_store /opt/stack/data/venv/lib/python3.12/site-packages/glance_store/backend.py:215}}
Jul 23 01:59:51.269861 np0000005690 devstack@g-api.service[102995]: DEBUG glance_store.capabilities [None req-e7ac6b27-237a-4d5c-ba64-0e0f79cde224 tempest-VolumesActionsTest-1059664044 tempest-VolumesActionsTest-1059664044-project-member] Store glance_store._drivers.swift.store.SingleTenantStore doesn't support updating dynamic storage capabilities. Please overwrite 'update_capabilities' method of the store to implement updating logics if needed. {{(pid=102995) update_capabilities /opt/stack/data/venv/lib/python3.12/site-packages/glance_store/capabilities.py:91}}
Jul 23 01:59:51.270400 np0000005690 devstack@g-api.service[102995]: DEBUG glance_store.driver [None req-e7ac6b27-237a-4d5c-ba64-0e0f79cde224 tempest-VolumesActionsTest-1059664044 tempest-VolumesActionsTest-1059664044-project-member] Late loading location class glance_store._drivers.swift.store.StoreLocation {{(pid=102995) get_store_location_class /opt/stack/data/venv/lib/python3.12/site-packages/glance_store/driver.py:134}}
Jul 23 01:59:51.270559 np0000005690 devstack@g-api.service[102995]: DEBUG glance_store.location [None req-e7ac6b27-237a-4d5c-ba64-0e0f79cde224 tempest-VolumesActionsTest-1059664044 tempest-VolumesActionsTest-1059664044-project-member] Registering scheme swift+https with {'store': , 'location_class': , 'store_entry': 'swift'} {{(pid=102995) register_scheme_map /opt/stack/data/venv/lib/python3.12/site-packages/glance_store/location.py:146}}
Jul 23 01:59:51.270658 np0000005690 devstack@g-api.service[102995]: DEBUG glance_store.location [None req-e7ac6b27-237a-4d5c-ba64-0e0f79cde224 tempest-VolumesActionsTest-1059664044 tempest-VolumesActionsTest-1059664044-project-member] Registering scheme swift+https with {'store': , 'location_class': , 'store_entry': 'swift'} {{(pid=102995) register_scheme_map /opt/stack/data/venv/lib/python3.12/site-packages/glance_store/location.py:146}}
Jul 23 01:59:51.270658 np0000005690 devstack@g-api.service[102995]: DEBUG glance_store.location [None req-e7ac6b27-237a-4d5c-ba64-0e0f79cde224 tempest-VolumesActionsTest-1059664044 tempest-VolumesActionsTest-1059664044-project-member] Registering scheme swift with {'store': , 'location_class': , 'store_entry': 'swift'} {{(pid=102995) register_scheme_map /opt/stack/data/venv/lib/python3.12/site-packages/glance_store/location.py:146}}
Jul 23 01:59:51.270775 np0000005690 devstack@g-api.service[102995]: DEBUG glance_store.location [None req-e7ac6b27-237a-4d5c-ba64-0e0f79cde224 tempest-VolumesActionsTest-1059664044 tempest-VolumesActionsTest-1059664044-project-member] Registering scheme swift+https with {'store': , 'location_class': , 'store_entry': 'swift'} {{(pid=102995) register_scheme_map /opt/stack/data/venv/lib/python3.12/site-packages/glance_store/location.py:146}}
Jul 23 01:59:51.270871 np0000005690 devstack@g-api.service[102995]: DEBUG glance_store.location [None req-e7ac6b27-237a-4d5c-ba64-0e0f79cde224 tempest-VolumesActionsTest-1059664044 tempest-VolumesActionsTest-1059664044-project-member] Registering scheme swift with {'store': , 'location_class': , 'store_entry': 'swift'} {{(pid=102995) register_scheme_map /opt/stack/data/venv/lib/python3.12/site-packages/glance_store/location.py:146}}
Jul 23 01:59:51.270871 np0000005690 devstack@g-api.service[102995]: DEBUG glance_store.location [None req-e7ac6b27-237a-4d5c-ba64-0e0f79cde224 tempest-VolumesActionsTest-1059664044 tempest-VolumesActionsTest-1059664044-project-member] Registering scheme swift+http with {'store': , 'location_class': , 'store_entry': 'swift'} {{(pid=102995) register_scheme_map /opt/stack/data/venv/lib/python3.12/site-packages/glance_store/location.py:146}}
Jul 23 01:59:51.270989 np0000005690 devstack@g-api.service[102995]: DEBUG glance_store.location [None req-e7ac6b27-237a-4d5c-ba64-0e0f79cde224 tempest-VolumesActionsTest-1059664044 tempest-VolumesActionsTest-1059664044-project-member] Registering scheme swift+https with {'store': , 'location_class': , 'store_entry': 'swift'} {{(pid=102995) register_scheme_map /opt/stack/data/venv/lib/python3.12/site-packages/glance_store/location.py:146}}
Jul 23 01:59:51.270989 np0000005690 devstack@g-api.service[102995]: DEBUG glance_store.location [None req-e7ac6b27-237a-4d5c-ba64-0e0f79cde224 tempest-VolumesActionsTest-1059664044 tempest-VolumesActionsTest-1059664044-project-member] Registering scheme swift with {'store': , 'location_class': , 'store_entry': 'swift'} {{(pid=102995) register_scheme_map /opt/stack/data/venv/lib/python3.12/site-packages/glance_store/location.py:146}}
Jul 23 01:59:51.271097 np0000005690 devstack@g-api.service[102995]: DEBUG glance_store.location [None req-e7ac6b27-237a-4d5c-ba64-0e0f79cde224 tempest-VolumesActionsTest-1059664044 tempest-VolumesActionsTest-1059664044-project-member] Registering scheme swift+http with {'store': , 'location_class': , 'store_entry': 'swift'} {{(pid=102995) register_scheme_map /opt/stack/data/venv/lib/python3.12/site-packages/glance_store/location.py:146}}
Jul 23 01:59:51.271179 np0000005690 devstack@g-api.service[102995]: DEBUG glance_store.location [None req-e7ac6b27-237a-4d5c-ba64-0e0f79cde224 tempest-VolumesActionsTest-1059664044 tempest-VolumesActionsTest-1059664044-project-member] Registering scheme swift+config with {'store': , 'location_class': , 'store_entry': 'swift'} {{(pid=102995) register_scheme_map /opt/stack/data/venv/lib/python3.12/site-packages/glance_store/location.py:146}}
Jul 23 01:59:51.271274 np0000005690 devstack@g-api.service[102995]: DEBUG glance_store.backend [None req-e7ac6b27-237a-4d5c-ba64-0e0f79cde224 tempest-VolumesActionsTest-1059664044 tempest-VolumesActionsTest-1059664044-project-member] Skipping store.set_acls... not implemented. {{(pid=102995) set_acls /opt/stack/data/venv/lib/python3.12/site-packages/glance_store/backend.py:507}}
Jul 23 01:59:51.273354 np0000005690 devstack@g-api.service[102995]: [pid: 102995|app: 0|req: 28/149] 127.0.0.1 () {46 vars in 1154 bytes} [Thu Jul 23 01:59:37 2026] PUT /v2/images/f697ce2b-8ec6-4b52-9da6-1029e302894d/file => generated 0 bytes in 13335 msecs (HTTP/1.1 204) 4 headers in 171 bytes (1 switches on core 0)
Jul 23 01:59:51.285318 np0000005690 devstack@g-api.service[102996]: DEBUG glance.api.middleware.version_negotiation [None req-e01f6e7f-0ec7-459a-972b-71e2d7388a91 tempest-VolumesActionsTest-1059664044 tempest-VolumesActionsTest-1059664044-project-member] Determining version of request: GET /v2/images/f697ce2b-8ec6-4b52-9da6-1029e302894d Accept: */* {{(pid=102996) process_request /opt/stack/glance/glance/api/middleware/version_negotiation.py:44}}
Jul 23 01:59:51.285640 np0000005690 devstack@g-api.service[102996]: DEBUG glance.api.middleware.version_negotiation [None req-e01f6e7f-0ec7-459a-972b-71e2d7388a91 tempest-VolumesActionsTest-1059664044 tempest-VolumesActionsTest-1059664044-project-member] Using url versioning {{(pid=102996) process_request /opt/stack/glance/glance/api/middleware/version_negotiation.py:57}}
