Jul 23 01:58:25.575144 np0000005690 devstack@n-api.service[87487]: DEBUG nova.api.openstack.wsgi [None req-344d4951-f73f-465c-a780-6d0ccca662bd tempest-TestMultiAttachVolumeSwap-1863054851 tempest-TestMultiAttachVolumeSwap-1863054851-project-member] Action: 'create', calling method: >, body: {"server": {"name": "tempest-TestMultiAttachVolumeSwap-server-356280267", "imageRef": "aa00df08-7d9b-49fb-a553-6bcba27588c8", "flavorRef": "42", "min_count": 2, "return_reservation_id": true, "networks": [{"uuid": "e09a7267-e686-474b-9ac5-8f1df7e20c82"}], "security_groups": [{"name": "tempest-securitygroup--228214680"}], "key_name": "tempest-keypair-380369221", "user_data": "IyEvYmluL3NoCmVjaG8gIlByaW50aW5nIGNpcnJvcyB1c2VyIGF1dGhvcml6ZWQga2V5cyIKY2F0IH5jaXJyb3MvLnNzaC9hdXRob3JpemVkX2tleXMgfHwgdHJ1ZQo="}} {{(pid=87487) _process_stack /opt/stack/nova/nova/api/openstack/wsgi.py:549}}
Jul 23 01:58:25.671627 np0000005690 devstack@n-api.service[87486]: DEBUG nova.api.openstack.wsgi [req-8ea15905-91f0-462c-8045-6f2dfd04f4c2 req-6c2faacb-7ab0-4d0c-9c77-9bb3ca55f6a8 service nova] Action: 'create', calling method: >, body: {"events": [{"name": "network-changed", "server_uuid": "b91c1988-3573-475b-81eb-aae444a08042", "tag": "1488079a-34fb-4e6b-bb10-54b10c7c0dba"}]} {{(pid=87486) _process_stack /opt/stack/nova/nova/api/openstack/wsgi.py:549}}
Jul 23 01:58:25.678625 np0000005690 devstack@n-api.service[87485]: DEBUG nova.policy [None req-6b6d9112-5175-4982-a9fa-d646614ee6ec tempest-VolumesAssistedSnapshotsTest-948179404 tempest-VolumesAssistedSnapshotsTest-948179404-project-member] Policy check for os_compute_api:os-extended-server-attributes failed with credentials {'is_admin': False, 'user_id': '80baa0401c9541b6be56b7f9d69748a5', 'user_domain_id': 'default', 'system_scope': None, 'domain_id': None, 'project_id': 'e16d5e58917a485493ab5c62c46c7e37', 'project_domain_id': 'default', 'roles': ['member', 'reader'], 'is_admin_project': True, 'service_user_id': None, 'service_user_domain_id': None, 'service_project_id': None, 'service_project_domain_id': None, 'service_roles': []} {{(pid=87485) authorize /opt/stack/nova/nova/policy.py:192}}
Jul 23 01:58:25.688346 np0000005690 devstack@n-api.service[87486]: DEBUG oslo_concurrency.lockutils [req-8ea15905-91f0-462c-8045-6f2dfd04f4c2 req-6c2faacb-7ab0-4d0c-9c77-9bb3ca55f6a8 service nova] Acquiring lock "c1e8549d-55a8-4a46-b295-f8c9862eda0f" by "nova.context.set_target_cell..get_or_set_cached_cell_and_set_connections" {{(pid=87486) inner /opt/stack/data/venv/lib/python3.12/site-packages/oslo_concurrency/lockutils.py:512}}
Jul 23 01:58:25.688630 np0000005690 devstack@n-api.service[87486]: DEBUG oslo_concurrency.lockutils [req-8ea15905-91f0-462c-8045-6f2dfd04f4c2 req-6c2faacb-7ab0-4d0c-9c77-9bb3ca55f6a8 service nova] Lock "c1e8549d-55a8-4a46-b295-f8c9862eda0f" acquired by "nova.context.set_target_cell..get_or_set_cached_cell_and_set_connections" :: waited 0.001s {{(pid=87486) inner /opt/stack/data/venv/lib/python3.12/site-packages/oslo_concurrency/lockutils.py:525}}
Jul 23 01:58:25.690893 np0000005690 devstack@n-api.service[87486]: DEBUG oslo_concurrency.lockutils [req-8ea15905-91f0-462c-8045-6f2dfd04f4c2 req-6c2faacb-7ab0-4d0c-9c77-9bb3ca55f6a8 service nova] Lock "c1e8549d-55a8-4a46-b295-f8c9862eda0f" "released" by "nova.context.set_target_cell..get_or_set_cached_cell_and_set_connections" :: held 0.002s {{(pid=87486) inner /opt/stack/data/venv/lib/python3.12/site-packages/oslo_concurrency/lockutils.py:544}}
Jul 23 01:58:25.700143 np0000005690 devstack@n-api.service[87487]: DEBUG oslo_concurrency.lockutils [None req-344d4951-f73f-465c-a780-6d0ccca662bd tempest-TestMultiAttachVolumeSwap-1863054851 tempest-TestMultiAttachVolumeSwap-1863054851-project-member] Acquiring lock "00000000-0000-0000-0000-000000000000" by "nova.context.set_target_cell..get_or_set_cached_cell_and_set_connections" {{(pid=87487) inner /opt/stack/data/venv/lib/python3.12/site-packages/oslo_concurrency/lockutils.py:512}}
Jul 23 01:58:25.700271 np0000005690 devstack@n-api.service[87487]: DEBUG oslo_concurrency.lockutils [None req-344d4951-f73f-465c-a780-6d0ccca662bd tempest-TestMultiAttachVolumeSwap-1863054851 tempest-TestMultiAttachVolumeSwap-1863054851-project-member] Lock "00000000-0000-0000-0000-000000000000" acquired by "nova.context.set_target_cell..get_or_set_cached_cell_and_set_connections" :: waited 0.000s {{(pid=87487) inner /opt/stack/data/venv/lib/python3.12/site-packages/oslo_concurrency/lockutils.py:525}}
Jul 23 01:58:25.701290 np0000005690 devstack@n-api.service[87487]: DEBUG oslo_concurrency.lockutils [None req-344d4951-f73f-465c-a780-6d0ccca662bd tempest-TestMultiAttachVolumeSwap-1863054851 tempest-TestMultiAttachVolumeSwap-1863054851-project-member] Lock "00000000-0000-0000-0000-000000000000" "released" by "nova.context.set_target_cell..get_or_set_cached_cell_and_set_connections" :: held 0.000s {{(pid=87487) inner /opt/stack/data/venv/lib/python3.12/site-packages/oslo_concurrency/lockutils.py:544}}
Jul 23 01:58:25.701290 np0000005690 devstack@n-api.service[87487]: DEBUG oslo_concurrency.lockutils [None req-344d4951-f73f-465c-a780-6d0ccca662bd tempest-TestMultiAttachVolumeSwap-1863054851 tempest-TestMultiAttachVolumeSwap-1863054851-project-member] Acquiring lock "c1e8549d-55a8-4a46-b295-f8c9862eda0f" by "nova.context.set_target_cell..get_or_set_cached_cell_and_set_connections" {{(pid=87487) inner /opt/stack/data/venv/lib/python3.12/site-packages/oslo_concurrency/lockutils.py:512}}
Jul 23 01:58:25.701412 np0000005690 devstack@n-api.service[87486]: INFO nova.api.openstack.compute.server_external_events [req-8ea15905-91f0-462c-8045-6f2dfd04f4c2 req-6c2faacb-7ab0-4d0c-9c77-9bb3ca55f6a8 service nova] Creating event network-changed:1488079a-34fb-4e6b-bb10-54b10c7c0dba for instance b91c1988-3573-475b-81eb-aae444a08042 on np0000005690
Jul 23 01:58:25.701445 np0000005690 devstack@n-api.service[87487]: DEBUG oslo_concurrency.lockutils [None req-344d4951-f73f-465c-a780-6d0ccca662bd tempest-TestMultiAttachVolumeSwap-1863054851 tempest-TestMultiAttachVolumeSwap-1863054851-project-member] Lock "c1e8549d-55a8-4a46-b295-f8c9862eda0f" acquired by "nova.context.set_target_cell..get_or_set_cached_cell_and_set_connections" :: waited 0.000s {{(pid=87487) inner /opt/stack/data/venv/lib/python3.12/site-packages/oslo_concurrency/lockutils.py:525}}
Jul 23 01:58:25.701760 np0000005690 devstack@n-api.service[87487]: DEBUG oslo_concurrency.lockutils [None req-344d4951-f73f-465c-a780-6d0ccca662bd tempest-TestMultiAttachVolumeSwap-1863054851 tempest-TestMultiAttachVolumeSwap-1863054851-project-member] Lock "c1e8549d-55a8-4a46-b295-f8c9862eda0f" "released" by "nova.context.set_target_cell..get_or_set_cached_cell_and_set_connections" :: held 0.000s {{(pid=87487) inner /opt/stack/data/venv/lib/python3.12/site-packages/oslo_concurrency/lockutils.py:544}}
Jul 23 01:58:25.703669 np0000005690 devstack@n-api.service[87486]: DEBUG nova.compute.rpcapi [req-8ea15905-91f0-462c-8045-6f2dfd04f4c2 req-6c2faacb-7ab0-4d0c-9c77-9bb3ca55f6a8 service nova] RPC: Sending the message to topic: compute-alt {{(pid=87486) prepare_for_alt_rpcserver /opt/stack/nova/nova/compute/rpcapi.py:595}}
Jul 23 01:58:25.711665 np0000005690 devstack@n-api.service[87486]: INFO nova.api.openstack.requestlog [req-8ea15905-91f0-462c-8045-6f2dfd04f4c2 req-6c2faacb-7ab0-4d0c-9c77-9bb3ca55f6a8 service nova] 10.4.3.21 "POST /compute/v2.1/os-server-external-events" status: 200 len: 179 microversion: 2.1 time: 0.041775
Jul 23 01:58:25.712733 np0000005690 devstack@n-api.service[87486]: [pid: 87486|app: 0|req: 22/83] 10.4.3.21 () {72 vars in 1425 bytes} [Thu Jul 23 01:58:25 2026] POST /compute/v2.1/os-server-external-events => generated 179 bytes in 44 msecs (HTTP/1.1 200) 9 headers in 357 bytes (1 switches on core 0)
Jul 23 01:58:25.716501 np0000005690 devstack@n-api.service[87485]: INFO nova.api.openstack.requestlog [None req-6b6d9112-5175-4982-a9fa-d646614ee6ec tempest-VolumesAssistedSnapshotsTest-948179404 tempest-VolumesAssistedSnapshotsTest-948179404-project-member] 10.4.3.21 "GET /compute/v2.1/servers/44e7606a-1da2-4e03-991f-08a1580ce973" status: 200 len: 1364 microversion: 2.1 time: 0.427708
Jul 23 01:58:25.716896 np0000005690 devstack@n-api.service[87487]: WARNING neutronclient.v2_0.client [None req-344d4951-f73f-465c-a780-6d0ccca662bd tempest-TestMultiAttachVolumeSwap-1863054851 tempest-TestMultiAttachVolumeSwap-1863054851-project-member] The python binding code in neutronclient is deprecated in favor of OpenstackSDK, please use that as this will be removed in a future release.
Jul 23 01:58:25.719288 np0000005690 devstack@n-api.service[87485]: [pid: 87485|app: 0|req: 20/84] 10.4.3.21 () {66 vars in 1347 bytes} [Thu Jul 23 01:58:25 2026] GET /compute/v2.1/servers/44e7606a-1da2-4e03-991f-08a1580ce973 => generated 1364 bytes in 431 msecs (HTTP/1.1 200) 9 headers in 358 bytes (1 switches on core 0)
Jul 23 01:58:25.806968 np0000005690 devstack@n-api.service[87487]: DEBUG nova.network.neutron [None req-344d4951-f73f-465c-a780-6d0ccca662bd tempest-TestMultiAttachVolumeSwap-1863054851 tempest-TestMultiAttachVolumeSwap-1863054851-project-member] validate_networks() for [('e09a7267-e686-474b-9ac5-8f1df7e20c82', None, None, None, None, None)] {{(pid=87487) validate_networks /opt/stack/nova/nova/network/neutron.py:2686}}
Jul 23 01:58:25.807569 np0000005690 devstack@n-api.service[87487]: WARNING neutronclient.v2_0.client [None req-344d4951-f73f-465c-a780-6d0ccca662bd tempest-TestMultiAttachVolumeSwap-1863054851 tempest-TestMultiAttachVolumeSwap-1863054851-project-member] The python binding code in neutronclient is deprecated in favor of OpenstackSDK, please use that as this will be removed in a future release.
Jul 23 01:58:25.963038 np0000005690 devstack@n-api.service[87487]: DEBUG dbcounter [-] [87487] Writing DB stats nova_cell0:SELECT=7 {{(pid=87487) stat_writer /opt/stack/data/venv/lib/python3.12/site-packages/dbcounter.py:115}}
Jul 23 01:58:26.042321 np0000005690 devstack@n-api.service[87487]: WARNING neutronclient.v2_0.client [None req-344d4951-f73f-465c-a780-6d0ccca662bd tempest-TestMultiAttachVolumeSwap-1863054851 tempest-TestMultiAttachVolumeSwap-1863054851-project-member] The python binding code in neutronclient is deprecated in favor of OpenstackSDK, please use that as this will be removed in a future release.
Jul 23 01:58:26.078878 np0000005690 devstack@n-api.service[87484]: DEBUG nova.api.openstack.wsgi [req-8512d3c1-37e7-45a7-b2c3-f2cc3ed4ce2c req-1ca71e89-308f-45bc-8631-4e97d67721df service nova] Action: 'create', calling method: >, body: {"events": [{"name": "network-changed", "server_uuid": "06feac84-eeb0-4e6a-a63c-8f4ff952d561", "tag": "e17c0476-da3b-420a-8df3-e89cd88bfcfa"}]} {{(pid=87484) _process_stack /opt/stack/nova/nova/api/openstack/wsgi.py:549}}
Jul 23 01:58:26.086902 np0000005690 devstack@n-api.service[87484]: DEBUG oslo_concurrency.lockutils [req-8512d3c1-37e7-45a7-b2c3-f2cc3ed4ce2c req-1ca71e89-308f-45bc-8631-4e97d67721df service nova] Acquiring lock "c1e8549d-55a8-4a46-b295-f8c9862eda0f" by "nova.context.set_target_cell..get_or_set_cached_cell_and_set_connections" {{(pid=87484) inner /opt/stack/data/venv/lib/python3.12/site-packages/oslo_concurrency/lockutils.py:512}}
Jul 23 01:58:26.087143 np0000005690 devstack@n-api.service[87484]: DEBUG oslo_concurrency.lockutils [req-8512d3c1-37e7-45a7-b2c3-f2cc3ed4ce2c req-1ca71e89-308f-45bc-8631-4e97d67721df service nova] Lock "c1e8549d-55a8-4a46-b295-f8c9862eda0f" acquired by "nova.context.set_target_cell..get_or_set_cached_cell_and_set_connections" :: waited 0.000s {{(pid=87484) inner /opt/stack/data/venv/lib/python3.12/site-packages/oslo_concurrency/lockutils.py:525}}
Jul 23 01:58:26.087281 np0000005690 devstack@n-api.service[87484]: DEBUG oslo_concurrency.lockutils [req-8512d3c1-37e7-45a7-b2c3-f2cc3ed4ce2c req-1ca71e89-308f-45bc-8631-4e97d67721df service nova] Lock "c1e8549d-55a8-4a46-b295-f8c9862eda0f" "released" by "nova.context.set_target_cell..get_or_set_cached_cell_and_set_connections" :: held 0.000s {{(pid=87484) inner /opt/stack/data/venv/lib/python3.12/site-packages/oslo_concurrency/lockutils.py:544}}
Jul 23 01:58:26.094674 np0000005690 devstack@n-api.service[87484]: INFO nova.api.openstack.compute.server_external_events [req-8512d3c1-37e7-45a7-b2c3-f2cc3ed4ce2c req-1ca71e89-308f-45bc-8631-4e97d67721df service nova] Creating event network-changed:e17c0476-da3b-420a-8df3-e89cd88bfcfa for instance 06feac84-eeb0-4e6a-a63c-8f4ff952d561 on np0000005690
Jul 23 01:58:26.095071 np0000005690 devstack@n-api.service[87484]: DEBUG nova.compute.rpcapi [req-8512d3c1-37e7-45a7-b2c3-f2cc3ed4ce2c req-1ca71e89-308f-45bc-8631-4e97d67721df service nova] RPC: Sending the message to topic: compute-alt {{(pid=87484) prepare_for_alt_rpcserver /opt/stack/nova/nova/compute/rpcapi.py:595}}
Jul 23 01:58:26.101655 np0000005690 devstack@n-api.service[87484]: INFO nova.api.openstack.requestlog [req-8512d3c1-37e7-45a7-b2c3-f2cc3ed4ce2c req-1ca71e89-308f-45bc-8631-4e97d67721df service nova] 10.4.3.21 "POST /compute/v2.1/os-server-external-events" status: 200 len: 179 microversion: 2.1 time: 0.024925
Jul 23 01:58:26.102064 np0000005690 devstack@n-api.service[87484]: [pid: 87484|app: 0|req: 22/85] 10.4.3.21 () {72 vars in 1425 bytes} [Thu Jul 23 01:58:26 2026] POST /compute/v2.1/os-server-external-events => generated 179 bytes in 26 msecs (HTTP/1.1 200) 9 headers in 357 bytes (1 switches on core 0)
Jul 23 01:58:26.203987 np0000005690 devstack@n-api.service[87487]: DEBUG nova.virt.hardware [None req-344d4951-f73f-465c-a780-6d0ccca662bd tempest-TestMultiAttachVolumeSwap-1863054851 tempest-TestMultiAttachVolumeSwap-1863054851-project-member] Flavor limits 0:0:0 {{(pid=87487) get_cpu_topology_constraints /opt/stack/nova/nova/virt/hardware.py:516}}
Jul 23 01:58:26.204190 np0000005690 devstack@n-api.service[87487]: DEBUG nova.virt.hardware [None req-344d4951-f73f-465c-a780-6d0ccca662bd tempest-TestMultiAttachVolumeSwap-1863054851 tempest-TestMultiAttachVolumeSwap-1863054851-project-member] Image limits 0:0:0 {{(pid=87487) get_cpu_topology_constraints /opt/stack/nova/nova/virt/hardware.py:520}}
Jul 23 01:58:26.204411 np0000005690 devstack@n-api.service[87487]: DEBUG nova.virt.hardware [None req-344d4951-f73f-465c-a780-6d0ccca662bd tempest-TestMultiAttachVolumeSwap-1863054851 tempest-TestMultiAttachVolumeSwap-1863054851-project-member] Flavor pref 0:0:0 {{(pid=87487) get_cpu_topology_constraints /opt/stack/nova/nova/virt/hardware.py:556}}
Jul 23 01:58:26.204766 np0000005690 devstack@n-api.service[87487]: DEBUG nova.virt.hardware [None req-344d4951-f73f-465c-a780-6d0ccca662bd tempest-TestMultiAttachVolumeSwap-1863054851 tempest-TestMultiAttachVolumeSwap-1863054851-project-member] Image pref 0:0:0 {{(pid=87487) get_cpu_topology_constraints /opt/stack/nova/nova/virt/hardware.py:560}}
Jul 23 01:58:26.204927 np0000005690 devstack@n-api.service[87487]: DEBUG nova.virt.hardware [None req-344d4951-f73f-465c-a780-6d0ccca662bd tempest-TestMultiAttachVolumeSwap-1863054851 tempest-TestMultiAttachVolumeSwap-1863054851-project-member] Chose sockets=0, cores=0, threads=0; limits were sockets=65536, cores=65536, threads=65536 {{(pid=87487) get_cpu_topology_constraints /opt/stack/nova/nova/virt/hardware.py:598}}
Jul 23 01:58:26.213652 np0000005690 devstack@n-api.service[87487]: DEBUG oslo_concurrency.lockutils [None req-344d4951-f73f-465c-a780-6d0ccca662bd tempest-TestMultiAttachVolumeSwap-1863054851 tempest-TestMultiAttachVolumeSwap-1863054851-project-member] Acquiring lock "00000000-0000-0000-0000-000000000000" by "nova.context.set_target_cell..get_or_set_cached_cell_and_set_connections" {{(pid=87487) inner /opt/stack/data/venv/lib/python3.12/site-packages/oslo_concurrency/lockutils.py:512}}
Jul 23 01:58:26.214210 np0000005690 devstack@n-api.service[87487]: DEBUG oslo_concurrency.lockutils [None req-344d4951-f73f-465c-a780-6d0ccca662bd tempest-TestMultiAttachVolumeSwap-1863054851 tempest-TestMultiAttachVolumeSwap-1863054851-project-member] Lock "00000000-0000-0000-0000-000000000000" acquired by "nova.context.set_target_cell..get_or_set_cached_cell_and_set_connections" :: waited 0.000s {{(pid=87487) inner /opt/stack/data/venv/lib/python3.12/site-packages/oslo_concurrency/lockutils.py:525}}
Jul 23 01:58:26.214210 np0000005690 devstack@n-api.service[87487]: DEBUG oslo_concurrency.lockutils [None req-344d4951-f73f-465c-a780-6d0ccca662bd tempest-TestMultiAttachVolumeSwap-1863054851 tempest-TestMultiAttachVolumeSwap-1863054851-project-member] Lock "00000000-0000-0000-0000-000000000000" "released" by "nova.context.set_target_cell..get_or_set_cached_cell_and_set_connections" :: held 0.000s {{(pid=87487) inner /opt/stack/data/venv/lib/python3.12/site-packages/oslo_concurrency/lockutils.py:544}}
Jul 23 01:58:26.215230 np0000005690 devstack@n-api.service[87487]: DEBUG oslo_concurrency.lockutils [None req-344d4951-f73f-465c-a780-6d0ccca662bd tempest-TestMultiAttachVolumeSwap-1863054851 tempest-TestMultiAttachVolumeSwap-1863054851-project-member] Acquiring lock "c1e8549d-55a8-4a46-b295-f8c9862eda0f" by "nova.context.set_target_cell..get_or_set_cached_cell_and_set_connections" {{(pid=87487) inner /opt/stack/data/venv/lib/python3.12/site-packages/oslo_concurrency/lockutils.py:512}}
Jul 23 01:58:26.215230 np0000005690 devstack@n-api.service[87487]: DEBUG oslo_concurrency.lockutils [None req-344d4951-f73f-465c-a780-6d0ccca662bd tempest-TestMultiAttachVolumeSwap-1863054851 tempest-TestMultiAttachVolumeSwap-1863054851-project-member] Lock "c1e8549d-55a8-4a46-b295-f8c9862eda0f" acquired by "nova.context.set_target_cell..get_or_set_cached_cell_and_set_connections" :: waited 0.000s {{(pid=87487) inner /opt/stack/data/venv/lib/python3.12/site-packages/oslo_concurrency/lockutils.py:525}}
Jul 23 01:58:26.215230 np0000005690 devstack@n-api.service[87487]: DEBUG oslo_concurrency.lockutils [None req-344d4951-f73f-465c-a780-6d0ccca662bd tempest-TestMultiAttachVolumeSwap-1863054851 tempest-TestMultiAttachVolumeSwap-1863054851-project-member] Lock "c1e8549d-55a8-4a46-b295-f8c9862eda0f" "released" by "nova.context.set_target_cell..get_or_set_cached_cell_and_set_connections" :: held 0.000s {{(pid=87487) inner /opt/stack/data/venv/lib/python3.12/site-packages/oslo_concurrency/lockutils.py:544}}
Jul 23 01:58:26.233041 np0000005690 devstack@n-api.service[87487]: DEBUG nova.quota [None req-344d4951-f73f-465c-a780-6d0ccca662bd tempest-TestMultiAttachVolumeSwap-1863054851 tempest-TestMultiAttachVolumeSwap-1863054851-project-member] Getting quotas for project 84ff76b807554f00a1b8d4c6c09ea89f. Resources: {'instances', 'ram', 'cores'} {{(pid=87487) _get_quotas /opt/stack/nova/nova/quota.py:389}}
Jul 23 01:58:26.235976 np0000005690 devstack@n-api.service[87487]: DEBUG nova.quota [None req-344d4951-f73f-465c-a780-6d0ccca662bd tempest-TestMultiAttachVolumeSwap-1863054851 tempest-TestMultiAttachVolumeSwap-1863054851-project-member] Getting quotas for user 954a3db402764a9e8c0586302ef7395c and project 84ff76b807554f00a1b8d4c6c09ea89f. Resources: {'instances', 'ram', 'cores'} {{(pid=87487) _get_quotas /opt/stack/nova/nova/quota.py:379}}
Jul 23 01:58:26.244276 np0000005690 devstack@n-api.service[87487]: DEBUG nova.compute.api [None req-344d4951-f73f-465c-a780-6d0ccca662bd tempest-TestMultiAttachVolumeSwap-1863054851 tempest-TestMultiAttachVolumeSwap-1863054851-project-member] Going to run 2 instances... {{(pid=87487) _provision_instances /opt/stack/nova/nova/compute/api.py:1480}}
Jul 23 01:58:26.246307 np0000005690 devstack@n-api.service[87487]: DEBUG nova.compute.api [None req-344d4951-f73f-465c-a780-6d0ccca662bd tempest-TestMultiAttachVolumeSwap-1863054851 tempest-TestMultiAttachVolumeSwap-1863054851-project-member] [instance: b3dd19a0-e7f9-4c55-8668-162d1b4a69c1] block_device_mapping [BlockDeviceMapping(attachment_id=,boot_index=0,connection_info=None,created_at=,delete_on_termination=True,deleted=,deleted_at=,destination_type='local',device_name=None,device_type='disk',disk_bus=None,encrypted=False,encryption_format=None,encryption_options=None,encryption_secret_uuid=None,guest_format=None,id=,image_id='aa00df08-7d9b-49fb-a553-6bcba27588c8',instance=,instance_uuid=,no_device=False,snapshot_id=None,source_type='image',tag=None,updated_at=,uuid=,volume_id=None,volume_size=None,volume_type=None)] {{(pid=87487) _bdm_validate_set_size_and_instance /opt/stack/nova/nova/compute/api.py:1942}}
Jul 23 01:58:26.302981 np0000005690 devstack@n-api.service[87487]: DEBUG nova.compute.api [None req-344d4951-f73f-465c-a780-6d0ccca662bd tempest-TestMultiAttachVolumeSwap-1863054851 tempest-TestMultiAttachVolumeSwap-1863054851-project-member] [instance: 688577b4-f40d-470a-af42-85a61bf4acde] block_device_mapping [BlockDeviceMapping(attachment_id=,boot_index=0,connection_info=None,created_at=,delete_on_termination=True,deleted=,deleted_at=,destination_type='local',device_name=None,device_type='disk',disk_bus=None,encrypted=False,encryption_format=None,encryption_options=None,encryption_secret_uuid=None,guest_format=None,id=,image_id='aa00df08-7d9b-49fb-a553-6bcba27588c8',instance=,instance_uuid=b3dd19a0-e7f9-4c55-8668-162d1b4a69c1,no_device=False,snapshot_id=None,source_type='image',tag=None,updated_at=,uuid=,volume_id=None,volume_size=None,volume_type=None)] {{(pid=87487) _bdm_validate_set_size_and_instance /opt/stack/nova/nova/compute/api.py:1942}}
Jul 23 01:58:26.389706 np0000005690 devstack@n-api.service[87487]: INFO nova.api.openstack.requestlog [None req-344d4951-f73f-465c-a780-6d0ccca662bd tempest-TestMultiAttachVolumeSwap-1863054851 tempest-TestMultiAttachVolumeSwap-1863054851-project-member] 10.4.3.21 "POST /compute/v2.1/servers" status: 202 len: 32 microversion: 2.60 time: 0.816473
Jul 23 01:58:26.389798 np0000005690 devstack@n-api.service[87487]: [pid: 87487|app: 0|req: 22/86] 10.4.3.21 () {70 vars in 1299 bytes} [Thu Jul 23 01:58:25 2026] POST /compute/v2.1/servers => generated 32 bytes in 817 msecs (HTTP/1.1 202) 9 headers in 364 bytes (1 switches on core 0)
Jul 23 01:58:26.407632 np0000005690 devstack@n-api.service[87486]: DEBUG nova.api.openstack.wsgi [None req-ca656d48-924d-4781-8858-5a4e0476abc0 tempest-TestMultiAttachVolumeSwap-1863054851 tempest-TestMultiAttachVolumeSwap-1863054851-project-member] Calling method '>' {{(pid=87486) _process_stack /opt/stack/nova/nova/api/openstack/wsgi.py:551}}
Jul 23 01:58:26.410965 np0000005690 devstack@n-api.service[87486]: DEBUG nova.policy [None req-ca656d48-924d-4781-8858-5a4e0476abc0 tempest-TestMultiAttachVolumeSwap-1863054851 tempest-TestMultiAttachVolumeSwap-1863054851-project-member] Policy check for os_compute_api:servers:allow_all_filters failed with credentials {'is_admin': False, 'user_id': '954a3db402764a9e8c0586302ef7395c', 'user_domain_id': 'default', 'system_scope': None, 'domain_id': None, 'project_id': '84ff76b807554f00a1b8d4c6c09ea89f', 'project_domain_id': 'default', 'roles': ['member', 'reader'], 'is_admin_project': True, 'service_user_id': None, 'service_user_domain_id': None, 'service_project_id': None, 'service_project_domain_id': None, 'service_roles': []} {{(pid=87486) authorize /opt/stack/nova/nova/policy.py:192}}
Jul 23 01:58:26.411359 np0000005690 devstack@n-api.service[87486]: DEBUG nova.compute.api [None req-ca656d48-924d-4781-8858-5a4e0476abc0 tempest-TestMultiAttachVolumeSwap-1863054851 tempest-TestMultiAttachVolumeSwap-1863054851-project-member] Searching by: {'deleted': False, 'project_id': '84ff76b807554f00a1b8d4c6c09ea89f'} {{(pid=87486) get_all /opt/stack/nova/nova/compute/api.py:3110}}
Jul 23 01:58:26.426011 np0000005690 devstack@n-api.service[87486]: DEBUG oslo_concurrency.lockutils [None req-ca656d48-924d-4781-8858-5a4e0476abc0 tempest-TestMultiAttachVolumeSwap-1863054851 tempest-TestMultiAttachVolumeSwap-1863054851-project-member] Acquiring lock "00000000-0000-0000-0000-000000000000" by "nova.context.set_target_cell..get_or_set_cached_cell_and_set_connections" {{(pid=87486) inner /opt/stack/data/venv/lib/python3.12/site-packages/oslo_concurrency/lockutils.py:512}}
Jul 23 01:58:26.426313 np0000005690 devstack@n-api.service[87486]: DEBUG oslo_concurrency.lockutils [None req-ca656d48-924d-4781-8858-5a4e0476abc0 tempest-TestMultiAttachVolumeSwap-1863054851 tempest-TestMultiAttachVolumeSwap-1863054851-project-member] Lock "00000000-0000-0000-0000-000000000000" acquired by "nova.context.set_target_cell..get_or_set_cached_cell_and_set_connections" :: waited 0.000s {{(pid=87486) inner /opt/stack/data/venv/lib/python3.12/site-packages/oslo_concurrency/lockutils.py:525}}
Jul 23 01:58:26.426539 np0000005690 devstack@n-api.service[87486]: DEBUG oslo_concurrency.lockutils [None req-ca656d48-924d-4781-8858-5a4e0476abc0 tempest-TestMultiAttachVolumeSwap-1863054851 tempest-TestMultiAttachVolumeSwap-1863054851-project-member] Lock "00000000-0000-0000-0000-000000000000" "released" by "nova.context.set_target_cell..get_or_set_cached_cell_and_set_connections" :: held 0.000s {{(pid=87486) inner /opt/stack/data/venv/lib/python3.12/site-packages/oslo_concurrency/lockutils.py:544}}
Jul 23 01:58:26.427381 np0000005690 devstack@n-api.service[87486]: DEBUG oslo_concurrency.lockutils [None req-ca656d48-924d-4781-8858-5a4e0476abc0 tempest-TestMultiAttachVolumeSwap-1863054851 tempest-TestMultiAttachVolumeSwap-1863054851-project-member] Acquiring lock "c1e8549d-55a8-4a46-b295-f8c9862eda0f" by "nova.context.set_target_cell..get_or_set_cached_cell_and_set_connections" {{(pid=87486) inner /opt/stack/data/venv/lib/python3.12/site-packages/oslo_concurrency/lockutils.py:512}}
Jul 23 01:58:26.427727 np0000005690 devstack@n-api.service[87486]: DEBUG oslo_concurrency.lockutils [None req-ca656d48-924d-4781-8858-5a4e0476abc0 tempest-TestMultiAttachVolumeSwap-1863054851 tempest-TestMultiAttachVolumeSwap-1863054851-project-member] Lock "c1e8549d-55a8-4a46-b295-f8c9862eda0f" acquired by "nova.context.set_target_cell..get_or_set_cached_cell_and_set_connections" :: waited 0.000s {{(pid=87486) inner /opt/stack/data/venv/lib/python3.12/site-packages/oslo_concurrency/lockutils.py:525}}
Jul 23 01:58:26.427857 np0000005690 devstack@n-api.service[87486]: DEBUG oslo_concurrency.lockutils [None req-ca656d48-924d-4781-8858-5a4e0476abc0 tempest-TestMultiAttachVolumeSwap-1863054851 tempest-TestMultiAttachVolumeSwap-1863054851-project-member] Lock "c1e8549d-55a8-4a46-b295-f8c9862eda0f" "released" by "nova.context.set_target_cell..get_or_set_cached_cell_and_set_connections" :: held 0.000s {{(pid=87486) inner /opt/stack/data/venv/lib/python3.12/site-packages/oslo_concurrency/lockutils.py:544}}
Jul 23 01:58:26.490351 np0000005690 devstack@n-api.service[87486]: INFO nova.api.openstack.requestlog [None req-ca656d48-924d-4781-8858-5a4e0476abc0 tempest-TestMultiAttachVolumeSwap-1863054851 tempest-TestMultiAttachVolumeSwap-1863054851-project-member] 10.4.3.21 "GET /compute/v2.1/servers" status: 200 len: 673 microversion: 2.60 time: 0.089808
Jul 23 01:58:26.491738 np0000005690 devstack@n-api.service[87486]: [pid: 87486|app: 0|req: 23/87] 10.4.3.21 () {68 vars in 1277 bytes} [Thu Jul 23 01:58:26 2026] GET /compute/v2.1/servers => generated 673 bytes in 92 msecs (HTTP/1.1 200) 9 headers in 359 bytes (1 switches on core 0)
Jul 23 01:58:26.504805 np0000005690 devstack@n-api.service[87485]: DEBUG nova.api.openstack.wsgi [None req-33f83de2-580e-4ec8-9b82-6eb4ad79f7aa tempest-TestMultiAttachVolumeSwap-1863054851 tempest-TestMultiAttachVolumeSwap-1863054851-project-member] Calling method '>' {{(pid=87485) _process_stack /opt/stack/nova/nova/api/openstack/wsgi.py:551}}
Jul 23 01:58:26.506998 np0000005690 devstack@n-api.service[87485]: DEBUG nova.compute.api [None req-33f83de2-580e-4ec8-9b82-6eb4ad79f7aa tempest-TestMultiAttachVolumeSwap-1863054851 tempest-TestMultiAttachVolumeSwap-1863054851-project-member] [instance: 688577b4-f40d-470a-af42-85a61bf4acde] Fetching instance by UUID {{(pid=87485) get /opt/stack/nova/nova/compute/api.py:3068}}
Jul 23 01:58:26.513641 np0000005690 devstack@n-api.service[87486]: DEBUG dbcounter [-] [87486] Writing DB stats nova_cell0:SELECT=4 {{(pid=87486) stat_writer /opt/stack/data/venv/lib/python3.12/site-packages/dbcounter.py:115}}
Jul 23 01:58:26.527128 np0000005690 devstack@n-api.service[87485]: WARNING neutronclient.v2_0.client [None req-33f83de2-580e-4ec8-9b82-6eb4ad79f7aa tempest-TestMultiAttachVolumeSwap-1863054851 tempest-TestMultiAttachVolumeSwap-1863054851-project-member] The python binding code in neutronclient is deprecated in favor of OpenstackSDK, please use that as this will be removed in a future release.
Jul 23 01:58:26.602057 np0000005690 devstack@n-api.service[87485]: DEBUG nova.policy [None req-33f83de2-580e-4ec8-9b82-6eb4ad79f7aa tempest-TestMultiAttachVolumeSwap-1863054851 tempest-TestMultiAttachVolumeSwap-1863054851-project-member] Policy check for os_compute_api:os-extended-server-attributes failed with credentials {'is_admin': False, 'user_id': '954a3db402764a9e8c0586302ef7395c', 'user_domain_id': 'default', 'system_scope': None, 'domain_id': None, 'project_id': '84ff76b807554f00a1b8d4c6c09ea89f', 'project_domain_id': 'default', 'roles': ['member', 'reader'], 'is_admin_project': True, 'service_user_id': None, 'service_user_domain_id': None, 'service_project_id': None, 'service_project_domain_id': None, 'service_roles': []} {{(pid=87485) authorize /opt/stack/nova/nova/policy.py:192}}
Jul 23 01:58:26.608162 np0000005690 devstack@n-api.service[87485]: DEBUG nova.policy [None req-33f83de2-580e-4ec8-9b82-6eb4ad79f7aa tempest-TestMultiAttachVolumeSwap-1863054851 tempest-TestMultiAttachVolumeSwap-1863054851-project-member] Policy check for os_compute_api:servers:show:host_status failed with credentials {'is_admin': False, 'user_id': '954a3db402764a9e8c0586302ef7395c', 'user_domain_id': 'default', 'system_scope': None, 'domain_id': None, 'project_id': '84ff76b807554f00a1b8d4c6c09ea89f', 'project_domain_id': 'default', 'roles': ['member', 'reader'], 'is_admin_project': True, 'service_user_id': None, 'service_user_domain_id': None, 'service_project_id': None, 'service_project_domain_id': None, 'service_roles': []} {{(pid=87485) authorize /opt/stack/nova/nova/policy.py:192}}
Jul 23 01:58:26.609377 np0000005690 devstack@n-api.service[87485]: DEBUG nova.policy [None req-33f83de2-580e-4ec8-9b82-6eb4ad79f7aa tempest-TestMultiAttachVolumeSwap-1863054851 tempest-TestMultiAttachVolumeSwap-1863054851-project-member] Policy check for os_compute_api:servers:show:host_status:unknown-only failed with credentials {'is_admin': False, 'user_id': '954a3db402764a9e8c0586302ef7395c', 'user_domain_id': 'default', 'system_scope': None, 'domain_id': None, 'project_id': '84ff76b807554f00a1b8d4c6c09ea89f', 'project_domain_id': 'default', 'roles': ['member', 'reader'], 'is_admin_project': True, 'service_user_id': None, 'service_user_domain_id': None, 'service_project_id': None, 'service_project_domain_id': None, 'service_roles': []} {{(pid=87485) authorize /opt/stack/nova/nova/policy.py:192}}
Jul 23 01:58:26.614272 np0000005690 devstack@n-api.service[87485]: INFO nova.api.openstack.requestlog [None req-33f83de2-580e-4ec8-9b82-6eb4ad79f7aa tempest-TestMultiAttachVolumeSwap-1863054851 tempest-TestMultiAttachVolumeSwap-1863054851-project-member] 10.4.3.21 "GET /compute/v2.1/servers/688577b4-f40d-470a-af42-85a61bf4acde" status: 200 len: 1328 microversion: 2.60 time: 0.111269
Jul 23 01:58:26.614638 np0000005690 devstack@n-api.service[87485]: [pid: 87485|app: 0|req: 21/88] 10.4.3.21 () {68 vars in 1388 bytes} [Thu Jul 23 01:58:26 2026] GET /compute/v2.1/servers/688577b4-f40d-470a-af42-85a61bf4acde => generated 1328 bytes in 112 msecs (HTTP/1.1 200) 9 headers in 360 bytes (1 switches on core 0)
Jul 23 01:58:26.735928 np0000005690 devstack@n-api.service[87484]: DEBUG nova.api.openstack.wsgi [None req-a7a18b49-2f56-413a-b27f-24c87137ee7b tempest-VolumesAssistedSnapshotsTest-948179404 tempest-VolumesAssistedSnapshotsTest-948179404-project-member] Calling method '>' {{(pid=87484) _process_stack /opt/stack/nova/nova/api/openstack/wsgi.py:551}}
Jul 23 01:58:26.737741 np0000005690 devstack@n-api.service[87484]: DEBUG nova.compute.api [None req-a7a18b49-2f56-413a-b27f-24c87137ee7b tempest-VolumesAssistedSnapshotsTest-948179404 tempest-VolumesAssistedSnapshotsTest-948179404-project-member] [instance: 44e7606a-1da2-4e03-991f-08a1580ce973] Fetching instance by UUID {{(pid=87484) get /opt/stack/nova/nova/compute/api.py:3068}}
Jul 23 01:58:26.747813 np0000005690 devstack@n-api.service[87484]: DEBUG oslo_concurrency.lockutils [None req-a7a18b49-2f56-413a-b27f-24c87137ee7b tempest-VolumesAssistedSnapshotsTest-948179404 tempest-VolumesAssistedSnapshotsTest-948179404-project-member] Acquiring lock "c1e8549d-55a8-4a46-b295-f8c9862eda0f" by "nova.context.set_target_cell..get_or_set_cached_cell_and_set_connections" {{(pid=87484) inner /opt/stack/data/venv/lib/python3.12/site-packages/oslo_concurrency/lockutils.py:512}}
Jul 23 01:58:26.748637 np0000005690 devstack@n-api.service[87484]: DEBUG oslo_concurrency.lockutils [None req-a7a18b49-2f56-413a-b27f-24c87137ee7b tempest-VolumesAssistedSnapshotsTest-948179404 tempest-VolumesAssistedSnapshotsTest-948179404-project-member] Lock "c1e8549d-55a8-4a46-b295-f8c9862eda0f" acquired by "nova.context.set_target_cell..get_or_set_cached_cell_and_set_connections" :: waited 0.001s {{(pid=87484) inner /opt/stack/data/venv/lib/python3.12/site-packages/oslo_concurrency/lockutils.py:525}}
Jul 23 01:58:26.748973 np0000005690 devstack@n-api.service[87484]: DEBUG oslo_concurrency.lockutils [None req-a7a18b49-2f56-413a-b27f-24c87137ee7b tempest-VolumesAssistedSnapshotsTest-948179404 tempest-VolumesAssistedSnapshotsTest-948179404-project-member] Lock "c1e8549d-55a8-4a46-b295-f8c9862eda0f" "released" by "nova.context.set_target_cell..get_or_set_cached_cell_and_set_connections" :: held 0.000s {{(pid=87484) inner /opt/stack/data/venv/lib/python3.12/site-packages/oslo_concurrency/lockutils.py:544}}
Jul 23 01:58:26.752951 np0000005690 devstack@n-api.service[87484]: DEBUG oslo_concurrency.lockutils [None req-a7a18b49-2f56-413a-b27f-24c87137ee7b tempest-VolumesAssistedSnapshotsTest-948179404 tempest-VolumesAssistedSnapshotsTest-948179404-project-member] Acquiring lock "c1e8549d-55a8-4a46-b295-f8c9862eda0f" by "nova.context.set_target_cell..get_or_set_cached_cell_and_set_connections" {{(pid=87484) inner /opt/stack/data/venv/lib/python3.12/site-packages/oslo_concurrency/lockutils.py:512}}
Jul 23 01:58:26.753439 np0000005690 devstack@n-api.service[87484]: DEBUG oslo_concurrency.lockutils [None req-a7a18b49-2f56-413a-b27f-24c87137ee7b tempest-VolumesAssistedSnapshotsTest-948179404 tempest-VolumesAssistedSnapshotsTest-948179404-project-member] Lock "c1e8549d-55a8-4a46-b295-f8c9862eda0f" acquired by "nova.context.set_target_cell..get_or_set_cached_cell_and_set_connections" :: waited 0.001s {{(pid=87484) inner /opt/stack/data/venv/lib/python3.12/site-packages/oslo_concurrency/lockutils.py:525}}
Jul 23 01:58:26.753779 np0000005690 devstack@n-api.service[87484]: DEBUG oslo_concurrency.lockutils [None req-a7a18b49-2f56-413a-b27f-24c87137ee7b tempest-VolumesAssistedSnapshotsTest-948179404 tempest-VolumesAssistedSnapshotsTest-948179404-project-member] Lock "c1e8549d-55a8-4a46-b295-f8c9862eda0f" "released" by "nova.context.set_target_cell..get_or_set_cached_cell_and_set_connections" :: held 0.000s {{(pid=87484) inner /opt/stack/data/venv/lib/python3.12/site-packages/oslo_concurrency/lockutils.py:544}}
Jul 23 01:58:26.792365 np0000005690 devstack@n-api.service[87484]: WARNING neutronclient.v2_0.client [None req-a7a18b49-2f56-413a-b27f-24c87137ee7b tempest-VolumesAssistedSnapshotsTest-948179404 tempest-VolumesAssistedSnapshotsTest-948179404-project-member] The python binding code in neutronclient is deprecated in favor of OpenstackSDK, please use that as this will be removed in a future release.
Jul 23 01:58:26.940898 np0000005690 devstack@n-api.service[87484]: DEBUG nova.policy [None req-a7a18b49-2f56-413a-b27f-24c87137ee7b tempest-VolumesAssistedSnapshotsTest-948179404 tempest-VolumesAssistedSnapshotsTest-948179404-project-member] Policy check for os_compute_api:os-extended-server-attributes failed with credentials {'is_admin': False, 'user_id': '80baa0401c9541b6be56b7f9d69748a5', 'user_domain_id': 'default', 'system_scope': None, 'domain_id': None, 'project_id': 'e16d5e58917a485493ab5c62c46c7e37', 'project_domain_id': 'default', 'roles': ['member', 'reader'], 'is_admin_project': True, 'service_user_id': None, 'service_user_domain_id': None, 'service_project_id': None, 'service_project_domain_id': None, 'service_roles': []} {{(pid=87484) authorize /opt/stack/nova/nova/policy.py:192}}
Jul 23 01:58:26.953644 np0000005690 devstack@n-api.service[87484]: INFO nova.api.openstack.requestlog [None req-a7a18b49-2f56-413a-b27f-24c87137ee7b tempest-VolumesAssistedSnapshotsTest-948179404 tempest-VolumesAssistedSnapshotsTest-948179404-project-member] 10.4.3.21 "GET /compute/v2.1/servers/44e7606a-1da2-4e03-991f-08a1580ce973" status: 200 len: 1364 microversion: 2.1 time: 0.220037
Jul 23 01:58:26.954966 np0000005690 devstack@n-api.service[87484]: [pid: 87484|app: 0|req: 23/89] 10.4.3.21 () {66 vars in 1347 bytes} [Thu Jul 23 01:58:26 2026] GET /compute/v2.1/servers/44e7606a-1da2-4e03-991f-08a1580ce973 => generated 1364 bytes in 221 msecs (HTTP/1.1 200) 9 headers in 358 bytes (1 switches on core 0)
Jul 23 01:58:27.269273 np0000005690 devstack@n-api.service[87487]: DEBUG nova.api.openstack.wsgi [req-a5d9b8d6-bacb-4e99-8a3e-aa64b43b0f56 req-6ffabe77-5a3e-41ab-bccc-e0167a05d9b5 service nova] Action: 'create', calling method: >, body: {"events": [{"server_uuid": "44e7606a-1da2-4e03-991f-08a1580ce973", "name": "network-vif-plugged", "status": "completed", "tag": "b8e023cf-d97b-4258-9865-2130feb674f2"}]} {{(pid=87487) _process_stack /opt/stack/nova/nova/api/openstack/wsgi.py:549}}
Jul 23 01:58:27.276119 np0000005690 devstack@n-api.service[87487]: DEBUG oslo_concurrency.lockutils [req-a5d9b8d6-bacb-4e99-8a3e-aa64b43b0f56 req-6ffabe77-5a3e-41ab-bccc-e0167a05d9b5 service nova] Acquiring lock "c1e8549d-55a8-4a46-b295-f8c9862eda0f" by "nova.context.set_target_cell..get_or_set_cached_cell_and_set_connections" {{(pid=87487) inner /opt/stack/data/venv/lib/python3.12/site-packages/oslo_concurrency/lockutils.py:512}}
Jul 23 01:58:27.276298 np0000005690 devstack@n-api.service[87487]: DEBUG oslo_concurrency.lockutils [req-a5d9b8d6-bacb-4e99-8a3e-aa64b43b0f56 req-6ffabe77-5a3e-41ab-bccc-e0167a05d9b5 service nova] Lock "c1e8549d-55a8-4a46-b295-f8c9862eda0f" acquired by "nova.context.set_target_cell..get_or_set_cached_cell_and_set_connections" :: waited 0.000s {{(pid=87487) inner /opt/stack/data/venv/lib/python3.12/site-packages/oslo_concurrency/lockutils.py:525}}
Jul 23 01:58:27.276425 np0000005690 devstack@n-api.service[87487]: DEBUG oslo_concurrency.lockutils [req-a5d9b8d6-bacb-4e99-8a3e-aa64b43b0f56 req-6ffabe77-5a3e-41ab-bccc-e0167a05d9b5 service nova] Lock "c1e8549d-55a8-4a46-b295-f8c9862eda0f" "released" by "nova.context.set_target_cell..get_or_set_cached_cell_and_set_connections" :: held 0.000s {{(pid=87487) inner /opt/stack/data/venv/lib/python3.12/site-packages/oslo_concurrency/lockutils.py:544}}
Jul 23 01:58:27.287185 np0000005690 devstack@n-api.service[87487]: INFO nova.api.openstack.compute.server_external_events [req-a5d9b8d6-bacb-4e99-8a3e-aa64b43b0f56 req-6ffabe77-5a3e-41ab-bccc-e0167a05d9b5 service nova] Creating event network-vif-plugged:b8e023cf-d97b-4258-9865-2130feb674f2 for instance 44e7606a-1da2-4e03-991f-08a1580ce973 on np0000005690
Jul 23 01:58:27.287934 np0000005690 devstack@n-api.service[87487]: DEBUG nova.compute.rpcapi [req-a5d9b8d6-bacb-4e99-8a3e-aa64b43b0f56 req-6ffabe77-5a3e-41ab-bccc-e0167a05d9b5 service nova] RPC: Sending the message to topic: compute-alt {{(pid=87487) prepare_for_alt_rpcserver /opt/stack/nova/nova/compute/rpcapi.py:595}}
Jul 23 01:58:27.291113 np0000005690 devstack@n-api.service[87487]: INFO nova.api.openstack.requestlog [req-a5d9b8d6-bacb-4e99-8a3e-aa64b43b0f56 req-6ffabe77-5a3e-41ab-bccc-e0167a05d9b5 service nova] 10.4.3.21 "POST /compute/v2.1/os-server-external-events" status: 200 len: 183 microversion: 2.1 time: 0.023796
Jul 23 01:58:27.291409 np0000005690 devstack@n-api.service[87487]: [pid: 87487|app: 0|req: 23/90] 10.4.3.21 () {72 vars in 1425 bytes} [Thu Jul 23 01:58:27 2026] POST /compute/v2.1/os-server-external-events => generated 183 bytes in 24 msecs (HTTP/1.1 200) 9 headers in 357 bytes (2 switches on core 0)
Jul 23 01:58:27.631996 np0000005690 devstack@n-api.service[87485]: DEBUG nova.api.openstack.wsgi [None req-8ad51957-90c3-42b7-900d-906c2d09c8f5 tempest-TestMultiAttachVolumeSwap-1863054851 tempest-TestMultiAttachVolumeSwap-1863054851-project-member] Calling method '>' {{(pid=87485) _process_stack /opt/stack/nova/nova/api/openstack/wsgi.py:551}}
Jul 23 01:58:27.634621 np0000005690 devstack@n-api.service[87485]: DEBUG nova.compute.api [None req-8ad51957-90c3-42b7-900d-906c2d09c8f5 tempest-TestMultiAttachVolumeSwap-1863054851 tempest-TestMultiAttachVolumeSwap-1863054851-project-member] [instance: 688577b4-f40d-470a-af42-85a61bf4acde] Fetching instance by UUID {{(pid=87485) get /opt/stack/nova/nova/compute/api.py:3068}}
Jul 23 01:58:27.640697 np0000005690 devstack@n-api.service[87485]: DEBUG oslo_concurrency.lockutils [None req-8ad51957-90c3-42b7-900d-906c2d09c8f5 tempest-TestMultiAttachVolumeSwap-1863054851 tempest-TestMultiAttachVolumeSwap-1863054851-project-member] Acquiring lock "c1e8549d-55a8-4a46-b295-f8c9862eda0f" by "nova.context.set_target_cell..get_or_set_cached_cell_and_set_connections" {{(pid=87485) inner /opt/stack/data/venv/lib/python3.12/site-packages/oslo_concurrency/lockutils.py:512}}
Jul 23 01:58:27.640697 np0000005690 devstack@n-api.service[87485]: DEBUG oslo_concurrency.lockutils [None req-8ad51957-90c3-42b7-900d-906c2d09c8f5 tempest-TestMultiAttachVolumeSwap-1863054851 tempest-TestMultiAttachVolumeSwap-1863054851-project-member] Lock "c1e8549d-55a8-4a46-b295-f8c9862eda0f" acquired by "nova.context.set_target_cell..get_or_set_cached_cell_and_set_connections" :: waited 0.000s {{(pid=87485) inner /opt/stack/data/venv/lib/python3.12/site-packages/oslo_concurrency/lockutils.py:525}}
Jul 23 01:58:27.640697 np0000005690 devstack@n-api.service[87485]: DEBUG oslo_concurrency.lockutils [None req-8ad51957-90c3-42b7-900d-906c2d09c8f5 tempest-TestMultiAttachVolumeSwap-1863054851 tempest-TestMultiAttachVolumeSwap-1863054851-project-member] Lock "c1e8549d-55a8-4a46-b295-f8c9862eda0f" "released" by "nova.context.set_target_cell..get_or_set_cached_cell_and_set_connections" :: held 0.000s {{(pid=87485) inner /opt/stack/data/venv/lib/python3.12/site-packages/oslo_concurrency/lockutils.py:544}}
Jul 23 01:58:27.641706 np0000005690 devstack@n-api.service[87485]: DEBUG oslo_concurrency.lockutils [None req-8ad51957-90c3-42b7-900d-906c2d09c8f5 tempest-TestMultiAttachVolumeSwap-1863054851 tempest-TestMultiAttachVolumeSwap-1863054851-project-member] Acquiring lock "c1e8549d-55a8-4a46-b295-f8c9862eda0f" by "nova.context.set_target_cell..get_or_set_cached_cell_and_set_connections" {{(pid=87485) inner /opt/stack/data/venv/lib/python3.12/site-packages/oslo_concurrency/lockutils.py:512}}
Jul 23 01:58:27.641706 np0000005690 devstack@n-api.service[87485]: DEBUG oslo_concurrency.lockutils [None req-8ad51957-90c3-42b7-900d-906c2d09c8f5 tempest-TestMultiAttachVolumeSwap-1863054851 tempest-TestMultiAttachVolumeSwap-1863054851-project-member] Lock "c1e8549d-55a8-4a46-b295-f8c9862eda0f" acquired by "nova.context.set_target_cell..get_or_set_cached_cell_and_set_connections" :: waited 0.000s {{(pid=87485) inner /opt/stack/data/venv/lib/python3.12/site-packages/oslo_concurrency/lockutils.py:525}}
Jul 23 01:58:27.641982 np0000005690 devstack@n-api.service[87485]: DEBUG oslo_concurrency.lockutils [None req-8ad51957-90c3-42b7-900d-906c2d09c8f5 tempest-TestMultiAttachVolumeSwap-1863054851 tempest-TestMultiAttachVolumeSwap-1863054851-project-member] Lock "c1e8549d-55a8-4a46-b295-f8c9862eda0f" "released" by "nova.context.set_target_cell..get_or_set_cached_cell_and_set_connections" :: held 0.000s {{(pid=87485) inner /opt/stack/data/venv/lib/python3.12/site-packages/oslo_concurrency/lockutils.py:544}}
Jul 23 01:58:27.664848 np0000005690 devstack@n-api.service[87485]: WARNING neutronclient.v2_0.client [None req-8ad51957-90c3-42b7-900d-906c2d09c8f5 tempest-TestMultiAttachVolumeSwap-1863054851 tempest-TestMultiAttachVolumeSwap-1863054851-project-member] The python binding code in neutronclient is deprecated in favor of OpenstackSDK, please use that as this will be removed in a future release.
Jul 23 01:58:27.687653 np0000005690 devstack@n-api.service[87486]: DEBUG nova.api.openstack.wsgi [None req-5e0823e6-468d-4c09-8c3a-393f9bd38d55 tempest-VolumesSnapshotsTestJSON-1180115780 tempest-VolumesSnapshotsTestJSON-1180115780-project-member] Action: 'create', calling method: >, body: {"volume": {"size": 1, "display_name": "tempest-VolumesSnapshotsTestJSON-volume-1646575877"}} {{(pid=87486) _process_stack /opt/stack/nova/nova/api/openstack/wsgi.py:549}}
Jul 23 01:58:27.726768 np0000005690 devstack@n-api.service[87485]: DEBUG nova.policy [None req-8ad51957-90c3-42b7-900d-906c2d09c8f5 tempest-TestMultiAttachVolumeSwap-1863054851 tempest-TestMultiAttachVolumeSwap-1863054851-project-member] Policy check for os_compute_api:os-extended-server-attributes failed with credentials {'is_admin': False, 'user_id': '954a3db402764a9e8c0586302ef7395c', 'user_domain_id': 'default', 'system_scope': None, 'domain_id': None, 'project_id': '84ff76b807554f00a1b8d4c6c09ea89f', 'project_domain_id': 'default', 'roles': ['member', 'reader'], 'is_admin_project': True, 'service_user_id': None, 'service_user_domain_id': None, 'service_project_id': None, 'service_project_domain_id': None, 'service_roles': []} {{(pid=87485) authorize /opt/stack/nova/nova/policy.py:192}}
Jul 23 01:58:27.732250 np0000005690 devstack@n-api.service[87485]: DEBUG nova.policy [None req-8ad51957-90c3-42b7-900d-906c2d09c8f5 tempest-TestMultiAttachVolumeSwap-1863054851 tempest-TestMultiAttachVolumeSwap-1863054851-project-member] Policy check for os_compute_api:servers:show:host_status failed with credentials {'is_admin': False, 'user_id': '954a3db402764a9e8c0586302ef7395c', 'user_domain_id': 'default', 'system_scope': None, 'domain_id': None, 'project_id': '84ff76b807554f00a1b8d4c6c09ea89f', 'project_domain_id': 'default', 'roles': ['member', 'reader'], 'is_admin_project': True, 'service_user_id': None, 'service_user_domain_id': None, 'service_project_id': None, 'service_project_domain_id': None, 'service_roles': []} {{(pid=87485) authorize /opt/stack/nova/nova/policy.py:192}}
Jul 23 01:58:27.733031 np0000005690 devstack@n-api.service[87485]: DEBUG nova.policy [None req-8ad51957-90c3-42b7-900d-906c2d09c8f5 tempest-TestMultiAttachVolumeSwap-1863054851 tempest-TestMultiAttachVolumeSwap-1863054851-project-member] Policy check for os_compute_api:servers:show:host_status:unknown-only failed with credentials {'is_admin': False, 'user_id': '954a3db402764a9e8c0586302ef7395c', 'user_domain_id': 'default', 'system_scope': None, 'domain_id': None, 'project_id': '84ff76b807554f00a1b8d4c6c09ea89f', 'project_domain_id': 'default', 'roles': ['member', 'reader'], 'is_admin_project': True, 'service_user_id': None, 'service_user_domain_id': None, 'service_project_id': None, 'service_project_domain_id': None, 'service_roles': []} {{(pid=87485) authorize /opt/stack/nova/nova/policy.py:192}}
Jul 23 01:58:27.737138 np0000005690 devstack@n-api.service[87485]: INFO nova.api.openstack.requestlog [None req-8ad51957-90c3-42b7-900d-906c2d09c8f5 tempest-TestMultiAttachVolumeSwap-1863054851 tempest-TestMultiAttachVolumeSwap-1863054851-project-member] 10.4.3.21 "GET /compute/v2.1/servers/688577b4-f40d-470a-af42-85a61bf4acde" status: 200 len: 1324 microversion: 2.60 time: 0.107903
Jul 23 01:58:27.737506 np0000005690 devstack@n-api.service[87485]: [pid: 87485|app: 0|req: 22/91] 10.4.3.21 () {68 vars in 1388 bytes} [Thu Jul 23 01:58:27 2026] GET /compute/v2.1/servers/688577b4-f40d-470a-af42-85a61bf4acde => generated 1324 bytes in 108 msecs (HTTP/1.1 200) 9 headers in 360 bytes (1 switches on core 0)
Jul 23 01:58:27.969022 np0000005690 devstack@n-api.service[87484]: DEBUG nova.api.openstack.wsgi [None req-ca166513-eb87-4f61-bd87-f591285d1cee tempest-VolumesAssistedSnapshotsTest-948179404 tempest-VolumesAssistedSnapshotsTest-948179404-project-member] Calling method '>' {{(pid=87484) _process_stack /opt/stack/nova/nova/api/openstack/wsgi.py:551}}
Jul 23 01:58:27.970481 np0000005690 devstack@n-api.service[87484]: DEBUG nova.compute.api [None req-ca166513-eb87-4f61-bd87-f591285d1cee tempest-VolumesAssistedSnapshotsTest-948179404 tempest-VolumesAssistedSnapshotsTest-948179404-project-member] [instance: 44e7606a-1da2-4e03-991f-08a1580ce973] Fetching instance by UUID {{(pid=87484) get /opt/stack/nova/nova/compute/api.py:3068}}
Jul 23 01:58:27.975926 np0000005690 devstack@n-api.service[87484]: DEBUG oslo_concurrency.lockutils [None req-ca166513-eb87-4f61-bd87-f591285d1cee tempest-VolumesAssistedSnapshotsTest-948179404 tempest-VolumesAssistedSnapshotsTest-948179404-project-member] Acquiring lock "c1e8549d-55a8-4a46-b295-f8c9862eda0f" by "nova.context.set_target_cell..get_or_set_cached_cell_and_set_connections" {{(pid=87484) inner /opt/stack/data/venv/lib/python3.12/site-packages/oslo_concurrency/lockutils.py:512}}
Jul 23 01:58:27.976397 np0000005690 devstack@n-api.service[87484]: DEBUG oslo_concurrency.lockutils [None req-ca166513-eb87-4f61-bd87-f591285d1cee tempest-VolumesAssistedSnapshotsTest-948179404 tempest-VolumesAssistedSnapshotsTest-948179404-project-member] Lock "c1e8549d-55a8-4a46-b295-f8c9862eda0f" acquired by "nova.context.set_target_cell..get_or_set_cached_cell_and_set_connections" :: waited 0.000s {{(pid=87484) inner /opt/stack/data/venv/lib/python3.12/site-packages/oslo_concurrency/lockutils.py:525}}
