Jun 09 02:44:16.605836 np0000002390 nova-scheduler[95730]: DEBUG cotyledon.oslo_config_glue [-] oslo_limit.collect_timing = False {{(pid=95730) log_opt_values /opt/stack/data/venv/lib/python3.12/site-packages/oslo_config/cfg.py:3256}}
Jun 09 02:44:16.605836 np0000002390 nova-scheduler[95730]: DEBUG cotyledon.oslo_config_glue [-] oslo_limit.connect_retries = None {{(pid=95730) log_opt_values /opt/stack/data/venv/lib/python3.12/site-packages/oslo_config/cfg.py:3256}}
Jun 09 02:44:16.605836 np0000002390 nova-scheduler[95730]: DEBUG cotyledon.oslo_config_glue [-] oslo_limit.connect_retry_delay = None {{(pid=95730) log_opt_values /opt/stack/data/venv/lib/python3.12/site-packages/oslo_config/cfg.py:3256}}
Jun 09 02:44:16.605836 np0000002390 nova-scheduler[95730]: DEBUG cotyledon.oslo_config_glue [-] oslo_limit.endpoint_id = None {{(pid=95730) log_opt_values /opt/stack/data/venv/lib/python3.12/site-packages/oslo_config/cfg.py:3256}}
Jun 09 02:44:16.605836 np0000002390 nova-scheduler[95730]: DEBUG cotyledon.oslo_config_glue [-] oslo_limit.endpoint_interface = public {{(pid=95730) log_opt_values /opt/stack/data/venv/lib/python3.12/site-packages/oslo_config/cfg.py:3256}}
Jun 09 02:44:16.606012 np0000002390 nova-scheduler[95730]: DEBUG cotyledon.oslo_config_glue [-] oslo_limit.endpoint_override = None {{(pid=95730) log_opt_values /opt/stack/data/venv/lib/python3.12/site-packages/oslo_config/cfg.py:3256}}
Jun 09 02:44:16.606012 np0000002390 nova-scheduler[95730]: DEBUG cotyledon.oslo_config_glue [-] oslo_limit.endpoint_region_name = None {{(pid=95730) log_opt_values /opt/stack/data/venv/lib/python3.12/site-packages/oslo_config/cfg.py:3256}}
Jun 09 02:44:16.606012 np0000002390 nova-scheduler[95730]: DEBUG cotyledon.oslo_config_glue [-] oslo_limit.endpoint_service_name = None {{(pid=95730) log_opt_values /opt/stack/data/venv/lib/python3.12/site-packages/oslo_config/cfg.py:3256}}
Jun 09 02:44:16.606012 np0000002390 nova-scheduler[95730]: DEBUG cotyledon.oslo_config_glue [-] oslo_limit.endpoint_service_type = None {{(pid=95730) log_opt_values /opt/stack/data/venv/lib/python3.12/site-packages/oslo_config/cfg.py:3256}}
Jun 09 02:44:16.606012 np0000002390 nova-scheduler[95730]: DEBUG cotyledon.oslo_config_glue [-] oslo_limit.insecure = False {{(pid=95730) log_opt_values /opt/stack/data/venv/lib/python3.12/site-packages/oslo_config/cfg.py:3256}}
Jun 09 02:44:16.606012 np0000002390 nova-scheduler[95730]: DEBUG cotyledon.oslo_config_glue [-] oslo_limit.keyfile = None {{(pid=95730) log_opt_values /opt/stack/data/venv/lib/python3.12/site-packages/oslo_config/cfg.py:3256}}
Jun 09 02:44:16.606012 np0000002390 nova-scheduler[95730]: DEBUG cotyledon.oslo_config_glue [-] oslo_limit.max_version = None {{(pid=95730) log_opt_values /opt/stack/data/venv/lib/python3.12/site-packages/oslo_config/cfg.py:3256}}
Jun 09 02:44:16.606012 np0000002390 nova-scheduler[95730]: DEBUG cotyledon.oslo_config_glue [-] oslo_limit.min_version = None {{(pid=95730) log_opt_values /opt/stack/data/venv/lib/python3.12/site-packages/oslo_config/cfg.py:3256}}
Jun 09 02:44:16.606012 np0000002390 nova-scheduler[95730]: DEBUG cotyledon.oslo_config_glue [-] oslo_limit.region_name = None {{(pid=95730) log_opt_values /opt/stack/data/venv/lib/python3.12/site-packages/oslo_config/cfg.py:3256}}
Jun 09 02:44:16.606203 np0000002390 nova-scheduler[95730]: DEBUG cotyledon.oslo_config_glue [-] oslo_limit.retriable_status_codes = None {{(pid=95730) log_opt_values /opt/stack/data/venv/lib/python3.12/site-packages/oslo_config/cfg.py:3256}}
Jun 09 02:44:16.606203 np0000002390 nova-scheduler[95730]: DEBUG cotyledon.oslo_config_glue [-] oslo_limit.service_name = None {{(pid=95730) log_opt_values /opt/stack/data/venv/lib/python3.12/site-packages/oslo_config/cfg.py:3256}}
Jun 09 02:44:16.606203 np0000002390 nova-scheduler[95730]: DEBUG cotyledon.oslo_config_glue [-] oslo_limit.service_type = None {{(pid=95730) log_opt_values /opt/stack/data/venv/lib/python3.12/site-packages/oslo_config/cfg.py:3256}}
Jun 09 02:44:16.606203 np0000002390 nova-scheduler[95730]: DEBUG cotyledon.oslo_config_glue [-] oslo_limit.split_loggers = False {{(pid=95730) log_opt_values /opt/stack/data/venv/lib/python3.12/site-packages/oslo_config/cfg.py:3256}}
Jun 09 02:44:16.606203 np0000002390 nova-scheduler[95730]: DEBUG cotyledon.oslo_config_glue [-] oslo_limit.status_code_retries = None {{(pid=95730) log_opt_values /opt/stack/data/venv/lib/python3.12/site-packages/oslo_config/cfg.py:3256}}
Jun 09 02:44:16.606203 np0000002390 nova-scheduler[95730]: DEBUG cotyledon.oslo_config_glue [-] oslo_limit.status_code_retry_delay = None {{(pid=95730) log_opt_values /opt/stack/data/venv/lib/python3.12/site-packages/oslo_config/cfg.py:3256}}
Jun 09 02:44:16.606203 np0000002390 nova-scheduler[95730]: DEBUG cotyledon.oslo_config_glue [-] oslo_limit.timeout = None {{(pid=95730) log_opt_values /opt/stack/data/venv/lib/python3.12/site-packages/oslo_config/cfg.py:3256}}
Jun 09 02:44:16.606203 np0000002390 nova-scheduler[95730]: DEBUG cotyledon.oslo_config_glue [-] oslo_limit.valid_interfaces = None {{(pid=95730) log_opt_values /opt/stack/data/venv/lib/python3.12/site-packages/oslo_config/cfg.py:3256}}
Jun 09 02:44:16.606203 np0000002390 nova-scheduler[95730]: DEBUG cotyledon.oslo_config_glue [-] oslo_limit.version = None {{(pid=95730) log_opt_values /opt/stack/data/venv/lib/python3.12/site-packages/oslo_config/cfg.py:3256}}
Jun 09 02:44:16.606379 np0000002390 nova-scheduler[95730]: DEBUG cotyledon.oslo_config_glue [-] oslo_reports.file_event_handler = None {{(pid=95730) log_opt_values /opt/stack/data/venv/lib/python3.12/site-packages/oslo_config/cfg.py:3256}}
Jun 09 02:44:16.606379 np0000002390 nova-scheduler[95730]: DEBUG cotyledon.oslo_config_glue [-] oslo_reports.file_event_handler_interval = 1 {{(pid=95730) log_opt_values /opt/stack/data/venv/lib/python3.12/site-packages/oslo_config/cfg.py:3256}}
Jun 09 02:44:16.606379 np0000002390 nova-scheduler[95730]: DEBUG cotyledon.oslo_config_glue [-] oslo_reports.log_dir = None {{(pid=95730) log_opt_values /opt/stack/data/venv/lib/python3.12/site-packages/oslo_config/cfg.py:3256}}
Jun 09 02:44:16.606379 np0000002390 nova-scheduler[95730]: DEBUG cotyledon.oslo_config_glue [-] ******************************************************************************** {{(pid=95730) log_opt_values /opt/stack/data/venv/lib/python3.12/site-packages/oslo_config/cfg.py:3263}}
Jun 09 02:44:16.606379 np0000002390 nova-scheduler[95730]: DEBUG cotyledon._service_worker [-] Run service ServiceWrapper(2) [95730] {{(pid=95730) wait_forever /opt/stack/data/venv/lib/python3.12/site-packages/cotyledon/_service_worker.py:218}}
Jun 09 02:44:16.606379 np0000002390 nova-scheduler[95730]: INFO nova.service [-] Starting scheduler node (version 33.1.0)
Jun 09 02:44:16.606497 np0000002390 nova-scheduler[95684]: DEBUG dbcounter [-] [95684] Writer thread running {{(pid=95684) stat_writer /opt/stack/data/venv/lib/python3.12/site-packages/dbcounter.py:102}}
Jun 09 02:44:16.606523 np0000002390 nova-scheduler[95730]: INFO dbcounter [None req-502fce0d-b622-4057-abb4-c310d2c70c41 None None] Registered counter for database nova_cell0
Jun 09 02:44:16.606545 np0000002390 nova-scheduler[95707]: DEBUG oslo_db.sqlalchemy.engines [None req-b5a729f0-25ab-478e-9c3a-a536ba7ca0ab None None] MySQL server mode set to STRICT_TRANS_TABLES,STRICT_ALL_TABLES,NO_ZERO_IN_DATE,NO_ZERO_DATE,ERROR_FOR_DIVISION_BY_ZERO,TRADITIONAL,NO_ENGINE_SUBSTITUTION {{(pid=95707) _check_effective_sql_mode /opt/stack/data/venv/lib/python3.12/site-packages/oslo_db/sqlalchemy/engines.py:325}}
Jun 09 02:44:16.612639 np0000002390 nova-scheduler[95684]: DEBUG nova.service [None req-dacdf386-7659-456f-9b9b-6b046914b794 None None] Creating RPC server for service: nova-scheduler on topic: scheduler {{(pid=95684) start /opt/stack/nova/nova/service.py:195}}
Jun 09 02:44:16.613193 np0000002390 nova-scheduler[95707]: DEBUG dbcounter [-] [95707] Writer thread running {{(pid=95707) stat_writer /opt/stack/data/venv/lib/python3.12/site-packages/dbcounter.py:102}}
Jun 09 02:44:16.616535 np0000002390 nova-scheduler[95707]: DEBUG nova.service [None req-b5a729f0-25ab-478e-9c3a-a536ba7ca0ab None None] Creating RPC server for service: nova-scheduler on topic: scheduler {{(pid=95707) start /opt/stack/nova/nova/service.py:195}}
Jun 09 02:44:16.641210 np0000002390 nova-scheduler[95730]: DEBUG oslo_db.sqlalchemy.engines [None req-502fce0d-b622-4057-abb4-c310d2c70c41 None None] MySQL server mode set to STRICT_TRANS_TABLES,STRICT_ALL_TABLES,NO_ZERO_IN_DATE,NO_ZERO_DATE,ERROR_FOR_DIVISION_BY_ZERO,TRADITIONAL,NO_ENGINE_SUBSTITUTION {{(pid=95730) _check_effective_sql_mode /opt/stack/data/venv/lib/python3.12/site-packages/oslo_db/sqlalchemy/engines.py:325}}
Jun 09 02:44:16.649177 np0000002390 nova-scheduler[95684]: DEBUG nova.service [None req-dacdf386-7659-456f-9b9b-6b046914b794 None None] Join ServiceGroup membership for this service scheduler {{(pid=95684) start /opt/stack/nova/nova/service.py:221}}
Jun 09 02:44:16.649384 np0000002390 nova-scheduler[95684]: DEBUG nova.servicegroup.drivers.db [None req-dacdf386-7659-456f-9b9b-6b046914b794 None None] DB_Driver: join new ServiceGroup member np0000002390 to the scheduler group, service = {{(pid=95684) join /opt/stack/nova/nova/servicegroup/drivers/db.py:44}}
Jun 09 02:44:16.652278 np0000002390 nova-scheduler[95730]: DEBUG dbcounter [-] [95730] Writer thread running {{(pid=95730) stat_writer /opt/stack/data/venv/lib/python3.12/site-packages/dbcounter.py:102}}
Jun 09 02:44:16.655284 np0000002390 nova-scheduler[95730]: DEBUG nova.service [None req-502fce0d-b622-4057-abb4-c310d2c70c41 None None] Creating RPC server for service: nova-scheduler on topic: scheduler {{(pid=95730) start /opt/stack/nova/nova/service.py:195}}
Jun 09 02:44:16.663242 np0000002390 nova-scheduler[95707]: DEBUG nova.service [None req-b5a729f0-25ab-478e-9c3a-a536ba7ca0ab None None] Join ServiceGroup membership for this service scheduler {{(pid=95707) start /opt/stack/nova/nova/service.py:221}}
Jun 09 02:44:16.663529 np0000002390 nova-scheduler[95707]: DEBUG nova.servicegroup.drivers.db [None req-b5a729f0-25ab-478e-9c3a-a536ba7ca0ab None None] DB_Driver: join new ServiceGroup member np0000002390 to the scheduler group, service = {{(pid=95707) join /opt/stack/nova/nova/servicegroup/drivers/db.py:44}}
Jun 09 02:44:16.679655 np0000002390 nova-scheduler[95730]: DEBUG nova.service [None req-502fce0d-b622-4057-abb4-c310d2c70c41 None None] Join ServiceGroup membership for this service scheduler {{(pid=95730) start /opt/stack/nova/nova/service.py:221}}
Jun 09 02:44:16.679776 np0000002390 nova-scheduler[95730]: DEBUG nova.servicegroup.drivers.db [None req-502fce0d-b622-4057-abb4-c310d2c70c41 None None] DB_Driver: join new ServiceGroup member np0000002390 to the scheduler group, service = {{(pid=95730) join /opt/stack/nova/nova/servicegroup/drivers/db.py:44}}
Jun 09 02:44:21.665218 np0000002390 nova-scheduler[95684]: DEBUG oslo.service.backend._threading.loopingcall [-] Fixed interval looping call 'nova.servicegroup.drivers.db.DbDriver._report_state' sleeping for 119.99 seconds {{(pid=95684) _run_loop /opt/stack/data/venv/lib/python3.12/site-packages/oslo_service/backend/_threading/loopingcall.py:125}}
Jun 09 02:44:21.689173 np0000002390 nova-scheduler[95707]: DEBUG oslo.service.backend._threading.loopingcall [-] Fixed interval looping call 'nova.servicegroup.drivers.db.DbDriver._report_state' sleeping for 119.98 seconds {{(pid=95707) _run_loop /opt/stack/data/venv/lib/python3.12/site-packages/oslo_service/backend/_threading/loopingcall.py:125}}
Jun 09 02:44:21.694017 np0000002390 nova-scheduler[95730]: DEBUG oslo.service.backend._threading.loopingcall [-] Fixed interval looping call 'nova.servicegroup.drivers.db.DbDriver._report_state' sleeping for 119.99 seconds {{(pid=95730) _run_loop /opt/stack/data/venv/lib/python3.12/site-packages/oslo_service/backend/_threading/loopingcall.py:125}}
Jun 09 02:44:25.235871 np0000002390 nova-scheduler[94467]: DEBUG dbcounter [-] [94467] Writing DB stats nova_api:SELECT=3 {{(pid=94467) stat_writer /opt/stack/data/venv/lib/python3.12/site-packages/dbcounter.py:115}}
Jun 09 02:44:25.369439 np0000002390 nova-scheduler[94467]: DEBUG dbcounter [-] [94467] Writing DB stats nova_cell1:SELECT=1 {{(pid=94467) stat_writer /opt/stack/data/venv/lib/python3.12/site-packages/dbcounter.py:115}}
Jun 09 02:44:25.373650 np0000002390 nova-scheduler[94467]: DEBUG dbcounter [-] [94467] Writing DB stats nova_cell0:SELECT=1 {{(pid=94467) stat_writer /opt/stack/data/venv/lib/python3.12/site-packages/dbcounter.py:115}}
Jun 09 02:44:31.660529 np0000002390 nova-scheduler[95684]: DEBUG dbcounter [-] [95684] Writing DB stats nova_cell0:SELECT=4,nova_cell0:INSERT=1,nova_cell0:UPDATE=1 {{(pid=95684) stat_writer /opt/stack/data/venv/lib/python3.12/site-packages/dbcounter.py:115}}
Jun 09 02:44:31.687074 np0000002390 nova-scheduler[95707]: DEBUG dbcounter [-] [95707] Writing DB stats nova_cell0:SELECT=3 {{(pid=95707) stat_writer /opt/stack/data/venv/lib/python3.12/site-packages/dbcounter.py:115}}
Jun 09 02:44:31.688216 np0000002390 nova-scheduler[95730]: DEBUG dbcounter [-] [95730] Writing DB stats nova_cell0:SELECT=3 {{(pid=95730) stat_writer /opt/stack/data/venv/lib/python3.12/site-packages/dbcounter.py:115}}
Jun 09 02:44:34.681526 np0000002390 nova-scheduler[95730]: DEBUG oslo.service.backend._threading.loopingcall [None req-634e5876-021a-4e20-870e-e8c2b7a376ef None None] Dynamic interval looping call 'nova.service.Service.periodic_tasks' sleeping for 60.00 seconds {{(pid=95730) _run_loop /opt/stack/data/venv/lib/python3.12/site-packages/oslo_service/backend/_threading/loopingcall.py:125}}
Jun 09 02:45:01.651960 np0000002390 nova-scheduler[95684]: DEBUG oslo.service.backend._threading.loopingcall [None req-ba753bae-c480-4402-aa9c-e48700e17bb1 None None] Dynamic interval looping call 'nova.service.Service.periodic_tasks' sleeping for 60.00 seconds {{(pid=95684) _run_loop /opt/stack/data/venv/lib/python3.12/site-packages/oslo_service/backend/_threading/loopingcall.py:125}}
Jun 09 02:45:08.668565 np0000002390 nova-scheduler[95707]: DEBUG oslo.service.backend._threading.loopingcall [None req-1d25a552-e5ce-44d4-8770-96747a87a4e8 None None] Dynamic interval looping call 'nova.service.Service.periodic_tasks' sleeping for 60.00 seconds {{(pid=95707) _run_loop /opt/stack/data/venv/lib/python3.12/site-packages/oslo_service/backend/_threading/loopingcall.py:125}}
Jun 09 02:45:34.682339 np0000002390 nova-scheduler[95730]: DEBUG oslo.service.backend._threading.loopingcall [None req-634e5876-021a-4e20-870e-e8c2b7a376ef None None] Dynamic interval looping call 'nova.service.Service.periodic_tasks' sleeping for 60.00 seconds {{(pid=95730) _run_loop /opt/stack/data/venv/lib/python3.12/site-packages/oslo_service/backend/_threading/loopingcall.py:125}}
Jun 09 02:46:01.652450 np0000002390 nova-scheduler[95684]: DEBUG oslo.service.backend._threading.loopingcall [None req-ba753bae-c480-4402-aa9c-e48700e17bb1 None None] Dynamic interval looping call 'nova.service.Service.periodic_tasks' sleeping for 60.00 seconds {{(pid=95684) _run_loop /opt/stack/data/venv/lib/python3.12/site-packages/oslo_service/backend/_threading/loopingcall.py:125}}
Jun 09 02:46:08.669404 np0000002390 nova-scheduler[95707]: DEBUG oslo.service.backend._threading.loopingcall [None req-1d25a552-e5ce-44d4-8770-96747a87a4e8 None None] Dynamic interval looping call 'nova.service.Service.periodic_tasks' sleeping for 60.00 seconds {{(pid=95707) _run_loop /opt/stack/data/venv/lib/python3.12/site-packages/oslo_service/backend/_threading/loopingcall.py:125}}
Jun 09 02:46:21.666458 np0000002390 nova-scheduler[95684]: DEBUG oslo.service.backend._threading.loopingcall [-] Fixed interval looping call 'nova.servicegroup.drivers.db.DbDriver._report_state' sleeping for 119.99 seconds {{(pid=95684) _run_loop /opt/stack/data/venv/lib/python3.12/site-packages/oslo_service/backend/_threading/loopingcall.py:125}}
Jun 09 02:46:21.672395 np0000002390 nova-scheduler[95707]: DEBUG oslo.service.backend._threading.loopingcall [-] Fixed interval looping call 'nova.servicegroup.drivers.db.DbDriver._report_state' sleeping for 120.00 seconds {{(pid=95707) _run_loop /opt/stack/data/venv/lib/python3.12/site-packages/oslo_service/backend/_threading/loopingcall.py:125}}
Jun 09 02:46:21.688351 np0000002390 nova-scheduler[95730]: DEBUG oslo.service.backend._threading.loopingcall [-] Fixed interval looping call 'nova.servicegroup.drivers.db.DbDriver._report_state' sleeping for 120.00 seconds {{(pid=95730) _run_loop /opt/stack/data/venv/lib/python3.12/site-packages/oslo_service/backend/_threading/loopingcall.py:125}}
Jun 09 02:46:31.659383 np0000002390 nova-scheduler[95684]: DEBUG dbcounter [-] [95684] Writing DB stats nova_cell0:SELECT=1,nova_cell0:UPDATE=1 {{(pid=95684) stat_writer /opt/stack/data/venv/lib/python3.12/site-packages/dbcounter.py:115}}
Jun 09 02:46:31.670666 np0000002390 nova-scheduler[95707]: DEBUG dbcounter [-] [95707] Writing DB stats nova_cell0:SELECT=1 {{(pid=95707) stat_writer /opt/stack/data/venv/lib/python3.12/site-packages/dbcounter.py:115}}
Jun 09 02:46:31.686527 np0000002390 nova-scheduler[95730]: DEBUG dbcounter [-] [95730] Writing DB stats nova_cell0:SELECT=1 {{(pid=95730) stat_writer /opt/stack/data/venv/lib/python3.12/site-packages/dbcounter.py:115}}
Jun 09 02:46:34.683577 np0000002390 nova-scheduler[95730]: DEBUG oslo.service.backend._threading.loopingcall [None req-634e5876-021a-4e20-870e-e8c2b7a376ef None None] Dynamic interval looping call 'nova.service.Service.periodic_tasks' sleeping for 60.00 seconds {{(pid=95730) _run_loop /opt/stack/data/venv/lib/python3.12/site-packages/oslo_service/backend/_threading/loopingcall.py:125}}
Jun 09 02:47:01.653175 np0000002390 nova-scheduler[95684]: DEBUG oslo.service.backend._threading.loopingcall [None req-ba753bae-c480-4402-aa9c-e48700e17bb1 None None] Dynamic interval looping call 'nova.service.Service.periodic_tasks' sleeping for 60.00 seconds {{(pid=95684) _run_loop /opt/stack/data/venv/lib/python3.12/site-packages/oslo_service/backend/_threading/loopingcall.py:125}}
Jun 09 02:47:03.901989 np0000002390 nova-scheduler[95684]: DEBUG nova.scheduler.manager [None req-76abb475-b9da-4564-9eb3-c38cccde5c83 tempest-ServersNegativeTestJSON-2047110661 tempest-ServersNegativeTestJSON-2047110661-project-member] Starting to schedule for instances: ['d4e17ed7-6974-4a3a-b246-f3306be128a9'] {{(pid=95684) select_destinations /opt/stack/nova/nova/scheduler/manager.py:210}}
Jun 09 02:47:03.903384 np0000002390 nova-scheduler[95684]: DEBUG nova.scheduler.request_filter [None req-76abb475-b9da-4564-9eb3-c38cccde5c83 tempest-ServersNegativeTestJSON-2047110661 tempest-ServersNegativeTestJSON-2047110661-project-member] compute_status_filter request filter added forbidden trait COMPUTE_STATUS_DISABLED {{(pid=95684) compute_status_filter /opt/stack/nova/nova/scheduler/request_filter.py:253}}
Jun 09 02:47:03.903615 np0000002390 nova-scheduler[95684]: DEBUG nova.scheduler.request_filter [None req-76abb475-b9da-4564-9eb3-c38cccde5c83 tempest-ServersNegativeTestJSON-2047110661 tempest-ServersNegativeTestJSON-2047110661-project-member] Request filter 'compute_status_filter' took 0.0 seconds {{(pid=95684) wrapper /opt/stack/nova/nova/scheduler/request_filter.py:46}}
Jun 09 02:47:03.904070 np0000002390 nova-scheduler[95684]: DEBUG nova.scheduler.request_filter [None req-76abb475-b9da-4564-9eb3-c38cccde5c83 tempest-ServersNegativeTestJSON-2047110661 tempest-ServersNegativeTestJSON-2047110661-project-member] Request filter 'accelerators_filter' took 0.0 seconds {{(pid=95684) wrapper /opt/stack/nova/nova/scheduler/request_filter.py:46}}
Jun 09 02:47:03.904407 np0000002390 nova-scheduler[95684]: DEBUG nova.scheduler.request_filter [None req-76abb475-b9da-4564-9eb3-c38cccde5c83 tempest-ServersNegativeTestJSON-2047110661 tempest-ServersNegativeTestJSON-2047110661-project-member] Request filter 'packed_virtqueue_filter' took 0.0 seconds {{(pid=95684) wrapper /opt/stack/nova/nova/scheduler/request_filter.py:46}}
Jun 09 02:47:03.904979 np0000002390 nova-scheduler[95684]: DEBUG nova.scheduler.request_filter [None req-76abb475-b9da-4564-9eb3-c38cccde5c83 tempest-ServersNegativeTestJSON-2047110661 tempest-ServersNegativeTestJSON-2047110661-project-member] Request filter 'remote_managed_ports_filter' took 0.0 seconds {{(pid=95684) wrapper /opt/stack/nova/nova/scheduler/request_filter.py:46}}
Jun 09 02:47:03.905258 np0000002390 nova-scheduler[95684]: DEBUG nova.scheduler.request_filter [None req-76abb475-b9da-4564-9eb3-c38cccde5c83 tempest-ServersNegativeTestJSON-2047110661 tempest-ServersNegativeTestJSON-2047110661-project-member] ephemeral_encryption_filter skipped {{(pid=95684) ephemeral_encryption_filter /opt/stack/nova/nova/scheduler/request_filter.py:426}}
Jun 09 02:47:03.905644 np0000002390 nova-scheduler[95684]: DEBUG nova.scheduler.request_filter [None req-76abb475-b9da-4564-9eb3-c38cccde5c83 tempest-ServersNegativeTestJSON-2047110661 tempest-ServersNegativeTestJSON-2047110661-project-member] virtio_sound_filter skipped {{(pid=95684) virtio_sound_filter /opt/stack/nova/nova/scheduler/request_filter.py:460}}
Jun 09 02:47:03.905855 np0000002390 nova-scheduler[95684]: DEBUG nova.scheduler.request_filter [None req-76abb475-b9da-4564-9eb3-c38cccde5c83 tempest-ServersNegativeTestJSON-2047110661 tempest-ServersNegativeTestJSON-2047110661-project-member] tpm_secret_security_filter skipped {{(pid=95684) tpm_secret_security_filter /opt/stack/nova/nova/scheduler/request_filter.py:477}}
Jun 09 02:47:04.488360 np0000002390 nova-scheduler[95684]: INFO nova.utils [None req-76abb475-b9da-4564-9eb3-c38cccde5c83 tempest-ServersNegativeTestJSON-2047110661 tempest-ServersNegativeTestJSON-2047110661-project-member] The cell worker thread pool ForkProcess-1.cell_worker is initialized
Jun 09 02:47:04.488714 np0000002390 nova-scheduler[95684]: DEBUG oslo_concurrency.lockutils [None req-76abb475-b9da-4564-9eb3-c38cccde5c83 tempest-ServersNegativeTestJSON-2047110661 tempest-ServersNegativeTestJSON-2047110661-project-member] Acquiring lock "2a5347b8-6b93-45b8-bcb6-af7a3e68da07" by "nova.context.set_target_cell..get_or_set_cached_cell_and_set_connections" {{(pid=95684) inner /opt/stack/data/venv/lib/python3.12/site-packages/oslo_concurrency/lockutils.py:511}}
Jun 09 02:47:04.488961 np0000002390 nova-scheduler[95684]: DEBUG oslo_concurrency.lockutils [None req-76abb475-b9da-4564-9eb3-c38cccde5c83 tempest-ServersNegativeTestJSON-2047110661 tempest-ServersNegativeTestJSON-2047110661-project-member] Lock "2a5347b8-6b93-45b8-bcb6-af7a3e68da07" acquired by "nova.context.set_target_cell..get_or_set_cached_cell_and_set_connections" :: waited 0.000s {{(pid=95684) inner /opt/stack/data/venv/lib/python3.12/site-packages/oslo_concurrency/lockutils.py:524}}
Jun 09 02:47:04.490710 np0000002390 nova-scheduler[95684]: DEBUG oslo_concurrency.lockutils [None req-76abb475-b9da-4564-9eb3-c38cccde5c83 tempest-ServersNegativeTestJSON-2047110661 tempest-ServersNegativeTestJSON-2047110661-project-member] Lock "2a5347b8-6b93-45b8-bcb6-af7a3e68da07" "released" by "nova.context.set_target_cell..get_or_set_cached_cell_and_set_connections" :: held 0.002s {{(pid=95684) inner /opt/stack/data/venv/lib/python3.12/site-packages/oslo_concurrency/lockutils.py:543}}
Jun 09 02:47:04.492905 np0000002390 nova-scheduler[95684]: INFO dbcounter [None req-76abb475-b9da-4564-9eb3-c38cccde5c83 tempest-ServersNegativeTestJSON-2047110661 tempest-ServersNegativeTestJSON-2047110661-project-member] Registered counter for database nova_cell1
Jun 09 02:47:04.531979 np0000002390 nova-scheduler[95684]: DEBUG oslo_db.sqlalchemy.engines [None req-76abb475-b9da-4564-9eb3-c38cccde5c83 tempest-ServersNegativeTestJSON-2047110661 tempest-ServersNegativeTestJSON-2047110661-project-member] MySQL server mode set to STRICT_TRANS_TABLES,STRICT_ALL_TABLES,NO_ZERO_IN_DATE,NO_ZERO_DATE,ERROR_FOR_DIVISION_BY_ZERO,TRADITIONAL,NO_ENGINE_SUBSTITUTION {{(pid=95684) _check_effective_sql_mode /opt/stack/data/venv/lib/python3.12/site-packages/oslo_db/sqlalchemy/engines.py:325}}
Jun 09 02:47:04.537176 np0000002390 nova-scheduler[95684]: DEBUG dbcounter [-] [95684] Writer thread running {{(pid=95684) stat_writer /opt/stack/data/venv/lib/python3.12/site-packages/dbcounter.py:102}}
Jun 09 02:47:04.547811 np0000002390 nova-scheduler[95684]: DEBUG oslo_db.sqlalchemy.engines [None req-76abb475-b9da-4564-9eb3-c38cccde5c83 tempest-ServersNegativeTestJSON-2047110661 tempest-ServersNegativeTestJSON-2047110661-project-member] Parent process 94467 forked (95684) with an open database connection, which is being discarded and recreated. {{(pid=95684) checkout /opt/stack/data/venv/lib/python3.12/site-packages/oslo_db/sqlalchemy/engines.py:402}}
Jun 09 02:47:04.588440 np0000002390 nova-scheduler[95684]: DEBUG dbcounter [-] [95684] Writer thread running {{(pid=95684) stat_writer /opt/stack/data/venv/lib/python3.12/site-packages/dbcounter.py:102}}
Jun 09 02:47:04.592067 np0000002390 nova-scheduler[95684]: DEBUG oslo_concurrency.lockutils [None req-76abb475-b9da-4564-9eb3-c38cccde5c83 tempest-ServersNegativeTestJSON-2047110661 tempest-ServersNegativeTestJSON-2047110661-project-member] Acquiring lock "2a5347b8-6b93-45b8-bcb6-af7a3e68da07" by "nova.context.set_target_cell..get_or_set_cached_cell_and_set_connections" {{(pid=95684) inner /opt/stack/data/venv/lib/python3.12/site-packages/oslo_concurrency/lockutils.py:511}}
Jun 09 02:47:04.592067 np0000002390 nova-scheduler[95684]: DEBUG oslo_concurrency.lockutils [None req-76abb475-b9da-4564-9eb3-c38cccde5c83 tempest-ServersNegativeTestJSON-2047110661 tempest-ServersNegativeTestJSON-2047110661-project-member] Lock "2a5347b8-6b93-45b8-bcb6-af7a3e68da07" acquired by "nova.context.set_target_cell..get_or_set_cached_cell_and_set_connections" :: waited 0.000s {{(pid=95684) inner /opt/stack/data/venv/lib/python3.12/site-packages/oslo_concurrency/lockutils.py:524}}
Jun 09 02:47:04.592067 np0000002390 nova-scheduler[95684]: DEBUG oslo_concurrency.lockutils [None req-76abb475-b9da-4564-9eb3-c38cccde5c83 tempest-ServersNegativeTestJSON-2047110661 tempest-ServersNegativeTestJSON-2047110661-project-member] Lock "2a5347b8-6b93-45b8-bcb6-af7a3e68da07" "released" by "nova.context.set_target_cell..get_or_set_cached_cell_and_set_connections" :: held 0.000s {{(pid=95684) inner /opt/stack/data/venv/lib/python3.12/site-packages/oslo_concurrency/lockutils.py:543}}
Jun 09 02:47:04.600803 np0000002390 nova-scheduler[95684]: DEBUG oslo_concurrency.lockutils [None req-76abb475-b9da-4564-9eb3-c38cccde5c83 tempest-ServersNegativeTestJSON-2047110661 tempest-ServersNegativeTestJSON-2047110661-project-member] Acquiring lock "('np0000002390', 'np0000002390')" by "nova.scheduler.host_manager.HostState.update.._locked_update" {{(pid=95684) inner /opt/stack/data/venv/lib/python3.12/site-packages/oslo_concurrency/lockutils.py:511}}
Jun 09 02:47:04.601092 np0000002390 nova-scheduler[95684]: DEBUG oslo_concurrency.lockutils [None req-76abb475-b9da-4564-9eb3-c38cccde5c83 tempest-ServersNegativeTestJSON-2047110661 tempest-ServersNegativeTestJSON-2047110661-project-member] Lock "('np0000002390', 'np0000002390')" acquired by "nova.scheduler.host_manager.HostState.update.._locked_update" :: waited 0.000s {{(pid=95684) inner /opt/stack/data/venv/lib/python3.12/site-packages/oslo_concurrency/lockutils.py:524}}
Jun 09 02:47:04.602682 np0000002390 nova-scheduler[95684]: DEBUG nova.scheduler.host_manager [None req-76abb475-b9da-4564-9eb3-c38cccde5c83 tempest-ServersNegativeTestJSON-2047110661 tempest-ServersNegativeTestJSON-2047110661-project-member] Update host state from compute node: ComputeNode(cpu_allocation_ratio=4.0,cpu_info='{"arch": "x86_64", "model": "EPYC-Milan", "vendor": "AMD", "topology": {"cells": 1, "sockets": 12, "cores": 1, "threads": 1}, "maxphysaddr": {"mode": "emulate", "bits": 40}, "features": ["xgetbv1", "lahf_lm", "tsc", "avx", "pse", "3dnowprefetch", "vgif", "mmx", "rdpid", "svm", "xsaves", "misalignsse", "osvw", "xsave", "msr", "pcid", "pni", "rdctl-no", "syscall", "pause-filter", "umip", "amd-ssbd", "arch-capabilities", "smep", "xsaveopt", "avx2", "fsrm", "invpcid", "sse2", "cmp_legacy", "stibp", "stibp-always-on", "npt", "arat", "erms", "pse36", "fsgsbase", "nx", "v-vmsave-vmload", "topoext", "pclmuldq", "fma", "bmi2", "adx", "tsc-scale", "cmov", "apic", "null-sel-clr-base", "nrip-save", "spec-ctrl", "rdrand", "lm", "f16c", "abm", "ssse3", "vmcb-clean", "ibrs", "aes", "fxsr", "perfctr_core", "pge", "mmxext", "mca", "sep", "gds-no", "tsc_adjust", "vpclmulqdq", "pat", "smap", "mds-no", "sse4a", "amd-stibp", "wbnoinvd", "rdseed", "pdpe1gb", "pschange-mc-no", "xsaveerptr", "de", "cx16", "rdtscp", "movbe", "xsavec", "mtrr", "no-nested-data-bp", "sse", "pfthreshold", "sha-ni", "sse4.2", "cr8legacy", "mce", "fxsr_opt", "clflushopt", "skip-l1dfl-vmentry", "ssbd", "clwb", "bmi1", "cx8", "vme", "clzero", "pku", "x2apic", "virt-ssbd", "flushbyasid", "vaes", "pae", "fpu", "clflush", "ibpb", "lfence-always-serializing", "sse4.1", "lbrv", "popcnt", "tsc-deadline", "svme-addr-chk", "hypervisor", "amd-psfd"]}',created_at=2026-06-09T02:44:41Z,current_workload=0,deleted=False,deleted_at=None,disk_allocation_ratio=1.0,disk_available_least=74,free_disk_gb=95,free_ram_mb=23518,host='np0000002390',host_ip=10.4.3.55,hypervisor_hostname='np0000002390',hypervisor_type='QEMU',hypervisor_version=8002002,id=1,local_gb=95,local_gb_used=0,mapped=1,memory_mb=24030,memory_mb_used=512,metrics='[]',numa_topology='{"nova_object.name": "NUMATopology", "nova_object.namespace": "nova", "nova_object.version": "1.2", "nova_object.data": {"cells": [{"nova_object.name": "NUMACell", "nova_object.namespace": "nova", "nova_object.version": "1.5", "nova_object.data": {"id": 0, "cpuset": [0, 1, 2, 3, 4, 5, 6, 7, 8, 9, 10, 11], "pcpuset": [0, 1, 2, 3, 4, 5, 6, 7, 8, 9, 10, 11], "memory": 24030, "cpu_usage": 0, "memory_usage": 0, "pinned_cpus": [], "siblings": [[6], [2], [5], [11], [8], [4], [1], [7], [10], [0], [3], [9]], "mempages": [{"nova_object.name": "NUMAPagesTopology", "nova_object.namespace": "nova", "nova_object.version": "1.1", "nova_object.data": {"size_kb": 4, "total": 6151799, "used": 0, "reserved": 0}, "nova_object.changes": ["reserved", "used", "size_kb", "total"]}, {"nova_object.name": "NUMAPagesTopology", "nova_object.namespace": "nova", "nova_object.version": "1.1", "nova_object.data": {"size_kb": 2048, "total": 0, "used": 0, "reserved": 0}, "nova_object.changes": ["reserved", "used", "size_kb", "total"]}, {"nova_object.name": "NUMAPagesTopology", "nova_object.namespace": "nova", "nova_object.version": "1.1", "nova_object.data": {"size_kb": 1048576, "total": 0, "used": 0, "reserved": 0}, "nova_object.changes": ["reserved", "used", "size_kb", "total"]}], "network_metadata": {"nova_object.name": "NetworkMetadata", "nova_object.namespace": "nova", "nova_object.version": "1.0", "nova_object.data": {"physnets": [], "tunneled": false}, "nova_object.changes": ["physnets", "tunneled"]}, "socket": null}, "nova_object.changes": ["pcpuset", "cpu_usage", "siblings", "pinned_cpus", "id", "memory_usage", "cpuset", "mempages", "socket", "memory", "network_metadata"]}]}, "nova_object.changes": ["cells"]}',pci_device_pools=PciDevicePoolList,ram_allocation_ratio=1.0,running_vms=0,service_id=3,stats={failed_builds='0',uptime=' 02:46:27 up 28 min, 2 users, load average: 1.14, 1.38, 0.82
Jun 09 02:47:04.602682 np0000002390 nova-scheduler[95684]: '},supported_hv_specs=[HVSpec,HVSpec,HVSpec,HVSpec,HVSpec,HVSpec,HVSpec,HVSpec,HVSpec,HVSpec,HVSpec,HVSpec,HVSpec,HVSpec,HVSpec,HVSpec,HVSpec,HVSpec,HVSpec,HVSpec,HVSpec,HVSpec,HVSpec,HVSpec,HVSpec],updated_at=2026-06-09T02:46:29Z,uuid=837d86a1-5e37-4828-9023-761c6ea8a098,vcpus=12,vcpus_used=0) {{(pid=95684) _locked_update /opt/stack/nova/nova/scheduler/host_manager.py:168}}
Jun 09 02:47:04.603641 np0000002390 nova-scheduler[95684]: DEBUG nova.scheduler.host_manager [None req-76abb475-b9da-4564-9eb3-c38cccde5c83 tempest-ServersNegativeTestJSON-2047110661 tempest-ServersNegativeTestJSON-2047110661-project-member] Update host state with aggregates: [] {{(pid=95684) _locked_update /opt/stack/nova/nova/scheduler/host_manager.py:171}}
Jun 09 02:47:04.603751 np0000002390 nova-scheduler[95684]: DEBUG nova.scheduler.host_manager [None req-76abb475-b9da-4564-9eb3-c38cccde5c83 tempest-ServersNegativeTestJSON-2047110661 tempest-ServersNegativeTestJSON-2047110661-project-member] Update host state with service dict: {'id': 3, 'uuid': '524b8229-fc89-4505-b34b-5de8765ab9ea', 'host': 'np0000002390', 'binary': 'nova-compute', 'topic': 'compute', 'report_count': 2, 'disabled': False, 'disabled_reason': None, 'last_seen_up': datetime.datetime(2026, 6, 9, 2, 46, 50, tzinfo=datetime.timezone.utc), 'forced_down': False, 'version': 72, 'created_at': datetime.datetime(2026, 6, 9, 2, 44, 40, tzinfo=datetime.timezone.utc), 'updated_at': datetime.datetime(2026, 6, 9, 2, 46, 50, tzinfo=datetime.timezone.utc), 'deleted_at': None, 'deleted': False} {{(pid=95684) _locked_update /opt/stack/nova/nova/scheduler/host_manager.py:174}}
Jun 09 02:47:04.603850 np0000002390 nova-scheduler[95684]: DEBUG nova.scheduler.host_manager [None req-76abb475-b9da-4564-9eb3-c38cccde5c83 tempest-ServersNegativeTestJSON-2047110661 tempest-ServersNegativeTestJSON-2047110661-project-member] Update host state with instances: [] {{(pid=95684) _locked_update /opt/stack/nova/nova/scheduler/host_manager.py:177}}
Jun 09 02:47:04.603965 np0000002390 nova-scheduler[95684]: DEBUG oslo_concurrency.lockutils [None req-76abb475-b9da-4564-9eb3-c38cccde5c83 tempest-ServersNegativeTestJSON-2047110661 tempest-ServersNegativeTestJSON-2047110661-project-member] Lock "('np0000002390', 'np0000002390')" "released" by "nova.scheduler.host_manager.HostState.update.._locked_update" :: held 0.003s {{(pid=95684) inner /opt/stack/data/venv/lib/python3.12/site-packages/oslo_concurrency/lockutils.py:543}}
Jun 09 02:47:04.604512 np0000002390 nova-scheduler[95684]: DEBUG nova.filters [None req-76abb475-b9da-4564-9eb3-c38cccde5c83 tempest-ServersNegativeTestJSON-2047110661 tempest-ServersNegativeTestJSON-2047110661-project-member] Starting with 1 host(s) {{(pid=95684) get_filtered_objects /opt/stack/nova/nova/filters.py:70}}
Jun 09 02:47:04.605132 np0000002390 nova-scheduler[95684]: DEBUG nova.filters [None req-76abb475-b9da-4564-9eb3-c38cccde5c83 tempest-ServersNegativeTestJSON-2047110661 tempest-ServersNegativeTestJSON-2047110661-project-member] Filter ComputeFilter returned 1 host(s) {{(pid=95684) get_filtered_objects /opt/stack/nova/nova/filters.py:102}}
Jun 09 02:47:04.605253 np0000002390 nova-scheduler[95684]: DEBUG nova.filters [None req-76abb475-b9da-4564-9eb3-c38cccde5c83 tempest-ServersNegativeTestJSON-2047110661 tempest-ServersNegativeTestJSON-2047110661-project-member] Filter ComputeCapabilitiesFilter returned 1 host(s) {{(pid=95684) get_filtered_objects /opt/stack/nova/nova/filters.py:102}}
Jun 09 02:47:04.605553 np0000002390 nova-scheduler[95684]: DEBUG nova.filters [None req-76abb475-b9da-4564-9eb3-c38cccde5c83 tempest-ServersNegativeTestJSON-2047110661 tempest-ServersNegativeTestJSON-2047110661-project-member] Filter ImagePropertiesFilter returned 1 host(s) {{(pid=95684) get_filtered_objects /opt/stack/nova/nova/filters.py:102}}
Jun 09 02:47:04.605724 np0000002390 nova-scheduler[95684]: DEBUG nova.filters [None req-76abb475-b9da-4564-9eb3-c38cccde5c83 tempest-ServersNegativeTestJSON-2047110661 tempest-ServersNegativeTestJSON-2047110661-project-member] Filter ServerGroupAntiAffinityFilter returned 1 host(s) {{(pid=95684) get_filtered_objects /opt/stack/nova/nova/filters.py:102}}
Jun 09 02:47:04.605859 np0000002390 nova-scheduler[95684]: DEBUG nova.filters [None req-76abb475-b9da-4564-9eb3-c38cccde5c83 tempest-ServersNegativeTestJSON-2047110661 tempest-ServersNegativeTestJSON-2047110661-project-member] Filter ServerGroupAffinityFilter returned 1 host(s) {{(pid=95684) get_filtered_objects /opt/stack/nova/nova/filters.py:102}}
Jun 09 02:47:04.606007 np0000002390 nova-scheduler[95684]: DEBUG nova.filters [None req-76abb475-b9da-4564-9eb3-c38cccde5c83 tempest-ServersNegativeTestJSON-2047110661 tempest-ServersNegativeTestJSON-2047110661-project-member] Filter SameHostFilter returned 1 host(s) {{(pid=95684) get_filtered_objects /opt/stack/nova/nova/filters.py:102}}
Jun 09 02:47:04.606184 np0000002390 nova-scheduler[95684]: DEBUG nova.filters [None req-76abb475-b9da-4564-9eb3-c38cccde5c83 tempest-ServersNegativeTestJSON-2047110661 tempest-ServersNegativeTestJSON-2047110661-project-member] Filter DifferentHostFilter returned 1 host(s) {{(pid=95684) get_filtered_objects /opt/stack/nova/nova/filters.py:102}}
Jun 09 02:47:04.606345 np0000002390 nova-scheduler[95684]: DEBUG nova.scheduler.manager [None req-76abb475-b9da-4564-9eb3-c38cccde5c83 tempest-ServersNegativeTestJSON-2047110661 tempest-ServersNegativeTestJSON-2047110661-project-member] Filtered [(np0000002390, np0000002390) ram: 23518MB disk: 75776MB io_ops: 0 instances: 0, allocation_candidates: 1] {{(pid=95684) _get_sorted_hosts /opt/stack/nova/nova/scheduler/manager.py:743}}
Jun 09 02:47:04.606568 np0000002390 nova-scheduler[95684]: DEBUG nova.scheduler.manager [None req-76abb475-b9da-4564-9eb3-c38cccde5c83 tempest-ServersNegativeTestJSON-2047110661 tempest-ServersNegativeTestJSON-2047110661-project-member] Weighed [WeighedHost [host: (np0000002390, np0000002390) ram: 23518MB disk: 75776MB io_ops: 0 instances: 0, allocation_candidates: 1, weight: 0.0]] {{(pid=95684) _get_sorted_hosts /opt/stack/nova/nova/scheduler/manager.py:765}}
Jun 09 02:47:04.606764 np0000002390 nova-scheduler[95684]: DEBUG nova.scheduler.utils [None req-76abb475-b9da-4564-9eb3-c38cccde5c83 tempest-ServersNegativeTestJSON-2047110661 tempest-ServersNegativeTestJSON-2047110661-project-member] Attempting to claim resources in the placement API for instance d4e17ed7-6974-4a3a-b246-f3306be128a9 {{(pid=95684) claim_resources /opt/stack/nova/nova/scheduler/utils.py:1345}}
Jun 09 02:47:04.766867 np0000002390 nova-scheduler[95684]: DEBUG nova.scheduler.manager [None req-76abb475-b9da-4564-9eb3-c38cccde5c83 tempest-ServersNegativeTestJSON-2047110661 tempest-ServersNegativeTestJSON-2047110661-project-member] [instance: d4e17ed7-6974-4a3a-b246-f3306be128a9] Selected host: (np0000002390, np0000002390) ram: 23518MB disk: 75776MB io_ops: 0 instances: 0, allocation_candidates: 1 {{(pid=95684) _consume_selected_host /opt/stack/nova/nova/scheduler/manager.py:625}}
Jun 09 02:47:04.767265 np0000002390 nova-scheduler[95684]: DEBUG oslo_concurrency.lockutils [None req-76abb475-b9da-4564-9eb3-c38cccde5c83 tempest-ServersNegativeTestJSON-2047110661 tempest-ServersNegativeTestJSON-2047110661-project-member] Acquiring lock "('np0000002390', 'np0000002390')" by "nova.scheduler.host_manager.HostState.consume_from_request.._locked" {{(pid=95684) inner /opt/stack/data/venv/lib/python3.12/site-packages/oslo_concurrency/lockutils.py:511}}
Jun 09 02:47:04.767664 np0000002390 nova-scheduler[95684]: DEBUG oslo_concurrency.lockutils [None req-76abb475-b9da-4564-9eb3-c38cccde5c83 tempest-ServersNegativeTestJSON-2047110661 tempest-ServersNegativeTestJSON-2047110661-project-member] Lock "('np0000002390', 'np0000002390')" acquired by "nova.scheduler.host_manager.HostState.consume_from_request.._locked" :: waited 0.000s {{(pid=95684) inner /opt/stack/data/venv/lib/python3.12/site-packages/oslo_concurrency/lockutils.py:524}}
Jun 09 02:47:04.767802 np0000002390 nova-scheduler[95684]: DEBUG oslo_concurrency.lockutils [None req-76abb475-b9da-4564-9eb3-c38cccde5c83 tempest-ServersNegativeTestJSON-2047110661 tempest-ServersNegativeTestJSON-2047110661-project-member] Lock "('np0000002390', 'np0000002390')" "released" by "nova.scheduler.host_manager.HostState.consume_from_request.._locked" :: held 0.000s {{(pid=95684) inner /opt/stack/data/venv/lib/python3.12/site-packages/oslo_concurrency/lockutils.py:543}}
Jun 09 02:47:08.669809 np0000002390 nova-scheduler[95707]: DEBUG oslo.service.backend._threading.loopingcall [None req-1d25a552-e5ce-44d4-8770-96747a87a4e8 None None] Dynamic interval looping call 'nova.service.Service.periodic_tasks' sleeping for 60.00 seconds {{(pid=95707) _run_loop /opt/stack/data/venv/lib/python3.12/site-packages/oslo_service/backend/_threading/loopingcall.py:125}}
Jun 09 02:47:14.588898 np0000002390 nova-scheduler[95684]: DEBUG dbcounter [-] [95684] Writing DB stats nova_api:SELECT=1 {{(pid=95684) stat_writer /opt/stack/data/venv/lib/python3.12/site-packages/dbcounter.py:115}}
Jun 09 02:47:14.596621 np0000002390 nova-scheduler[95684]: DEBUG dbcounter [-] [95684] Writing DB stats nova_cell1:SELECT=3 {{(pid=95684) stat_writer /opt/stack/data/venv/lib/python3.12/site-packages/dbcounter.py:115}}
Jun 09 02:47:15.065939 np0000002390 nova-scheduler[95707]: DEBUG nova.scheduler.manager [None req-40e38ee3-86e5-472f-8a30-870c72b25d2d tempest-ServerActionsV293TestJSON-747932929 tempest-ServerActionsV293TestJSON-747932929-project-member] Starting to schedule for instances: ['691c69c6-b311-4178-b378-5333290a001b'] {{(pid=95707) select_destinations /opt/stack/nova/nova/scheduler/manager.py:210}}
Jun 09 02:47:15.065939 np0000002390 nova-scheduler[95707]: DEBUG nova.scheduler.request_filter [None req-40e38ee3-86e5-472f-8a30-870c72b25d2d tempest-ServerActionsV293TestJSON-747932929 tempest-ServerActionsV293TestJSON-747932929-project-member] compute_status_filter request filter added forbidden trait COMPUTE_STATUS_DISABLED {{(pid=95707) compute_status_filter /opt/stack/nova/nova/scheduler/request_filter.py:253}}
Jun 09 02:47:15.066858 np0000002390 nova-scheduler[95707]: DEBUG nova.scheduler.request_filter [None req-40e38ee3-86e5-472f-8a30-870c72b25d2d tempest-ServerActionsV293TestJSON-747932929 tempest-ServerActionsV293TestJSON-747932929-project-member] Request filter 'compute_status_filter' took 0.0 seconds {{(pid=95707) wrapper /opt/stack/nova/nova/scheduler/request_filter.py:46}}
Jun 09 02:47:15.066858 np0000002390 nova-scheduler[95707]: DEBUG nova.scheduler.request_filter [None req-40e38ee3-86e5-472f-8a30-870c72b25d2d tempest-ServerActionsV293TestJSON-747932929 tempest-ServerActionsV293TestJSON-747932929-project-member] Request filter 'accelerators_filter' took 0.0 seconds {{(pid=95707) wrapper /opt/stack/nova/nova/scheduler/request_filter.py:46}}
Jun 09 02:47:15.066858 np0000002390 nova-scheduler[95707]: DEBUG nova.scheduler.request_filter [None req-40e38ee3-86e5-472f-8a30-870c72b25d2d tempest-ServerActionsV293TestJSON-747932929 tempest-ServerActionsV293TestJSON-747932929-project-member] Request filter 'packed_virtqueue_filter' took 0.0 seconds {{(pid=95707) wrapper /opt/stack/nova/nova/scheduler/request_filter.py:46}}
Jun 09 02:47:15.066858 np0000002390 nova-scheduler[95707]: DEBUG nova.scheduler.request_filter [None req-40e38ee3-86e5-472f-8a30-870c72b25d2d tempest-ServerActionsV293TestJSON-747932929 tempest-ServerActionsV293TestJSON-747932929-project-member] Request filter 'remote_managed_ports_filter' took 0.0 seconds {{(pid=95707) wrapper /opt/stack/nova/nova/scheduler/request_filter.py:46}}
Jun 09 02:47:15.067395 np0000002390 nova-scheduler[95707]: DEBUG nova.scheduler.request_filter [None req-40e38ee3-86e5-472f-8a30-870c72b25d2d tempest-ServerActionsV293TestJSON-747932929 tempest-ServerActionsV293TestJSON-747932929-project-member] ephemeral_encryption_filter skipped {{(pid=95707) ephemeral_encryption_filter /opt/stack/nova/nova/scheduler/request_filter.py:426}}
Jun 09 02:47:15.067395 np0000002390 nova-scheduler[95707]: DEBUG nova.scheduler.request_filter [None req-40e38ee3-86e5-472f-8a30-870c72b25d2d tempest-ServerActionsV293TestJSON-747932929 tempest-ServerActionsV293TestJSON-747932929-project-member] virtio_sound_filter skipped {{(pid=95707) virtio_sound_filter /opt/stack/nova/nova/scheduler/request_filter.py:460}}
Jun 09 02:47:15.067395 np0000002390 nova-scheduler[95707]: DEBUG nova.scheduler.request_filter [None req-40e38ee3-86e5-472f-8a30-870c72b25d2d tempest-ServerActionsV293TestJSON-747932929 tempest-ServerActionsV293TestJSON-747932929-project-member] tpm_secret_security_filter skipped {{(pid=95707) tpm_secret_security_filter /opt/stack/nova/nova/scheduler/request_filter.py:477}}
Jun 09 02:47:15.170518 np0000002390 nova-scheduler[95707]: INFO nova.utils [None req-40e38ee3-86e5-472f-8a30-870c72b25d2d tempest-ServerActionsV293TestJSON-747932929 tempest-ServerActionsV293TestJSON-747932929-project-member] The cell worker thread pool ForkProcess-2.cell_worker is initialized
Jun 09 02:47:15.170998 np0000002390 nova-scheduler[95707]: DEBUG oslo_concurrency.lockutils [None req-40e38ee3-86e5-472f-8a30-870c72b25d2d tempest-ServerActionsV293TestJSON-747932929 tempest-ServerActionsV293TestJSON-747932929-project-member] Acquiring lock "2a5347b8-6b93-45b8-bcb6-af7a3e68da07" by "nova.context.set_target_cell..get_or_set_cached_cell_and_set_connections" {{(pid=95707) inner /opt/stack/data/venv/lib/python3.12/site-packages/oslo_concurrency/lockutils.py:511}}
Jun 09 02:47:15.171259 np0000002390 nova-scheduler[95707]: DEBUG oslo_concurrency.lockutils [None req-40e38ee3-86e5-472f-8a30-870c72b25d2d tempest-ServerActionsV293TestJSON-747932929 tempest-ServerActionsV293TestJSON-747932929-project-member] Lock "2a5347b8-6b93-45b8-bcb6-af7a3e68da07" acquired by "nova.context.set_target_cell..get_or_set_cached_cell_and_set_connections" :: waited 0.000s {{(pid=95707) inner /opt/stack/data/venv/lib/python3.12/site-packages/oslo_concurrency/lockutils.py:524}}
Jun 09 02:47:15.172789 np0000002390 nova-scheduler[95707]: DEBUG oslo_concurrency.lockutils [None req-40e38ee3-86e5-472f-8a30-870c72b25d2d tempest-ServerActionsV293TestJSON-747932929 tempest-ServerActionsV293TestJSON-747932929-project-member] Lock "2a5347b8-6b93-45b8-bcb6-af7a3e68da07" "released" by "nova.context.set_target_cell..get_or_set_cached_cell_and_set_connections" :: held 0.001s {{(pid=95707) inner /opt/stack/data/venv/lib/python3.12/site-packages/oslo_concurrency/lockutils.py:543}}
Jun 09 02:47:15.174769 np0000002390 nova-scheduler[95707]: INFO dbcounter [None req-40e38ee3-86e5-472f-8a30-870c72b25d2d tempest-ServerActionsV293TestJSON-747932929 tempest-ServerActionsV293TestJSON-747932929-project-member] Registered counter for database nova_cell1
Jun 09 02:47:15.227508 np0000002390 nova-scheduler[95707]: DEBUG oslo_db.sqlalchemy.engines [None req-40e38ee3-86e5-472f-8a30-870c72b25d2d tempest-ServerActionsV293TestJSON-747932929 tempest-ServerActionsV293TestJSON-747932929-project-member] MySQL server mode set to STRICT_TRANS_TABLES,STRICT_ALL_TABLES,NO_ZERO_IN_DATE,NO_ZERO_DATE,ERROR_FOR_DIVISION_BY_ZERO,TRADITIONAL,NO_ENGINE_SUBSTITUTION {{(pid=95707) _check_effective_sql_mode /opt/stack/data/venv/lib/python3.12/site-packages/oslo_db/sqlalchemy/engines.py:325}}
Jun 09 02:47:15.233575 np0000002390 nova-scheduler[95707]: DEBUG dbcounter [-] [95707] Writer thread running {{(pid=95707) stat_writer /opt/stack/data/venv/lib/python3.12/site-packages/dbcounter.py:102}}
Jun 09 02:47:15.309183 np0000002390 nova-scheduler[95707]: DEBUG dbcounter [-] [95707] Writer thread running {{(pid=95707) stat_writer /opt/stack/data/venv/lib/python3.12/site-packages/dbcounter.py:102}}
Jun 09 02:47:15.312204 np0000002390 nova-scheduler[95707]: DEBUG oslo_concurrency.lockutils [None req-40e38ee3-86e5-472f-8a30-870c72b25d2d tempest-ServerActionsV293TestJSON-747932929 tempest-ServerActionsV293TestJSON-747932929-project-member] Acquiring lock "2a5347b8-6b93-45b8-bcb6-af7a3e68da07" by "nova.context.set_target_cell..get_or_set_cached_cell_and_set_connections" {{(pid=95707) inner /opt/stack/data/venv/lib/python3.12/site-packages/oslo_concurrency/lockutils.py:511}}
Jun 09 02:47:15.312204 np0000002390 nova-scheduler[95707]: DEBUG oslo_concurrency.lockutils [None req-40e38ee3-86e5-472f-8a30-870c72b25d2d tempest-ServerActionsV293TestJSON-747932929 tempest-ServerActionsV293TestJSON-747932929-project-member] Lock "2a5347b8-6b93-45b8-bcb6-af7a3e68da07" acquired by "nova.context.set_target_cell..get_or_set_cached_cell_and_set_connections" :: waited 0.000s {{(pid=95707) inner /opt/stack/data/venv/lib/python3.12/site-packages/oslo_concurrency/lockutils.py:524}}
Jun 09 02:47:15.312367 np0000002390 nova-scheduler[95707]: DEBUG oslo_concurrency.lockutils [None req-40e38ee3-86e5-472f-8a30-870c72b25d2d tempest-ServerActionsV293TestJSON-747932929 tempest-ServerActionsV293TestJSON-747932929-project-member] Lock "2a5347b8-6b93-45b8-bcb6-af7a3e68da07" "released" by "nova.context.set_target_cell..get_or_set_cached_cell_and_set_connections" :: held 0.000s {{(pid=95707) inner /opt/stack/data/venv/lib/python3.12/site-packages/oslo_concurrency/lockutils.py:543}}
Jun 09 02:47:15.317441 np0000002390 nova-scheduler[95707]: DEBUG oslo_concurrency.lockutils [None req-40e38ee3-86e5-472f-8a30-870c72b25d2d tempest-ServerActionsV293TestJSON-747932929 tempest-ServerActionsV293TestJSON-747932929-project-member] Acquiring lock "('np0000002390', 'np0000002390')" by "nova.scheduler.host_manager.HostState.update.._locked_update" {{(pid=95707) inner /opt/stack/data/venv/lib/python3.12/site-packages/oslo_concurrency/lockutils.py:511}}
Jun 09 02:47:15.317627 np0000002390 nova-scheduler[95707]: DEBUG oslo_concurrency.lockutils [None req-40e38ee3-86e5-472f-8a30-870c72b25d2d tempest-ServerActionsV293TestJSON-747932929 tempest-ServerActionsV293TestJSON-747932929-project-member] Lock "('np0000002390', 'np0000002390')" acquired by "nova.scheduler.host_manager.HostState.update.._locked_update" :: waited 0.000s {{(pid=95707) inner /opt/stack/data/venv/lib/python3.12/site-packages/oslo_concurrency/lockutils.py:524}}
