Jun 09 02:47:16.013757 np0000002390 devstack@placement-api.service[92286]: DEBUG placement.objects.research_context [req-dd1bc35c-cb8b-4ed6-9f43-044cd444b90c req-ca8819f6-f971-43cf-aebb-6daa955f10a6 service nova] found 1 providers with available 192 MEMORY_MB {{(pid=92286) get_provider_ids_matching /opt/stack/placement/placement/objects/research_context.py:563}}
Jun 09 02:47:16.014506 np0000002390 devstack@placement-api.service[92286]: DEBUG placement.objects.research_context [req-dd1bc35c-cb8b-4ed6-9f43-044cd444b90c req-ca8819f6-f971-43cf-aebb-6daa955f10a6 service nova] found 1 providers after filtering by previous result {{(pid=92286) get_provider_ids_matching /opt/stack/placement/placement/objects/research_context.py:594}}
Jun 09 02:47:16.014620 np0000002390 devstack@placement-api.service[92286]: DEBUG placement.objects.research_context [req-dd1bc35c-cb8b-4ed6-9f43-044cd444b90c req-ca8819f6-f971-43cf-aebb-6daa955f10a6 service nova] found 1 providers with available 1 VCPU {{(pid=92286) get_provider_ids_matching /opt/stack/placement/placement/objects/research_context.py:563}}
Jun 09 02:47:16.014755 np0000002390 devstack@placement-api.service[92286]: DEBUG placement.objects.research_context [req-dd1bc35c-cb8b-4ed6-9f43-044cd444b90c req-ca8819f6-f971-43cf-aebb-6daa955f10a6 service nova] found 1 providers after filtering by previous result {{(pid=92286) get_provider_ids_matching /opt/stack/placement/placement/objects/research_context.py:594}}
Jun 09 02:47:16.028198 np0000002390 devstack@placement-api.service[92286]: DEBUG placement.objects.allocation_candidate [req-dd1bc35c-cb8b-4ed6-9f43-044cd444b90c req-ca8819f6-f971-43cf-aebb-6daa955f10a6 service nova] RequestGroup(use_same_provider=False, resources={DISK_GB:1, MEMORY_MB:192, VCPU:1}, traits=(), aggregates=[]) (suffix '') returned 1 matches {{(pid=92286) _get_by_requests /opt/stack/placement/placement/objects/allocation_candidate.py:158}}
Jun 09 02:47:16.028611 np0000002390 devstack@placement-api.service[92286]: DEBUG placement.objects.allocation_candidate [req-dd1bc35c-cb8b-4ed6-9f43-044cd444b90c req-ca8819f6-f971-43cf-aebb-6daa955f10a6 service nova] Merging candidates yields 1 allocation requests and 1 provider summaries {{(pid=92286) _merge_candidates /opt/stack/placement/placement/objects/allocation_candidate.py:908}}
Jun 09 02:47:16.030139 np0000002390 devstack@placement-api.service[92286]: INFO placement.requestlog [req-dd1bc35c-cb8b-4ed6-9f43-044cd444b90c req-ca8819f6-f971-43cf-aebb-6daa955f10a6 service nova] 10.4.3.55 "GET /placement/allocation_candidates?limit=1000&resources=DISK_GB%3A1%2CMEMORY_MB%3A192%2CVCPU%3A1&root_required=%21COMPUTE_STATUS_DISABLED" status: 200 len: 2492 microversion: 1.36
Jun 09 02:47:16.030404 np0000002390 devstack@placement-api.service[92286]: [pid: 92286|app: 0|req: 10/28] 10.4.3.55 () {68 vars in 1618 bytes} [Tue Jun 9 02:47:15 2026] GET /placement/allocation_candidates?limit=1000&resources=DISK_GB%3A1%2CMEMORY_MB%3A192%2CVCPU%3A1&root_required=%21COMPUTE_STATUS_DISABLED => generated 2492 bytes in 68 msecs (HTTP/1.1 200) 8 headers in 297 bytes (1 switches on core 0)
Jun 09 02:47:16.033577 np0000002390 devstack@placement-api.service[92287]: DEBUG placement.requestlog [req-739ee26d-db55-4826-9f5b-97d2f8a99c0c req-31f68fe4-f724-4233-946d-c0f8d133dc86 None None] Starting request: 10.4.3.55 "GET /placement/allocations/2aa307ec-a75b-4de2-99b6-9949ba3951e3" {{(pid=92287) __call__ /opt/stack/placement/placement/requestlog.py:55}}
Jun 09 02:47:16.041442 np0000002390 devstack@placement-api.service[92287]: INFO placement.requestlog [req-739ee26d-db55-4826-9f5b-97d2f8a99c0c req-31f68fe4-f724-4233-946d-c0f8d133dc86 service nova] 10.4.3.55 "GET /placement/allocations/2aa307ec-a75b-4de2-99b6-9949ba3951e3" status: 200 len: 19 microversion: 1.28
Jun 09 02:47:16.041575 np0000002390 devstack@placement-api.service[92287]: [pid: 92287|app: 0|req: 10/29] 10.4.3.55 () {68 vars in 1494 bytes} [Tue Jun 9 02:47:16 2026] GET /placement/allocations/2aa307ec-a75b-4de2-99b6-9949ba3951e3 => generated 19 bytes in 8 msecs (HTTP/1.1 200) 8 headers in 295 bytes (1 switches on core 0)
Jun 09 02:47:16.073734 np0000002390 devstack@placement-api.service[92288]: DEBUG placement.requestlog [req-f35d3b9f-5ef9-43db-8d18-608f44600d66 req-27af0c95-2f14-4b13-a8cb-7de9377a4439 None None] Starting request: 10.4.3.55 "GET /placement/allocations/59de7823-c0b0-4eb0-96e3-b2dbd2606e22" {{(pid=92288) __call__ /opt/stack/placement/placement/requestlog.py:55}}
Jun 09 02:47:16.080136 np0000002390 devstack@placement-api.service[92288]: INFO placement.requestlog [req-f35d3b9f-5ef9-43db-8d18-608f44600d66 req-27af0c95-2f14-4b13-a8cb-7de9377a4439 service nova] 10.4.3.55 "GET /placement/allocations/59de7823-c0b0-4eb0-96e3-b2dbd2606e22" status: 200 len: 19 microversion: 1.28
Jun 09 02:47:16.080395 np0000002390 devstack@placement-api.service[92288]: [pid: 92288|app: 0|req: 10/30] 10.4.3.55 () {68 vars in 1494 bytes} [Tue Jun 9 02:47:16 2026] GET /placement/allocations/59de7823-c0b0-4eb0-96e3-b2dbd2606e22 => generated 19 bytes in 7 msecs (HTTP/1.1 200) 8 headers in 295 bytes (1 switches on core 0)
Jun 09 02:47:16.084032 np0000002390 devstack@placement-api.service[92286]: DEBUG placement.requestlog [req-739ee26d-db55-4826-9f5b-97d2f8a99c0c req-a2b96891-292e-4a95-84de-5152419a2d33 None None] Starting request: 10.4.3.55 "PUT /placement/allocations/2aa307ec-a75b-4de2-99b6-9949ba3951e3" {{(pid=92286) __call__ /opt/stack/placement/placement/requestlog.py:55}}
Jun 09 02:47:16.103297 np0000002390 devstack@placement-api.service[92287]: DEBUG placement.requestlog [req-dd1bc35c-cb8b-4ed6-9f43-044cd444b90c req-b56c79ba-68eb-4a76-8cb1-e347c2198316 None None] Starting request: 10.4.3.55 "GET /placement/allocations/9f6dc1b4-23fe-4ecb-9656-20e49bcb3d46" {{(pid=92287) __call__ /opt/stack/placement/placement/requestlog.py:55}}
Jun 09 02:47:16.117253 np0000002390 devstack@placement-api.service[92287]: INFO placement.requestlog [req-dd1bc35c-cb8b-4ed6-9f43-044cd444b90c req-b56c79ba-68eb-4a76-8cb1-e347c2198316 service nova] 10.4.3.55 "GET /placement/allocations/9f6dc1b4-23fe-4ecb-9656-20e49bcb3d46" status: 200 len: 19 microversion: 1.28
Jun 09 02:47:16.117253 np0000002390 devstack@placement-api.service[92287]: [pid: 92287|app: 0|req: 11/31] 10.4.3.55 () {68 vars in 1494 bytes} [Tue Jun 9 02:47:16 2026] GET /placement/allocations/9f6dc1b4-23fe-4ecb-9656-20e49bcb3d46 => generated 19 bytes in 13 msecs (HTTP/1.1 200) 8 headers in 295 bytes (1 switches on core 0)
Jun 09 02:47:16.126214 np0000002390 devstack@placement-api.service[92288]: DEBUG placement.requestlog [req-f35d3b9f-5ef9-43db-8d18-608f44600d66 req-9062416c-4382-424a-b385-0df2f8c26616 None None] Starting request: 10.4.3.55 "PUT /placement/allocations/59de7823-c0b0-4eb0-96e3-b2dbd2606e22" {{(pid=92288) __call__ /opt/stack/placement/placement/requestlog.py:55}}
Jun 09 02:47:16.151826 np0000002390 devstack@placement-api.service[92286]: DEBUG placement.handlers.allocation [req-739ee26d-db55-4826-9f5b-97d2f8a99c0c req-a2b96891-292e-4a95-84de-5152419a2d33 service nova] Successfully wrote allocations [, , ] {{(pid=92286) _update_consumers_and_create_allocations /opt/stack/placement/placement/handlers/allocation.py:462}}
Jun 09 02:47:16.155278 np0000002390 devstack@placement-api.service[92286]: INFO placement.requestlog [req-739ee26d-db55-4826-9f5b-97d2f8a99c0c req-a2b96891-292e-4a95-84de-5152419a2d33 service nova] 10.4.3.55 "PUT /placement/allocations/2aa307ec-a75b-4de2-99b6-9949ba3951e3" status: 204 len: 0 microversion: 1.36
Jun 09 02:47:16.155278 np0000002390 devstack@placement-api.service[92286]: [pid: 92286|app: 0|req: 11/32] 10.4.3.55 () {72 vars in 1547 bytes} [Tue Jun 9 02:47:16 2026] PUT /placement/allocations/2aa307ec-a75b-4de2-99b6-9949ba3951e3 => generated 0 bytes in 72 msecs (HTTP/1.1 204) 5 headers in 199 bytes (1 switches on core 0)
Jun 09 02:47:16.163223 np0000002390 devstack@placement-api.service[92287]: DEBUG placement.requestlog [req-dd1bc35c-cb8b-4ed6-9f43-044cd444b90c req-28f1a445-d4d0-49c3-9612-8d54f42e8742 None None] Starting request: 10.4.3.55 "PUT /placement/allocations/9f6dc1b4-23fe-4ecb-9656-20e49bcb3d46" {{(pid=92287) __call__ /opt/stack/placement/placement/requestlog.py:55}}
Jun 09 02:47:16.204074 np0000002390 devstack@placement-api.service[92288]: DEBUG placement.handlers.allocation [req-f35d3b9f-5ef9-43db-8d18-608f44600d66 req-9062416c-4382-424a-b385-0df2f8c26616 service nova] Successfully wrote allocations [, , ] {{(pid=92288) _update_consumers_and_create_allocations /opt/stack/placement/placement/handlers/allocation.py:462}}
Jun 09 02:47:16.206948 np0000002390 devstack@placement-api.service[92288]: INFO placement.requestlog [req-f35d3b9f-5ef9-43db-8d18-608f44600d66 req-9062416c-4382-424a-b385-0df2f8c26616 service nova] 10.4.3.55 "PUT /placement/allocations/59de7823-c0b0-4eb0-96e3-b2dbd2606e22" status: 204 len: 0 microversion: 1.36
Jun 09 02:47:16.207296 np0000002390 devstack@placement-api.service[92288]: [pid: 92288|app: 0|req: 11/33] 10.4.3.55 () {72 vars in 1547 bytes} [Tue Jun 9 02:47:16 2026] PUT /placement/allocations/59de7823-c0b0-4eb0-96e3-b2dbd2606e22 => generated 0 bytes in 83 msecs (HTTP/1.1 204) 5 headers in 199 bytes (1 switches on core 0)
Jun 09 02:47:16.233864 np0000002390 devstack@placement-api.service[92287]: DEBUG placement.handlers.allocation [req-dd1bc35c-cb8b-4ed6-9f43-044cd444b90c req-28f1a445-d4d0-49c3-9612-8d54f42e8742 service nova] Successfully wrote allocations [, , ] {{(pid=92287) _update_consumers_and_create_allocations /opt/stack/placement/placement/handlers/allocation.py:462}}
Jun 09 02:47:16.237779 np0000002390 devstack@placement-api.service[92287]: INFO placement.requestlog [req-dd1bc35c-cb8b-4ed6-9f43-044cd444b90c req-28f1a445-d4d0-49c3-9612-8d54f42e8742 service nova] 10.4.3.55 "PUT /placement/allocations/9f6dc1b4-23fe-4ecb-9656-20e49bcb3d46" status: 204 len: 0 microversion: 1.36
Jun 09 02:47:16.238547 np0000002390 devstack@placement-api.service[92287]: [pid: 92287|app: 0|req: 12/34] 10.4.3.55 () {72 vars in 1547 bytes} [Tue Jun 9 02:47:16 2026] PUT /placement/allocations/9f6dc1b4-23fe-4ecb-9656-20e49bcb3d46 => generated 0 bytes in 75 msecs (HTTP/1.1 204) 5 headers in 199 bytes (1 switches on core 0)
Jun 09 02:47:16.808158 np0000002390 devstack@placement-api.service[92286]: DEBUG placement.requestlog [req-b2231e87-80f9-4313-9c39-91d93027f3a3 req-81ef865e-fd6f-4aa4-93c4-c609bb0a04ee None None] Starting request: 10.4.3.55 "GET /placement/allocation_candidates?limit=1000&resources=DISK_GB%3A1%2CMEMORY_MB%3A192%2CVCPU%3A1&root_required=%21COMPUTE_STATUS_DISABLED" {{(pid=92286) __call__ /opt/stack/placement/placement/requestlog.py:55}}
Jun 09 02:47:16.830790 np0000002390 devstack@placement-api.service[92286]: DEBUG placement.objects.research_context [req-b2231e87-80f9-4313-9c39-91d93027f3a3 req-81ef865e-fd6f-4aa4-93c4-c609bb0a04ee service nova] getting providers with 1 DISK_GB {{(pid=92286) __init__ /opt/stack/placement/placement/objects/research_context.py:137}}
Jun 09 02:47:16.834882 np0000002390 devstack@placement-api.service[92286]: DEBUG placement.objects.research_context [req-b2231e87-80f9-4313-9c39-91d93027f3a3 req-81ef865e-fd6f-4aa4-93c4-c609bb0a04ee service nova] getting providers with 192 MEMORY_MB {{(pid=92286) __init__ /opt/stack/placement/placement/objects/research_context.py:137}}
Jun 09 02:47:16.837678 np0000002390 devstack@placement-api.service[92286]: DEBUG placement.objects.research_context [req-b2231e87-80f9-4313-9c39-91d93027f3a3 req-81ef865e-fd6f-4aa4-93c4-c609bb0a04ee service nova] getting providers with 1 VCPU {{(pid=92286) __init__ /opt/stack/placement/placement/objects/research_context.py:137}}
Jun 09 02:47:16.841400 np0000002390 devstack@placement-api.service[92286]: DEBUG placement.objects.research_context [req-b2231e87-80f9-4313-9c39-91d93027f3a3 req-81ef865e-fd6f-4aa4-93c4-c609bb0a04ee service nova] found 1 providers with available 1 DISK_GB {{(pid=92286) get_provider_ids_matching /opt/stack/placement/placement/objects/research_context.py:563}}
Jun 09 02:47:16.841590 np0000002390 devstack@placement-api.service[92286]: DEBUG placement.objects.research_context [req-b2231e87-80f9-4313-9c39-91d93027f3a3 req-81ef865e-fd6f-4aa4-93c4-c609bb0a04ee service nova] found 1 providers with available 192 MEMORY_MB {{(pid=92286) get_provider_ids_matching /opt/stack/placement/placement/objects/research_context.py:563}}
Jun 09 02:47:16.841662 np0000002390 devstack@placement-api.service[92286]: DEBUG placement.objects.research_context [req-b2231e87-80f9-4313-9c39-91d93027f3a3 req-81ef865e-fd6f-4aa4-93c4-c609bb0a04ee service nova] found 1 providers after filtering by previous result {{(pid=92286) get_provider_ids_matching /opt/stack/placement/placement/objects/research_context.py:594}}
Jun 09 02:47:16.841787 np0000002390 devstack@placement-api.service[92286]: DEBUG placement.objects.research_context [req-b2231e87-80f9-4313-9c39-91d93027f3a3 req-81ef865e-fd6f-4aa4-93c4-c609bb0a04ee service nova] found 1 providers with available 1 VCPU {{(pid=92286) get_provider_ids_matching /opt/stack/placement/placement/objects/research_context.py:563}}
Jun 09 02:47:16.841914 np0000002390 devstack@placement-api.service[92286]: DEBUG placement.objects.research_context [req-b2231e87-80f9-4313-9c39-91d93027f3a3 req-81ef865e-fd6f-4aa4-93c4-c609bb0a04ee service nova] found 1 providers after filtering by previous result {{(pid=92286) get_provider_ids_matching /opt/stack/placement/placement/objects/research_context.py:594}}
Jun 09 02:47:16.849365 np0000002390 devstack@placement-api.service[92286]: DEBUG placement.objects.allocation_candidate [req-b2231e87-80f9-4313-9c39-91d93027f3a3 req-81ef865e-fd6f-4aa4-93c4-c609bb0a04ee service nova] RequestGroup(use_same_provider=False, resources={DISK_GB:1, MEMORY_MB:192, VCPU:1}, traits=(), aggregates=[]) (suffix '') returned 1 matches {{(pid=92286) _get_by_requests /opt/stack/placement/placement/objects/allocation_candidate.py:158}}
Jun 09 02:47:16.849571 np0000002390 devstack@placement-api.service[92286]: DEBUG placement.objects.allocation_candidate [req-b2231e87-80f9-4313-9c39-91d93027f3a3 req-81ef865e-fd6f-4aa4-93c4-c609bb0a04ee service nova] Merging candidates yields 1 allocation requests and 1 provider summaries {{(pid=92286) _merge_candidates /opt/stack/placement/placement/objects/allocation_candidate.py:908}}
Jun 09 02:47:16.850816 np0000002390 devstack@placement-api.service[92286]: INFO placement.requestlog [req-b2231e87-80f9-4313-9c39-91d93027f3a3 req-81ef865e-fd6f-4aa4-93c4-c609bb0a04ee service nova] 10.4.3.55 "GET /placement/allocation_candidates?limit=1000&resources=DISK_GB%3A1%2CMEMORY_MB%3A192%2CVCPU%3A1&root_required=%21COMPUTE_STATUS_DISABLED" status: 200 len: 2492 microversion: 1.36
Jun 09 02:47:16.851170 np0000002390 devstack@placement-api.service[92286]: [pid: 92286|app: 0|req: 12/35] 10.4.3.55 () {68 vars in 1618 bytes} [Tue Jun 9 02:47:16 2026] GET /placement/allocation_candidates?limit=1000&resources=DISK_GB%3A1%2CMEMORY_MB%3A192%2CVCPU%3A1&root_required=%21COMPUTE_STATUS_DISABLED => generated 2492 bytes in 43 msecs (HTTP/1.1 200) 8 headers in 297 bytes (1 switches on core 0)
Jun 09 02:47:16.903420 np0000002390 devstack@placement-api.service[92288]: DEBUG placement.requestlog [req-b2231e87-80f9-4313-9c39-91d93027f3a3 req-3f945d9e-e17e-4e01-a6f7-a198d02a855a None None] Starting request: 10.4.3.55 "GET /placement/allocations/6a8c8523-e3f1-487a-b940-d05737fff451" {{(pid=92288) __call__ /opt/stack/placement/placement/requestlog.py:55}}
Jun 09 02:47:16.910796 np0000002390 devstack@placement-api.service[92288]: INFO placement.requestlog [req-b2231e87-80f9-4313-9c39-91d93027f3a3 req-3f945d9e-e17e-4e01-a6f7-a198d02a855a service nova] 10.4.3.55 "GET /placement/allocations/6a8c8523-e3f1-487a-b940-d05737fff451" status: 200 len: 19 microversion: 1.28
Jun 09 02:47:16.911078 np0000002390 devstack@placement-api.service[92288]: [pid: 92288|app: 0|req: 12/36] 10.4.3.55 () {68 vars in 1494 bytes} [Tue Jun 9 02:47:16 2026] GET /placement/allocations/6a8c8523-e3f1-487a-b940-d05737fff451 => generated 19 bytes in 8 msecs (HTTP/1.1 200) 8 headers in 295 bytes (1 switches on core 0)
Jun 09 02:47:16.935295 np0000002390 devstack@placement-api.service[92287]: DEBUG placement.requestlog [req-40e38ee3-86e5-472f-8a30-870c72b25d2d req-fba0269a-0d57-4e1c-b011-3bd6f6762efb None None] Starting request: 10.4.3.55 "GET /placement/allocations/691c69c6-b311-4178-b378-5333290a001b" {{(pid=92287) __call__ /opt/stack/placement/placement/requestlog.py:55}}
Jun 09 02:47:16.946203 np0000002390 devstack@placement-api.service[92287]: INFO placement.requestlog [req-40e38ee3-86e5-472f-8a30-870c72b25d2d req-fba0269a-0d57-4e1c-b011-3bd6f6762efb service nova] 10.4.3.55 "GET /placement/allocations/691c69c6-b311-4178-b378-5333290a001b" status: 200 len: 243 microversion: 1.28
Jun 09 02:47:16.946412 np0000002390 devstack@placement-api.service[92287]: [pid: 92287|app: 0|req: 13/37] 10.4.3.55 () {68 vars in 1492 bytes} [Tue Jun 9 02:47:16 2026] GET /placement/allocations/691c69c6-b311-4178-b378-5333290a001b => generated 243 bytes in 11 msecs (HTTP/1.1 200) 8 headers in 296 bytes (1 switches on core 0)
Jun 09 02:47:16.950985 np0000002390 devstack@placement-api.service[92286]: DEBUG placement.requestlog [req-b2231e87-80f9-4313-9c39-91d93027f3a3 req-1f90c11a-5d76-4b3b-b322-f9d419825d52 None None] Starting request: 10.4.3.55 "PUT /placement/allocations/6a8c8523-e3f1-487a-b940-d05737fff451" {{(pid=92286) __call__ /opt/stack/placement/placement/requestlog.py:55}}
Jun 09 02:47:17.023918 np0000002390 devstack@placement-api.service[92286]: DEBUG placement.handlers.allocation [req-b2231e87-80f9-4313-9c39-91d93027f3a3 req-1f90c11a-5d76-4b3b-b322-f9d419825d52 service nova] Successfully wrote allocations [, , ] {{(pid=92286) _update_consumers_and_create_allocations /opt/stack/placement/placement/handlers/allocation.py:462}}
Jun 09 02:47:17.023918 np0000002390 devstack@placement-api.service[92286]: INFO placement.requestlog [req-b2231e87-80f9-4313-9c39-91d93027f3a3 req-1f90c11a-5d76-4b3b-b322-f9d419825d52 service nova] 10.4.3.55 "PUT /placement/allocations/6a8c8523-e3f1-487a-b940-d05737fff451" status: 204 len: 0 microversion: 1.36
Jun 09 02:47:17.023918 np0000002390 devstack@placement-api.service[92286]: [pid: 92286|app: 0|req: 13/38] 10.4.3.55 () {72 vars in 1547 bytes} [Tue Jun 9 02:47:16 2026] PUT /placement/allocations/6a8c8523-e3f1-487a-b940-d05737fff451 => generated 0 bytes in 72 msecs (HTTP/1.1 204) 5 headers in 199 bytes (1 switches on core 0)
Jun 09 02:47:17.552810 np0000002390 devstack@placement-api.service[92288]: DEBUG placement.requestlog [req-739ee26d-db55-4826-9f5b-97d2f8a99c0c req-adc2414a-35fd-4b49-a512-9e2b899bef04 None None] Starting request: 10.4.3.55 "GET /placement/allocations/2aa307ec-a75b-4de2-99b6-9949ba3951e3" {{(pid=92288) __call__ /opt/stack/placement/placement/requestlog.py:55}}
Jun 09 02:47:17.568863 np0000002390 devstack@placement-api.service[92288]: INFO placement.requestlog [req-739ee26d-db55-4826-9f5b-97d2f8a99c0c req-adc2414a-35fd-4b49-a512-9e2b899bef04 service nova] 10.4.3.55 "GET /placement/allocations/2aa307ec-a75b-4de2-99b6-9949ba3951e3" status: 200 len: 257 microversion: 1.28
Jun 09 02:47:17.568863 np0000002390 devstack@placement-api.service[92288]: [pid: 92288|app: 0|req: 13/39] 10.4.3.55 () {68 vars in 1492 bytes} [Tue Jun 9 02:47:17 2026] GET /placement/allocations/2aa307ec-a75b-4de2-99b6-9949ba3951e3 => generated 257 bytes in 15 msecs (HTTP/1.1 200) 8 headers in 296 bytes (1 switches on core 0)
Jun 09 02:47:17.617809 np0000002390 devstack@placement-api.service[92287]: DEBUG placement.requestlog [req-f35d3b9f-5ef9-43db-8d18-608f44600d66 req-f6ac5f19-4793-4a38-a21c-23fe87fbc601 None None] Starting request: 10.4.3.55 "GET /placement/allocations/59de7823-c0b0-4eb0-96e3-b2dbd2606e22" {{(pid=92287) __call__ /opt/stack/placement/placement/requestlog.py:55}}
Jun 09 02:47:17.636319 np0000002390 devstack@placement-api.service[92287]: INFO placement.requestlog [req-f35d3b9f-5ef9-43db-8d18-608f44600d66 req-f6ac5f19-4793-4a38-a21c-23fe87fbc601 service nova] 10.4.3.55 "GET /placement/allocations/59de7823-c0b0-4eb0-96e3-b2dbd2606e22" status: 200 len: 257 microversion: 1.28
Jun 09 02:47:17.636319 np0000002390 devstack@placement-api.service[92287]: [pid: 92287|app: 0|req: 14/40] 10.4.3.55 () {68 vars in 1492 bytes} [Tue Jun 9 02:47:17 2026] GET /placement/allocations/59de7823-c0b0-4eb0-96e3-b2dbd2606e22 => generated 257 bytes in 18 msecs (HTTP/1.1 200) 8 headers in 296 bytes (1 switches on core 0)
Jun 09 02:47:17.667021 np0000002390 devstack@placement-api.service[92286]: DEBUG placement.requestlog [req-dd1bc35c-cb8b-4ed6-9f43-044cd444b90c req-06b8ddf8-843f-48aa-aa84-e1f9bd8d4281 None None] Starting request: 10.4.3.55 "GET /placement/allocations/9f6dc1b4-23fe-4ecb-9656-20e49bcb3d46" {{(pid=92286) __call__ /opt/stack/placement/placement/requestlog.py:55}}
Jun 09 02:47:17.674935 np0000002390 devstack@placement-api.service[92286]: INFO placement.requestlog [req-dd1bc35c-cb8b-4ed6-9f43-044cd444b90c req-06b8ddf8-843f-48aa-aa84-e1f9bd8d4281 service nova] 10.4.3.55 "GET /placement/allocations/9f6dc1b4-23fe-4ecb-9656-20e49bcb3d46" status: 200 len: 257 microversion: 1.28
Jun 09 02:47:17.675177 np0000002390 devstack@placement-api.service[92286]: [pid: 92286|app: 0|req: 14/41] 10.4.3.55 () {68 vars in 1492 bytes} [Tue Jun 9 02:47:17 2026] GET /placement/allocations/9f6dc1b4-23fe-4ecb-9656-20e49bcb3d46 => generated 257 bytes in 8 msecs (HTTP/1.1 200) 8 headers in 296 bytes (1 switches on core 0)
Jun 09 02:47:18.003181 np0000002390 devstack@placement-api.service[92288]: DEBUG placement.requestlog [req-40e38ee3-86e5-472f-8a30-870c72b25d2d req-f2f609d1-bb08-477c-8a77-f8585da6053b None None] Starting request: 10.4.3.55 "GET /placement/resource_providers/837d86a1-5e37-4828-9023-761c6ea8a098/allocations" {{(pid=92288) __call__ /opt/stack/placement/placement/requestlog.py:55}}
Jun 09 02:47:18.014294 np0000002390 devstack@placement-api.service[92287]: DEBUG placement.requestlog [None req-31377d8d-5e91-44ff-baf9-0ece5abb1c4f None None] Starting request: 10.4.3.55 "GET /placement/resource_providers/3db94706-940c-48b7-bbd8-80dab69043cf/aggregates" {{(pid=92287) __call__ /opt/stack/placement/placement/requestlog.py:55}}
Jun 09 02:47:18.020880 np0000002390 devstack@placement-api.service[92288]: INFO placement.requestlog [req-40e38ee3-86e5-472f-8a30-870c72b25d2d req-f2f609d1-bb08-477c-8a77-f8585da6053b service nova] 10.4.3.55 "GET /placement/resource_providers/837d86a1-5e37-4828-9023-761c6ea8a098/allocations" status: 200 len: 638 microversion: 1.0
Jun 09 02:47:18.020880 np0000002390 devstack@placement-api.service[92288]: [pid: 92288|app: 0|req: 14/42] 10.4.3.55 () {66 vars in 1505 bytes} [Tue Jun 9 02:47:18 2026] GET /placement/resource_providers/837d86a1-5e37-4828-9023-761c6ea8a098/allocations => generated 638 bytes in 18 msecs (HTTP/1.1 200) 6 headers in 224 bytes (1 switches on core 0)
Jun 09 02:47:18.063537 np0000002390 devstack@placement-api.service[92286]: DEBUG placement.requestlog [req-40e38ee3-86e5-472f-8a30-870c72b25d2d req-e0ea9094-ce75-4b26-8524-5e4add0bd2dc None None] Starting request: 10.4.3.55 "GET /placement/allocations/6a8c8523-e3f1-487a-b940-d05737fff451" {{(pid=92286) __call__ /opt/stack/placement/placement/requestlog.py:55}}
Jun 09 02:47:18.074793 np0000002390 devstack@placement-api.service[92286]: INFO placement.requestlog [req-40e38ee3-86e5-472f-8a30-870c72b25d2d req-e0ea9094-ce75-4b26-8524-5e4add0bd2dc service nova] 10.4.3.55 "GET /placement/allocations/6a8c8523-e3f1-487a-b940-d05737fff451" status: 200 len: 257 microversion: 1.28
Jun 09 02:47:18.074934 np0000002390 devstack@placement-api.service[92286]: [pid: 92286|app: 0|req: 15/43] 10.4.3.55 () {68 vars in 1492 bytes} [Tue Jun 9 02:47:18 2026] GET /placement/allocations/6a8c8523-e3f1-487a-b940-d05737fff451 => generated 257 bytes in 12 msecs (HTTP/1.1 200) 8 headers in 296 bytes (1 switches on core 0)
Jun 09 02:47:18.107595 np0000002390 devstack@placement-api.service[92288]: DEBUG placement.requestlog [req-40e38ee3-86e5-472f-8a30-870c72b25d2d req-7ccaaec7-b859-4026-89e5-2be4713ca6c1 None None] Starting request: 10.4.3.55 "GET /placement/allocations/59de7823-c0b0-4eb0-96e3-b2dbd2606e22" {{(pid=92288) __call__ /opt/stack/placement/placement/requestlog.py:55}}
Jun 09 02:47:18.117790 np0000002390 devstack@placement-api.service[92288]: INFO placement.requestlog [req-40e38ee3-86e5-472f-8a30-870c72b25d2d req-7ccaaec7-b859-4026-89e5-2be4713ca6c1 service nova] 10.4.3.55 "GET /placement/allocations/59de7823-c0b0-4eb0-96e3-b2dbd2606e22" status: 200 len: 257 microversion: 1.28
Jun 09 02:47:18.118050 np0000002390 devstack@placement-api.service[92288]: [pid: 92288|app: 0|req: 15/44] 10.4.3.55 () {68 vars in 1492 bytes} [Tue Jun 9 02:47:18 2026] GET /placement/allocations/59de7823-c0b0-4eb0-96e3-b2dbd2606e22 => generated 257 bytes in 10 msecs (HTTP/1.1 200) 8 headers in 296 bytes (1 switches on core 0)
Jun 09 02:47:18.154824 np0000002390 devstack@placement-api.service[92286]: DEBUG placement.requestlog [req-40e38ee3-86e5-472f-8a30-870c72b25d2d req-5c70c997-d18a-4cf5-9dad-1144bf1167ab None None] Starting request: 10.4.3.55 "GET /placement/allocations/9f6dc1b4-23fe-4ecb-9656-20e49bcb3d46" {{(pid=92286) __call__ /opt/stack/placement/placement/requestlog.py:55}}
Jun 09 02:47:18.162122 np0000002390 devstack@placement-api.service[92286]: INFO placement.requestlog [req-40e38ee3-86e5-472f-8a30-870c72b25d2d req-5c70c997-d18a-4cf5-9dad-1144bf1167ab service nova] 10.4.3.55 "GET /placement/allocations/9f6dc1b4-23fe-4ecb-9656-20e49bcb3d46" status: 200 len: 257 microversion: 1.28
Jun 09 02:47:18.162500 np0000002390 devstack@placement-api.service[92286]: [pid: 92286|app: 0|req: 16/45] 10.4.3.55 () {68 vars in 1492 bytes} [Tue Jun 9 02:47:18 2026] GET /placement/allocations/9f6dc1b4-23fe-4ecb-9656-20e49bcb3d46 => generated 257 bytes in 8 msecs (HTTP/1.1 200) 8 headers in 296 bytes (1 switches on core 0)
Jun 09 02:47:18.209524 np0000002390 devstack@placement-api.service[92288]: DEBUG placement.requestlog [req-40e38ee3-86e5-472f-8a30-870c72b25d2d req-ed18e9dd-a24b-4223-ac98-e774e98a00e0 None None] Starting request: 10.4.3.55 "GET /placement/allocations/2aa307ec-a75b-4de2-99b6-9949ba3951e3" {{(pid=92288) __call__ /opt/stack/placement/placement/requestlog.py:55}}
Jun 09 02:47:18.221612 np0000002390 devstack@placement-api.service[92288]: INFO placement.requestlog [req-40e38ee3-86e5-472f-8a30-870c72b25d2d req-ed18e9dd-a24b-4223-ac98-e774e98a00e0 service nova] 10.4.3.55 "GET /placement/allocations/2aa307ec-a75b-4de2-99b6-9949ba3951e3" status: 200 len: 257 microversion: 1.28
Jun 09 02:47:18.222169 np0000002390 devstack@placement-api.service[92288]: [pid: 92288|app: 0|req: 16/46] 10.4.3.55 () {68 vars in 1492 bytes} [Tue Jun 9 02:47:18 2026] GET /placement/allocations/2aa307ec-a75b-4de2-99b6-9949ba3951e3 => generated 257 bytes in 12 msecs (HTTP/1.1 200) 8 headers in 296 bytes (1 switches on core 0)
Jun 09 02:47:18.257326 np0000002390 devstack@placement-api.service[92286]: DEBUG placement.requestlog [req-40e38ee3-86e5-472f-8a30-870c72b25d2d req-e9ce572e-47b7-42eb-9480-d01c941351a5 None None] Starting request: 10.4.3.55 "GET /placement/allocations/691c69c6-b311-4178-b378-5333290a001b" {{(pid=92286) __call__ /opt/stack/placement/placement/requestlog.py:55}}
Jun 09 02:47:18.269618 np0000002390 devstack@placement-api.service[92286]: INFO placement.requestlog [req-40e38ee3-86e5-472f-8a30-870c72b25d2d req-e9ce572e-47b7-42eb-9480-d01c941351a5 service nova] 10.4.3.55 "GET /placement/allocations/691c69c6-b311-4178-b378-5333290a001b" status: 200 len: 243 microversion: 1.28
Jun 09 02:47:18.269773 np0000002390 devstack@placement-api.service[92286]: [pid: 92286|app: 0|req: 17/47] 10.4.3.55 () {68 vars in 1492 bytes} [Tue Jun 9 02:47:18 2026] GET /placement/allocations/691c69c6-b311-4178-b378-5333290a001b => generated 243 bytes in 12 msecs (HTTP/1.1 200) 8 headers in 296 bytes (1 switches on core 0)
Jun 09 02:47:18.276407 np0000002390 devstack@placement-api.service[92287]: INFO placement.requestlog [None req-31377d8d-5e91-44ff-baf9-0ece5abb1c4f service placement] 10.4.3.55 "GET /placement/resource_providers/3db94706-940c-48b7-bbd8-80dab69043cf/aggregates" status: 404 len: 235 microversion: 1.1
Jun 09 02:47:18.277975 np0000002390 devstack@placement-api.service[92287]: [pid: 92287|app: 0|req: 15/48] 10.4.3.55 () {66 vars in 1467 bytes} [Tue Jun 9 02:47:18 2026] GET /placement/resource_providers/3db94706-940c-48b7-bbd8-80dab69043cf/aggregates => generated 235 bytes in 264 msecs (HTTP/1.1 404) 5 headers in 202 bytes (1 switches on core 0)
Jun 09 02:47:18.290248 np0000002390 devstack@placement-api.service[92288]: DEBUG placement.requestlog [req-31d42443-8ac0-43af-a226-c57e88b0289f req-75f4c245-3f98-4173-a564-899b27471bd6 None None] Starting request: 10.4.3.55 "GET /placement/allocation_candidates?limit=1000&resources=DISK_GB%3A1%2CMEMORY_MB%3A192%2CVCPU%3A1&root_required=%21COMPUTE_STATUS_DISABLED" {{(pid=92288) __call__ /opt/stack/placement/placement/requestlog.py:55}}
Jun 09 02:47:18.310468 np0000002390 devstack@placement-api.service[92286]: DEBUG placement.requestlog [req-40e38ee3-86e5-472f-8a30-870c72b25d2d req-f0763b64-42d0-4f6e-8856-ceb702df31c7 None None] Starting request: 10.4.3.55 "GET /placement/allocations/d4e17ed7-6974-4a3a-b246-f3306be128a9" {{(pid=92286) __call__ /opt/stack/placement/placement/requestlog.py:55}}
Jun 09 02:47:18.316663 np0000002390 devstack@placement-api.service[92288]: DEBUG placement.objects.research_context [req-31d42443-8ac0-43af-a226-c57e88b0289f req-75f4c245-3f98-4173-a564-899b27471bd6 service nova] getting providers with 1 DISK_GB {{(pid=92288) __init__ /opt/stack/placement/placement/objects/research_context.py:137}}
Jun 09 02:47:18.317332 np0000002390 devstack@placement-api.service[92287]: DEBUG placement.requestlog [None req-b2414e00-dd97-418e-910d-dbfc612254e5 None None] Starting request: 10.4.3.55 "DELETE /placement/resource_providers/3db94706-940c-48b7-bbd8-80dab69043cf" {{(pid=92287) __call__ /opt/stack/placement/placement/requestlog.py:55}}
Jun 09 02:47:18.319257 np0000002390 devstack@placement-api.service[92286]: INFO placement.requestlog [req-40e38ee3-86e5-472f-8a30-870c72b25d2d req-f0763b64-42d0-4f6e-8856-ceb702df31c7 service nova] 10.4.3.55 "GET /placement/allocations/d4e17ed7-6974-4a3a-b246-f3306be128a9" status: 200 len: 257 microversion: 1.28
Jun 09 02:47:18.319529 np0000002390 devstack@placement-api.service[92286]: [pid: 92286|app: 0|req: 18/49] 10.4.3.55 () {68 vars in 1492 bytes} [Tue Jun 9 02:47:18 2026] GET /placement/allocations/d4e17ed7-6974-4a3a-b246-f3306be128a9 => generated 257 bytes in 9 msecs (HTTP/1.1 200) 8 headers in 296 bytes (1 switches on core 0)
Jun 09 02:47:18.320749 np0000002390 devstack@placement-api.service[92288]: DEBUG placement.objects.research_context [req-31d42443-8ac0-43af-a226-c57e88b0289f req-75f4c245-3f98-4173-a564-899b27471bd6 service nova] getting providers with 192 MEMORY_MB {{(pid=92288) __init__ /opt/stack/placement/placement/objects/research_context.py:137}}
Jun 09 02:47:18.325300 np0000002390 devstack@placement-api.service[92288]: DEBUG placement.objects.research_context [req-31d42443-8ac0-43af-a226-c57e88b0289f req-75f4c245-3f98-4173-a564-899b27471bd6 service nova] getting providers with 1 VCPU {{(pid=92288) __init__ /opt/stack/placement/placement/objects/research_context.py:137}}
Jun 09 02:47:18.325445 np0000002390 devstack@placement-api.service[92287]: DEBUG placement.wsgi_wrapper [None req-b2414e00-dd97-418e-910d-dbfc612254e5 service placement] Placement API returning an error response: No resource provider with uuid 3db94706-940c-48b7-bbd8-80dab69043cf found for delete {{(pid=92287) call_func /opt/stack/placement/placement/wsgi_wrapper.py:31}}
Jun 09 02:47:18.326020 np0000002390 devstack@placement-api.service[92287]: INFO placement.requestlog [None req-b2414e00-dd97-418e-910d-dbfc612254e5 service placement] 10.4.3.55 "DELETE /placement/resource_providers/3db94706-940c-48b7-bbd8-80dab69043cf" status: 404 len: 246 microversion: 1.1
Jun 09 02:47:18.326020 np0000002390 devstack@placement-api.service[92287]: [pid: 92287|app: 0|req: 16/50] 10.4.3.55 () {68 vars in 1456 bytes} [Tue Jun 9 02:47:18 2026] DELETE /placement/resource_providers/3db94706-940c-48b7-bbd8-80dab69043cf => generated 246 bytes in 9 msecs (HTTP/1.1 404) 6 headers in 231 bytes (1 switches on core 0)
Jun 09 02:47:18.329460 np0000002390 devstack@placement-api.service[92288]: DEBUG placement.objects.research_context [req-31d42443-8ac0-43af-a226-c57e88b0289f req-75f4c245-3f98-4173-a564-899b27471bd6 service nova] found 1 providers with available 1 DISK_GB {{(pid=92288) get_provider_ids_matching /opt/stack/placement/placement/objects/research_context.py:563}}
Jun 09 02:47:18.329638 np0000002390 devstack@placement-api.service[92288]: DEBUG placement.objects.research_context [req-31d42443-8ac0-43af-a226-c57e88b0289f req-75f4c245-3f98-4173-a564-899b27471bd6 service nova] found 1 providers with available 192 MEMORY_MB {{(pid=92288) get_provider_ids_matching /opt/stack/placement/placement/objects/research_context.py:563}}
Jun 09 02:47:18.329787 np0000002390 devstack@placement-api.service[92288]: DEBUG placement.objects.research_context [req-31d42443-8ac0-43af-a226-c57e88b0289f req-75f4c245-3f98-4173-a564-899b27471bd6 service nova] found 1 providers after filtering by previous result {{(pid=92288) get_provider_ids_matching /opt/stack/placement/placement/objects/research_context.py:594}}
Jun 09 02:47:18.329935 np0000002390 devstack@placement-api.service[92288]: DEBUG placement.objects.research_context [req-31d42443-8ac0-43af-a226-c57e88b0289f req-75f4c245-3f98-4173-a564-899b27471bd6 service nova] found 1 providers with available 1 VCPU {{(pid=92288) get_provider_ids_matching /opt/stack/placement/placement/objects/research_context.py:563}}
Jun 09 02:47:18.330072 np0000002390 devstack@placement-api.service[92288]: DEBUG placement.objects.research_context [req-31d42443-8ac0-43af-a226-c57e88b0289f req-75f4c245-3f98-4173-a564-899b27471bd6 service nova] found 1 providers after filtering by previous result {{(pid=92288) get_provider_ids_matching /opt/stack/placement/placement/objects/research_context.py:594}}
Jun 09 02:47:18.339540 np0000002390 devstack@placement-api.service[92288]: DEBUG placement.objects.allocation_candidate [req-31d42443-8ac0-43af-a226-c57e88b0289f req-75f4c245-3f98-4173-a564-899b27471bd6 service nova] RequestGroup(use_same_provider=False, resources={DISK_GB:1, MEMORY_MB:192, VCPU:1}, traits=(), aggregates=[]) (suffix '') returned 1 matches {{(pid=92288) _get_by_requests /opt/stack/placement/placement/objects/allocation_candidate.py:158}}
Jun 09 02:47:18.339792 np0000002390 devstack@placement-api.service[92288]: DEBUG placement.objects.allocation_candidate [req-31d42443-8ac0-43af-a226-c57e88b0289f req-75f4c245-3f98-4173-a564-899b27471bd6 service nova] Merging candidates yields 1 allocation requests and 1 provider summaries {{(pid=92288) _merge_candidates /opt/stack/placement/placement/objects/allocation_candidate.py:908}}
Jun 09 02:47:18.341286 np0000002390 devstack@placement-api.service[92288]: INFO placement.requestlog [req-31d42443-8ac0-43af-a226-c57e88b0289f req-75f4c245-3f98-4173-a564-899b27471bd6 service nova] 10.4.3.55 "GET /placement/allocation_candidates?limit=1000&resources=DISK_GB%3A1%2CMEMORY_MB%3A192%2CVCPU%3A1&root_required=%21COMPUTE_STATUS_DISABLED" status: 200 len: 2493 microversion: 1.36
Jun 09 02:47:18.341586 np0000002390 devstack@placement-api.service[92288]: [pid: 92288|app: 0|req: 17/51] 10.4.3.55 () {68 vars in 1618 bytes} [Tue Jun 9 02:47:18 2026] GET /placement/allocation_candidates?limit=1000&resources=DISK_GB%3A1%2CMEMORY_MB%3A192%2CVCPU%3A1&root_required=%21COMPUTE_STATUS_DISABLED => generated 2493 bytes in 51 msecs (HTTP/1.1 200) 8 headers in 297 bytes (1 switches on core 0)
Jun 09 02:47:18.400973 np0000002390 devstack@placement-api.service[92286]: DEBUG placement.requestlog [req-31d42443-8ac0-43af-a226-c57e88b0289f req-9f8060a4-b4a0-4c50-a9c5-eea011c59c03 None None] Starting request: 10.4.3.55 "GET /placement/allocations/4b02d618-4607-4276-8a14-92b830c990ff" {{(pid=92286) __call__ /opt/stack/placement/placement/requestlog.py:55}}
Jun 09 02:47:18.407740 np0000002390 devstack@placement-api.service[92286]: INFO placement.requestlog [req-31d42443-8ac0-43af-a226-c57e88b0289f req-9f8060a4-b4a0-4c50-a9c5-eea011c59c03 service nova] 10.4.3.55 "GET /placement/allocations/4b02d618-4607-4276-8a14-92b830c990ff" status: 200 len: 19 microversion: 1.28
Jun 09 02:47:18.407740 np0000002390 devstack@placement-api.service[92286]: [pid: 92286|app: 0|req: 19/52] 10.4.3.55 () {68 vars in 1494 bytes} [Tue Jun 9 02:47:18 2026] GET /placement/allocations/4b02d618-4607-4276-8a14-92b830c990ff => generated 19 bytes in 6 msecs (HTTP/1.1 200) 8 headers in 295 bytes (1 switches on core 0)
Jun 09 02:47:18.443015 np0000002390 devstack@placement-api.service[92287]: DEBUG placement.requestlog [req-31d42443-8ac0-43af-a226-c57e88b0289f req-1c1d31a1-97af-4c5a-8a34-2943b908c3a3 None None] Starting request: 10.4.3.55 "PUT /placement/allocations/4b02d618-4607-4276-8a14-92b830c990ff" {{(pid=92287) __call__ /opt/stack/placement/placement/requestlog.py:55}}
Jun 09 02:47:18.479284 np0000002390 devstack@placement-api.service[92288]: DEBUG placement.requestlog [req-b2231e87-80f9-4313-9c39-91d93027f3a3 req-77c8bb40-f113-422f-9acc-0393213bd8a8 None None] Starting request: 10.4.3.55 "GET /placement/allocations/6a8c8523-e3f1-487a-b940-d05737fff451" {{(pid=92288) __call__ /opt/stack/placement/placement/requestlog.py:55}}
Jun 09 02:47:18.487076 np0000002390 devstack@placement-api.service[92288]: INFO placement.requestlog [req-b2231e87-80f9-4313-9c39-91d93027f3a3 req-77c8bb40-f113-422f-9acc-0393213bd8a8 service nova] 10.4.3.55 "GET /placement/allocations/6a8c8523-e3f1-487a-b940-d05737fff451" status: 200 len: 257 microversion: 1.28
Jun 09 02:47:18.487302 np0000002390 devstack@placement-api.service[92288]: [pid: 92288|app: 0|req: 18/53] 10.4.3.55 () {68 vars in 1492 bytes} [Tue Jun 9 02:47:18 2026] GET /placement/allocations/6a8c8523-e3f1-487a-b940-d05737fff451 => generated 257 bytes in 8 msecs (HTTP/1.1 200) 8 headers in 296 bytes (1 switches on core 0)
Jun 09 02:47:18.494304 np0000002390 devstack@placement-api.service[92287]: DEBUG placement.handlers.allocation [req-31d42443-8ac0-43af-a226-c57e88b0289f req-1c1d31a1-97af-4c5a-8a34-2943b908c3a3 service nova] Successfully wrote allocations [, , ] {{(pid=92287) _update_consumers_and_create_allocations /opt/stack/placement/placement/handlers/allocation.py:462}}
Jun 09 02:47:18.496554 np0000002390 devstack@placement-api.service[92287]: INFO placement.requestlog [req-31d42443-8ac0-43af-a226-c57e88b0289f req-1c1d31a1-97af-4c5a-8a34-2943b908c3a3 service nova] 10.4.3.55 "PUT /placement/allocations/4b02d618-4607-4276-8a14-92b830c990ff" status: 204 len: 0 microversion: 1.36
Jun 09 02:47:18.496810 np0000002390 devstack@placement-api.service[92287]: [pid: 92287|app: 0|req: 17/54] 10.4.3.55 () {72 vars in 1547 bytes} [Tue Jun 9 02:47:18 2026] PUT /placement/allocations/4b02d618-4607-4276-8a14-92b830c990ff => generated 0 bytes in 54 msecs (HTTP/1.1 204) 5 headers in 199 bytes (1 switches on core 0)
Jun 09 02:47:18.539098 np0000002390 devstack@placement-api.service[92286]: DEBUG placement.requestlog [req-31d42443-8ac0-43af-a226-c57e88b0289f req-14fac594-78c1-422b-9d30-0f9a4405bcd7 None None] Starting request: 10.4.3.55 "GET /placement/allocations/8c15177e-ab35-47bd-9a95-51583aeab11c" {{(pid=92286) __call__ /opt/stack/placement/placement/requestlog.py:55}}
Jun 09 02:47:18.545677 np0000002390 devstack@placement-api.service[92286]: INFO placement.requestlog [req-31d42443-8ac0-43af-a226-c57e88b0289f req-14fac594-78c1-422b-9d30-0f9a4405bcd7 service nova] 10.4.3.55 "GET /placement/allocations/8c15177e-ab35-47bd-9a95-51583aeab11c" status: 200 len: 19 microversion: 1.28
Jun 09 02:47:18.545928 np0000002390 devstack@placement-api.service[92286]: [pid: 92286|app: 0|req: 20/55] 10.4.3.55 () {68 vars in 1494 bytes} [Tue Jun 9 02:47:18 2026] GET /placement/allocations/8c15177e-ab35-47bd-9a95-51583aeab11c => generated 19 bytes in 7 msecs (HTTP/1.1 200) 8 headers in 295 bytes (1 switches on core 0)
Jun 09 02:47:18.576109 np0000002390 devstack@placement-api.service[92288]: DEBUG placement.requestlog [req-31d42443-8ac0-43af-a226-c57e88b0289f req-58ce1c2b-c846-4a47-bb18-616fc76216a1 None None] Starting request: 10.4.3.55 "PUT /placement/allocations/8c15177e-ab35-47bd-9a95-51583aeab11c" {{(pid=92288) __call__ /opt/stack/placement/placement/requestlog.py:55}}
Jun 09 02:47:18.607487 np0000002390 devstack@placement-api.service[92288]: DEBUG placement.handlers.allocation [req-31d42443-8ac0-43af-a226-c57e88b0289f req-58ce1c2b-c846-4a47-bb18-616fc76216a1 service nova] Successfully wrote allocations [, , ] {{(pid=92288) _update_consumers_and_create_allocations /opt/stack/placement/placement/handlers/allocation.py:462}}
Jun 09 02:47:18.610108 np0000002390 devstack@placement-api.service[92288]: INFO placement.requestlog [req-31d42443-8ac0-43af-a226-c57e88b0289f req-58ce1c2b-c846-4a47-bb18-616fc76216a1 service nova] 10.4.3.55 "PUT /placement/allocations/8c15177e-ab35-47bd-9a95-51583aeab11c" status: 204 len: 0 microversion: 1.36
Jun 09 02:47:18.610416 np0000002390 devstack@placement-api.service[92288]: [pid: 92288|app: 0|req: 19/56] 10.4.3.55 () {72 vars in 1547 bytes} [Tue Jun 9 02:47:18 2026] PUT /placement/allocations/8c15177e-ab35-47bd-9a95-51583aeab11c => generated 0 bytes in 34 msecs (HTTP/1.1 204) 5 headers in 199 bytes (1 switches on core 0)
Jun 09 02:47:19.922881 np0000002390 devstack@placement-api.service[92287]: DEBUG placement.requestlog [req-31d42443-8ac0-43af-a226-c57e88b0289f req-c1ae5dd0-16f8-4497-8b32-d56e251a0d58 None None] Starting request: 10.4.3.55 "GET /placement/allocations/4b02d618-4607-4276-8a14-92b830c990ff" {{(pid=92287) __call__ /opt/stack/placement/placement/requestlog.py:55}}
Jun 09 02:47:19.938372 np0000002390 devstack@placement-api.service[92287]: INFO placement.requestlog [req-31d42443-8ac0-43af-a226-c57e88b0289f req-c1ae5dd0-16f8-4497-8b32-d56e251a0d58 service nova] 10.4.3.55 "GET /placement/allocations/4b02d618-4607-4276-8a14-92b830c990ff" status: 200 len: 258 microversion: 1.28
Jun 09 02:47:19.938570 np0000002390 devstack@placement-api.service[92287]: [pid: 92287|app: 0|req: 18/57] 10.4.3.55 () {68 vars in 1492 bytes} [Tue Jun 9 02:47:19 2026] GET /placement/allocations/4b02d618-4607-4276-8a14-92b830c990ff => generated 258 bytes in 16 msecs (HTTP/1.1 200) 8 headers in 296 bytes (1 switches on core 0)
Jun 09 02:47:19.939289 np0000002390 devstack@placement-api.service[92286]: DEBUG placement.requestlog [req-31d42443-8ac0-43af-a226-c57e88b0289f req-61e1bb25-acab-46c0-bf48-062250d895b5 None None] Starting request: 10.4.3.55 "GET /placement/allocations/8c15177e-ab35-47bd-9a95-51583aeab11c" {{(pid=92286) __call__ /opt/stack/placement/placement/requestlog.py:55}}
Jun 09 02:47:19.948201 np0000002390 devstack@placement-api.service[92286]: INFO placement.requestlog [req-31d42443-8ac0-43af-a226-c57e88b0289f req-61e1bb25-acab-46c0-bf48-062250d895b5 service nova] 10.4.3.55 "GET /placement/allocations/8c15177e-ab35-47bd-9a95-51583aeab11c" status: 200 len: 258 microversion: 1.28
Jun 09 02:47:19.948201 np0000002390 devstack@placement-api.service[92286]: [pid: 92286|app: 0|req: 21/58] 10.4.3.55 () {68 vars in 1492 bytes} [Tue Jun 9 02:47:19 2026] GET /placement/allocations/8c15177e-ab35-47bd-9a95-51583aeab11c => generated 258 bytes in 9 msecs (HTTP/1.1 200) 8 headers in 296 bytes (1 switches on core 0)
Jun 09 02:47:20.388959 np0000002390 devstack@placement-api.service[92288]: DEBUG placement.requestlog [None req-bda258b8-d0f9-49f9-aba2-a3deebf483ff None None] Starting request: 10.4.3.55 "GET /placement/resource_providers/b6c5283e-b19c-416a-8286-e2378a7baaf7/aggregates" {{(pid=92288) __call__ /opt/stack/placement/placement/requestlog.py:55}}
Jun 09 02:47:20.394988 np0000002390 devstack@placement-api.service[92288]: INFO placement.requestlog [None req-bda258b8-d0f9-49f9-aba2-a3deebf483ff service placement] 10.4.3.55 "GET /placement/resource_providers/b6c5283e-b19c-416a-8286-e2378a7baaf7/aggregates" status: 404 len: 235 microversion: 1.1
Jun 09 02:47:20.395126 np0000002390 devstack@placement-api.service[92288]: [pid: 92288|app: 0|req: 20/59] 10.4.3.55 () {66 vars in 1467 bytes} [Tue Jun 9 02:47:20 2026] GET /placement/resource_providers/b6c5283e-b19c-416a-8286-e2378a7baaf7/aggregates => generated 235 bytes in 6 msecs (HTTP/1.1 404) 5 headers in 202 bytes (1 switches on core 0)
Jun 09 02:47:20.409057 np0000002390 devstack@placement-api.service[92287]: DEBUG placement.requestlog [req-739ee26d-db55-4826-9f5b-97d2f8a99c0c req-cce539d2-d81c-4d05-a78d-c5c8c6d0b820 None None] Starting request: 10.4.3.55 "GET /placement/resource_providers/837d86a1-5e37-4828-9023-761c6ea8a098/allocations" {{(pid=92287) __call__ /opt/stack/placement/placement/requestlog.py:55}}
Jun 09 02:47:20.423268 np0000002390 devstack@placement-api.service[92287]: INFO placement.requestlog [req-739ee26d-db55-4826-9f5b-97d2f8a99c0c req-cce539d2-d81c-4d05-a78d-c5c8c6d0b820 service nova] 10.4.3.55 "GET /placement/resource_providers/837d86a1-5e37-4828-9023-761c6ea8a098/allocations" status: 200 len: 839 microversion: 1.0
Jun 09 02:47:20.423564 np0000002390 devstack@placement-api.service[92287]: [pid: 92287|app: 0|req: 19/60] 10.4.3.55 () {66 vars in 1505 bytes} [Tue Jun 9 02:47:20 2026] GET /placement/resource_providers/837d86a1-5e37-4828-9023-761c6ea8a098/allocations => generated 839 bytes in 15 msecs (HTTP/1.1 200) 6 headers in 224 bytes (1 switches on core 0)
Jun 09 02:47:20.445099 np0000002390 devstack@placement-api.service[92286]: DEBUG placement.requestlog [None req-f6d33dba-f988-46c9-b377-fac9e112f7ce None None] Starting request: 10.4.3.55 "DELETE /placement/resource_providers/b6c5283e-b19c-416a-8286-e2378a7baaf7" {{(pid=92286) __call__ /opt/stack/placement/placement/requestlog.py:55}}
Jun 09 02:47:20.450546 np0000002390 devstack@placement-api.service[92286]: DEBUG placement.wsgi_wrapper [None req-f6d33dba-f988-46c9-b377-fac9e112f7ce service placement] Placement API returning an error response: No resource provider with uuid b6c5283e-b19c-416a-8286-e2378a7baaf7 found for delete {{(pid=92286) call_func /opt/stack/placement/placement/wsgi_wrapper.py:31}}
Jun 09 02:47:20.451276 np0000002390 devstack@placement-api.service[92286]: INFO placement.requestlog [None req-f6d33dba-f988-46c9-b377-fac9e112f7ce service placement] 10.4.3.55 "DELETE /placement/resource_providers/b6c5283e-b19c-416a-8286-e2378a7baaf7" status: 404 len: 246 microversion: 1.1
Jun 09 02:47:20.451276 np0000002390 devstack@placement-api.service[92286]: [pid: 92286|app: 0|req: 22/61] 10.4.3.55 () {68 vars in 1456 bytes} [Tue Jun 9 02:47:20 2026] DELETE /placement/resource_providers/b6c5283e-b19c-416a-8286-e2378a7baaf7 => generated 246 bytes in 6 msecs (HTTP/1.1 404) 6 headers in 231 bytes (1 switches on core 0)
Jun 09 02:47:20.472046 np0000002390 devstack@placement-api.service[92288]: DEBUG placement.requestlog [req-739ee26d-db55-4826-9f5b-97d2f8a99c0c req-a58a9cc2-bbb0-4341-8c67-43c1f61be75c None None] Starting request: 10.4.3.55 "GET /placement/allocations/8c15177e-ab35-47bd-9a95-51583aeab11c" {{(pid=92288) __call__ /opt/stack/placement/placement/requestlog.py:55}}
Jun 09 02:47:20.480378 np0000002390 devstack@placement-api.service[92288]: INFO placement.requestlog [req-739ee26d-db55-4826-9f5b-97d2f8a99c0c req-a58a9cc2-bbb0-4341-8c67-43c1f61be75c service nova] 10.4.3.55 "GET /placement/allocations/8c15177e-ab35-47bd-9a95-51583aeab11c" status: 200 len: 258 microversion: 1.28
Jun 09 02:47:20.480564 np0000002390 devstack@placement-api.service[92288]: [pid: 92288|app: 0|req: 21/62] 10.4.3.55 () {68 vars in 1492 bytes} [Tue Jun 9 02:47:20 2026] GET /placement/allocations/8c15177e-ab35-47bd-9a95-51583aeab11c => generated 258 bytes in 8 msecs (HTTP/1.1 200) 8 headers in 296 bytes (1 switches on core 0)
Jun 09 02:47:20.526073 np0000002390 devstack@placement-api.service[92287]: DEBUG placement.requestlog [req-739ee26d-db55-4826-9f5b-97d2f8a99c0c req-8fe10d10-d36d-41e9-8190-a742779cb58c None None] Starting request: 10.4.3.55 "GET /placement/allocations/4b02d618-4607-4276-8a14-92b830c990ff" {{(pid=92287) __call__ /opt/stack/placement/placement/requestlog.py:55}}
Jun 09 02:47:20.538750 np0000002390 devstack@placement-api.service[92287]: INFO placement.requestlog [req-739ee26d-db55-4826-9f5b-97d2f8a99c0c req-8fe10d10-d36d-41e9-8190-a742779cb58c service nova] 10.4.3.55 "GET /placement/allocations/4b02d618-4607-4276-8a14-92b830c990ff" status: 200 len: 258 microversion: 1.28
Jun 09 02:47:20.539914 np0000002390 devstack@placement-api.service[92287]: [pid: 92287|app: 0|req: 20/63] 10.4.3.55 () {68 vars in 1492 bytes} [Tue Jun 9 02:47:20 2026] GET /placement/allocations/4b02d618-4607-4276-8a14-92b830c990ff => generated 258 bytes in 13 msecs (HTTP/1.1 200) 8 headers in 296 bytes (1 switches on core 0)
Jun 09 02:47:20.571657 np0000002390 devstack@placement-api.service[92286]: DEBUG placement.requestlog [req-739ee26d-db55-4826-9f5b-97d2f8a99c0c req-8a2f11ef-efd5-4bd7-8407-460f9043abc2 None None] Starting request: 10.4.3.55 "GET /placement/allocations/59de7823-c0b0-4eb0-96e3-b2dbd2606e22" {{(pid=92286) __call__ /opt/stack/placement/placement/requestlog.py:55}}
Jun 09 02:47:20.583160 np0000002390 devstack@placement-api.service[92286]: INFO placement.requestlog [req-739ee26d-db55-4826-9f5b-97d2f8a99c0c req-8a2f11ef-efd5-4bd7-8407-460f9043abc2 service nova] 10.4.3.55 "GET /placement/allocations/59de7823-c0b0-4eb0-96e3-b2dbd2606e22" status: 200 len: 258 microversion: 1.28
