Jun 22 13:00:56.193782 np0000003380 devstack@g-api.service[102452]: DEBUG glance.api.middleware.version_negotiation [None req-aaf36b85-5252-466a-8a21-c03f31233c55 tempest-VolumesNegativeTest-1652778288 tempest-VolumesNegativeTest-1652778288-project-member] Determining version of request: GET /v2/schemas/image Accept: */* {{(pid=102452) process_request /opt/stack/glance/glance/api/middleware/version_negotiation.py:44}}
Jun 22 13:00:56.193949 np0000003380 devstack@g-api.service[102452]: DEBUG glance.api.middleware.version_negotiation [None req-aaf36b85-5252-466a-8a21-c03f31233c55 tempest-VolumesNegativeTest-1652778288 tempest-VolumesNegativeTest-1652778288-project-member] Using url versioning {{(pid=102452) process_request /opt/stack/glance/glance/api/middleware/version_negotiation.py:57}}
Jun 22 13:00:56.194091 np0000003380 devstack@g-api.service[102452]: DEBUG glance.api.middleware.version_negotiation [None req-aaf36b85-5252-466a-8a21-c03f31233c55 tempest-VolumesNegativeTest-1652778288 tempest-VolumesNegativeTest-1652778288-project-member] Matched version: v2 {{(pid=102452) process_request /opt/stack/glance/glance/api/middleware/version_negotiation.py:69}}
Jun 22 13:00:56.194186 np0000003380 devstack@g-api.service[102452]: DEBUG glance.api.middleware.version_negotiation [None req-aaf36b85-5252-466a-8a21-c03f31233c55 tempest-VolumesNegativeTest-1652778288 tempest-VolumesNegativeTest-1652778288-project-member] new path /v2/schemas/image {{(pid=102452) process_request /opt/stack/glance/glance/api/middleware/version_negotiation.py:70}}
Jun 22 13:00:56.196446 np0000003380 devstack@g-api.service[102452]: [pid: 102452|app: 0|req: 56/225] 127.0.0.1 () {44 vars in 1055 bytes} [Mon Jun 22 13:00:56 2026] GET /v2/schemas/image => generated 6083 bytes in 2 msecs (HTTP/1.1 200) 4 headers in 158 bytes (1 switches on core 0)
Jun 22 13:00:56.217037 np0000003380 devstack@g-api.service[102453]: DEBUG glance.api.middleware.version_negotiation [None req-aaf36b85-5252-466a-8a21-c03f31233c55 tempest-VolumesNegativeTest-1652778288 tempest-VolumesNegativeTest-1652778288-project-member] Determining version of request: POST /v2/images/6703778d-19ff-466a-b7f1-2db67fbda7c3/actions/reactivate Accept: application/json {{(pid=102453) process_request /opt/stack/glance/glance/api/middleware/version_negotiation.py:44}}
Jun 22 13:00:56.217196 np0000003380 devstack@g-api.service[102453]: DEBUG glance.api.middleware.version_negotiation [None req-aaf36b85-5252-466a-8a21-c03f31233c55 tempest-VolumesNegativeTest-1652778288 tempest-VolumesNegativeTest-1652778288-project-member] Using url versioning {{(pid=102453) process_request /opt/stack/glance/glance/api/middleware/version_negotiation.py:57}}
Jun 22 13:00:56.217396 np0000003380 devstack@g-api.service[102453]: DEBUG glance.api.middleware.version_negotiation [None req-aaf36b85-5252-466a-8a21-c03f31233c55 tempest-VolumesNegativeTest-1652778288 tempest-VolumesNegativeTest-1652778288-project-member] Matched version: v2 {{(pid=102453) process_request /opt/stack/glance/glance/api/middleware/version_negotiation.py:69}}
Jun 22 13:00:56.217531 np0000003380 devstack@g-api.service[102453]: DEBUG glance.api.middleware.version_negotiation [None req-aaf36b85-5252-466a-8a21-c03f31233c55 tempest-VolumesNegativeTest-1652778288 tempest-VolumesNegativeTest-1652778288-project-member] new path /v2/images/6703778d-19ff-466a-b7f1-2db67fbda7c3/actions/reactivate {{(pid=102453) process_request /opt/stack/glance/glance/api/middleware/version_negotiation.py:70}}
Jun 22 13:00:56.253460 np0000003380 devstack@g-api.service[102454]: DEBUG glance.api.middleware.version_negotiation [None req-aaf36b85-5252-466a-8a21-c03f31233c55 tempest-VolumesNegativeTest-1652778288 tempest-VolumesNegativeTest-1652778288-project-member] Determining version of request: GET /v2/images/88d28a53-94cc-480c-aaa8-d55dc5fc73b9 Accept: */* {{(pid=102454) process_request /opt/stack/glance/glance/api/middleware/version_negotiation.py:44}}
Jun 22 13:00:56.253586 np0000003380 devstack@g-api.service[102454]: DEBUG glance.api.middleware.version_negotiation [None req-aaf36b85-5252-466a-8a21-c03f31233c55 tempest-VolumesNegativeTest-1652778288 tempest-VolumesNegativeTest-1652778288-project-member] Using url versioning {{(pid=102454) process_request /opt/stack/glance/glance/api/middleware/version_negotiation.py:57}}
Jun 22 13:00:56.253667 np0000003380 devstack@g-api.service[102454]: DEBUG glance.api.middleware.version_negotiation [None req-aaf36b85-5252-466a-8a21-c03f31233c55 tempest-VolumesNegativeTest-1652778288 tempest-VolumesNegativeTest-1652778288-project-member] Matched version: v2 {{(pid=102454) process_request /opt/stack/glance/glance/api/middleware/version_negotiation.py:69}}
Jun 22 13:00:56.253777 np0000003380 devstack@g-api.service[102454]: DEBUG glance.api.middleware.version_negotiation [None req-aaf36b85-5252-466a-8a21-c03f31233c55 tempest-VolumesNegativeTest-1652778288 tempest-VolumesNegativeTest-1652778288-project-member] new path /v2/images/88d28a53-94cc-480c-aaa8-d55dc5fc73b9 {{(pid=102454) process_request /opt/stack/glance/glance/api/middleware/version_negotiation.py:70}}
Jun 22 13:00:56.260609 np0000003380 devstack@g-api.service[102453]: INFO glance.api.v2.image_actions [None req-97495d30-1cde-408f-9157-a1e5470804b9 tempest-VolumesNegativeTest-1652778288 tempest-VolumesNegativeTest-1652778288-project-member] Image 6703778d-19ff-466a-b7f1-2db67fbda7c3 is reactivated
Jun 22 13:00:56.261300 np0000003380 devstack@g-api.service[102453]: [pid: 102453|app: 0|req: 59/226] 127.0.0.1 () {42 vars in 896 bytes} [Mon Jun 22 13:00:56 2026] POST /v2/images/6703778d-19ff-466a-b7f1-2db67fbda7c3/actions/reactivate => generated 0 bytes in 44 msecs (HTTP/1.1 204) 4 headers in 171 bytes (1 switches on core 0)
Jun 22 13:00:56.265158 np0000003380 devstack@g-api.service[102454]: [pid: 102454|app: 0|req: 61/227] 127.0.0.1 () {44 vars in 1115 bytes} [Mon Jun 22 13:00:56 2026] GET /v2/images/88d28a53-94cc-480c-aaa8-d55dc5fc73b9 => generated 1334 bytes in 12 msecs (HTTP/1.1 200) 4 headers in 158 bytes (1 switches on core 0)
Jun 22 13:00:56.271392 np0000003380 devstack@g-api.service[102455]: DEBUG glance.api.middleware.version_negotiation [None req-aaf36b85-5252-466a-8a21-c03f31233c55 tempest-VolumesNegativeTest-1652778288 tempest-VolumesNegativeTest-1652778288-project-member] Determining version of request: DELETE /v2/images/6703778d-19ff-466a-b7f1-2db67fbda7c3 Accept: application/json {{(pid=102455) process_request /opt/stack/glance/glance/api/middleware/version_negotiation.py:44}}
Jun 22 13:00:56.271392 np0000003380 devstack@g-api.service[102455]: DEBUG glance.api.middleware.version_negotiation [None req-aaf36b85-5252-466a-8a21-c03f31233c55 tempest-VolumesNegativeTest-1652778288 tempest-VolumesNegativeTest-1652778288-project-member] Using url versioning {{(pid=102455) process_request /opt/stack/glance/glance/api/middleware/version_negotiation.py:57}}
Jun 22 13:00:56.271392 np0000003380 devstack@g-api.service[102455]: DEBUG glance.api.middleware.version_negotiation [None req-aaf36b85-5252-466a-8a21-c03f31233c55 tempest-VolumesNegativeTest-1652778288 tempest-VolumesNegativeTest-1652778288-project-member] Matched version: v2 {{(pid=102455) process_request /opt/stack/glance/glance/api/middleware/version_negotiation.py:69}}
Jun 22 13:00:56.271392 np0000003380 devstack@g-api.service[102455]: DEBUG glance.api.middleware.version_negotiation [None req-aaf36b85-5252-466a-8a21-c03f31233c55 tempest-VolumesNegativeTest-1652778288 tempest-VolumesNegativeTest-1652778288-project-member] new path /v2/images/6703778d-19ff-466a-b7f1-2db67fbda7c3 {{(pid=102455) process_request /opt/stack/glance/glance/api/middleware/version_negotiation.py:70}}
Jun 22 13:00:56.280918 np0000003380 devstack@g-api.service[102455]: WARNING glance.api.v2.images [None req-45d97693-e34c-498f-9bf7-48c01ed69887 tempest-VolumesNegativeTest-1652778288 tempest-VolumesNegativeTest-1652778288-project-member] After upload to backend, deletion of staged image data has failed because it cannot be found at /tmp/staging//6703778d-19ff-466a-b7f1-2db67fbda7c3
Jun 22 13:00:56.281540 np0000003380 devstack@g-api.service[102455]: DEBUG glance_store.backend [None req-45d97693-e34c-498f-9bf7-48c01ed69887 tempest-VolumesNegativeTest-1652778288 tempest-VolumesNegativeTest-1652778288-project-member] Attempting to import store swift {{(pid=102455) _load_store /opt/stack/data/venv/lib/python3.12/site-packages/glance_store/backend.py:215}}
Jun 22 13:00:56.283462 np0000003380 devstack@g-api.service[102455]: DEBUG glance_store.capabilities [None req-45d97693-e34c-498f-9bf7-48c01ed69887 tempest-VolumesNegativeTest-1652778288 tempest-VolumesNegativeTest-1652778288-project-member] Store glance_store._drivers.swift.store.SingleTenantStore doesn't support updating dynamic storage capabilities. Please overwrite 'update_capabilities' method of the store to implement updating logics if needed. {{(pid=102455) update_capabilities /opt/stack/data/venv/lib/python3.12/site-packages/glance_store/capabilities.py:91}}
Jun 22 13:00:56.287334 np0000003380 devstack@g-api.service[102455]: DEBUG glance_store.driver [None req-45d97693-e34c-498f-9bf7-48c01ed69887 tempest-VolumesNegativeTest-1652778288 tempest-VolumesNegativeTest-1652778288-project-member] Late loading location class glance_store._drivers.swift.store.StoreLocation {{(pid=102455) get_store_location_class /opt/stack/data/venv/lib/python3.12/site-packages/glance_store/driver.py:134}}
Jun 22 13:00:56.287334 np0000003380 devstack@g-api.service[102455]: DEBUG glance_store.location [None req-45d97693-e34c-498f-9bf7-48c01ed69887 tempest-VolumesNegativeTest-1652778288 tempest-VolumesNegativeTest-1652778288-project-member] Registering scheme swift+https with {'store': , 'location_class': , 'store_entry': 'swift'} {{(pid=102455) register_scheme_map /opt/stack/data/venv/lib/python3.12/site-packages/glance_store/location.py:146}}
Jun 22 13:00:56.287334 np0000003380 devstack@g-api.service[102455]: DEBUG glance_store.location [None req-45d97693-e34c-498f-9bf7-48c01ed69887 tempest-VolumesNegativeTest-1652778288 tempest-VolumesNegativeTest-1652778288-project-member] Registering scheme swift+https with {'store': , 'location_class': , 'store_entry': 'swift'} {{(pid=102455) register_scheme_map /opt/stack/data/venv/lib/python3.12/site-packages/glance_store/location.py:146}}
Jun 22 13:00:56.287334 np0000003380 devstack@g-api.service[102455]: DEBUG glance_store.location [None req-45d97693-e34c-498f-9bf7-48c01ed69887 tempest-VolumesNegativeTest-1652778288 tempest-VolumesNegativeTest-1652778288-project-member] Registering scheme swift with {'store': , 'location_class': , 'store_entry': 'swift'} {{(pid=102455) register_scheme_map /opt/stack/data/venv/lib/python3.12/site-packages/glance_store/location.py:146}}
Jun 22 13:00:56.287334 np0000003380 devstack@g-api.service[102455]: DEBUG glance_store.location [None req-45d97693-e34c-498f-9bf7-48c01ed69887 tempest-VolumesNegativeTest-1652778288 tempest-VolumesNegativeTest-1652778288-project-member] Registering scheme swift+https with {'store': , 'location_class': , 'store_entry': 'swift'} {{(pid=102455) register_scheme_map /opt/stack/data/venv/lib/python3.12/site-packages/glance_store/location.py:146}}
Jun 22 13:00:56.287334 np0000003380 devstack@g-api.service[102455]: DEBUG glance_store.location [None req-45d97693-e34c-498f-9bf7-48c01ed69887 tempest-VolumesNegativeTest-1652778288 tempest-VolumesNegativeTest-1652778288-project-member] Registering scheme swift with {'store': , 'location_class': , 'store_entry': 'swift'} {{(pid=102455) register_scheme_map /opt/stack/data/venv/lib/python3.12/site-packages/glance_store/location.py:146}}
Jun 22 13:00:56.287334 np0000003380 devstack@g-api.service[102455]: DEBUG glance_store.location [None req-45d97693-e34c-498f-9bf7-48c01ed69887 tempest-VolumesNegativeTest-1652778288 tempest-VolumesNegativeTest-1652778288-project-member] Registering scheme swift+http with {'store': , 'location_class': , 'store_entry': 'swift'} {{(pid=102455) register_scheme_map /opt/stack/data/venv/lib/python3.12/site-packages/glance_store/location.py:146}}
Jun 22 13:00:56.287334 np0000003380 devstack@g-api.service[102455]: DEBUG glance_store.location [None req-45d97693-e34c-498f-9bf7-48c01ed69887 tempest-VolumesNegativeTest-1652778288 tempest-VolumesNegativeTest-1652778288-project-member] Registering scheme swift+https with {'store': , 'location_class': , 'store_entry': 'swift'} {{(pid=102455) register_scheme_map /opt/stack/data/venv/lib/python3.12/site-packages/glance_store/location.py:146}}
Jun 22 13:00:56.287334 np0000003380 devstack@g-api.service[102455]: DEBUG glance_store.location [None req-45d97693-e34c-498f-9bf7-48c01ed69887 tempest-VolumesNegativeTest-1652778288 tempest-VolumesNegativeTest-1652778288-project-member] Registering scheme swift with {'store': , 'location_class': , 'store_entry': 'swift'} {{(pid=102455) register_scheme_map /opt/stack/data/venv/lib/python3.12/site-packages/glance_store/location.py:146}}
Jun 22 13:00:56.287334 np0000003380 devstack@g-api.service[102455]: DEBUG glance_store.location [None req-45d97693-e34c-498f-9bf7-48c01ed69887 tempest-VolumesNegativeTest-1652778288 tempest-VolumesNegativeTest-1652778288-project-member] Registering scheme swift+http with {'store': , 'location_class': , 'store_entry': 'swift'} {{(pid=102455) register_scheme_map /opt/stack/data/venv/lib/python3.12/site-packages/glance_store/location.py:146}}
Jun 22 13:00:56.287334 np0000003380 devstack@g-api.service[102455]: DEBUG glance_store.location [None req-45d97693-e34c-498f-9bf7-48c01ed69887 tempest-VolumesNegativeTest-1652778288 tempest-VolumesNegativeTest-1652778288-project-member] Registering scheme swift+config with {'store': , 'location_class': , 'store_entry': 'swift'} {{(pid=102455) register_scheme_map /opt/stack/data/venv/lib/python3.12/site-packages/glance_store/location.py:146}}
Jun 22 13:00:56.287845 np0000003380 devstack@g-api.service[102455]: DEBUG keystoneclient.auth.identity.v3.base [None req-45d97693-e34c-498f-9bf7-48c01ed69887 tempest-VolumesNegativeTest-1652778288 tempest-VolumesNegativeTest-1652778288-project-member] Making authentication request to https://10.4.3.162/identity/v3/auth/tokens {{(pid=102455) get_auth_ref /opt/stack/data/venv/lib/python3.12/site-packages/keystoneclient/auth/identity/v3/base.py:185}}
Jun 22 13:00:56.302556 np0000003380 devstack@g-api.service[102452]: DEBUG glance.api.middleware.version_negotiation [None req-aaf36b85-5252-466a-8a21-c03f31233c55 tempest-VolumesNegativeTest-1652778288 tempest-VolumesNegativeTest-1652778288-project-member] Determining version of request: GET /v2/schemas/image Accept: */* {{(pid=102452) process_request /opt/stack/glance/glance/api/middleware/version_negotiation.py:44}}
Jun 22 13:00:56.302705 np0000003380 devstack@g-api.service[102452]: DEBUG glance.api.middleware.version_negotiation [None req-aaf36b85-5252-466a-8a21-c03f31233c55 tempest-VolumesNegativeTest-1652778288 tempest-VolumesNegativeTest-1652778288-project-member] Using url versioning {{(pid=102452) process_request /opt/stack/glance/glance/api/middleware/version_negotiation.py:57}}
Jun 22 13:00:56.302837 np0000003380 devstack@g-api.service[102452]: DEBUG glance.api.middleware.version_negotiation [None req-aaf36b85-5252-466a-8a21-c03f31233c55 tempest-VolumesNegativeTest-1652778288 tempest-VolumesNegativeTest-1652778288-project-member] Matched version: v2 {{(pid=102452) process_request /opt/stack/glance/glance/api/middleware/version_negotiation.py:69}}
Jun 22 13:00:56.302942 np0000003380 devstack@g-api.service[102452]: DEBUG glance.api.middleware.version_negotiation [None req-aaf36b85-5252-466a-8a21-c03f31233c55 tempest-VolumesNegativeTest-1652778288 tempest-VolumesNegativeTest-1652778288-project-member] new path /v2/schemas/image {{(pid=102452) process_request /opt/stack/glance/glance/api/middleware/version_negotiation.py:70}}
Jun 22 13:00:56.306202 np0000003380 devstack@g-api.service[102452]: [pid: 102452|app: 0|req: 57/228] 127.0.0.1 () {44 vars in 1055 bytes} [Mon Jun 22 13:00:56 2026] GET /v2/schemas/image => generated 6083 bytes in 3 msecs (HTTP/1.1 200) 4 headers in 158 bytes (1 switches on core 0)
Jun 22 13:00:56.317223 np0000003380 devstack@g-api.service[102455]: DEBUG keystoneclient.auth.identity.v3.base [None req-45d97693-e34c-498f-9bf7-48c01ed69887 tempest-VolumesNegativeTest-1652778288 tempest-VolumesNegativeTest-1652778288-project-member] {"token": {"methods": ["password"], "user": {"domain": {"id": "default", "name": "Default"}, "id": "786af07397294532ba6382627362a3b2", "name": "glance-swift", "password_expires_at": null}, "audit_ids": ["0llluYGzSaOySA-OQ8a6Jg"], "expires_at": "2026-06-22T14:00:56.000000Z", "issued_at": "2026-06-22T13:00:56.000000Z", "project": {"domain": {"id": "default", "name": "Default"}, "id": "fcae0a8c33d1492282ecbb09529c8c7e", "name": "service"}, "is_domain": false, "roles": [{"id": "97e4d5439d79417ebb0f8e24b471264b", "name": "ResellerAdmin"}, {"id": "55f70ed7082c437ca6dfde924c21709b", "name": "service"}], "catalog": [{"endpoints": [{"id": "c1962dcce3db4ae9822585635a8fb888", "interface": "admin", "region_id": "RegionOne", "url": "https://10.4.3.162:8080", "region": "RegionOne"}, {"id": "a0d8f7fb176a4a2babb6c7a6dbe63de6", "interface": "public", "region_id": "RegionOne", "url": "https://10.4.3.162:8080/v1/AUTH_fcae0a8c33d1492282ecbb09529c8c7e", "region": "RegionOne"}], "id": "64864442a8fa4c58b99e099269f3119e", "type": "object-store", "name": "swift"}, {"endpoints": [{"id": "7df6033aa6c542988c8b4dd9a065471a", "interface": "public", "region_id": "RegionOne", "url": "https://10.4.3.162/identity", "region": "RegionOne"}], "id": "7c531b3cf5bf4b069f8550e6e23d7151", "type": "identity", "name": "keystone"}, {"endpoints": [{"id": "1c72b2c942cc4fdc9879bed2b183aced", "interface": "public", "region_id": "RegionOne", "url": "https://10.4.3.162/placement", "region": "RegionOne"}], "id": "7d7e4e41004641c2b1c40a08c4dc6ca1", "type": "placement", "name": "placement"}, {"endpoints": [{"id": "77ea4e39c3bb4432b47a406467ab624c", "interface": "public", "region_id": "RegionOne", "url": "https://10.4.3.162/compute/v2/fcae0a8c33d1492282ecbb09529c8c7e", "region": "RegionOne"}], "id": "8582be458d3b4359b67a04c73b405900", "type": "compute_legacy", "name": "nova_legacy"}, {"endpoints": [{"id": "5f42d7c758e248f18b26d8ec56ae4271", "interface": "public", "region_id": "RegionOne", "url": "https://10.4.3.162/networking", "region": "RegionOne"}], "id": "9d5f150fdc8349f9a664034611f455c3", "type": "network", "name": "neutron"}, {"endpoints": [{"id": "5556064dae9648589d98a7ccc0f690cd", "interface": "public", "region_id": "RegionOne", "url": "https://10.4.3.162/volume/v3", "region": "RegionOne"}], "id": "b7b87e055d2641f8bad1d4b509bef49a", "type": "block-storage", "name": "cinder"}, {"endpoints": [{"id": "1d0ba35099d74084a30b3aef38549cdd", "interface": "public", "region_id": "RegionOne", "url": "https://10.4.3.162/image", "region": "RegionOne"}], "id": "cec139076dd34c48b101628ee3adfc1e", "type": "image", "name": "glance"}, {"endpoints": [{"id": "b70f589d1cee4390a75e4658fcf4d7b0", "interface": "public", "region_id": "RegionOne", "url": "https://10.4.3.162/compute/v2.1", "region": "RegionOne"}], "id": "e471fc85e5114790ab2ed420f1abfa8e", "type": "compute", "name": "nova"}]}} {{(pid=102455) get_auth_ref /opt/stack/data/venv/lib/python3.12/site-packages/keystoneclient/auth/identity/v3/base.py:190}}
Jun 22 13:00:56.317223 np0000003380 devstack@g-api.service[102455]: DEBUG keystoneclient.httpclient [None req-45d97693-e34c-498f-9bf7-48c01ed69887 tempest-VolumesNegativeTest-1652778288 tempest-VolumesNegativeTest-1652778288-project-member] Failed to find endpoint for management url admin endpoint for identity service not found {{(pid=102455) _process_management_url /opt/stack/data/venv/lib/python3.12/site-packages/keystoneclient/httpclient.py:670}}
Jun 22 13:00:56.351426 np0000003380 devstack@g-api.service[102453]: DEBUG glance.api.middleware.version_negotiation [None req-97495d30-1cde-408f-9157-a1e5470804b9 tempest-VolumesNegativeTest-1652778288 tempest-VolumesNegativeTest-1652778288-project-member] Determining version of request: GET /v2/schemas/image Accept: */* {{(pid=102453) process_request /opt/stack/glance/glance/api/middleware/version_negotiation.py:44}}
Jun 22 13:00:56.351568 np0000003380 devstack@g-api.service[102453]: DEBUG glance.api.middleware.version_negotiation [None req-97495d30-1cde-408f-9157-a1e5470804b9 tempest-VolumesNegativeTest-1652778288 tempest-VolumesNegativeTest-1652778288-project-member] Using url versioning {{(pid=102453) process_request /opt/stack/glance/glance/api/middleware/version_negotiation.py:57}}
Jun 22 13:00:56.351712 np0000003380 devstack@g-api.service[102453]: DEBUG glance.api.middleware.version_negotiation [None req-97495d30-1cde-408f-9157-a1e5470804b9 tempest-VolumesNegativeTest-1652778288 tempest-VolumesNegativeTest-1652778288-project-member] Matched version: v2 {{(pid=102453) process_request /opt/stack/glance/glance/api/middleware/version_negotiation.py:69}}
Jun 22 13:00:56.351766 np0000003380 devstack@g-api.service[102453]: DEBUG glance.api.middleware.version_negotiation [None req-97495d30-1cde-408f-9157-a1e5470804b9 tempest-VolumesNegativeTest-1652778288 tempest-VolumesNegativeTest-1652778288-project-member] new path /v2/schemas/image {{(pid=102453) process_request /opt/stack/glance/glance/api/middleware/version_negotiation.py:70}}
Jun 22 13:00:56.355181 np0000003380 devstack@g-api.service[102453]: [pid: 102453|app: 0|req: 60/229] 127.0.0.1 () {44 vars in 1055 bytes} [Mon Jun 22 13:00:56 2026] GET /v2/schemas/image => generated 6083 bytes in 4 msecs (HTTP/1.1 200) 4 headers in 158 bytes (1 switches on core 0)
Jun 22 13:00:56.358916 np0000003380 devstack@g-api.service[102455]: DEBUG swiftclient [None req-45d97693-e34c-498f-9bf7-48c01ed69887 tempest-VolumesNegativeTest-1652778288 tempest-VolumesNegativeTest-1652778288-project-member] REQ: curl -i https://10.4.3.162:8080/v1/AUTH_fcae0a8c33d1492282ecbb09529c8c7e/glance/6703778d-19ff-466a-b7f1-2db67fbda7c3 -I -H "X-Auth-Token: gAAAAABqOTIIMFRB..." {{(pid=102455) http_log /opt/stack/data/venv/lib/python3.12/site-packages/swiftclient/client.py:160}}
Jun 22 13:00:56.358916 np0000003380 devstack@g-api.service[102455]: DEBUG swiftclient [None req-45d97693-e34c-498f-9bf7-48c01ed69887 tempest-VolumesNegativeTest-1652778288 tempest-VolumesNegativeTest-1652778288-project-member] RESP STATUS: 200 OK {{(pid=102455) http_log /opt/stack/data/venv/lib/python3.12/site-packages/swiftclient/client.py:161}}
Jun 22 13:00:56.358916 np0000003380 devstack@g-api.service[102455]: DEBUG swiftclient [None req-45d97693-e34c-498f-9bf7-48c01ed69887 tempest-VolumesNegativeTest-1652778288 tempest-VolumesNegativeTest-1652778288-project-member] RESP HEADERS: {'Date': 'Mon, 22 Jun 2026 13:00:56 GMT', 'Server': 'Apache/2.4.58 (Ubuntu)', 'Content-Type': 'application/octet-stream', 'Content-Length': '1024', 'Etag': '07ccb3ef2699b972a7462f591927cb28', 'Last-Modified': 'Mon, 22 Jun 2026 13:00:56 GMT', 'X-Timestamp': '1782133255.89843', 'Accept-Ranges': 'bytes', 'X-Trans-Id': 'txcca7d79171f94c5d889bf-006a393208', 'X-Openstack-Request-Id': 'txcca7d79171f94c5d889bf-006a393208', 'Connection': 'close'} {{(pid=102455) http_log /opt/stack/data/venv/lib/python3.12/site-packages/swiftclient/client.py:162}}
Jun 22 13:00:56.375693 np0000003380 devstack@g-api.service[102455]: DEBUG swiftclient [None req-45d97693-e34c-498f-9bf7-48c01ed69887 tempest-VolumesNegativeTest-1652778288 tempest-VolumesNegativeTest-1652778288-project-member] REQ: curl -i https://10.4.3.162:8080/v1/AUTH_fcae0a8c33d1492282ecbb09529c8c7e/glance/6703778d-19ff-466a-b7f1-2db67fbda7c3 DELETE -H "X-Auth-Token: gAAAAABqOTIIMFRB..." {{(pid=102455) http_log /opt/stack/data/venv/lib/python3.12/site-packages/swiftclient/client.py:160}}
Jun 22 13:00:56.375693 np0000003380 devstack@g-api.service[102455]: DEBUG swiftclient [None req-45d97693-e34c-498f-9bf7-48c01ed69887 tempest-VolumesNegativeTest-1652778288 tempest-VolumesNegativeTest-1652778288-project-member] RESP STATUS: 204 No Content {{(pid=102455) http_log /opt/stack/data/venv/lib/python3.12/site-packages/swiftclient/client.py:161}}
Jun 22 13:00:56.375693 np0000003380 devstack@g-api.service[102455]: DEBUG swiftclient [None req-45d97693-e34c-498f-9bf7-48c01ed69887 tempest-VolumesNegativeTest-1652778288 tempest-VolumesNegativeTest-1652778288-project-member] RESP HEADERS: {'Date': 'Mon, 22 Jun 2026 13:00:56 GMT', 'Server': 'Apache/2.4.58 (Ubuntu)', 'Content-Type': 'text/html; charset=UTF-8', 'X-Trans-Id': 'txaf199d5d9ae54fcc996ec-006a393208', 'X-Openstack-Request-Id': 'txaf199d5d9ae54fcc996ec-006a393208', 'Connection': 'close'} {{(pid=102455) http_log /opt/stack/data/venv/lib/python3.12/site-packages/swiftclient/client.py:162}}
Jun 22 13:00:56.392048 np0000003380 devstack@g-api.service[102454]: DEBUG glance.api.middleware.version_negotiation [None req-3115c6be-b9d8-4831-9405-51625734b5bf tempest-ServerStableDeviceRescueTest-429144815 tempest-ServerStableDeviceRescueTest-429144815-project-member] Determining version of request: PATCH /v2/images/88d28a53-94cc-480c-aaa8-d55dc5fc73b9 Accept: */* {{(pid=102454) process_request /opt/stack/glance/glance/api/middleware/version_negotiation.py:44}}
Jun 22 13:00:56.392192 np0000003380 devstack@g-api.service[102454]: DEBUG glance.api.middleware.version_negotiation [None req-3115c6be-b9d8-4831-9405-51625734b5bf tempest-ServerStableDeviceRescueTest-429144815 tempest-ServerStableDeviceRescueTest-429144815-project-member] Using url versioning {{(pid=102454) process_request /opt/stack/glance/glance/api/middleware/version_negotiation.py:57}}
Jun 22 13:00:56.392406 np0000003380 devstack@g-api.service[102454]: DEBUG glance.api.middleware.version_negotiation [None req-3115c6be-b9d8-4831-9405-51625734b5bf tempest-ServerStableDeviceRescueTest-429144815 tempest-ServerStableDeviceRescueTest-429144815-project-member] Matched version: v2 {{(pid=102454) process_request /opt/stack/glance/glance/api/middleware/version_negotiation.py:69}}
Jun 22 13:00:56.392562 np0000003380 devstack@g-api.service[102454]: DEBUG glance.api.middleware.version_negotiation [None req-3115c6be-b9d8-4831-9405-51625734b5bf tempest-ServerStableDeviceRescueTest-429144815 tempest-ServerStableDeviceRescueTest-429144815-project-member] new path /v2/images/88d28a53-94cc-480c-aaa8-d55dc5fc73b9 {{(pid=102454) process_request /opt/stack/glance/glance/api/middleware/version_negotiation.py:70}}
Jun 22 13:00:56.416968 np0000003380 devstack@g-api.service[102455]: [pid: 102455|app: 0|req: 52/230] 127.0.0.1 () {40 vars in 841 bytes} [Mon Jun 22 13:00:56 2026] DELETE /v2/images/6703778d-19ff-466a-b7f1-2db67fbda7c3 => generated 0 bytes in 146 msecs (HTTP/1.1 204) 4 headers in 171 bytes (1 switches on core 0)
Jun 22 13:00:56.427579 np0000003380 devstack@g-api.service[102452]: DEBUG glance.api.middleware.version_negotiation [None req-3115c6be-b9d8-4831-9405-51625734b5bf tempest-ServerStableDeviceRescueTest-429144815 tempest-ServerStableDeviceRescueTest-429144815-project-member] Determining version of request: POST /v2/images Accept: application/json {{(pid=102452) process_request /opt/stack/glance/glance/api/middleware/version_negotiation.py:44}}
Jun 22 13:00:56.427742 np0000003380 devstack@g-api.service[102452]: DEBUG glance.api.middleware.version_negotiation [None req-3115c6be-b9d8-4831-9405-51625734b5bf tempest-ServerStableDeviceRescueTest-429144815 tempest-ServerStableDeviceRescueTest-429144815-project-member] Using url versioning {{(pid=102452) process_request /opt/stack/glance/glance/api/middleware/version_negotiation.py:57}}
Jun 22 13:00:56.427892 np0000003380 devstack@g-api.service[102452]: DEBUG glance.api.middleware.version_negotiation [None req-3115c6be-b9d8-4831-9405-51625734b5bf tempest-ServerStableDeviceRescueTest-429144815 tempest-ServerStableDeviceRescueTest-429144815-project-member] Matched version: v2 {{(pid=102452) process_request /opt/stack/glance/glance/api/middleware/version_negotiation.py:69}}
Jun 22 13:00:56.428046 np0000003380 devstack@g-api.service[102452]: DEBUG glance.api.middleware.version_negotiation [None req-3115c6be-b9d8-4831-9405-51625734b5bf tempest-ServerStableDeviceRescueTest-429144815 tempest-ServerStableDeviceRescueTest-429144815-project-member] new path /v2/images {{(pid=102452) process_request /opt/stack/glance/glance/api/middleware/version_negotiation.py:70}}
Jun 22 13:00:56.529107 np0000003380 devstack@g-api.service[102454]: [pid: 102454|app: 0|req: 62/231] 127.0.0.1 () {46 vars in 1158 bytes} [Mon Jun 22 13:00:56 2026] PATCH /v2/images/88d28a53-94cc-480c-aaa8-d55dc5fc73b9 => generated 1445 bytes in 137 msecs (HTTP/1.1 200) 4 headers in 158 bytes (1 switches on core 0)
Jun 22 13:00:56.558164 np0000003380 devstack@g-api.service[102453]: DEBUG glance.api.middleware.version_negotiation [None req-3115c6be-b9d8-4831-9405-51625734b5bf tempest-ServerStableDeviceRescueTest-429144815 tempest-ServerStableDeviceRescueTest-429144815-project-member] Determining version of request: GET /v2/images/88d28a53-94cc-480c-aaa8-d55dc5fc73b9 Accept: */* {{(pid=102453) process_request /opt/stack/glance/glance/api/middleware/version_negotiation.py:44}}
Jun 22 13:00:56.558369 np0000003380 devstack@g-api.service[102453]: DEBUG glance.api.middleware.version_negotiation [None req-3115c6be-b9d8-4831-9405-51625734b5bf tempest-ServerStableDeviceRescueTest-429144815 tempest-ServerStableDeviceRescueTest-429144815-project-member] Using url versioning {{(pid=102453) process_request /opt/stack/glance/glance/api/middleware/version_negotiation.py:57}}
Jun 22 13:00:56.558544 np0000003380 devstack@g-api.service[102453]: DEBUG glance.api.middleware.version_negotiation [None req-3115c6be-b9d8-4831-9405-51625734b5bf tempest-ServerStableDeviceRescueTest-429144815 tempest-ServerStableDeviceRescueTest-429144815-project-member] Matched version: v2 {{(pid=102453) process_request /opt/stack/glance/glance/api/middleware/version_negotiation.py:69}}
Jun 22 13:00:56.558647 np0000003380 devstack@g-api.service[102453]: DEBUG glance.api.middleware.version_negotiation [None req-3115c6be-b9d8-4831-9405-51625734b5bf tempest-ServerStableDeviceRescueTest-429144815 tempest-ServerStableDeviceRescueTest-429144815-project-member] new path /v2/images/88d28a53-94cc-480c-aaa8-d55dc5fc73b9 {{(pid=102453) process_request /opt/stack/glance/glance/api/middleware/version_negotiation.py:70}}
Jun 22 13:00:56.570868 np0000003380 devstack@g-api.service[102453]: [pid: 102453|app: 0|req: 61/232] 127.0.0.1 () {44 vars in 1115 bytes} [Mon Jun 22 13:00:56 2026] GET /v2/images/88d28a53-94cc-480c-aaa8-d55dc5fc73b9 => generated 1445 bytes in 11 msecs (HTTP/1.1 200) 4 headers in 158 bytes (1 switches on core 0)
Jun 22 13:00:56.614682 np0000003380 devstack@g-api.service[102455]: DEBUG glance.api.middleware.version_negotiation [None req-45d97693-e34c-498f-9bf7-48c01ed69887 tempest-VolumesNegativeTest-1652778288 tempest-VolumesNegativeTest-1652778288-project-member] Determining version of request: PUT /v2/images/88d28a53-94cc-480c-aaa8-d55dc5fc73b9/file Accept: */* {{(pid=102455) process_request /opt/stack/glance/glance/api/middleware/version_negotiation.py:44}}
Jun 22 13:00:56.614994 np0000003380 devstack@g-api.service[102455]: DEBUG glance.api.middleware.version_negotiation [None req-45d97693-e34c-498f-9bf7-48c01ed69887 tempest-VolumesNegativeTest-1652778288 tempest-VolumesNegativeTest-1652778288-project-member] Using url versioning {{(pid=102455) process_request /opt/stack/glance/glance/api/middleware/version_negotiation.py:57}}
Jun 22 13:00:56.615224 np0000003380 devstack@g-api.service[102455]: DEBUG glance.api.middleware.version_negotiation [None req-45d97693-e34c-498f-9bf7-48c01ed69887 tempest-VolumesNegativeTest-1652778288 tempest-VolumesNegativeTest-1652778288-project-member] Matched version: v2 {{(pid=102455) process_request /opt/stack/glance/glance/api/middleware/version_negotiation.py:69}}
Jun 22 13:00:56.615426 np0000003380 devstack@g-api.service[102455]: DEBUG glance.api.middleware.version_negotiation [None req-45d97693-e34c-498f-9bf7-48c01ed69887 tempest-VolumesNegativeTest-1652778288 tempest-VolumesNegativeTest-1652778288-project-member] new path /v2/images/88d28a53-94cc-480c-aaa8-d55dc5fc73b9/file {{(pid=102455) process_request /opt/stack/glance/glance/api/middleware/version_negotiation.py:70}}
Jun 22 13:00:56.773430 np0000003380 devstack@g-api.service[102454]: DEBUG glance.api.middleware.version_negotiation [None req-3115c6be-b9d8-4831-9405-51625734b5bf tempest-ServerStableDeviceRescueTest-429144815 tempest-ServerStableDeviceRescueTest-429144815-project-member] Determining version of request: GET /v2/images/88d28a53-94cc-480c-aaa8-d55dc5fc73b9 Accept: */* {{(pid=102454) process_request /opt/stack/glance/glance/api/middleware/version_negotiation.py:44}}
Jun 22 13:00:56.773776 np0000003380 devstack@g-api.service[102454]: DEBUG glance.api.middleware.version_negotiation [None req-3115c6be-b9d8-4831-9405-51625734b5bf tempest-ServerStableDeviceRescueTest-429144815 tempest-ServerStableDeviceRescueTest-429144815-project-member] Using url versioning {{(pid=102454) process_request /opt/stack/glance/glance/api/middleware/version_negotiation.py:57}}
Jun 22 13:00:56.773776 np0000003380 devstack@g-api.service[102454]: DEBUG glance.api.middleware.version_negotiation [None req-3115c6be-b9d8-4831-9405-51625734b5bf tempest-ServerStableDeviceRescueTest-429144815 tempest-ServerStableDeviceRescueTest-429144815-project-member] Matched version: v2 {{(pid=102454) process_request /opt/stack/glance/glance/api/middleware/version_negotiation.py:69}}
Jun 22 13:00:56.773776 np0000003380 devstack@g-api.service[102454]: DEBUG glance.api.middleware.version_negotiation [None req-3115c6be-b9d8-4831-9405-51625734b5bf tempest-ServerStableDeviceRescueTest-429144815 tempest-ServerStableDeviceRescueTest-429144815-project-member] new path /v2/images/88d28a53-94cc-480c-aaa8-d55dc5fc73b9 {{(pid=102454) process_request /opt/stack/glance/glance/api/middleware/version_negotiation.py:70}}
Jun 22 13:00:56.785181 np0000003380 devstack@g-api.service[102454]: [pid: 102454|app: 0|req: 63/233] 127.0.0.1 () {44 vars in 1115 bytes} [Mon Jun 22 13:00:56 2026] GET /v2/images/88d28a53-94cc-480c-aaa8-d55dc5fc73b9 => generated 1445 bytes in 12 msecs (HTTP/1.1 200) 4 headers in 158 bytes (1 switches on core 0)
Jun 22 13:00:56.816578 np0000003380 devstack@g-api.service[102453]: DEBUG glance.api.middleware.version_negotiation [None req-3115c6be-b9d8-4831-9405-51625734b5bf tempest-ServerStableDeviceRescueTest-429144815 tempest-ServerStableDeviceRescueTest-429144815-project-member] Determining version of request: GET /v2/schemas/image Accept: */* {{(pid=102453) process_request /opt/stack/glance/glance/api/middleware/version_negotiation.py:44}}
Jun 22 13:00:56.816578 np0000003380 devstack@g-api.service[102453]: DEBUG glance.api.middleware.version_negotiation [None req-3115c6be-b9d8-4831-9405-51625734b5bf tempest-ServerStableDeviceRescueTest-429144815 tempest-ServerStableDeviceRescueTest-429144815-project-member] Using url versioning {{(pid=102453) process_request /opt/stack/glance/glance/api/middleware/version_negotiation.py:57}}
Jun 22 13:00:56.816578 np0000003380 devstack@g-api.service[102453]: DEBUG glance.api.middleware.version_negotiation [None req-3115c6be-b9d8-4831-9405-51625734b5bf tempest-ServerStableDeviceRescueTest-429144815 tempest-ServerStableDeviceRescueTest-429144815-project-member] Matched version: v2 {{(pid=102453) process_request /opt/stack/glance/glance/api/middleware/version_negotiation.py:69}}
Jun 22 13:00:56.816785 np0000003380 devstack@g-api.service[102453]: DEBUG glance.api.middleware.version_negotiation [None req-3115c6be-b9d8-4831-9405-51625734b5bf tempest-ServerStableDeviceRescueTest-429144815 tempest-ServerStableDeviceRescueTest-429144815-project-member] new path /v2/schemas/image {{(pid=102453) process_request /opt/stack/glance/glance/api/middleware/version_negotiation.py:70}}
Jun 22 13:00:56.818871 np0000003380 devstack@g-api.service[102453]: [pid: 102453|app: 0|req: 62/234] 127.0.0.1 () {44 vars in 1055 bytes} [Mon Jun 22 13:00:56 2026] GET /v2/schemas/image => generated 6083 bytes in 3 msecs (HTTP/1.1 200) 4 headers in 158 bytes (1 switches on core 0)
Jun 22 13:00:56.885437 np0000003380 devstack@g-api.service[102452]: [pid: 102452|app: 0|req: 58/235] 127.0.0.1 () {42 vars in 786 bytes} [Mon Jun 22 13:00:56 2026] POST /v2/images => generated 651 bytes in 458 msecs (HTTP/1.1 201) 6 headers in 315 bytes (1 switches on core 0)
Jun 22 13:00:56.892529 np0000003380 devstack@g-api.service[102454]: DEBUG glance.api.middleware.version_negotiation [None req-89129a54-32bc-41eb-9e06-5b8e94a362ea tempest-ServerStableDeviceRescueTest-429144815 tempest-ServerStableDeviceRescueTest-429144815-project-member] Determining version of request: PUT /v2/images/9b09e4a6-3a0d-4cec-830e-7a0800c3cb91/file Accept: {{(pid=102454) process_request /opt/stack/glance/glance/api/middleware/version_negotiation.py:44}}
Jun 22 13:00:56.892670 np0000003380 devstack@g-api.service[102454]: DEBUG glance.api.middleware.version_negotiation [None req-89129a54-32bc-41eb-9e06-5b8e94a362ea tempest-ServerStableDeviceRescueTest-429144815 tempest-ServerStableDeviceRescueTest-429144815-project-member] Using url versioning {{(pid=102454) process_request /opt/stack/glance/glance/api/middleware/version_negotiation.py:57}}
Jun 22 13:00:56.892725 np0000003380 devstack@g-api.service[102454]: DEBUG glance.api.middleware.version_negotiation [None req-89129a54-32bc-41eb-9e06-5b8e94a362ea tempest-ServerStableDeviceRescueTest-429144815 tempest-ServerStableDeviceRescueTest-429144815-project-member] Matched version: v2 {{(pid=102454) process_request /opt/stack/glance/glance/api/middleware/version_negotiation.py:69}}
Jun 22 13:00:56.892790 np0000003380 devstack@g-api.service[102454]: DEBUG glance.api.middleware.version_negotiation [None req-89129a54-32bc-41eb-9e06-5b8e94a362ea tempest-ServerStableDeviceRescueTest-429144815 tempest-ServerStableDeviceRescueTest-429144815-project-member] new path /v2/images/9b09e4a6-3a0d-4cec-830e-7a0800c3cb91/file {{(pid=102454) process_request /opt/stack/glance/glance/api/middleware/version_negotiation.py:70}}
Jun 22 13:00:57.077936 np0000003380 devstack@g-api.service[102455]: INFO glance.api.v2.image_data [None req-3115c6be-b9d8-4831-9405-51625734b5bf tempest-ServerStableDeviceRescueTest-429144815 tempest-ServerStableDeviceRescueTest-429144815-project-member] Unable to create trust: no such option collect_timing in group [keystone_authtoken] Use the existing user token.
Jun 22 13:00:57.298817 np0000003380 devstack@g-api.service[102454]: INFO glance.api.v2.image_data [None req-b28bd6b7-4599-427a-b2d2-b1609c1f68e2 tempest-VolumesNegativeTest-1652778288 tempest-VolumesNegativeTest-1652778288-project-member] Unable to create trust: no such option collect_timing in group [keystone_authtoken] Use the existing user token.
Jun 22 13:00:57.538585 np0000003380 devstack@g-api.service[102455]: DEBUG glance.location [None req-3115c6be-b9d8-4831-9405-51625734b5bf tempest-ServerStableDeviceRescueTest-429144815 tempest-ServerStableDeviceRescueTest-429144815-project-member] Enabling in-flight format inspection for qcow2 {{(pid=102455) set_data /opt/stack/glance/glance/location.py:616}}
Jun 22 13:00:57.539170 np0000003380 devstack@g-api.service[102455]: DEBUG glance_store.backend [None req-3115c6be-b9d8-4831-9405-51625734b5bf tempest-ServerStableDeviceRescueTest-429144815 tempest-ServerStableDeviceRescueTest-429144815-project-member] Attempting to import store swift {{(pid=102455) _load_store /opt/stack/data/venv/lib/python3.12/site-packages/glance_store/backend.py:215}}
Jun 22 13:00:57.540456 np0000003380 devstack@g-api.service[102455]: DEBUG glance_store.capabilities [None req-3115c6be-b9d8-4831-9405-51625734b5bf tempest-ServerStableDeviceRescueTest-429144815 tempest-ServerStableDeviceRescueTest-429144815-project-member] Store glance_store._drivers.swift.store.SingleTenantStore doesn't support updating dynamic storage capabilities. Please overwrite 'update_capabilities' method of the store to implement updating logics if needed. {{(pid=102455) update_capabilities /opt/stack/data/venv/lib/python3.12/site-packages/glance_store/capabilities.py:91}}
Jun 22 13:00:57.540565 np0000003380 devstack@g-api.service[102455]: DEBUG glance_store.driver [None req-3115c6be-b9d8-4831-9405-51625734b5bf tempest-ServerStableDeviceRescueTest-429144815 tempest-ServerStableDeviceRescueTest-429144815-project-member] Late loading location class glance_store._drivers.swift.store.StoreLocation {{(pid=102455) get_store_location_class /opt/stack/data/venv/lib/python3.12/site-packages/glance_store/driver.py:134}}
Jun 22 13:00:57.543075 np0000003380 devstack@g-api.service[102455]: DEBUG glance_store.location [None req-3115c6be-b9d8-4831-9405-51625734b5bf tempest-ServerStableDeviceRescueTest-429144815 tempest-ServerStableDeviceRescueTest-429144815-project-member] Registering scheme swift+https with {'store': , 'location_class': , 'store_entry': 'swift'} {{(pid=102455) register_scheme_map /opt/stack/data/venv/lib/python3.12/site-packages/glance_store/location.py:146}}
Jun 22 13:00:57.543075 np0000003380 devstack@g-api.service[102455]: DEBUG glance_store.location [None req-3115c6be-b9d8-4831-9405-51625734b5bf tempest-ServerStableDeviceRescueTest-429144815 tempest-ServerStableDeviceRescueTest-429144815-project-member] Registering scheme swift+https with {'store': , 'location_class': , 'store_entry': 'swift'} {{(pid=102455) register_scheme_map /opt/stack/data/venv/lib/python3.12/site-packages/glance_store/location.py:146}}
Jun 22 13:00:57.543075 np0000003380 devstack@g-api.service[102455]: DEBUG glance_store.location [None req-3115c6be-b9d8-4831-9405-51625734b5bf tempest-ServerStableDeviceRescueTest-429144815 tempest-ServerStableDeviceRescueTest-429144815-project-member] Registering scheme swift with {'store': , 'location_class': , 'store_entry': 'swift'} {{(pid=102455) register_scheme_map /opt/stack/data/venv/lib/python3.12/site-packages/glance_store/location.py:146}}
Jun 22 13:00:57.543075 np0000003380 devstack@g-api.service[102455]: DEBUG glance_store.location [None req-3115c6be-b9d8-4831-9405-51625734b5bf tempest-ServerStableDeviceRescueTest-429144815 tempest-ServerStableDeviceRescueTest-429144815-project-member] Registering scheme swift+https with {'store': , 'location_class': , 'store_entry': 'swift'} {{(pid=102455) register_scheme_map /opt/stack/data/venv/lib/python3.12/site-packages/glance_store/location.py:146}}
Jun 22 13:00:57.543075 np0000003380 devstack@g-api.service[102455]: DEBUG glance_store.location [None req-3115c6be-b9d8-4831-9405-51625734b5bf tempest-ServerStableDeviceRescueTest-429144815 tempest-ServerStableDeviceRescueTest-429144815-project-member] Registering scheme swift with {'store': , 'location_class': , 'store_entry': 'swift'} {{(pid=102455) register_scheme_map /opt/stack/data/venv/lib/python3.12/site-packages/glance_store/location.py:146}}
Jun 22 13:00:57.543075 np0000003380 devstack@g-api.service[102455]: DEBUG glance_store.location [None req-3115c6be-b9d8-4831-9405-51625734b5bf tempest-ServerStableDeviceRescueTest-429144815 tempest-ServerStableDeviceRescueTest-429144815-project-member] Registering scheme swift+http with {'store': , 'location_class': , 'store_entry': 'swift'} {{(pid=102455) register_scheme_map /opt/stack/data/venv/lib/python3.12/site-packages/glance_store/location.py:146}}
Jun 22 13:00:57.543075 np0000003380 devstack@g-api.service[102455]: DEBUG glance_store.location [None req-3115c6be-b9d8-4831-9405-51625734b5bf tempest-ServerStableDeviceRescueTest-429144815 tempest-ServerStableDeviceRescueTest-429144815-project-member] Registering scheme swift+https with {'store': , 'location_class': , 'store_entry': 'swift'} {{(pid=102455) register_scheme_map /opt/stack/data/venv/lib/python3.12/site-packages/glance_store/location.py:146}}
Jun 22 13:00:57.543075 np0000003380 devstack@g-api.service[102455]: DEBUG glance_store.location [None req-3115c6be-b9d8-4831-9405-51625734b5bf tempest-ServerStableDeviceRescueTest-429144815 tempest-ServerStableDeviceRescueTest-429144815-project-member] Registering scheme swift with {'store': , 'location_class': , 'store_entry': 'swift'} {{(pid=102455) register_scheme_map /opt/stack/data/venv/lib/python3.12/site-packages/glance_store/location.py:146}}
Jun 22 13:00:57.543075 np0000003380 devstack@g-api.service[102455]: DEBUG glance_store.location [None req-3115c6be-b9d8-4831-9405-51625734b5bf tempest-ServerStableDeviceRescueTest-429144815 tempest-ServerStableDeviceRescueTest-429144815-project-member] Registering scheme swift+http with {'store': , 'location_class': , 'store_entry': 'swift'} {{(pid=102455) register_scheme_map /opt/stack/data/venv/lib/python3.12/site-packages/glance_store/location.py:146}}
Jun 22 13:00:57.543075 np0000003380 devstack@g-api.service[102455]: DEBUG glance_store.location [None req-3115c6be-b9d8-4831-9405-51625734b5bf tempest-ServerStableDeviceRescueTest-429144815 tempest-ServerStableDeviceRescueTest-429144815-project-member] Registering scheme swift+config with {'store': , 'location_class': , 'store_entry': 'swift'} {{(pid=102455) register_scheme_map /opt/stack/data/venv/lib/python3.12/site-packages/glance_store/location.py:146}}
Jun 22 13:00:57.650102 np0000003380 devstack@g-api.service[102455]: DEBUG swiftclient [None req-3115c6be-b9d8-4831-9405-51625734b5bf tempest-ServerStableDeviceRescueTest-429144815 tempest-ServerStableDeviceRescueTest-429144815-project-member] REQ: curl -i https://10.4.3.162:8080/v1/AUTH_fcae0a8c33d1492282ecbb09529c8c7e/glance -I -H "X-Auth-Token: gAAAAABqOTIJvif0..." {{(pid=102455) http_log /opt/stack/data/venv/lib/python3.12/site-packages/swiftclient/client.py:160}}
Jun 22 13:00:57.650271 np0000003380 devstack@g-api.service[102455]: DEBUG swiftclient [None req-3115c6be-b9d8-4831-9405-51625734b5bf tempest-ServerStableDeviceRescueTest-429144815 tempest-ServerStableDeviceRescueTest-429144815-project-member] RESP STATUS: 204 No Content {{(pid=102455) http_log /opt/stack/data/venv/lib/python3.12/site-packages/swiftclient/client.py:161}}
Jun 22 13:00:57.650458 np0000003380 devstack@g-api.service[102455]: DEBUG swiftclient [None req-3115c6be-b9d8-4831-9405-51625734b5bf tempest-ServerStableDeviceRescueTest-429144815 tempest-ServerStableDeviceRescueTest-429144815-project-member] RESP HEADERS: {'Date': 'Mon, 22 Jun 2026 13:00:57 GMT', 'Server': 'Apache/2.4.58 (Ubuntu)', 'Content-Type': 'text/plain; charset=utf-8', 'X-Container-Object-Count': '3', 'X-Container-Bytes-Used': '64356352', 'X-Timestamp': '1782132877.33098', 'Last-Modified': 'Mon, 22 Jun 2026 12:54:38 GMT', 'Accept-Ranges': 'bytes', 'X-Storage-Policy': 'Policy-0', 'X-Container-Sharding': 'False', 'Vary': 'Accept', 'X-Trans-Id': 'txcce8f84ff07d4e7294319-006a393209', 'X-Openstack-Request-Id': 'txcce8f84ff07d4e7294319-006a393209', 'Connection': 'close'} {{(pid=102455) http_log /opt/stack/data/venv/lib/python3.12/site-packages/swiftclient/client.py:162}}
Jun 22 13:00:57.650848 np0000003380 devstack@g-api.service[102455]: DEBUG glance_store._drivers.swift.store [None req-3115c6be-b9d8-4831-9405-51625734b5bf tempest-ServerStableDeviceRescueTest-429144815 tempest-ServerStableDeviceRescueTest-429144815-project-member] Adding image object '88d28a53-94cc-480c-aaa8-d55dc5fc73b9' to Swift {{(pid=102455) add /opt/stack/data/venv/lib/python3.12/site-packages/glance_store/_drivers/swift/store.py:970}}
Jun 22 13:00:57.651081 np0000003380 devstack@g-api.service[102455]: DEBUG glance_store._drivers.swift.store [None req-3115c6be-b9d8-4831-9405-51625734b5bf tempest-ServerStableDeviceRescueTest-429144815 tempest-ServerStableDeviceRescueTest-429144815-project-member] Cannot determine image size because it is either not provided in the request or chunked-transfer encoding is used. Adding image as a segmented object to Swift. {{(pid=102455) add /opt/stack/data/venv/lib/python3.12/site-packages/glance_store/_drivers/swift/store.py:994}}
Jun 22 13:00:57.661859 np0000003380 devstack@g-api.service[102455]: DEBUG oslo_utils.imageutils.format_inspector [None req-3115c6be-b9d8-4831-9405-51625734b5bf tempest-ServerStableDeviceRescueTest-429144815 tempest-ServerStableDeviceRescueTest-429144815-project-member] Format inspector for vmdk does not match, excluding from consideration (Signature KDMV not found: b'QFI\xfb') {{(pid=102455) _process_chunk /opt/stack/data/venv/lib/python3.12/site-packages/oslo_utils/imageutils/format_inspector.py:1758}}
Jun 22 13:00:57.665074 np0000003380 devstack@g-api.service[102455]: DEBUG oslo_utils.imageutils.format_inspector [None req-3115c6be-b9d8-4831-9405-51625734b5bf tempest-ServerStableDeviceRescueTest-429144815 tempest-ServerStableDeviceRescueTest-429144815-project-member] Format inspector for vhdx does not match, excluding from consideration (Region signature not found at 30000) {{(pid=102455) _process_chunk /opt/stack/data/venv/lib/python3.12/site-packages/oslo_utils/imageutils/format_inspector.py:1758}}
Jun 22 13:00:57.865303 np0000003380 devstack@g-api.service[102454]: DEBUG glance.location [None req-b28bd6b7-4599-427a-b2d2-b1609c1f68e2 tempest-VolumesNegativeTest-1652778288 tempest-VolumesNegativeTest-1652778288-project-member] Enabling in-flight format inspection for raw {{(pid=102454) set_data /opt/stack/glance/glance/location.py:616}}
Jun 22 13:00:57.866016 np0000003380 devstack@g-api.service[102454]: DEBUG glance_store.backend [None req-b28bd6b7-4599-427a-b2d2-b1609c1f68e2 tempest-VolumesNegativeTest-1652778288 tempest-VolumesNegativeTest-1652778288-project-member] Attempting to import store swift {{(pid=102454) _load_store /opt/stack/data/venv/lib/python3.12/site-packages/glance_store/backend.py:215}}
