Jun 22 12:54:06.877624 np0000003380 systemd[1]: Starting devstack@n-api-meta.service - Devstack devstack@n-api-meta.service...
Jun 22 12:54:06.882784 np0000003380 devstack@n-api-meta.service[95512]: [uWSGI] getting INI configuration from /etc/nova/nova-metadata-uwsgi.ini
Jun 22 12:54:06.884990 np0000003380 devstack@n-api-meta.service[95512]: *** Starting uWSGI 2.0.24-debian (64bit) on [Mon Jun 22 12:54:06 2026] ***
Jun 22 12:54:06.884990 np0000003380 devstack@n-api-meta.service[95512]: compiled with version: 13.2.0 on 17 April 2024 16:23:48
Jun 22 12:54:06.884990 np0000003380 devstack@n-api-meta.service[95512]: os: Linux-6.8.0-100-generic #100-Ubuntu SMP PREEMPT_DYNAMIC Tue Jan 13 16:40:06 UTC 2026
Jun 22 12:54:06.884990 np0000003380 devstack@n-api-meta.service[95512]: nodename: np0000003380
Jun 22 12:54:06.884990 np0000003380 devstack@n-api-meta.service[95512]: machine: x86_64
Jun 22 12:54:06.884990 np0000003380 devstack@n-api-meta.service[95512]: clock source: unix
Jun 22 12:54:06.884990 np0000003380 devstack@n-api-meta.service[95512]: pcre jit disabled
Jun 22 12:54:06.884990 np0000003380 devstack@n-api-meta.service[95512]: detected number of CPU cores: 16
Jun 22 12:54:06.884990 np0000003380 devstack@n-api-meta.service[95512]: current working directory: /
Jun 22 12:54:06.884990 np0000003380 devstack@n-api-meta.service[95512]: detected binary path: /usr/bin/uwsgi-core
Jun 22 12:54:06.884990 np0000003380 devstack@n-api-meta.service[95512]: your processes number limit is 257052
Jun 22 12:54:06.884990 np0000003380 devstack@n-api-meta.service[95512]: your memory page size is 4096 bytes
Jun 22 12:54:06.884990 np0000003380 devstack@n-api-meta.service[95512]: detected max file descriptor number: 2048
Jun 22 12:54:06.884990 np0000003380 devstack@n-api-meta.service[95512]: lock engine: pthread robust mutexes
Jun 22 12:54:06.885546 np0000003380 devstack@n-api-meta.service[95512]: thunder lock: enabled
Jun 22 12:54:06.885546 np0000003380 devstack@n-api-meta.service[95512]: uWSGI http bound on 0.0.0.0:8775 fd 5
Jun 22 12:54:06.885546 np0000003380 devstack@n-api-meta.service[95512]: uwsgi socket 0 bound to TCP address 127.0.0.1:35239 (port auto-assigned) fd 4
Jun 22 12:54:06.885633 np0000003380 devstack@n-api-meta.service[95512]: Python version: 3.12.3 (main, Mar 23 2026, 19:04:32) [GCC 13.3.0]
Jun 22 12:54:06.885633 np0000003380 devstack@n-api-meta.service[95512]: PEP 405 virtualenv detected: /opt/stack/data/venv
Jun 22 12:54:06.885633 np0000003380 devstack@n-api-meta.service[95512]: Set PythonHome to /opt/stack/data/venv
Jun 22 12:54:06.918499 np0000003380 devstack@n-api-meta.service[95512]: Python main interpreter initialized at 0x7e9f300a3668
Jun 22 12:54:06.918499 np0000003380 devstack@n-api-meta.service[95512]: python threads support enabled
Jun 22 12:54:06.918499 np0000003380 devstack@n-api-meta.service[95512]: your server socket listen backlog is limited to 100 connections
Jun 22 12:54:06.918499 np0000003380 devstack@n-api-meta.service[95512]: your mercy for graceful operations on workers is 80 seconds
Jun 22 12:54:06.919072 np0000003380 devstack@n-api-meta.service[95512]: mapped 671795 bytes (656 KB) for 4 cores
Jun 22 12:54:06.919225 np0000003380 devstack@n-api-meta.service[95512]: *** Operational MODE: preforking ***
Jun 22 12:54:06.919453 np0000003380 devstack@n-api-meta.service[95512]: *** uWSGI is running in multiple interpreter mode ***
Jun 22 12:54:06.919453 np0000003380 devstack@n-api-meta.service[95512]: spawned uWSGI master process (pid: 95512)
Jun 22 12:54:06.919620 np0000003380 systemd[1]: Started devstack@n-api-meta.service - Devstack devstack@n-api-meta.service.
Jun 22 12:54:06.920135 np0000003380 devstack@n-api-meta.service[95512]: spawned uWSGI worker 1 (pid: 95513, cores: 1)
Jun 22 12:54:06.920654 np0000003380 devstack@n-api-meta.service[95512]: spawned uWSGI worker 2 (pid: 95514, cores: 1)
Jun 22 12:54:06.921133 np0000003380 devstack@n-api-meta.service[95512]: spawned uWSGI worker 3 (pid: 95515, cores: 1)
Jun 22 12:54:06.921540 np0000003380 devstack@n-api-meta.service[95512]: spawned uWSGI worker 4 (pid: 95516, cores: 1)
Jun 22 12:54:06.922080 np0000003380 devstack@n-api-meta.service[95512]: spawned uWSGI http 1 (pid: 95517)
Jun 22 12:54:06.922080 np0000003380 devstack@n-api-meta.service[95512]: running "unix_signal:15 gracefully_kill_them_all" (master-start)...
Jun 22 12:54:08.545462 np0000003380 devstack@n-api-meta.service[95515]: INFO dbcounter [None req-be413b48-a889-490c-b63a-886c241d1aeb None None] Registered counter for database nova_api
Jun 22 12:54:08.588145 np0000003380 devstack@n-api-meta.service[95515]: DEBUG oslo_db.sqlalchemy.engines [None req-be413b48-a889-490c-b63a-886c241d1aeb None None] MySQL server mode set to STRICT_TRANS_TABLES,STRICT_ALL_TABLES,NO_ZERO_IN_DATE,NO_ZERO_DATE,ERROR_FOR_DIVISION_BY_ZERO,TRADITIONAL,NO_ENGINE_SUBSTITUTION {{(pid=95515) _check_effective_sql_mode /opt/stack/data/venv/lib/python3.12/site-packages/oslo_db/sqlalchemy/engines.py:325}}
Jun 22 12:54:08.588525 np0000003380 devstack@n-api-meta.service[95514]: INFO dbcounter [None req-c06cab3f-b48d-4392-bf91-8c7bcce75777 None None] Registered counter for database nova_api
Jun 22 12:54:08.601290 np0000003380 devstack@n-api-meta.service[95513]: INFO dbcounter [None req-39c6cae1-3ff4-4389-9c56-e7a0936b765d None None] Registered counter for database nova_api
Jun 22 12:54:08.615343 np0000003380 devstack@n-api-meta.service[95515]: DEBUG dbcounter [-] [95515] Writer thread running {{(pid=95515) stat_writer /opt/stack/data/venv/lib/python3.12/site-packages/dbcounter.py:102}}
Jun 22 12:54:08.617530 np0000003380 devstack@n-api-meta.service[95515]: DEBUG nova.context [None req-be413b48-a889-490c-b63a-886c241d1aeb None None] Found 2 cells: 00000000-0000-0000-0000-000000000000(cell0),de692dd7-59cc-4b4a-8bfc-ad28881886ea(cell1) {{(pid=95515) load_cells /opt/stack/nova/nova/context.py:509}}
Jun 22 12:54:08.617756 np0000003380 devstack@n-api-meta.service[95515]: INFO nova.utils [None req-be413b48-a889-490c-b63a-886c241d1aeb None None] The cell worker thread pool MainProcess.cell_worker is initialized
Jun 22 12:54:08.619734 np0000003380 devstack@n-api-meta.service[95515]: DEBUG oslo_concurrency.lockutils [None req-be413b48-a889-490c-b63a-886c241d1aeb None None] Acquiring lock "00000000-0000-0000-0000-000000000000" by "nova.context.set_target_cell..get_or_set_cached_cell_and_set_connections" {{(pid=95515) inner /opt/stack/data/venv/lib/python3.12/site-packages/oslo_concurrency/lockutils.py:511}}
Jun 22 12:54:08.619734 np0000003380 devstack@n-api-meta.service[95515]: DEBUG oslo_concurrency.lockutils [None req-be413b48-a889-490c-b63a-886c241d1aeb None None] Lock "00000000-0000-0000-0000-000000000000" acquired by "nova.context.set_target_cell..get_or_set_cached_cell_and_set_connections" :: waited 0.000s {{(pid=95515) inner /opt/stack/data/venv/lib/python3.12/site-packages/oslo_concurrency/lockutils.py:524}}
Jun 22 12:54:08.619845 np0000003380 devstack@n-api-meta.service[95515]: DEBUG oslo_concurrency.lockutils [None req-be413b48-a889-490c-b63a-886c241d1aeb None None] Lock "00000000-0000-0000-0000-000000000000" "released" by "nova.context.set_target_cell..get_or_set_cached_cell_and_set_connections" :: held 0.000s {{(pid=95515) inner /opt/stack/data/venv/lib/python3.12/site-packages/oslo_concurrency/lockutils.py:543}}
Jun 22 12:54:08.620431 np0000003380 devstack@n-api-meta.service[95515]: DEBUG oslo_concurrency.lockutils [None req-be413b48-a889-490c-b63a-886c241d1aeb None None] Acquiring lock "de692dd7-59cc-4b4a-8bfc-ad28881886ea" by "nova.context.set_target_cell..get_or_set_cached_cell_and_set_connections" {{(pid=95515) inner /opt/stack/data/venv/lib/python3.12/site-packages/oslo_concurrency/lockutils.py:511}}
Jun 22 12:54:08.620595 np0000003380 devstack@n-api-meta.service[95515]: DEBUG oslo_concurrency.lockutils [None req-be413b48-a889-490c-b63a-886c241d1aeb None None] Lock "de692dd7-59cc-4b4a-8bfc-ad28881886ea" acquired by "nova.context.set_target_cell..get_or_set_cached_cell_and_set_connections" :: waited 0.000s {{(pid=95515) inner /opt/stack/data/venv/lib/python3.12/site-packages/oslo_concurrency/lockutils.py:524}}
Jun 22 12:54:08.621689 np0000003380 devstack@n-api-meta.service[95515]: DEBUG oslo_concurrency.lockutils [None req-be413b48-a889-490c-b63a-886c241d1aeb None None] Lock "de692dd7-59cc-4b4a-8bfc-ad28881886ea" "released" by "nova.context.set_target_cell..get_or_set_cached_cell_and_set_connections" :: held 0.001s {{(pid=95515) inner /opt/stack/data/venv/lib/python3.12/site-packages/oslo_concurrency/lockutils.py:543}}
Jun 22 12:54:08.623235 np0000003380 devstack@n-api-meta.service[95515]: INFO dbcounter [None req-be413b48-a889-490c-b63a-886c241d1aeb None None] Registered counter for database nova_cell0
Jun 22 12:54:08.625300 np0000003380 devstack@n-api-meta.service[95515]: INFO dbcounter [None req-be413b48-a889-490c-b63a-886c241d1aeb None None] Registered counter for database nova_cell1
Jun 22 12:54:08.630782 np0000003380 devstack@n-api-meta.service[95514]: DEBUG oslo_db.sqlalchemy.engines [None req-c06cab3f-b48d-4392-bf91-8c7bcce75777 None None] MySQL server mode set to STRICT_TRANS_TABLES,STRICT_ALL_TABLES,NO_ZERO_IN_DATE,NO_ZERO_DATE,ERROR_FOR_DIVISION_BY_ZERO,TRADITIONAL,NO_ENGINE_SUBSTITUTION {{(pid=95514) _check_effective_sql_mode /opt/stack/data/venv/lib/python3.12/site-packages/oslo_db/sqlalchemy/engines.py:325}}
Jun 22 12:54:08.654298 np0000003380 devstack@n-api-meta.service[95513]: DEBUG oslo_db.sqlalchemy.engines [None req-39c6cae1-3ff4-4389-9c56-e7a0936b765d None None] MySQL server mode set to STRICT_TRANS_TABLES,STRICT_ALL_TABLES,NO_ZERO_IN_DATE,NO_ZERO_DATE,ERROR_FOR_DIVISION_BY_ZERO,TRADITIONAL,NO_ENGINE_SUBSTITUTION {{(pid=95513) _check_effective_sql_mode /opt/stack/data/venv/lib/python3.12/site-packages/oslo_db/sqlalchemy/engines.py:325}}
Jun 22 12:54:08.661195 np0000003380 devstack@n-api-meta.service[95514]: DEBUG dbcounter [-] [95514] Writer thread running {{(pid=95514) stat_writer /opt/stack/data/venv/lib/python3.12/site-packages/dbcounter.py:102}}
Jun 22 12:54:08.662924 np0000003380 devstack@n-api-meta.service[95514]: DEBUG nova.context [None req-c06cab3f-b48d-4392-bf91-8c7bcce75777 None None] Found 2 cells: 00000000-0000-0000-0000-000000000000(cell0),de692dd7-59cc-4b4a-8bfc-ad28881886ea(cell1) {{(pid=95514) load_cells /opt/stack/nova/nova/context.py:509}}
Jun 22 12:54:08.662924 np0000003380 devstack@n-api-meta.service[95514]: INFO nova.utils [None req-c06cab3f-b48d-4392-bf91-8c7bcce75777 None None] The cell worker thread pool MainProcess.cell_worker is initialized
Jun 22 12:54:08.664657 np0000003380 devstack@n-api-meta.service[95514]: DEBUG oslo_concurrency.lockutils [None req-c06cab3f-b48d-4392-bf91-8c7bcce75777 None None] Acquiring lock "00000000-0000-0000-0000-000000000000" by "nova.context.set_target_cell..get_or_set_cached_cell_and_set_connections" {{(pid=95514) inner /opt/stack/data/venv/lib/python3.12/site-packages/oslo_concurrency/lockutils.py:511}}
Jun 22 12:54:08.664884 np0000003380 devstack@n-api-meta.service[95514]: DEBUG oslo_concurrency.lockutils [None req-c06cab3f-b48d-4392-bf91-8c7bcce75777 None None] Lock "00000000-0000-0000-0000-000000000000" acquired by "nova.context.set_target_cell..get_or_set_cached_cell_and_set_connections" :: waited 0.000s {{(pid=95514) inner /opt/stack/data/venv/lib/python3.12/site-packages/oslo_concurrency/lockutils.py:524}}
Jun 22 12:54:08.666239 np0000003380 devstack@n-api-meta.service[95514]: DEBUG oslo_concurrency.lockutils [None req-c06cab3f-b48d-4392-bf91-8c7bcce75777 None None] Lock "00000000-0000-0000-0000-000000000000" "released" by "nova.context.set_target_cell..get_or_set_cached_cell_and_set_connections" :: held 0.001s {{(pid=95514) inner /opt/stack/data/venv/lib/python3.12/site-packages/oslo_concurrency/lockutils.py:543}}
Jun 22 12:54:08.666239 np0000003380 devstack@n-api-meta.service[95514]: DEBUG oslo_concurrency.lockutils [None req-c06cab3f-b48d-4392-bf91-8c7bcce75777 None None] Acquiring lock "de692dd7-59cc-4b4a-8bfc-ad28881886ea" by "nova.context.set_target_cell..get_or_set_cached_cell_and_set_connections" {{(pid=95514) inner /opt/stack/data/venv/lib/python3.12/site-packages/oslo_concurrency/lockutils.py:511}}
Jun 22 12:54:08.666239 np0000003380 devstack@n-api-meta.service[95514]: DEBUG oslo_concurrency.lockutils [None req-c06cab3f-b48d-4392-bf91-8c7bcce75777 None None] Lock "de692dd7-59cc-4b4a-8bfc-ad28881886ea" acquired by "nova.context.set_target_cell..get_or_set_cached_cell_and_set_connections" :: waited 0.000s {{(pid=95514) inner /opt/stack/data/venv/lib/python3.12/site-packages/oslo_concurrency/lockutils.py:524}}
Jun 22 12:54:08.667172 np0000003380 devstack@n-api-meta.service[95514]: DEBUG oslo_concurrency.lockutils [None req-c06cab3f-b48d-4392-bf91-8c7bcce75777 None None] Lock "de692dd7-59cc-4b4a-8bfc-ad28881886ea" "released" by "nova.context.set_target_cell..get_or_set_cached_cell_and_set_connections" :: held 0.001s {{(pid=95514) inner /opt/stack/data/venv/lib/python3.12/site-packages/oslo_concurrency/lockutils.py:543}}
Jun 22 12:54:08.669160 np0000003380 devstack@n-api-meta.service[95514]: INFO dbcounter [None req-c06cab3f-b48d-4392-bf91-8c7bcce75777 None None] Registered counter for database nova_cell0
Jun 22 12:54:08.671800 np0000003380 devstack@n-api-meta.service[95516]: INFO dbcounter [None req-960ce898-558f-4d60-b1d2-9e16da003a0f None None] Registered counter for database nova_api
Jun 22 12:54:08.673037 np0000003380 devstack@n-api-meta.service[95514]: INFO dbcounter [None req-c06cab3f-b48d-4392-bf91-8c7bcce75777 None None] Registered counter for database nova_cell1
Jun 22 12:54:08.678144 np0000003380 devstack@n-api-meta.service[95515]: DEBUG oslo_db.sqlalchemy.engines [None req-be413b48-a889-490c-b63a-886c241d1aeb None None] MySQL server mode set to STRICT_TRANS_TABLES,STRICT_ALL_TABLES,NO_ZERO_IN_DATE,NO_ZERO_DATE,ERROR_FOR_DIVISION_BY_ZERO,TRADITIONAL,NO_ENGINE_SUBSTITUTION {{(pid=95515) _check_effective_sql_mode /opt/stack/data/venv/lib/python3.12/site-packages/oslo_db/sqlalchemy/engines.py:325}}
Jun 22 12:54:08.689164 np0000003380 devstack@n-api-meta.service[95515]: DEBUG oslo_db.sqlalchemy.engines [None req-be413b48-a889-490c-b63a-886c241d1aeb None None] MySQL server mode set to STRICT_TRANS_TABLES,STRICT_ALL_TABLES,NO_ZERO_IN_DATE,NO_ZERO_DATE,ERROR_FOR_DIVISION_BY_ZERO,TRADITIONAL,NO_ENGINE_SUBSTITUTION {{(pid=95515) _check_effective_sql_mode /opt/stack/data/venv/lib/python3.12/site-packages/oslo_db/sqlalchemy/engines.py:325}}
Jun 22 12:54:08.690500 np0000003380 devstack@n-api-meta.service[95513]: DEBUG dbcounter [-] [95513] Writer thread running {{(pid=95513) stat_writer /opt/stack/data/venv/lib/python3.12/site-packages/dbcounter.py:102}}
Jun 22 12:54:08.692821 np0000003380 devstack@n-api-meta.service[95513]: DEBUG nova.context [None req-39c6cae1-3ff4-4389-9c56-e7a0936b765d None None] Found 2 cells: 00000000-0000-0000-0000-000000000000(cell0),de692dd7-59cc-4b4a-8bfc-ad28881886ea(cell1) {{(pid=95513) load_cells /opt/stack/nova/nova/context.py:509}}
Jun 22 12:54:08.693066 np0000003380 devstack@n-api-meta.service[95513]: INFO nova.utils [None req-39c6cae1-3ff4-4389-9c56-e7a0936b765d None None] The cell worker thread pool MainProcess.cell_worker is initialized
Jun 22 12:54:08.695083 np0000003380 devstack@n-api-meta.service[95513]: DEBUG oslo_concurrency.lockutils [None req-39c6cae1-3ff4-4389-9c56-e7a0936b765d None None] Acquiring lock "00000000-0000-0000-0000-000000000000" by "nova.context.set_target_cell..get_or_set_cached_cell_and_set_connections" {{(pid=95513) inner /opt/stack/data/venv/lib/python3.12/site-packages/oslo_concurrency/lockutils.py:511}}
Jun 22 12:54:08.695290 np0000003380 devstack@n-api-meta.service[95513]: DEBUG oslo_concurrency.lockutils [None req-39c6cae1-3ff4-4389-9c56-e7a0936b765d None None] Lock "00000000-0000-0000-0000-000000000000" acquired by "nova.context.set_target_cell..get_or_set_cached_cell_and_set_connections" :: waited 0.000s {{(pid=95513) inner /opt/stack/data/venv/lib/python3.12/site-packages/oslo_concurrency/lockutils.py:524}}
Jun 22 12:54:08.695703 np0000003380 devstack@n-api-meta.service[95513]: DEBUG oslo_concurrency.lockutils [None req-39c6cae1-3ff4-4389-9c56-e7a0936b765d None None] Lock "00000000-0000-0000-0000-000000000000" "released" by "nova.context.set_target_cell..get_or_set_cached_cell_and_set_connections" :: held 0.000s {{(pid=95513) inner /opt/stack/data/venv/lib/python3.12/site-packages/oslo_concurrency/lockutils.py:543}}
Jun 22 12:54:08.696431 np0000003380 devstack@n-api-meta.service[95513]: DEBUG oslo_concurrency.lockutils [None req-39c6cae1-3ff4-4389-9c56-e7a0936b765d None None] Acquiring lock "de692dd7-59cc-4b4a-8bfc-ad28881886ea" by "nova.context.set_target_cell..get_or_set_cached_cell_and_set_connections" {{(pid=95513) inner /opt/stack/data/venv/lib/python3.12/site-packages/oslo_concurrency/lockutils.py:511}}
Jun 22 12:54:08.696624 np0000003380 devstack@n-api-meta.service[95513]: DEBUG oslo_concurrency.lockutils [None req-39c6cae1-3ff4-4389-9c56-e7a0936b765d None None] Lock "de692dd7-59cc-4b4a-8bfc-ad28881886ea" acquired by "nova.context.set_target_cell..get_or_set_cached_cell_and_set_connections" :: waited 0.000s {{(pid=95513) inner /opt/stack/data/venv/lib/python3.12/site-packages/oslo_concurrency/lockutils.py:524}}
Jun 22 12:54:08.697519 np0000003380 devstack@n-api-meta.service[95513]: DEBUG oslo_concurrency.lockutils [None req-39c6cae1-3ff4-4389-9c56-e7a0936b765d None None] Lock "de692dd7-59cc-4b4a-8bfc-ad28881886ea" "released" by "nova.context.set_target_cell..get_or_set_cached_cell_and_set_connections" :: held 0.001s {{(pid=95513) inner /opt/stack/data/venv/lib/python3.12/site-packages/oslo_concurrency/lockutils.py:543}}
Jun 22 12:54:08.699299 np0000003380 devstack@n-api-meta.service[95513]: INFO dbcounter [None req-39c6cae1-3ff4-4389-9c56-e7a0936b765d None None] Registered counter for database nova_cell0
Jun 22 12:54:08.701635 np0000003380 devstack@n-api-meta.service[95513]: INFO dbcounter [None req-39c6cae1-3ff4-4389-9c56-e7a0936b765d None None] Registered counter for database nova_cell1
Jun 22 12:54:08.718830 np0000003380 devstack@n-api-meta.service[95516]: DEBUG oslo_db.sqlalchemy.engines [None req-960ce898-558f-4d60-b1d2-9e16da003a0f None None] MySQL server mode set to STRICT_TRANS_TABLES,STRICT_ALL_TABLES,NO_ZERO_IN_DATE,NO_ZERO_DATE,ERROR_FOR_DIVISION_BY_ZERO,TRADITIONAL,NO_ENGINE_SUBSTITUTION {{(pid=95516) _check_effective_sql_mode /opt/stack/data/venv/lib/python3.12/site-packages/oslo_db/sqlalchemy/engines.py:325}}
Jun 22 12:54:08.721725 np0000003380 devstack@n-api-meta.service[95514]: DEBUG oslo_db.sqlalchemy.engines [None req-c06cab3f-b48d-4392-bf91-8c7bcce75777 None None] MySQL server mode set to STRICT_TRANS_TABLES,STRICT_ALL_TABLES,NO_ZERO_IN_DATE,NO_ZERO_DATE,ERROR_FOR_DIVISION_BY_ZERO,TRADITIONAL,NO_ENGINE_SUBSTITUTION {{(pid=95514) _check_effective_sql_mode /opt/stack/data/venv/lib/python3.12/site-packages/oslo_db/sqlalchemy/engines.py:325}}
Jun 22 12:54:08.741217 np0000003380 devstack@n-api-meta.service[95513]: DEBUG oslo_db.sqlalchemy.engines [None req-39c6cae1-3ff4-4389-9c56-e7a0936b765d None None] MySQL server mode set to STRICT_TRANS_TABLES,STRICT_ALL_TABLES,NO_ZERO_IN_DATE,NO_ZERO_DATE,ERROR_FOR_DIVISION_BY_ZERO,TRADITIONAL,NO_ENGINE_SUBSTITUTION {{(pid=95513) _check_effective_sql_mode /opt/stack/data/venv/lib/python3.12/site-packages/oslo_db/sqlalchemy/engines.py:325}}
Jun 22 12:54:08.752259 np0000003380 devstack@n-api-meta.service[95516]: DEBUG dbcounter [-] [95516] Writer thread running {{(pid=95516) stat_writer /opt/stack/data/venv/lib/python3.12/site-packages/dbcounter.py:102}}
Jun 22 12:54:08.755133 np0000003380 devstack@n-api-meta.service[95516]: DEBUG nova.context [None req-960ce898-558f-4d60-b1d2-9e16da003a0f None None] Found 2 cells: 00000000-0000-0000-0000-000000000000(cell0),de692dd7-59cc-4b4a-8bfc-ad28881886ea(cell1) {{(pid=95516) load_cells /opt/stack/nova/nova/context.py:509}}
Jun 22 12:54:08.755367 np0000003380 devstack@n-api-meta.service[95516]: INFO nova.utils [None req-960ce898-558f-4d60-b1d2-9e16da003a0f None None] The cell worker thread pool MainProcess.cell_worker is initialized
Jun 22 12:54:08.757054 np0000003380 devstack@n-api-meta.service[95516]: DEBUG oslo_concurrency.lockutils [None req-960ce898-558f-4d60-b1d2-9e16da003a0f None None] Acquiring lock "00000000-0000-0000-0000-000000000000" by "nova.context.set_target_cell..get_or_set_cached_cell_and_set_connections" {{(pid=95516) inner /opt/stack/data/venv/lib/python3.12/site-packages/oslo_concurrency/lockutils.py:511}}
Jun 22 12:54:08.757220 np0000003380 devstack@n-api-meta.service[95516]: DEBUG oslo_concurrency.lockutils [None req-960ce898-558f-4d60-b1d2-9e16da003a0f None None] Lock "00000000-0000-0000-0000-000000000000" acquired by "nova.context.set_target_cell..get_or_set_cached_cell_and_set_connections" :: waited 0.000s {{(pid=95516) inner /opt/stack/data/venv/lib/python3.12/site-packages/oslo_concurrency/lockutils.py:524}}
Jun 22 12:54:08.757605 np0000003380 devstack@n-api-meta.service[95516]: DEBUG oslo_concurrency.lockutils [None req-960ce898-558f-4d60-b1d2-9e16da003a0f None None] Lock "00000000-0000-0000-0000-000000000000" "released" by "nova.context.set_target_cell..get_or_set_cached_cell_and_set_connections" :: held 0.000s {{(pid=95516) inner /opt/stack/data/venv/lib/python3.12/site-packages/oslo_concurrency/lockutils.py:543}}
Jun 22 12:54:08.758339 np0000003380 devstack@n-api-meta.service[95516]: DEBUG oslo_concurrency.lockutils [None req-960ce898-558f-4d60-b1d2-9e16da003a0f None None] Acquiring lock "de692dd7-59cc-4b4a-8bfc-ad28881886ea" by "nova.context.set_target_cell..get_or_set_cached_cell_and_set_connections" {{(pid=95516) inner /opt/stack/data/venv/lib/python3.12/site-packages/oslo_concurrency/lockutils.py:511}}
Jun 22 12:54:08.758402 np0000003380 devstack@n-api-meta.service[95516]: DEBUG oslo_concurrency.lockutils [None req-960ce898-558f-4d60-b1d2-9e16da003a0f None None] Lock "de692dd7-59cc-4b4a-8bfc-ad28881886ea" acquired by "nova.context.set_target_cell..get_or_set_cached_cell_and_set_connections" :: waited 0.000s {{(pid=95516) inner /opt/stack/data/venv/lib/python3.12/site-packages/oslo_concurrency/lockutils.py:524}}
Jun 22 12:54:08.759123 np0000003380 devstack@n-api-meta.service[95516]: DEBUG oslo_concurrency.lockutils [None req-960ce898-558f-4d60-b1d2-9e16da003a0f None None] Lock "de692dd7-59cc-4b4a-8bfc-ad28881886ea" "released" by "nova.context.set_target_cell..get_or_set_cached_cell_and_set_connections" :: held 0.001s {{(pid=95516) inner /opt/stack/data/venv/lib/python3.12/site-packages/oslo_concurrency/lockutils.py:543}}
Jun 22 12:54:08.760897 np0000003380 devstack@n-api-meta.service[95516]: INFO dbcounter [None req-960ce898-558f-4d60-b1d2-9e16da003a0f None None] Registered counter for database nova_cell0
Jun 22 12:54:08.764644 np0000003380 devstack@n-api-meta.service[95516]: INFO dbcounter [None req-960ce898-558f-4d60-b1d2-9e16da003a0f None None] Registered counter for database nova_cell1
Jun 22 12:54:08.784204 np0000003380 devstack@n-api-meta.service[95515]: DEBUG dbcounter [-] [95515] Writer thread running {{(pid=95515) stat_writer /opt/stack/data/venv/lib/python3.12/site-packages/dbcounter.py:102}}
Jun 22 12:54:08.787876 np0000003380 devstack@n-api-meta.service[95515]: DEBUG dbcounter [-] [95515] Writer thread running {{(pid=95515) stat_writer /opt/stack/data/venv/lib/python3.12/site-packages/dbcounter.py:102}}
Jun 22 12:54:08.790790 np0000003380 devstack@n-api-meta.service[95515]: INFO dbcounter [None req-be413b48-a889-490c-b63a-886c241d1aeb None None] Registered counter for database nova_cell0
Jun 22 12:54:08.814169 np0000003380 devstack@n-api-meta.service[95514]: DEBUG dbcounter [-] [95514] Writer thread running {{(pid=95514) stat_writer /opt/stack/data/venv/lib/python3.12/site-packages/dbcounter.py:102}}
Jun 22 12:54:08.817963 np0000003380 devstack@n-api-meta.service[95513]: DEBUG oslo_db.sqlalchemy.engines [None req-39c6cae1-3ff4-4389-9c56-e7a0936b765d None None] MySQL server mode set to STRICT_TRANS_TABLES,STRICT_ALL_TABLES,NO_ZERO_IN_DATE,NO_ZERO_DATE,ERROR_FOR_DIVISION_BY_ZERO,TRADITIONAL,NO_ENGINE_SUBSTITUTION {{(pid=95513) _check_effective_sql_mode /opt/stack/data/venv/lib/python3.12/site-packages/oslo_db/sqlalchemy/engines.py:325}}
Jun 22 12:54:08.822834 np0000003380 devstack@n-api-meta.service[95516]: DEBUG oslo_db.sqlalchemy.engines [None req-960ce898-558f-4d60-b1d2-9e16da003a0f None None] MySQL server mode set to STRICT_TRANS_TABLES,STRICT_ALL_TABLES,NO_ZERO_IN_DATE,NO_ZERO_DATE,ERROR_FOR_DIVISION_BY_ZERO,TRADITIONAL,NO_ENGINE_SUBSTITUTION {{(pid=95516) _check_effective_sql_mode /opt/stack/data/venv/lib/python3.12/site-packages/oslo_db/sqlalchemy/engines.py:325}}
Jun 22 12:54:08.824493 np0000003380 devstack@n-api-meta.service[95514]: DEBUG oslo_db.sqlalchemy.engines [None req-c06cab3f-b48d-4392-bf91-8c7bcce75777 None None] MySQL server mode set to STRICT_TRANS_TABLES,STRICT_ALL_TABLES,NO_ZERO_IN_DATE,NO_ZERO_DATE,ERROR_FOR_DIVISION_BY_ZERO,TRADITIONAL,NO_ENGINE_SUBSTITUTION {{(pid=95514) _check_effective_sql_mode /opt/stack/data/venv/lib/python3.12/site-packages/oslo_db/sqlalchemy/engines.py:325}}
Jun 22 12:54:08.828932 np0000003380 devstack@n-api-meta.service[95516]: DEBUG oslo_db.sqlalchemy.engines [None req-960ce898-558f-4d60-b1d2-9e16da003a0f None None] MySQL server mode set to STRICT_TRANS_TABLES,STRICT_ALL_TABLES,NO_ZERO_IN_DATE,NO_ZERO_DATE,ERROR_FOR_DIVISION_BY_ZERO,TRADITIONAL,NO_ENGINE_SUBSTITUTION {{(pid=95516) _check_effective_sql_mode /opt/stack/data/venv/lib/python3.12/site-packages/oslo_db/sqlalchemy/engines.py:325}}
Jun 22 12:54:08.830274 np0000003380 devstack@n-api-meta.service[95513]: DEBUG dbcounter [-] [95513] Writer thread running {{(pid=95513) stat_writer /opt/stack/data/venv/lib/python3.12/site-packages/dbcounter.py:102}}
Jun 22 12:54:08.830742 np0000003380 devstack@n-api-meta.service[95515]: DEBUG oslo_db.sqlalchemy.engines [None req-be413b48-a889-490c-b63a-886c241d1aeb None None] MySQL server mode set to STRICT_TRANS_TABLES,STRICT_ALL_TABLES,NO_ZERO_IN_DATE,NO_ZERO_DATE,ERROR_FOR_DIVISION_BY_ZERO,TRADITIONAL,NO_ENGINE_SUBSTITUTION {{(pid=95515) _check_effective_sql_mode /opt/stack/data/venv/lib/python3.12/site-packages/oslo_db/sqlalchemy/engines.py:325}}
Jun 22 12:54:08.830815 np0000003380 devstack@n-api-meta.service[95514]: DEBUG dbcounter [-] [95514] Writer thread running {{(pid=95514) stat_writer /opt/stack/data/venv/lib/python3.12/site-packages/dbcounter.py:102}}
Jun 22 12:54:08.835352 np0000003380 devstack@n-api-meta.service[95514]: INFO dbcounter [None req-c06cab3f-b48d-4392-bf91-8c7bcce75777 None None] Registered counter for database nova_cell0
Jun 22 12:54:08.836382 np0000003380 devstack@n-api-meta.service[95515]: DEBUG dbcounter [-] [95515] Writer thread running {{(pid=95515) stat_writer /opt/stack/data/venv/lib/python3.12/site-packages/dbcounter.py:102}}
Jun 22 12:54:08.837594 np0000003380 devstack@n-api-meta.service[95513]: DEBUG dbcounter [-] [95513] Writer thread running {{(pid=95513) stat_writer /opt/stack/data/venv/lib/python3.12/site-packages/dbcounter.py:102}}
Jun 22 12:54:08.840180 np0000003380 devstack@n-api-meta.service[95513]: INFO dbcounter [None req-39c6cae1-3ff4-4389-9c56-e7a0936b765d None None] Registered counter for database nova_cell0
Jun 22 12:54:08.874274 np0000003380 devstack@n-api-meta.service[95513]: DEBUG oslo_db.sqlalchemy.engines [None req-39c6cae1-3ff4-4389-9c56-e7a0936b765d None None] MySQL server mode set to STRICT_TRANS_TABLES,STRICT_ALL_TABLES,NO_ZERO_IN_DATE,NO_ZERO_DATE,ERROR_FOR_DIVISION_BY_ZERO,TRADITIONAL,NO_ENGINE_SUBSTITUTION {{(pid=95513) _check_effective_sql_mode /opt/stack/data/venv/lib/python3.12/site-packages/oslo_db/sqlalchemy/engines.py:325}}
Jun 22 12:54:08.876880 np0000003380 devstack@n-api-meta.service[95515]: WARNING nova.api.metadata.handler [None req-be413b48-a889-490c-b63a-886c241d1aeb None None] metadata_proxy_shared_secret is not configured, the metadata information returned by the proxy cannot be trusted
Jun 22 12:54:08.879135 np0000003380 devstack@n-api-meta.service[95515]: DEBUG nova.api.openstack.wsgi_app [None req-be413b48-a889-490c-b63a-886c241d1aeb None None] ******************************************************************************** {{(pid=95515) log_opt_values /opt/stack/data/venv/lib/python3.12/site-packages/oslo_config/cfg.py:3226}}
Jun 22 12:54:08.879257 np0000003380 devstack@n-api-meta.service[95515]: DEBUG nova.api.openstack.wsgi_app [None req-be413b48-a889-490c-b63a-886c241d1aeb None None] Configuration options gathered from: {{(pid=95515) log_opt_values /opt/stack/data/venv/lib/python3.12/site-packages/oslo_config/cfg.py:3227}}
Jun 22 12:54:08.879396 np0000003380 devstack@n-api-meta.service[95515]: DEBUG nova.api.openstack.wsgi_app [None req-be413b48-a889-490c-b63a-886c241d1aeb None None] command line args: [] {{(pid=95515) log_opt_values /opt/stack/data/venv/lib/python3.12/site-packages/oslo_config/cfg.py:3228}}
Jun 22 12:54:08.879542 np0000003380 devstack@n-api-meta.service[95515]: DEBUG nova.api.openstack.wsgi_app [None req-be413b48-a889-490c-b63a-886c241d1aeb None None] config files: ['/etc/nova/api-paste.ini', '/etc/nova/nova.conf'] {{(pid=95515) log_opt_values /opt/stack/data/venv/lib/python3.12/site-packages/oslo_config/cfg.py:3229}}
Jun 22 12:54:08.879633 np0000003380 devstack@n-api-meta.service[95515]: DEBUG nova.api.openstack.wsgi_app [None req-be413b48-a889-490c-b63a-886c241d1aeb None None] ================================================================================ {{(pid=95515) log_opt_values /opt/stack/data/venv/lib/python3.12/site-packages/oslo_config/cfg.py:3234}}
Jun 22 12:54:08.879821 np0000003380 devstack@n-api-meta.service[95515]: DEBUG nova.api.openstack.wsgi_app [None req-be413b48-a889-490c-b63a-886c241d1aeb None None] allow_resize_to_same_host = True {{(pid=95515) log_opt_values /opt/stack/data/venv/lib/python3.12/site-packages/oslo_config/cfg.py:3242}}
Jun 22 12:54:08.880018 np0000003380 devstack@n-api-meta.service[95515]: DEBUG nova.api.openstack.wsgi_app [None req-be413b48-a889-490c-b63a-886c241d1aeb None None] arq_binding_timeout = 300 {{(pid=95515) log_opt_values /opt/stack/data/venv/lib/python3.12/site-packages/oslo_config/cfg.py:3242}}
Jun 22 12:54:08.880144 np0000003380 devstack@n-api-meta.service[95515]: DEBUG nova.api.openstack.wsgi_app [None req-be413b48-a889-490c-b63a-886c241d1aeb None None] block_device_allocate_retries = 60 {{(pid=95515) log_opt_values /opt/stack/data/venv/lib/python3.12/site-packages/oslo_config/cfg.py:3242}}
Jun 22 12:54:08.880286 np0000003380 devstack@n-api-meta.service[95515]: DEBUG nova.api.openstack.wsgi_app [None req-be413b48-a889-490c-b63a-886c241d1aeb None None] block_device_allocate_retries_interval = 3 {{(pid=95515) log_opt_values /opt/stack/data/venv/lib/python3.12/site-packages/oslo_config/cfg.py:3242}}
Jun 22 12:54:08.880343 np0000003380 devstack@n-api-meta.service[95513]: DEBUG dbcounter [-] [95513] Writer thread running {{(pid=95513) stat_writer /opt/stack/data/venv/lib/python3.12/site-packages/dbcounter.py:102}}
Jun 22 12:54:08.880706 np0000003380 devstack@n-api-meta.service[95515]: DEBUG nova.api.openstack.wsgi_app [None req-be413b48-a889-490c-b63a-886c241d1aeb None None] cell_worker_thread_pool_size = 5 {{(pid=95515) log_opt_values /opt/stack/data/venv/lib/python3.12/site-packages/oslo_config/cfg.py:3242}}
Jun 22 12:54:08.880706 np0000003380 devstack@n-api-meta.service[95515]: DEBUG nova.api.openstack.wsgi_app [None req-be413b48-a889-490c-b63a-886c241d1aeb None None] cert = self.pem {{(pid=95515) log_opt_values /opt/stack/data/venv/lib/python3.12/site-packages/oslo_config/cfg.py:3242}}
Jun 22 12:54:08.880706 np0000003380 devstack@n-api-meta.service[95515]: DEBUG nova.api.openstack.wsgi_app [None req-be413b48-a889-490c-b63a-886c241d1aeb None None] compute_driver = libvirt.LibvirtDriver {{(pid=95515) log_opt_values /opt/stack/data/venv/lib/python3.12/site-packages/oslo_config/cfg.py:3242}}
Jun 22 12:54:08.880876 np0000003380 devstack@n-api-meta.service[95515]: DEBUG nova.api.openstack.wsgi_app [None req-be413b48-a889-490c-b63a-886c241d1aeb None None] compute_monitors = [] {{(pid=95515) log_opt_values /opt/stack/data/venv/lib/python3.12/site-packages/oslo_config/cfg.py:3242}}
Jun 22 12:54:08.881011 np0000003380 devstack@n-api-meta.service[95515]: DEBUG nova.api.openstack.wsgi_app [None req-be413b48-a889-490c-b63a-886c241d1aeb None None] config_dir = [] {{(pid=95515) log_opt_values /opt/stack/data/venv/lib/python3.12/site-packages/oslo_config/cfg.py:3242}}
Jun 22 12:54:08.881055 np0000003380 devstack@n-api-meta.service[95514]: DEBUG oslo_db.sqlalchemy.engines [None req-c06cab3f-b48d-4392-bf91-8c7bcce75777 None None] MySQL server mode set to STRICT_TRANS_TABLES,STRICT_ALL_TABLES,NO_ZERO_IN_DATE,NO_ZERO_DATE,ERROR_FOR_DIVISION_BY_ZERO,TRADITIONAL,NO_ENGINE_SUBSTITUTION {{(pid=95514) _check_effective_sql_mode /opt/stack/data/venv/lib/python3.12/site-packages/oslo_db/sqlalchemy/engines.py:325}}
Jun 22 12:54:08.881141 np0000003380 devstack@n-api-meta.service[95515]: DEBUG nova.api.openstack.wsgi_app [None req-be413b48-a889-490c-b63a-886c241d1aeb None None] config_drive_format = iso9660 {{(pid=95515) log_opt_values /opt/stack/data/venv/lib/python3.12/site-packages/oslo_config/cfg.py:3242}}
Jun 22 12:54:08.881234 np0000003380 devstack@n-api-meta.service[95515]: DEBUG nova.api.openstack.wsgi_app [None req-be413b48-a889-490c-b63a-886c241d1aeb None None] config_file = ['/etc/nova/api-paste.ini', '/etc/nova/nova.conf'] {{(pid=95515) log_opt_values /opt/stack/data/venv/lib/python3.12/site-packages/oslo_config/cfg.py:3242}}
Jun 22 12:54:08.881368 np0000003380 devstack@n-api-meta.service[95515]: DEBUG nova.api.openstack.wsgi_app [None req-be413b48-a889-490c-b63a-886c241d1aeb None None] config_source = [] {{(pid=95515) log_opt_values /opt/stack/data/venv/lib/python3.12/site-packages/oslo_config/cfg.py:3242}}
Jun 22 12:54:08.881490 np0000003380 devstack@n-api-meta.service[95515]: DEBUG nova.api.openstack.wsgi_app [None req-be413b48-a889-490c-b63a-886c241d1aeb None None] console_host = np0000003380 {{(pid=95515) log_opt_values /opt/stack/data/venv/lib/python3.12/site-packages/oslo_config/cfg.py:3242}}
Jun 22 12:54:08.881616 np0000003380 devstack@n-api-meta.service[95515]: DEBUG nova.api.openstack.wsgi_app [None req-be413b48-a889-490c-b63a-886c241d1aeb None None] control_exchange = nova {{(pid=95515) log_opt_values /opt/stack/data/venv/lib/python3.12/site-packages/oslo_config/cfg.py:3242}}
Jun 22 12:54:08.881755 np0000003380 devstack@n-api-meta.service[95515]: DEBUG nova.api.openstack.wsgi_app [None req-be413b48-a889-490c-b63a-886c241d1aeb None None] cpu_allocation_ratio = None {{(pid=95515) log_opt_values /opt/stack/data/venv/lib/python3.12/site-packages/oslo_config/cfg.py:3242}}
Jun 22 12:54:08.881858 np0000003380 devstack@n-api-meta.service[95515]: DEBUG nova.api.openstack.wsgi_app [None req-be413b48-a889-490c-b63a-886c241d1aeb None None] daemon = False {{(pid=95515) log_opt_values /opt/stack/data/venv/lib/python3.12/site-packages/oslo_config/cfg.py:3242}}
Jun 22 12:54:08.881975 np0000003380 devstack@n-api-meta.service[95515]: DEBUG nova.api.openstack.wsgi_app [None req-be413b48-a889-490c-b63a-886c241d1aeb None None] debug = True {{(pid=95515) log_opt_values /opt/stack/data/venv/lib/python3.12/site-packages/oslo_config/cfg.py:3242}}
Jun 22 12:54:08.882104 np0000003380 devstack@n-api-meta.service[95515]: DEBUG nova.api.openstack.wsgi_app [None req-be413b48-a889-490c-b63a-886c241d1aeb None None] default_access_ip_network_name = None {{(pid=95515) log_opt_values /opt/stack/data/venv/lib/python3.12/site-packages/oslo_config/cfg.py:3242}}
Jun 22 12:54:08.882221 np0000003380 devstack@n-api-meta.service[95515]: DEBUG nova.api.openstack.wsgi_app [None req-be413b48-a889-490c-b63a-886c241d1aeb None None] default_availability_zone = nova {{(pid=95515) log_opt_values /opt/stack/data/venv/lib/python3.12/site-packages/oslo_config/cfg.py:3242}}
Jun 22 12:54:08.882449 np0000003380 devstack@n-api-meta.service[95515]: DEBUG nova.api.openstack.wsgi_app [None req-be413b48-a889-490c-b63a-886c241d1aeb None None] default_ephemeral_format = ext4 {{(pid=95515) log_opt_values /opt/stack/data/venv/lib/python3.12/site-packages/oslo_config/cfg.py:3242}}
Jun 22 12:54:08.882587 np0000003380 devstack@n-api-meta.service[95515]: DEBUG nova.api.openstack.wsgi_app [None req-be413b48-a889-490c-b63a-886c241d1aeb None None] default_green_pool_size = 1000 {{(pid=95515) log_opt_values /opt/stack/data/venv/lib/python3.12/site-packages/oslo_config/cfg.py:3242}}
Jun 22 12:54:08.882800 np0000003380 devstack@n-api-meta.service[95515]: DEBUG nova.api.openstack.wsgi_app [None req-be413b48-a889-490c-b63a-886c241d1aeb None None] default_log_levels = ['amqp=WARN', 'boto=WARN', 'sqlalchemy=WARN', 'suds=INFO', 'oslo.messaging=INFO', 'oslo_messaging=INFO', 'iso8601=WARN', 'requests.packages.urllib3.connectionpool=WARN', 'urllib3.connectionpool=WARN', 'websocket=WARN', 'requests.packages.urllib3.util.retry=WARN', 'urllib3.util.retry=WARN', 'keystonemiddleware=WARN', 'routes.middleware=WARN', 'stevedore=WARN', 'taskflow=WARN', 'keystoneauth=WARN', 'oslo.cache=INFO', 'oslo_policy=INFO', 'dogpile.core.dogpile=INFO', 'glanceclient=WARN', 'oslo.privsep.daemon=INFO'] {{(pid=95515) log_opt_values /opt/stack/data/venv/lib/python3.12/site-packages/oslo_config/cfg.py:3242}}
Jun 22 12:54:08.882933 np0000003380 devstack@n-api-meta.service[95515]: DEBUG nova.api.openstack.wsgi_app [None req-be413b48-a889-490c-b63a-886c241d1aeb None None] default_schedule_zone = None {{(pid=95515) log_opt_values /opt/stack/data/venv/lib/python3.12/site-packages/oslo_config/cfg.py:3242}}
Jun 22 12:54:08.883069 np0000003380 devstack@n-api-meta.service[95515]: DEBUG nova.api.openstack.wsgi_app [None req-be413b48-a889-490c-b63a-886c241d1aeb None None] default_thread_pool_size = 10 {{(pid=95515) log_opt_values /opt/stack/data/venv/lib/python3.12/site-packages/oslo_config/cfg.py:3242}}
Jun 22 12:54:08.883189 np0000003380 devstack@n-api-meta.service[95515]: DEBUG nova.api.openstack.wsgi_app [None req-be413b48-a889-490c-b63a-886c241d1aeb None None] disk_allocation_ratio = None {{(pid=95515) log_opt_values /opt/stack/data/venv/lib/python3.12/site-packages/oslo_config/cfg.py:3242}}
Jun 22 12:54:08.883302 np0000003380 devstack@n-api-meta.service[95515]: DEBUG nova.api.openstack.wsgi_app [None req-be413b48-a889-490c-b63a-886c241d1aeb None None] enable_new_services = True {{(pid=95515) log_opt_values /opt/stack/data/venv/lib/python3.12/site-packages/oslo_config/cfg.py:3242}}
Jun 22 12:54:08.883480 np0000003380 devstack@n-api-meta.service[95515]: DEBUG nova.api.openstack.wsgi_app [None req-be413b48-a889-490c-b63a-886c241d1aeb None None] flat_injected = False {{(pid=95515) log_opt_values /opt/stack/data/venv/lib/python3.12/site-packages/oslo_config/cfg.py:3242}}
Jun 22 12:54:08.883621 np0000003380 devstack@n-api-meta.service[95515]: DEBUG nova.api.openstack.wsgi_app [None req-be413b48-a889-490c-b63a-886c241d1aeb None None] force_config_drive = True {{(pid=95515) log_opt_values /opt/stack/data/venv/lib/python3.12/site-packages/oslo_config/cfg.py:3242}}
Jun 22 12:54:08.883735 np0000003380 devstack@n-api-meta.service[95515]: DEBUG nova.api.openstack.wsgi_app [None req-be413b48-a889-490c-b63a-886c241d1aeb None None] force_raw_images = True {{(pid=95515) log_opt_values /opt/stack/data/venv/lib/python3.12/site-packages/oslo_config/cfg.py:3242}}
Jun 22 12:54:08.883874 np0000003380 devstack@n-api-meta.service[95515]: DEBUG nova.api.openstack.wsgi_app [None req-be413b48-a889-490c-b63a-886c241d1aeb None None] graceful_shutdown_timeout = 5 {{(pid=95515) log_opt_values /opt/stack/data/venv/lib/python3.12/site-packages/oslo_config/cfg.py:3242}}
Jun 22 12:54:08.883994 np0000003380 devstack@n-api-meta.service[95515]: DEBUG nova.api.openstack.wsgi_app [None req-be413b48-a889-490c-b63a-886c241d1aeb None None] heal_instance_info_cache_interval = -1 {{(pid=95515) log_opt_values /opt/stack/data/venv/lib/python3.12/site-packages/oslo_config/cfg.py:3242}}
Jun 22 12:54:08.884184 np0000003380 devstack@n-api-meta.service[95515]: DEBUG nova.api.openstack.wsgi_app [None req-be413b48-a889-490c-b63a-886c241d1aeb None None] host = np0000003380 {{(pid=95515) log_opt_values /opt/stack/data/venv/lib/python3.12/site-packages/oslo_config/cfg.py:3242}}
Jun 22 12:54:08.884376 np0000003380 devstack@n-api-meta.service[95515]: DEBUG nova.api.openstack.wsgi_app [None req-be413b48-a889-490c-b63a-886c241d1aeb None None] initial_cpu_allocation_ratio = 4.0 {{(pid=95515) log_opt_values /opt/stack/data/venv/lib/python3.12/site-packages/oslo_config/cfg.py:3242}}
Jun 22 12:54:08.884498 np0000003380 devstack@n-api-meta.service[95515]: DEBUG nova.api.openstack.wsgi_app [None req-be413b48-a889-490c-b63a-886c241d1aeb None None] initial_disk_allocation_ratio = 1.0 {{(pid=95515) log_opt_values /opt/stack/data/venv/lib/python3.12/site-packages/oslo_config/cfg.py:3242}}
Jun 22 12:54:08.884643 np0000003380 devstack@n-api-meta.service[95515]: DEBUG nova.api.openstack.wsgi_app [None req-be413b48-a889-490c-b63a-886c241d1aeb None None] initial_ram_allocation_ratio = 1.0 {{(pid=95515) log_opt_values /opt/stack/data/venv/lib/python3.12/site-packages/oslo_config/cfg.py:3242}}
Jun 22 12:54:08.884836 np0000003380 devstack@n-api-meta.service[95515]: DEBUG nova.api.openstack.wsgi_app [None req-be413b48-a889-490c-b63a-886c241d1aeb None None] injected_network_template = /opt/stack/nova/nova/virt/interfaces.template {{(pid=95515) log_opt_values /opt/stack/data/venv/lib/python3.12/site-packages/oslo_config/cfg.py:3242}}
Jun 22 12:54:08.884980 np0000003380 devstack@n-api-meta.service[95515]: DEBUG nova.api.openstack.wsgi_app [None req-be413b48-a889-490c-b63a-886c241d1aeb None None] instance_build_timeout = 0 {{(pid=95515) log_opt_values /opt/stack/data/venv/lib/python3.12/site-packages/oslo_config/cfg.py:3242}}
Jun 22 12:54:08.885132 np0000003380 devstack@n-api-meta.service[95515]: DEBUG nova.api.openstack.wsgi_app [None req-be413b48-a889-490c-b63a-886c241d1aeb None None] instance_delete_interval = 300 {{(pid=95515) log_opt_values /opt/stack/data/venv/lib/python3.12/site-packages/oslo_config/cfg.py:3242}}
Jun 22 12:54:08.885256 np0000003380 devstack@n-api-meta.service[95515]: DEBUG nova.api.openstack.wsgi_app [None req-be413b48-a889-490c-b63a-886c241d1aeb None None] instance_format = [instance: %(uuid)s] {{(pid=95515) log_opt_values /opt/stack/data/venv/lib/python3.12/site-packages/oslo_config/cfg.py:3242}}
Jun 22 12:54:08.885445 np0000003380 devstack@n-api-meta.service[95515]: DEBUG nova.api.openstack.wsgi_app [None req-be413b48-a889-490c-b63a-886c241d1aeb None None] instance_name_template = instance-%08x {{(pid=95515) log_opt_values /opt/stack/data/venv/lib/python3.12/site-packages/oslo_config/cfg.py:3242}}
Jun 22 12:54:08.885618 np0000003380 devstack@n-api-meta.service[95515]: DEBUG nova.api.openstack.wsgi_app [None req-be413b48-a889-490c-b63a-886c241d1aeb None None] instance_usage_audit = False {{(pid=95515) log_opt_values /opt/stack/data/venv/lib/python3.12/site-packages/oslo_config/cfg.py:3242}}
Jun 22 12:54:08.885814 np0000003380 devstack@n-api-meta.service[95515]: DEBUG nova.api.openstack.wsgi_app [None req-be413b48-a889-490c-b63a-886c241d1aeb None None] instance_usage_audit_period = month {{(pid=95515) log_opt_values /opt/stack/data/venv/lib/python3.12/site-packages/oslo_config/cfg.py:3242}}
Jun 22 12:54:08.885985 np0000003380 devstack@n-api-meta.service[95515]: DEBUG nova.api.openstack.wsgi_app [None req-be413b48-a889-490c-b63a-886c241d1aeb None None] instance_uuid_format = [instance: %(uuid)s] {{(pid=95515) log_opt_values /opt/stack/data/venv/lib/python3.12/site-packages/oslo_config/cfg.py:3242}}
Jun 22 12:54:08.886164 np0000003380 devstack@n-api-meta.service[95515]: DEBUG nova.api.openstack.wsgi_app [None req-be413b48-a889-490c-b63a-886c241d1aeb None None] instances_path = /opt/stack/data/nova/instances {{(pid=95515) log_opt_values /opt/stack/data/venv/lib/python3.12/site-packages/oslo_config/cfg.py:3242}}
Jun 22 12:54:08.886341 np0000003380 devstack@n-api-meta.service[95515]: DEBUG nova.api.openstack.wsgi_app [None req-be413b48-a889-490c-b63a-886c241d1aeb None None] internal_service_availability_zone = internal {{(pid=95515) log_opt_values /opt/stack/data/venv/lib/python3.12/site-packages/oslo_config/cfg.py:3242}}
Jun 22 12:54:08.886489 np0000003380 devstack@n-api-meta.service[95515]: DEBUG nova.api.openstack.wsgi_app [None req-be413b48-a889-490c-b63a-886c241d1aeb None None] key = None {{(pid=95515) log_opt_values /opt/stack/data/venv/lib/python3.12/site-packages/oslo_config/cfg.py:3242}}
Jun 22 12:54:08.886659 np0000003380 devstack@n-api-meta.service[95515]: DEBUG nova.api.openstack.wsgi_app [None req-be413b48-a889-490c-b63a-886c241d1aeb None None] live_migration_retry_count = 30 {{(pid=95515) log_opt_values /opt/stack/data/venv/lib/python3.12/site-packages/oslo_config/cfg.py:3242}}
Jun 22 12:54:08.886837 np0000003380 devstack@n-api-meta.service[95515]: DEBUG nova.api.openstack.wsgi_app [None req-be413b48-a889-490c-b63a-886c241d1aeb None None] log_color = False {{(pid=95515) log_opt_values /opt/stack/data/venv/lib/python3.12/site-packages/oslo_config/cfg.py:3242}}
Jun 22 12:54:08.886911 np0000003380 devstack@n-api-meta.service[95514]: DEBUG dbcounter [-] [95514] Writer thread running {{(pid=95514) stat_writer /opt/stack/data/venv/lib/python3.12/site-packages/dbcounter.py:102}}
Jun 22 12:54:08.886971 np0000003380 devstack@n-api-meta.service[95515]: DEBUG nova.api.openstack.wsgi_app [None req-be413b48-a889-490c-b63a-886c241d1aeb None None] log_config_append = None {{(pid=95515) log_opt_values /opt/stack/data/venv/lib/python3.12/site-packages/oslo_config/cfg.py:3242}}
Jun 22 12:54:08.887112 np0000003380 devstack@n-api-meta.service[95515]: DEBUG nova.api.openstack.wsgi_app [None req-be413b48-a889-490c-b63a-886c241d1aeb None None] log_date_format = %Y-%m-%d %H:%M:%S {{(pid=95515) log_opt_values /opt/stack/data/venv/lib/python3.12/site-packages/oslo_config/cfg.py:3242}}
Jun 22 12:54:08.887244 np0000003380 devstack@n-api-meta.service[95515]: DEBUG nova.api.openstack.wsgi_app [None req-be413b48-a889-490c-b63a-886c241d1aeb None None] log_dir = None {{(pid=95515) log_opt_values /opt/stack/data/venv/lib/python3.12/site-packages/oslo_config/cfg.py:3242}}
Jun 22 12:54:08.887403 np0000003380 devstack@n-api-meta.service[95515]: DEBUG nova.api.openstack.wsgi_app [None req-be413b48-a889-490c-b63a-886c241d1aeb None None] log_file = None {{(pid=95515) log_opt_values /opt/stack/data/venv/lib/python3.12/site-packages/oslo_config/cfg.py:3242}}
Jun 22 12:54:08.887516 np0000003380 devstack@n-api-meta.service[95515]: DEBUG nova.api.openstack.wsgi_app [None req-be413b48-a889-490c-b63a-886c241d1aeb None None] log_options = True {{(pid=95515) log_opt_values /opt/stack/data/venv/lib/python3.12/site-packages/oslo_config/cfg.py:3242}}
Jun 22 12:54:08.887655 np0000003380 devstack@n-api-meta.service[95515]: DEBUG nova.api.openstack.wsgi_app [None req-be413b48-a889-490c-b63a-886c241d1aeb None None] log_rotate_interval = 1 {{(pid=95515) log_opt_values /opt/stack/data/venv/lib/python3.12/site-packages/oslo_config/cfg.py:3242}}
Jun 22 12:54:08.887867 np0000003380 devstack@n-api-meta.service[95515]: DEBUG nova.api.openstack.wsgi_app [None req-be413b48-a889-490c-b63a-886c241d1aeb None None] log_rotate_interval_type = days {{(pid=95515) log_opt_values /opt/stack/data/venv/lib/python3.12/site-packages/oslo_config/cfg.py:3242}}
Jun 22 12:54:08.888051 np0000003380 devstack@n-api-meta.service[95515]: DEBUG nova.api.openstack.wsgi_app [None req-be413b48-a889-490c-b63a-886c241d1aeb None None] log_rotation_type = none {{(pid=95515) log_opt_values /opt/stack/data/venv/lib/python3.12/site-packages/oslo_config/cfg.py:3242}}
Jun 22 12:54:08.888184 np0000003380 devstack@n-api-meta.service[95515]: DEBUG nova.api.openstack.wsgi_app [None req-be413b48-a889-490c-b63a-886c241d1aeb None None] logging_context_format_string = %(color)s%(levelname)s %(name)s [%(global_request_id)s %(request_id)s %(project_name)s %(user_name)s%(color)s] %(instance)s%(color)s%(message)s {{(pid=95515) log_opt_values /opt/stack/data/venv/lib/python3.12/site-packages/oslo_config/cfg.py:3242}}
Jun 22 12:54:08.888323 np0000003380 devstack@n-api-meta.service[95515]: DEBUG nova.api.openstack.wsgi_app [None req-be413b48-a889-490c-b63a-886c241d1aeb None None] logging_debug_format_suffix = {{(pid=%(process)d) %(funcName)s %(pathname)s:%(lineno)d}} {{(pid=95515) log_opt_values /opt/stack/data/venv/lib/python3.12/site-packages/oslo_config/cfg.py:3242}}
Jun 22 12:54:08.888499 np0000003380 devstack@n-api-meta.service[95515]: DEBUG nova.api.openstack.wsgi_app [None req-be413b48-a889-490c-b63a-886c241d1aeb None None] logging_default_format_string = %(color)s%(levelname)s %(name)s [-%(color)s] %(instance)s%(color)s%(message)s {{(pid=95515) log_opt_values /opt/stack/data/venv/lib/python3.12/site-packages/oslo_config/cfg.py:3242}}
Jun 22 12:54:08.888651 np0000003380 devstack@n-api-meta.service[95515]: DEBUG nova.api.openstack.wsgi_app [None req-be413b48-a889-490c-b63a-886c241d1aeb None None] logging_exception_prefix = ERROR %(name)s %(instance)s {{(pid=95515) log_opt_values /opt/stack/data/venv/lib/python3.12/site-packages/oslo_config/cfg.py:3242}}
Jun 22 12:54:08.888791 np0000003380 devstack@n-api-meta.service[95515]: DEBUG nova.api.openstack.wsgi_app [None req-be413b48-a889-490c-b63a-886c241d1aeb None None] logging_user_identity_format = %(user)s %(project)s %(domain)s %(system_scope)s %(user_domain)s %(project_domain)s {{(pid=95515) log_opt_values /opt/stack/data/venv/lib/python3.12/site-packages/oslo_config/cfg.py:3242}}
Jun 22 12:54:08.888922 np0000003380 devstack@n-api-meta.service[95515]: DEBUG nova.api.openstack.wsgi_app [None req-be413b48-a889-490c-b63a-886c241d1aeb None None] long_rpc_timeout = 1800 {{(pid=95515) log_opt_values /opt/stack/data/venv/lib/python3.12/site-packages/oslo_config/cfg.py:3242}}
