Jun 22 12:53:23.105072 np0000003380 devstack@n-api.service[86937]: DEBUG nova.api.openstack.wsgi_app [None req-b0996503-1cad-45fd-b3ed-4cf63953e096 None None] keystone_authtoken.service_type = None {{(pid=86937) log_opt_values /opt/stack/data/venv/lib/python3.12/site-packages/oslo_config/cfg.py:3253}}
Jun 22 12:53:23.105157 np0000003380 devstack@n-api.service[86936]: DEBUG nova.api.openstack.wsgi_app [None req-b8b41a60-95a2-4d16-b2c3-10e9b777a1f9 None None] privsep_osbrick.log_daemon_traceback = False {{(pid=86936) log_opt_values /opt/stack/data/venv/lib/python3.12/site-packages/oslo_config/cfg.py:3253}}
Jun 22 12:53:23.105243 np0000003380 devstack@n-api.service[86937]: DEBUG nova.api.openstack.wsgi_app [None req-b0996503-1cad-45fd-b3ed-4cf63953e096 None None] keystone_authtoken.system_scope = None {{(pid=86937) log_opt_values /opt/stack/data/venv/lib/python3.12/site-packages/oslo_config/cfg.py:3253}}
Jun 22 12:53:23.105287 np0000003380 devstack@n-api.service[86936]: DEBUG nova.api.openstack.wsgi_app [None req-b8b41a60-95a2-4d16-b2c3-10e9b777a1f9 None None] privsep_osbrick.logger_name = brick_privsep_hide_output {{(pid=86936) log_opt_values /opt/stack/data/venv/lib/python3.12/site-packages/oslo_config/cfg.py:3253}}
Jun 22 12:53:23.105423 np0000003380 devstack@n-api.service[86936]: DEBUG nova.api.openstack.wsgi_app [None req-b8b41a60-95a2-4d16-b2c3-10e9b777a1f9 None None] privsep_osbrick.thread_pool_size = 16 {{(pid=86936) log_opt_values /opt/stack/data/venv/lib/python3.12/site-packages/oslo_config/cfg.py:3253}}
Jun 22 12:53:23.105454 np0000003380 devstack@n-api.service[86937]: DEBUG nova.api.openstack.wsgi_app [None req-b0996503-1cad-45fd-b3ed-4cf63953e096 None None] keystone_authtoken.token_cache_time = 300 {{(pid=86937) log_opt_values /opt/stack/data/venv/lib/python3.12/site-packages/oslo_config/cfg.py:3253}}
Jun 22 12:53:23.105537 np0000003380 devstack@n-api.service[86936]: DEBUG nova.api.openstack.wsgi_app [None req-b8b41a60-95a2-4d16-b2c3-10e9b777a1f9 None None] privsep_osbrick.user = None {{(pid=86936) log_opt_values /opt/stack/data/venv/lib/python3.12/site-packages/oslo_config/cfg.py:3253}}
Jun 22 12:53:23.105625 np0000003380 devstack@n-api.service[86937]: DEBUG nova.api.openstack.wsgi_app [None req-b0996503-1cad-45fd-b3ed-4cf63953e096 None None] keystone_authtoken.trust_id = None {{(pid=86937) log_opt_values /opt/stack/data/venv/lib/python3.12/site-packages/oslo_config/cfg.py:3253}}
Jun 22 12:53:23.105693 np0000003380 devstack@n-api.service[86936]: DEBUG nova.api.openstack.wsgi_app [None req-b8b41a60-95a2-4d16-b2c3-10e9b777a1f9 None None] keystone_authtoken.auth_section = None {{(pid=86936) log_opt_values /opt/stack/data/venv/lib/python3.12/site-packages/oslo_config/cfg.py:3253}}
Jun 22 12:53:23.105748 np0000003380 devstack@n-api.service[86937]: DEBUG nova.api.openstack.wsgi_app [None req-b0996503-1cad-45fd-b3ed-4cf63953e096 None None] keystone_authtoken.user_domain_id = None {{(pid=86937) log_opt_values /opt/stack/data/venv/lib/python3.12/site-packages/oslo_config/cfg.py:3253}}
Jun 22 12:53:23.105836 np0000003380 devstack@n-api.service[86936]: DEBUG nova.api.openstack.wsgi_app [None req-b8b41a60-95a2-4d16-b2c3-10e9b777a1f9 None None] keystone_authtoken.auth_type = password {{(pid=86936) log_opt_values /opt/stack/data/venv/lib/python3.12/site-packages/oslo_config/cfg.py:3253}}
Jun 22 12:53:23.105892 np0000003380 devstack@n-api.service[86937]: DEBUG nova.api.openstack.wsgi_app [None req-b0996503-1cad-45fd-b3ed-4cf63953e096 None None] keystone_authtoken.user_domain_name = Default {{(pid=86937) log_opt_values /opt/stack/data/venv/lib/python3.12/site-packages/oslo_config/cfg.py:3253}}
Jun 22 12:53:23.105962 np0000003380 devstack@n-api.service[86936]: DEBUG nova.api.openstack.wsgi_app [None req-b8b41a60-95a2-4d16-b2c3-10e9b777a1f9 None None] keystone_authtoken.auth_url = https://10.4.3.162/identity {{(pid=86936) log_opt_values /opt/stack/data/venv/lib/python3.12/site-packages/oslo_config/cfg.py:3253}}
Jun 22 12:53:23.106009 np0000003380 devstack@n-api.service[86937]: DEBUG nova.api.openstack.wsgi_app [None req-b0996503-1cad-45fd-b3ed-4cf63953e096 None None] keystone_authtoken.user_id = None {{(pid=86937) log_opt_values /opt/stack/data/venv/lib/python3.12/site-packages/oslo_config/cfg.py:3253}}
Jun 22 12:53:23.106124 np0000003380 devstack@n-api.service[86936]: DEBUG nova.api.openstack.wsgi_app [None req-b8b41a60-95a2-4d16-b2c3-10e9b777a1f9 None None] keystone_authtoken.auth_version = None {{(pid=86936) log_opt_values /opt/stack/data/venv/lib/python3.12/site-packages/oslo_config/cfg.py:3253}}
Jun 22 12:53:23.106154 np0000003380 devstack@n-api.service[86937]: DEBUG nova.api.openstack.wsgi_app [None req-b0996503-1cad-45fd-b3ed-4cf63953e096 None None] keystone_authtoken.username = nova {{(pid=86937) log_opt_values /opt/stack/data/venv/lib/python3.12/site-packages/oslo_config/cfg.py:3253}}
Jun 22 12:53:23.106248 np0000003380 devstack@n-api.service[86937]: DEBUG nova.api.openstack.wsgi_app [None req-b0996503-1cad-45fd-b3ed-4cf63953e096 None None] keystone_authtoken.www_authenticate_uri = https://10.4.3.162/identity {{(pid=86937) log_opt_values /opt/stack/data/venv/lib/python3.12/site-packages/oslo_config/cfg.py:3253}}
Jun 22 12:53:23.106282 np0000003380 devstack@n-api.service[86936]: DEBUG nova.api.openstack.wsgi_app [None req-b8b41a60-95a2-4d16-b2c3-10e9b777a1f9 None None] keystone_authtoken.cache = None {{(pid=86936) log_opt_values /opt/stack/data/venv/lib/python3.12/site-packages/oslo_config/cfg.py:3253}}
Jun 22 12:53:23.106359 np0000003380 devstack@n-api.service[86937]: DEBUG nova.api.openstack.wsgi_app [None req-b0996503-1cad-45fd-b3ed-4cf63953e096 None None] ******************************************************************************** {{(pid=86937) log_opt_values /opt/stack/data/venv/lib/python3.12/site-packages/oslo_config/cfg.py:3260}}
Jun 22 12:53:23.106402 np0000003380 devstack@n-api.service[86936]: DEBUG nova.api.openstack.wsgi_app [None req-b8b41a60-95a2-4d16-b2c3-10e9b777a1f9 None None] keystone_authtoken.cafile = /opt/stack/data/ca-bundle.pem {{(pid=86936) log_opt_values /opt/stack/data/venv/lib/python3.12/site-packages/oslo_config/cfg.py:3253}}
Jun 22 12:53:23.106480 np0000003380 devstack@n-api.service[86937]: WSGI app 0 (mountpoint='') ready in 3 seconds on interpreter 0x79e4738a3668 pid: 86937 (default app)
Jun 22 12:53:23.106521 np0000003380 devstack@n-api.service[86936]: DEBUG nova.api.openstack.wsgi_app [None req-b8b41a60-95a2-4d16-b2c3-10e9b777a1f9 None None] keystone_authtoken.certfile = None {{(pid=86936) log_opt_values /opt/stack/data/venv/lib/python3.12/site-packages/oslo_config/cfg.py:3253}}
Jun 22 12:53:23.106627 np0000003380 devstack@n-api.service[86936]: DEBUG nova.api.openstack.wsgi_app [None req-b8b41a60-95a2-4d16-b2c3-10e9b777a1f9 None None] keystone_authtoken.default_domain_id = None {{(pid=86936) log_opt_values /opt/stack/data/venv/lib/python3.12/site-packages/oslo_config/cfg.py:3253}}
Jun 22 12:53:23.106739 np0000003380 devstack@n-api.service[86936]: DEBUG nova.api.openstack.wsgi_app [None req-b8b41a60-95a2-4d16-b2c3-10e9b777a1f9 None None] keystone_authtoken.default_domain_name = None {{(pid=86936) log_opt_values /opt/stack/data/venv/lib/python3.12/site-packages/oslo_config/cfg.py:3253}}
Jun 22 12:53:23.106870 np0000003380 devstack@n-api.service[86936]: DEBUG nova.api.openstack.wsgi_app [None req-b8b41a60-95a2-4d16-b2c3-10e9b777a1f9 None None] keystone_authtoken.delay_auth_decision = False {{(pid=86936) log_opt_values /opt/stack/data/venv/lib/python3.12/site-packages/oslo_config/cfg.py:3253}}
Jun 22 12:53:23.106995 np0000003380 devstack@n-api.service[86936]: DEBUG nova.api.openstack.wsgi_app [None req-b8b41a60-95a2-4d16-b2c3-10e9b777a1f9 None None] keystone_authtoken.domain_id = None {{(pid=86936) log_opt_values /opt/stack/data/venv/lib/python3.12/site-packages/oslo_config/cfg.py:3253}}
Jun 22 12:53:23.107131 np0000003380 devstack@n-api.service[86936]: DEBUG nova.api.openstack.wsgi_app [None req-b8b41a60-95a2-4d16-b2c3-10e9b777a1f9 None None] keystone_authtoken.domain_name = None {{(pid=86936) log_opt_values /opt/stack/data/venv/lib/python3.12/site-packages/oslo_config/cfg.py:3253}}
Jun 22 12:53:23.107273 np0000003380 devstack@n-api.service[86936]: DEBUG nova.api.openstack.wsgi_app [None req-b8b41a60-95a2-4d16-b2c3-10e9b777a1f9 None None] keystone_authtoken.enforce_token_bind = permissive {{(pid=86936) log_opt_values /opt/stack/data/venv/lib/python3.12/site-packages/oslo_config/cfg.py:3253}}
Jun 22 12:53:23.107416 np0000003380 devstack@n-api.service[86936]: DEBUG nova.api.openstack.wsgi_app [None req-b8b41a60-95a2-4d16-b2c3-10e9b777a1f9 None None] keystone_authtoken.http_connect_timeout = None {{(pid=86936) log_opt_values /opt/stack/data/venv/lib/python3.12/site-packages/oslo_config/cfg.py:3253}}
Jun 22 12:53:23.107530 np0000003380 devstack@n-api.service[86936]: DEBUG nova.api.openstack.wsgi_app [None req-b8b41a60-95a2-4d16-b2c3-10e9b777a1f9 None None] keystone_authtoken.http_request_max_retries = 3 {{(pid=86936) log_opt_values /opt/stack/data/venv/lib/python3.12/site-packages/oslo_config/cfg.py:3253}}
Jun 22 12:53:23.107668 np0000003380 devstack@n-api.service[86936]: DEBUG nova.api.openstack.wsgi_app [None req-b8b41a60-95a2-4d16-b2c3-10e9b777a1f9 None None] keystone_authtoken.include_service_catalog = True {{(pid=86936) log_opt_values /opt/stack/data/venv/lib/python3.12/site-packages/oslo_config/cfg.py:3253}}
Jun 22 12:53:23.107809 np0000003380 devstack@n-api.service[86936]: DEBUG nova.api.openstack.wsgi_app [None req-b8b41a60-95a2-4d16-b2c3-10e9b777a1f9 None None] keystone_authtoken.insecure = False {{(pid=86936) log_opt_values /opt/stack/data/venv/lib/python3.12/site-packages/oslo_config/cfg.py:3253}}
Jun 22 12:53:23.107997 np0000003380 devstack@n-api.service[86936]: DEBUG nova.api.openstack.wsgi_app [None req-b8b41a60-95a2-4d16-b2c3-10e9b777a1f9 None None] keystone_authtoken.interface = public {{(pid=86936) log_opt_values /opt/stack/data/venv/lib/python3.12/site-packages/oslo_config/cfg.py:3253}}
Jun 22 12:53:23.108169 np0000003380 devstack@n-api.service[86936]: DEBUG nova.api.openstack.wsgi_app [None req-b8b41a60-95a2-4d16-b2c3-10e9b777a1f9 None None] keystone_authtoken.keyfile = None {{(pid=86936) log_opt_values /opt/stack/data/venv/lib/python3.12/site-packages/oslo_config/cfg.py:3253}}
Jun 22 12:53:23.108358 np0000003380 devstack@n-api.service[86936]: DEBUG nova.api.openstack.wsgi_app [None req-b8b41a60-95a2-4d16-b2c3-10e9b777a1f9 None None] keystone_authtoken.memcache_password = {{(pid=86936) log_opt_values /opt/stack/data/venv/lib/python3.12/site-packages/oslo_config/cfg.py:3253}}
Jun 22 12:53:23.108536 np0000003380 devstack@n-api.service[86936]: DEBUG nova.api.openstack.wsgi_app [None req-b8b41a60-95a2-4d16-b2c3-10e9b777a1f9 None None] keystone_authtoken.memcache_pool_conn_get_timeout = 10 {{(pid=86936) log_opt_values /opt/stack/data/venv/lib/python3.12/site-packages/oslo_config/cfg.py:3253}}
Jun 22 12:53:23.108717 np0000003380 devstack@n-api.service[86936]: DEBUG nova.api.openstack.wsgi_app [None req-b8b41a60-95a2-4d16-b2c3-10e9b777a1f9 None None] keystone_authtoken.memcache_pool_dead_retry = 300 {{(pid=86936) log_opt_values /opt/stack/data/venv/lib/python3.12/site-packages/oslo_config/cfg.py:3253}}
Jun 22 12:53:23.108906 np0000003380 devstack@n-api.service[86936]: DEBUG nova.api.openstack.wsgi_app [None req-b8b41a60-95a2-4d16-b2c3-10e9b777a1f9 None None] keystone_authtoken.memcache_pool_maxsize = 10 {{(pid=86936) log_opt_values /opt/stack/data/venv/lib/python3.12/site-packages/oslo_config/cfg.py:3253}}
Jun 22 12:53:23.109057 np0000003380 devstack@n-api.service[86936]: DEBUG nova.api.openstack.wsgi_app [None req-b8b41a60-95a2-4d16-b2c3-10e9b777a1f9 None None] keystone_authtoken.memcache_pool_socket_timeout = 3 {{(pid=86936) log_opt_values /opt/stack/data/venv/lib/python3.12/site-packages/oslo_config/cfg.py:3253}}
Jun 22 12:53:23.109209 np0000003380 devstack@n-api.service[86936]: DEBUG nova.api.openstack.wsgi_app [None req-b8b41a60-95a2-4d16-b2c3-10e9b777a1f9 None None] keystone_authtoken.memcache_pool_unused_timeout = 60 {{(pid=86936) log_opt_values /opt/stack/data/venv/lib/python3.12/site-packages/oslo_config/cfg.py:3253}}
Jun 22 12:53:23.109407 np0000003380 devstack@n-api.service[86936]: DEBUG nova.api.openstack.wsgi_app [None req-b8b41a60-95a2-4d16-b2c3-10e9b777a1f9 None None] keystone_authtoken.memcache_sasl_enabled = False {{(pid=86936) log_opt_values /opt/stack/data/venv/lib/python3.12/site-packages/oslo_config/cfg.py:3253}}
Jun 22 12:53:23.109537 np0000003380 devstack@n-api.service[86936]: DEBUG nova.api.openstack.wsgi_app [None req-b8b41a60-95a2-4d16-b2c3-10e9b777a1f9 None None] keystone_authtoken.memcache_secret_key = **** {{(pid=86936) log_opt_values /opt/stack/data/venv/lib/python3.12/site-packages/oslo_config/cfg.py:3253}}
Jun 22 12:53:23.109691 np0000003380 devstack@n-api.service[86936]: DEBUG nova.api.openstack.wsgi_app [None req-b8b41a60-95a2-4d16-b2c3-10e9b777a1f9 None None] keystone_authtoken.memcache_security_strategy = None {{(pid=86936) log_opt_values /opt/stack/data/venv/lib/python3.12/site-packages/oslo_config/cfg.py:3253}}
Jun 22 12:53:23.109821 np0000003380 devstack@n-api.service[86936]: DEBUG nova.api.openstack.wsgi_app [None req-b8b41a60-95a2-4d16-b2c3-10e9b777a1f9 None None] keystone_authtoken.memcache_tls_allowed_ciphers = None {{(pid=86936) log_opt_values /opt/stack/data/venv/lib/python3.12/site-packages/oslo_config/cfg.py:3253}}
Jun 22 12:53:23.109988 np0000003380 devstack@n-api.service[86936]: DEBUG nova.api.openstack.wsgi_app [None req-b8b41a60-95a2-4d16-b2c3-10e9b777a1f9 None None] keystone_authtoken.memcache_tls_cafile = None {{(pid=86936) log_opt_values /opt/stack/data/venv/lib/python3.12/site-packages/oslo_config/cfg.py:3253}}
Jun 22 12:53:23.110173 np0000003380 devstack@n-api.service[86936]: DEBUG nova.api.openstack.wsgi_app [None req-b8b41a60-95a2-4d16-b2c3-10e9b777a1f9 None None] keystone_authtoken.memcache_tls_certfile = None {{(pid=86936) log_opt_values /opt/stack/data/venv/lib/python3.12/site-packages/oslo_config/cfg.py:3253}}
Jun 22 12:53:23.110367 np0000003380 devstack@n-api.service[86936]: DEBUG nova.api.openstack.wsgi_app [None req-b8b41a60-95a2-4d16-b2c3-10e9b777a1f9 None None] keystone_authtoken.memcache_tls_enabled = False {{(pid=86936) log_opt_values /opt/stack/data/venv/lib/python3.12/site-packages/oslo_config/cfg.py:3253}}
Jun 22 12:53:23.110532 np0000003380 devstack@n-api.service[86936]: DEBUG nova.api.openstack.wsgi_app [None req-b8b41a60-95a2-4d16-b2c3-10e9b777a1f9 None None] keystone_authtoken.memcache_tls_keyfile = None {{(pid=86936) log_opt_values /opt/stack/data/venv/lib/python3.12/site-packages/oslo_config/cfg.py:3253}}
Jun 22 12:53:23.110682 np0000003380 devstack@n-api.service[86936]: DEBUG nova.api.openstack.wsgi_app [None req-b8b41a60-95a2-4d16-b2c3-10e9b777a1f9 None None] keystone_authtoken.memcache_use_advanced_pool = True {{(pid=86936) log_opt_values /opt/stack/data/venv/lib/python3.12/site-packages/oslo_config/cfg.py:3253}}
Jun 22 12:53:23.110824 np0000003380 devstack@n-api.service[86936]: DEBUG nova.api.openstack.wsgi_app [None req-b8b41a60-95a2-4d16-b2c3-10e9b777a1f9 None None] keystone_authtoken.memcache_username = {{(pid=86936) log_opt_values /opt/stack/data/venv/lib/python3.12/site-packages/oslo_config/cfg.py:3253}}
Jun 22 12:53:23.110961 np0000003380 devstack@n-api.service[86936]: DEBUG nova.api.openstack.wsgi_app [None req-b8b41a60-95a2-4d16-b2c3-10e9b777a1f9 None None] keystone_authtoken.memcached_servers = ['localhost:11211'] {{(pid=86936) log_opt_values /opt/stack/data/venv/lib/python3.12/site-packages/oslo_config/cfg.py:3253}}
Jun 22 12:53:23.111085 np0000003380 devstack@n-api.service[86936]: DEBUG nova.api.openstack.wsgi_app [None req-b8b41a60-95a2-4d16-b2c3-10e9b777a1f9 None None] keystone_authtoken.password = **** {{(pid=86936) log_opt_values /opt/stack/data/venv/lib/python3.12/site-packages/oslo_config/cfg.py:3253}}
Jun 22 12:53:23.111220 np0000003380 devstack@n-api.service[86936]: DEBUG nova.api.openstack.wsgi_app [None req-b8b41a60-95a2-4d16-b2c3-10e9b777a1f9 None None] keystone_authtoken.project_domain_id = None {{(pid=86936) log_opt_values /opt/stack/data/venv/lib/python3.12/site-packages/oslo_config/cfg.py:3253}}
Jun 22 12:53:23.111370 np0000003380 devstack@n-api.service[86936]: DEBUG nova.api.openstack.wsgi_app [None req-b8b41a60-95a2-4d16-b2c3-10e9b777a1f9 None None] keystone_authtoken.project_domain_name = Default {{(pid=86936) log_opt_values /opt/stack/data/venv/lib/python3.12/site-packages/oslo_config/cfg.py:3253}}
Jun 22 12:53:23.111496 np0000003380 devstack@n-api.service[86936]: DEBUG nova.api.openstack.wsgi_app [None req-b8b41a60-95a2-4d16-b2c3-10e9b777a1f9 None None] keystone_authtoken.project_id = None {{(pid=86936) log_opt_values /opt/stack/data/venv/lib/python3.12/site-packages/oslo_config/cfg.py:3253}}
Jun 22 12:53:23.111623 np0000003380 devstack@n-api.service[86936]: DEBUG nova.api.openstack.wsgi_app [None req-b8b41a60-95a2-4d16-b2c3-10e9b777a1f9 None None] keystone_authtoken.project_name = service {{(pid=86936) log_opt_values /opt/stack/data/venv/lib/python3.12/site-packages/oslo_config/cfg.py:3253}}
Jun 22 12:53:23.111764 np0000003380 devstack@n-api.service[86936]: DEBUG nova.api.openstack.wsgi_app [None req-b8b41a60-95a2-4d16-b2c3-10e9b777a1f9 None None] keystone_authtoken.region_name = None {{(pid=86936) log_opt_values /opt/stack/data/venv/lib/python3.12/site-packages/oslo_config/cfg.py:3253}}
Jun 22 12:53:23.111912 np0000003380 devstack@n-api.service[86936]: DEBUG nova.api.openstack.wsgi_app [None req-b8b41a60-95a2-4d16-b2c3-10e9b777a1f9 None None] keystone_authtoken.service_token_roles = ['service'] {{(pid=86936) log_opt_values /opt/stack/data/venv/lib/python3.12/site-packages/oslo_config/cfg.py:3253}}
Jun 22 12:53:23.112027 np0000003380 devstack@n-api.service[86936]: DEBUG nova.api.openstack.wsgi_app [None req-b8b41a60-95a2-4d16-b2c3-10e9b777a1f9 None None] keystone_authtoken.service_token_roles_required = True {{(pid=86936) log_opt_values /opt/stack/data/venv/lib/python3.12/site-packages/oslo_config/cfg.py:3253}}
Jun 22 12:53:23.112152 np0000003380 devstack@n-api.service[86936]: DEBUG nova.api.openstack.wsgi_app [None req-b8b41a60-95a2-4d16-b2c3-10e9b777a1f9 None None] keystone_authtoken.service_type = None {{(pid=86936) log_opt_values /opt/stack/data/venv/lib/python3.12/site-packages/oslo_config/cfg.py:3253}}
Jun 22 12:53:23.112275 np0000003380 devstack@n-api.service[86936]: DEBUG nova.api.openstack.wsgi_app [None req-b8b41a60-95a2-4d16-b2c3-10e9b777a1f9 None None] keystone_authtoken.system_scope = None {{(pid=86936) log_opt_values /opt/stack/data/venv/lib/python3.12/site-packages/oslo_config/cfg.py:3253}}
Jun 22 12:53:23.112419 np0000003380 devstack@n-api.service[86936]: DEBUG nova.api.openstack.wsgi_app [None req-b8b41a60-95a2-4d16-b2c3-10e9b777a1f9 None None] keystone_authtoken.token_cache_time = 300 {{(pid=86936) log_opt_values /opt/stack/data/venv/lib/python3.12/site-packages/oslo_config/cfg.py:3253}}
Jun 22 12:53:23.112535 np0000003380 devstack@n-api.service[86936]: DEBUG nova.api.openstack.wsgi_app [None req-b8b41a60-95a2-4d16-b2c3-10e9b777a1f9 None None] keystone_authtoken.trust_id = None {{(pid=86936) log_opt_values /opt/stack/data/venv/lib/python3.12/site-packages/oslo_config/cfg.py:3253}}
Jun 22 12:53:23.112647 np0000003380 devstack@n-api.service[86936]: DEBUG nova.api.openstack.wsgi_app [None req-b8b41a60-95a2-4d16-b2c3-10e9b777a1f9 None None] keystone_authtoken.user_domain_id = None {{(pid=86936) log_opt_values /opt/stack/data/venv/lib/python3.12/site-packages/oslo_config/cfg.py:3253}}
Jun 22 12:53:23.112768 np0000003380 devstack@n-api.service[86936]: DEBUG nova.api.openstack.wsgi_app [None req-b8b41a60-95a2-4d16-b2c3-10e9b777a1f9 None None] keystone_authtoken.user_domain_name = Default {{(pid=86936) log_opt_values /opt/stack/data/venv/lib/python3.12/site-packages/oslo_config/cfg.py:3253}}
Jun 22 12:53:23.112892 np0000003380 devstack@n-api.service[86936]: DEBUG nova.api.openstack.wsgi_app [None req-b8b41a60-95a2-4d16-b2c3-10e9b777a1f9 None None] keystone_authtoken.user_id = None {{(pid=86936) log_opt_values /opt/stack/data/venv/lib/python3.12/site-packages/oslo_config/cfg.py:3253}}
Jun 22 12:53:23.113038 np0000003380 devstack@n-api.service[86936]: DEBUG nova.api.openstack.wsgi_app [None req-b8b41a60-95a2-4d16-b2c3-10e9b777a1f9 None None] keystone_authtoken.username = nova {{(pid=86936) log_opt_values /opt/stack/data/venv/lib/python3.12/site-packages/oslo_config/cfg.py:3253}}
Jun 22 12:53:23.113188 np0000003380 devstack@n-api.service[86936]: DEBUG nova.api.openstack.wsgi_app [None req-b8b41a60-95a2-4d16-b2c3-10e9b777a1f9 None None] keystone_authtoken.www_authenticate_uri = https://10.4.3.162/identity {{(pid=86936) log_opt_values /opt/stack/data/venv/lib/python3.12/site-packages/oslo_config/cfg.py:3253}}
Jun 22 12:53:23.113288 np0000003380 devstack@n-api.service[86936]: DEBUG nova.api.openstack.wsgi_app [None req-b8b41a60-95a2-4d16-b2c3-10e9b777a1f9 None None] ******************************************************************************** {{(pid=86936) log_opt_values /opt/stack/data/venv/lib/python3.12/site-packages/oslo_config/cfg.py:3260}}
Jun 22 12:53:23.113419 np0000003380 devstack@n-api.service[86936]: WSGI app 0 (mountpoint='') ready in 3 seconds on interpreter 0x79e4738a3668 pid: 86936 (default app)
Jun 22 12:53:31.873251 np0000003380 devstack@n-api.service[86937]: DEBUG dbcounter [-] [86937] Writing DB stats nova_api:SELECT=1 {{(pid=86937) stat_writer /opt/stack/data/venv/lib/python3.12/site-packages/dbcounter.py:115}}
Jun 22 12:53:31.877130 np0000003380 devstack@n-api.service[86936]: DEBUG dbcounter [-] [86936] Writing DB stats nova_api:SELECT=1 {{(pid=86936) stat_writer /opt/stack/data/venv/lib/python3.12/site-packages/dbcounter.py:115}}
Jun 22 12:53:31.897597 np0000003380 devstack@n-api.service[86939]: DEBUG dbcounter [-] [86939] Writing DB stats nova_api:SELECT=1 {{(pid=86939) stat_writer /opt/stack/data/venv/lib/python3.12/site-packages/dbcounter.py:115}}
Jun 22 12:53:31.900848 np0000003380 devstack@n-api.service[86938]: DEBUG dbcounter [-] [86938] Writing DB stats nova_api:SELECT=1 {{(pid=86938) stat_writer /opt/stack/data/venv/lib/python3.12/site-packages/dbcounter.py:115}}
Jun 22 12:53:32.023562 np0000003380 devstack@n-api.service[86936]: DEBUG dbcounter [-] [86936] Writing DB stats nova_cell0:SELECT=1 {{(pid=86936) stat_writer /opt/stack/data/venv/lib/python3.12/site-packages/dbcounter.py:115}}
Jun 22 12:53:32.026402 np0000003380 devstack@n-api.service[86936]: DEBUG dbcounter [-] [86936] Writing DB stats nova_cell1:SELECT=1 {{(pid=86936) stat_writer /opt/stack/data/venv/lib/python3.12/site-packages/dbcounter.py:115}}
Jun 22 12:53:32.040924 np0000003380 devstack@n-api.service[86939]: DEBUG dbcounter [-] [86939] Writing DB stats nova_cell0:SELECT=1 {{(pid=86939) stat_writer /opt/stack/data/venv/lib/python3.12/site-packages/dbcounter.py:115}}
Jun 22 12:53:32.044785 np0000003380 devstack@n-api.service[86939]: DEBUG dbcounter [-] [86939] Writing DB stats nova_cell1:SELECT=1 {{(pid=86939) stat_writer /opt/stack/data/venv/lib/python3.12/site-packages/dbcounter.py:115}}
Jun 22 12:53:32.051647 np0000003380 devstack@n-api.service[86938]: DEBUG dbcounter [-] [86938] Writing DB stats nova_cell1:SELECT=1 {{(pid=86938) stat_writer /opt/stack/data/venv/lib/python3.12/site-packages/dbcounter.py:115}}
Jun 22 12:53:32.054899 np0000003380 devstack@n-api.service[86937]: DEBUG dbcounter [-] [86937] Writing DB stats nova_cell0:SELECT=1 {{(pid=86937) stat_writer /opt/stack/data/venv/lib/python3.12/site-packages/dbcounter.py:115}}
Jun 22 12:53:32.055898 np0000003380 devstack@n-api.service[86937]: DEBUG dbcounter [-] [86937] Writing DB stats nova_cell1:SELECT=1 {{(pid=86937) stat_writer /opt/stack/data/venv/lib/python3.12/site-packages/dbcounter.py:115}}
Jun 22 12:53:32.057161 np0000003380 devstack@n-api.service[86938]: DEBUG dbcounter [-] [86938] Writing DB stats nova_cell0:SELECT=1 {{(pid=86938) stat_writer /opt/stack/data/venv/lib/python3.12/site-packages/dbcounter.py:115}}
Jun 22 12:53:32.105996 np0000003380 devstack@n-api.service[86936]: DEBUG dbcounter [-] [86936] Writing DB stats nova_cell0:SELECT=2,nova_cell0:INSERT=1 {{(pid=86936) stat_writer /opt/stack/data/venv/lib/python3.12/site-packages/dbcounter.py:115}}
Jun 22 12:53:32.109592 np0000003380 devstack@n-api.service[86939]: DEBUG dbcounter [-] [86939] Writing DB stats nova_cell0:SELECT=2,nova_cell0:INSERT=1 {{(pid=86939) stat_writer /opt/stack/data/venv/lib/python3.12/site-packages/dbcounter.py:115}}
Jun 22 12:53:32.143648 np0000003380 devstack@n-api.service[86937]: DEBUG dbcounter [-] [86937] Writing DB stats nova_cell0:SELECT=1 {{(pid=86937) stat_writer /opt/stack/data/venv/lib/python3.12/site-packages/dbcounter.py:115}}
Jun 22 12:53:32.147734 np0000003380 devstack@n-api.service[86938]: DEBUG dbcounter [-] [86938] Writing DB stats nova_cell0:SELECT=1 {{(pid=86938) stat_writer /opt/stack/data/venv/lib/python3.12/site-packages/dbcounter.py:115}}
Jun 22 12:54:17.231015 np0000003380 devstack@n-api.service[86939]: DEBUG nova.api.openstack.wsgi [None req-01412737-47b3-4ed9-9861-6e9014fd7d75 None None] Calling method '>' {{(pid=86939) _process_stack /opt/stack/nova/nova/api/openstack/wsgi.py:551}}
Jun 22 12:54:17.233825 np0000003380 devstack@n-api.service[86939]: INFO nova.api.openstack.requestlog [None req-01412737-47b3-4ed9-9861-6e9014fd7d75 None None] 10.4.3.162 "GET /compute/v2.1" status: 200 len: 389 microversion: 2.1 time: 0.003050
Jun 22 12:54:17.234039 np0000003380 devstack@n-api.service[86939]: [pid: 86939|app: 0|req: 2/2] 10.4.3.162 () {62 vars in 1046 bytes} [Mon Jun 22 12:54:17 2026] GET /compute/v2.1 => generated 389 bytes in 3 msecs (HTTP/1.1 200) 9 headers in 357 bytes (1 switches on core 0)
Jun 22 12:54:17.783566 np0000003380 devstack@n-api.service[86938]: DEBUG nova.api.openstack.wsgi [None req-8cb8d78c-7c87-4ca9-9ee1-15963a0a652a admin admin] Calling method '>' {{(pid=86938) _process_stack /opt/stack/nova/nova/api/openstack/wsgi.py:551}}
Jun 22 12:54:17.804635 np0000003380 devstack@n-api.service[86938]: INFO nova.api.openstack.requestlog [None req-8cb8d78c-7c87-4ca9-9ee1-15963a0a652a admin admin] 10.4.3.162 "GET /compute/v2.1/flavors/detail?is_public=True" status: 200 len: 15 microversion: 2.61 time: 0.564016
Jun 22 12:54:17.804926 np0000003380 devstack@n-api.service[86938]: [pid: 86938|app: 0|req: 1/3] 10.4.3.162 () {68 vars in 1407 bytes} [Mon Jun 22 12:54:17 2026] GET /compute/v2.1/flavors/detail?is_public=True => generated 15 bytes in 565 msecs (HTTP/1.1 200) 9 headers in 358 bytes (1 switches on core 0)
Jun 22 12:54:18.212800 np0000003380 devstack@n-api.service[86937]: DEBUG nova.api.openstack.wsgi [None req-927efbf2-2d54-433e-9297-b7933aa60b5e admin admin] Action: 'create', calling method: >, body: {"flavor": {"ram": 256, "vcpus": 1, "swap": 0, "id": "c1", "OS-FLV-EXT-DATA:ephemeral": 0, "disk": 1, "os-flavor-access:is_public": true, "name": "cirros256"}} {{(pid=86937) _process_stack /opt/stack/nova/nova/api/openstack/wsgi.py:549}}
Jun 22 12:54:18.248883 np0000003380 devstack@n-api.service[86937]: INFO nova.api.openstack.requestlog [None req-927efbf2-2d54-433e-9297-b7933aa60b5e admin admin] 10.4.3.162 "POST /compute/v2.1/flavors" status: 200 len: 407 microversion: 2.61 time: 0.235096
Jun 22 12:54:18.249107 np0000003380 devstack@n-api.service[86937]: [pid: 86937|app: 0|req: 1/4] 10.4.3.162 () {72 vars in 1398 bytes} [Mon Jun 22 12:54:18 2026] POST /compute/v2.1/flavors => generated 407 bytes in 236 msecs (HTTP/1.1 200) 9 headers in 359 bytes (1 switches on core 0)
Jun 22 12:54:18.443044 np0000003380 devstack@n-api.service[86936]: DEBUG nova.api.openstack.wsgi [None req-ae1d7d59-41af-4ca0-b896-5fc5d9c816c7 admin admin] Action: 'create', calling method: >, body: {"extra_specs": {"hw_rng:allowed": "True"}} {{(pid=86936) _process_stack /opt/stack/nova/nova/api/openstack/wsgi.py:549}}
Jun 22 12:54:18.477743 np0000003380 devstack@n-api.service[86936]: INFO nova.api.openstack.requestlog [None req-ae1d7d59-41af-4ca0-b896-5fc5d9c816c7 admin admin] 10.4.3.162 "POST /compute/v2.1/flavors/c1/os-extra_specs" status: 200 len: 43 microversion: 2.61 time: 0.219716
Jun 22 12:54:18.478046 np0000003380 devstack@n-api.service[86936]: [pid: 86936|app: 0|req: 1/5] 10.4.3.162 () {72 vars in 1451 bytes} [Mon Jun 22 12:54:18 2026] POST /compute/v2.1/flavors/c1/os-extra_specs => generated 43 bytes in 220 msecs (HTTP/1.1 200) 9 headers in 358 bytes (1 switches on core 0)
Jun 22 12:54:18.889079 np0000003380 devstack@n-api.service[86939]: DEBUG nova.api.openstack.wsgi [None req-099592f1-242c-470a-9726-7dd1783a3112 admin admin] Action: 'create', calling method: >, body: {"flavor": {"ram": 512, "vcpus": 1, "swap": 0, "id": "d1", "OS-FLV-EXT-DATA:ephemeral": 0, "disk": 5, "os-flavor-access:is_public": true, "name": "ds512M"}} {{(pid=86939) _process_stack /opt/stack/nova/nova/api/openstack/wsgi.py:549}}
Jun 22 12:54:18.916218 np0000003380 devstack@n-api.service[86939]: INFO nova.api.openstack.requestlog [None req-099592f1-242c-470a-9726-7dd1783a3112 admin admin] 10.4.3.162 "POST /compute/v2.1/flavors" status: 200 len: 404 microversion: 2.61 time: 0.230908
Jun 22 12:54:18.916580 np0000003380 devstack@n-api.service[86939]: [pid: 86939|app: 0|req: 3/6] 10.4.3.162 () {72 vars in 1398 bytes} [Mon Jun 22 12:54:18 2026] POST /compute/v2.1/flavors => generated 404 bytes in 231 msecs (HTTP/1.1 200) 9 headers in 359 bytes (1 switches on core 0)
Jun 22 12:54:18.930617 np0000003380 devstack@n-api.service[86938]: DEBUG nova.api.openstack.wsgi [None req-95a19320-b4cd-49c4-b2c0-ce3dfd5b14bc admin admin] Action: 'create', calling method: >, body: {"extra_specs": {"hw_rng:allowed": "True"}} {{(pid=86938) _process_stack /opt/stack/nova/nova/api/openstack/wsgi.py:549}}
Jun 22 12:54:18.957355 np0000003380 devstack@n-api.service[86938]: INFO nova.api.openstack.requestlog [None req-95a19320-b4cd-49c4-b2c0-ce3dfd5b14bc admin admin] 10.4.3.162 "POST /compute/v2.1/flavors/d1/os-extra_specs" status: 200 len: 43 microversion: 2.61 time: 0.028792
Jun 22 12:54:18.957637 np0000003380 devstack@n-api.service[86938]: [pid: 86938|app: 0|req: 2/7] 10.4.3.162 () {72 vars in 1451 bytes} [Mon Jun 22 12:54:18 2026] POST /compute/v2.1/flavors/d1/os-extra_specs => generated 43 bytes in 29 msecs (HTTP/1.1 200) 9 headers in 358 bytes (1 switches on core 0)
Jun 22 12:54:19.162534 np0000003380 devstack@n-api.service[86937]: DEBUG nova.api.openstack.wsgi [None req-a7397d15-09b0-46de-86b6-69e04c91d039 admin admin] Action: 'create', calling method: >, body: {"flavor": {"ram": 1024, "vcpus": 1, "swap": 0, "id": "d2", "OS-FLV-EXT-DATA:ephemeral": 0, "disk": 10, "os-flavor-access:is_public": true, "name": "ds1G"}} {{(pid=86937) _process_stack /opt/stack/nova/nova/api/openstack/wsgi.py:549}}
Jun 22 12:54:19.186394 np0000003380 devstack@n-api.service[86937]: INFO nova.api.openstack.requestlog [None req-a7397d15-09b0-46de-86b6-69e04c91d039 admin admin] 10.4.3.162 "POST /compute/v2.1/flavors" status: 200 len: 404 microversion: 2.61 time: 0.026097
Jun 22 12:54:19.186711 np0000003380 devstack@n-api.service[86937]: [pid: 86937|app: 0|req: 2/8] 10.4.3.162 () {72 vars in 1398 bytes} [Mon Jun 22 12:54:19 2026] POST /compute/v2.1/flavors => generated 404 bytes in 27 msecs (HTTP/1.1 200) 9 headers in 359 bytes (1 switches on core 0)
Jun 22 12:54:19.198583 np0000003380 devstack@n-api.service[86936]: DEBUG nova.api.openstack.wsgi [None req-faa574e3-81f6-4d68-91d9-b467117cfced admin admin] Action: 'create', calling method: >, body: {"extra_specs": {"hw_rng:allowed": "True"}} {{(pid=86936) _process_stack /opt/stack/nova/nova/api/openstack/wsgi.py:549}}
Jun 22 12:54:19.224090 np0000003380 devstack@n-api.service[86936]: INFO nova.api.openstack.requestlog [None req-faa574e3-81f6-4d68-91d9-b467117cfced admin admin] 10.4.3.162 "POST /compute/v2.1/flavors/d2/os-extra_specs" status: 200 len: 43 microversion: 2.61 time: 0.029116
Jun 22 12:54:19.224657 np0000003380 devstack@n-api.service[86936]: [pid: 86936|app: 0|req: 2/9] 10.4.3.162 () {72 vars in 1451 bytes} [Mon Jun 22 12:54:19 2026] POST /compute/v2.1/flavors/d2/os-extra_specs => generated 43 bytes in 30 msecs (HTTP/1.1 200) 9 headers in 358 bytes (1 switches on core 0)
Jun 22 12:54:19.441185 np0000003380 devstack@n-api.service[86939]: DEBUG nova.api.openstack.wsgi [None req-32169e93-4191-415b-a6c3-cf9b79354b76 admin admin] Action: 'create', calling method: >, body: {"flavor": {"ram": 2048, "vcpus": 2, "swap": 0, "id": "d3", "OS-FLV-EXT-DATA:ephemeral": 0, "disk": 10, "os-flavor-access:is_public": true, "name": "ds2G"}} {{(pid=86939) _process_stack /opt/stack/nova/nova/api/openstack/wsgi.py:549}}
Jun 22 12:54:19.455822 np0000003380 devstack@n-api.service[86939]: INFO nova.api.openstack.requestlog [None req-32169e93-4191-415b-a6c3-cf9b79354b76 admin admin] 10.4.3.162 "POST /compute/v2.1/flavors" status: 200 len: 404 microversion: 2.61 time: 0.016531
Jun 22 12:54:19.456132 np0000003380 devstack@n-api.service[86939]: [pid: 86939|app: 0|req: 4/10] 10.4.3.162 () {72 vars in 1398 bytes} [Mon Jun 22 12:54:19 2026] POST /compute/v2.1/flavors => generated 404 bytes in 17 msecs (HTTP/1.1 200) 9 headers in 359 bytes (1 switches on core 0)
Jun 22 12:54:19.467538 np0000003380 devstack@n-api.service[86938]: DEBUG nova.api.openstack.wsgi [None req-1c41154f-043a-46df-b296-dfed656f0653 admin admin] Action: 'create', calling method: >, body: {"extra_specs": {"hw_rng:allowed": "True"}} {{(pid=86938) _process_stack /opt/stack/nova/nova/api/openstack/wsgi.py:549}}
Jun 22 12:54:19.483372 np0000003380 devstack@n-api.service[86938]: INFO nova.api.openstack.requestlog [None req-1c41154f-043a-46df-b296-dfed656f0653 admin admin] 10.4.3.162 "POST /compute/v2.1/flavors/d3/os-extra_specs" status: 200 len: 43 microversion: 2.61 time: 0.017614
Jun 22 12:54:19.483670 np0000003380 devstack@n-api.service[86938]: [pid: 86938|app: 0|req: 3/11] 10.4.3.162 () {72 vars in 1451 bytes} [Mon Jun 22 12:54:19 2026] POST /compute/v2.1/flavors/d3/os-extra_specs => generated 43 bytes in 18 msecs (HTTP/1.1 200) 9 headers in 358 bytes (1 switches on core 0)
Jun 22 12:54:19.682445 np0000003380 devstack@n-api.service[86937]: DEBUG nova.api.openstack.wsgi [None req-d6418683-9ac2-4626-93e3-799cc2174c82 admin admin] Action: 'create', calling method: >, body: {"flavor": {"ram": 4096, "vcpus": 4, "swap": 0, "id": "d4", "OS-FLV-EXT-DATA:ephemeral": 0, "disk": 20, "os-flavor-access:is_public": true, "name": "ds4G"}} {{(pid=86937) _process_stack /opt/stack/nova/nova/api/openstack/wsgi.py:549}}
Jun 22 12:54:19.697119 np0000003380 devstack@n-api.service[86937]: INFO nova.api.openstack.requestlog [None req-d6418683-9ac2-4626-93e3-799cc2174c82 admin admin] 10.4.3.162 "POST /compute/v2.1/flavors" status: 200 len: 404 microversion: 2.61 time: 0.017002
Jun 22 12:54:19.697942 np0000003380 devstack@n-api.service[86937]: [pid: 86937|app: 0|req: 3/12] 10.4.3.162 () {72 vars in 1398 bytes} [Mon Jun 22 12:54:19 2026] POST /compute/v2.1/flavors => generated 404 bytes in 17 msecs (HTTP/1.1 200) 9 headers in 359 bytes (1 switches on core 0)
Jun 22 12:54:19.711775 np0000003380 devstack@n-api.service[86936]: DEBUG nova.api.openstack.wsgi [None req-b200edc5-f8af-41ab-b87c-e2fcac27416f admin admin] Action: 'create', calling method: >, body: {"extra_specs": {"hw_rng:allowed": "True"}} {{(pid=86936) _process_stack /opt/stack/nova/nova/api/openstack/wsgi.py:549}}
Jun 22 12:54:19.730792 np0000003380 devstack@n-api.service[86936]: INFO nova.api.openstack.requestlog [None req-b200edc5-f8af-41ab-b87c-e2fcac27416f admin admin] 10.4.3.162 "POST /compute/v2.1/flavors/d4/os-extra_specs" status: 200 len: 43 microversion: 2.61 time: 0.021366
Jun 22 12:54:19.731214 np0000003380 devstack@n-api.service[86936]: [pid: 86936|app: 0|req: 3/13] 10.4.3.162 () {72 vars in 1451 bytes} [Mon Jun 22 12:54:19 2026] POST /compute/v2.1/flavors/d4/os-extra_specs => generated 43 bytes in 22 msecs (HTTP/1.1 200) 9 headers in 358 bytes (1 switches on core 0)
Jun 22 12:54:19.908268 np0000003380 devstack@n-api.service[86939]: DEBUG nova.api.openstack.wsgi [None req-8a180aaf-c494-4982-b72f-a760398dbc54 admin admin] Calling method '>' {{(pid=86939) _process_stack /opt/stack/nova/nova/api/openstack/wsgi.py:551}}
Jun 22 12:54:19.928228 np0000003380 devstack@n-api.service[86939]: INFO nova.api.openstack.requestlog [None req-8a180aaf-c494-4982-b72f-a760398dbc54 admin admin] 10.4.3.162 "GET /compute/v2.1/flavors/detail?is_public=True" status: 200 len: 2106 microversion: 2.61 time: 0.021372
Jun 22 12:54:19.928516 np0000003380 devstack@n-api.service[86939]: [pid: 86939|app: 0|req: 5/14] 10.4.3.162 () {68 vars in 1407 bytes} [Mon Jun 22 12:54:19 2026] GET /compute/v2.1/flavors/detail?is_public=True => generated 2106 bytes in 22 msecs (HTTP/1.1 200) 9 headers in 360 bytes (1 switches on core 0)
Jun 22 12:54:20.148433 np0000003380 devstack@n-api.service[86938]: DEBUG nova.api.openstack.wsgi [None req-69b204c3-5a3d-4ee5-b89c-ac4258c4af0e admin admin] Action: 'create', calling method: >, body: {"flavor": {"ram": 512, "vcpus": 1, "swap": 0, "id": "1", "OS-FLV-EXT-DATA:ephemeral": 0, "disk": 1, "os-flavor-access:is_public": true, "name": "m1.tiny"}} {{(pid=86938) _process_stack /opt/stack/nova/nova/api/openstack/wsgi.py:549}}
Jun 22 12:54:20.170250 np0000003380 devstack@n-api.service[86938]: INFO nova.api.openstack.requestlog [None req-69b204c3-5a3d-4ee5-b89c-ac4258c4af0e admin admin] 10.4.3.162 "POST /compute/v2.1/flavors" status: 200 len: 402 microversion: 2.61 time: 0.023317
Jun 22 12:54:20.170579 np0000003380 devstack@n-api.service[86938]: [pid: 86938|app: 0|req: 4/15] 10.4.3.162 () {72 vars in 1398 bytes} [Mon Jun 22 12:54:20 2026] POST /compute/v2.1/flavors => generated 402 bytes in 24 msecs (HTTP/1.1 200) 9 headers in 359 bytes (1 switches on core 0)
Jun 22 12:54:20.180724 np0000003380 devstack@n-api.service[86937]: DEBUG nova.api.openstack.wsgi [None req-a858e51a-604a-4b4b-8a25-8b9884dcf156 admin admin] Action: 'create', calling method: >, body: {"extra_specs": {"hw_rng:allowed": "True"}} {{(pid=86937) _process_stack /opt/stack/nova/nova/api/openstack/wsgi.py:549}}
Jun 22 12:54:20.211067 np0000003380 devstack@n-api.service[86937]: INFO nova.api.openstack.requestlog [None req-a858e51a-604a-4b4b-8a25-8b9884dcf156 admin admin] 10.4.3.162 "POST /compute/v2.1/flavors/1/os-extra_specs" status: 200 len: 43 microversion: 2.61 time: 0.032442
Jun 22 12:54:20.211533 np0000003380 devstack@n-api.service[86937]: [pid: 86937|app: 0|req: 4/16] 10.4.3.162 () {72 vars in 1448 bytes} [Mon Jun 22 12:54:20 2026] POST /compute/v2.1/flavors/1/os-extra_specs => generated 43 bytes in 33 msecs (HTTP/1.1 200) 9 headers in 358 bytes (1 switches on core 0)
Jun 22 12:54:20.408063 np0000003380 devstack@n-api.service[86936]: DEBUG nova.api.openstack.wsgi [None req-5d166574-b32c-41fe-b757-4578988b4b76 admin admin] Action: 'create', calling method: >, body: {"flavor": {"ram": 2048, "vcpus": 1, "swap": 0, "id": "2", "OS-FLV-EXT-DATA:ephemeral": 0, "disk": 20, "os-flavor-access:is_public": true, "name": "m1.small"}} {{(pid=86936) _process_stack /opt/stack/nova/nova/api/openstack/wsgi.py:549}}
Jun 22 12:54:20.433747 np0000003380 devstack@n-api.service[86936]: INFO nova.api.openstack.requestlog [None req-5d166574-b32c-41fe-b757-4578988b4b76 admin admin] 10.4.3.162 "POST /compute/v2.1/flavors" status: 200 len: 405 microversion: 2.61 time: 0.027138
Jun 22 12:54:20.434049 np0000003380 devstack@n-api.service[86936]: [pid: 86936|app: 0|req: 4/17] 10.4.3.162 () {72 vars in 1398 bytes} [Mon Jun 22 12:54:20 2026] POST /compute/v2.1/flavors => generated 405 bytes in 28 msecs (HTTP/1.1 200) 9 headers in 359 bytes (1 switches on core 0)
Jun 22 12:54:20.447010 np0000003380 devstack@n-api.service[86939]: DEBUG nova.api.openstack.wsgi [None req-0470a3ad-a548-4a45-b0f5-ca8f1d3df9bf admin admin] Action: 'create', calling method: >, body: {"extra_specs": {"hw_rng:allowed": "True"}} {{(pid=86939) _process_stack /opt/stack/nova/nova/api/openstack/wsgi.py:549}}
Jun 22 12:54:20.479963 np0000003380 devstack@n-api.service[86939]: INFO nova.api.openstack.requestlog [None req-0470a3ad-a548-4a45-b0f5-ca8f1d3df9bf admin admin] 10.4.3.162 "POST /compute/v2.1/flavors/2/os-extra_specs" status: 200 len: 43 microversion: 2.61 time: 0.035261
Jun 22 12:54:20.480480 np0000003380 devstack@n-api.service[86939]: [pid: 86939|app: 0|req: 6/18] 10.4.3.162 () {72 vars in 1448 bytes} [Mon Jun 22 12:54:20 2026] POST /compute/v2.1/flavors/2/os-extra_specs => generated 43 bytes in 36 msecs (HTTP/1.1 200) 9 headers in 358 bytes (1 switches on core 0)
Jun 22 12:54:20.689562 np0000003380 devstack@n-api.service[86938]: DEBUG nova.api.openstack.wsgi [None req-dac00650-b867-42f0-bedd-bfe42d2e2138 admin admin] Action: 'create', calling method: >, body: {"flavor": {"ram": 4096, "vcpus": 2, "swap": 0, "id": "3", "OS-FLV-EXT-DATA:ephemeral": 0, "disk": 40, "os-flavor-access:is_public": true, "name": "m1.medium"}} {{(pid=86938) _process_stack /opt/stack/nova/nova/api/openstack/wsgi.py:549}}
Jun 22 12:54:20.706396 np0000003380 devstack@n-api.service[86938]: INFO nova.api.openstack.requestlog [None req-dac00650-b867-42f0-bedd-bfe42d2e2138 admin admin] 10.4.3.162 "POST /compute/v2.1/flavors" status: 200 len: 406 microversion: 2.61 time: 0.018394
Jun 22 12:54:20.706946 np0000003380 devstack@n-api.service[86938]: [pid: 86938|app: 0|req: 5/19] 10.4.3.162 () {72 vars in 1398 bytes} [Mon Jun 22 12:54:20 2026] POST /compute/v2.1/flavors => generated 406 bytes in 19 msecs (HTTP/1.1 200) 9 headers in 359 bytes (1 switches on core 0)
Jun 22 12:54:20.719575 np0000003380 devstack@n-api.service[86937]: DEBUG nova.api.openstack.wsgi [None req-e0445471-31c7-4a90-8305-7ffefb7376c4 admin admin] Action: 'create', calling method: >, body: {"extra_specs": {"hw_rng:allowed": "True"}} {{(pid=86937) _process_stack /opt/stack/nova/nova/api/openstack/wsgi.py:549}}
Jun 22 12:54:20.752494 np0000003380 devstack@n-api.service[86937]: INFO nova.api.openstack.requestlog [None req-e0445471-31c7-4a90-8305-7ffefb7376c4 admin admin] 10.4.3.162 "POST /compute/v2.1/flavors/3/os-extra_specs" status: 200 len: 43 microversion: 2.61 time: 0.035328
Jun 22 12:54:20.752820 np0000003380 devstack@n-api.service[86937]: [pid: 86937|app: 0|req: 5/20] 10.4.3.162 () {72 vars in 1448 bytes} [Mon Jun 22 12:54:20 2026] POST /compute/v2.1/flavors/3/os-extra_specs => generated 43 bytes in 36 msecs (HTTP/1.1 200) 9 headers in 358 bytes (1 switches on core 0)
Jun 22 12:54:20.953168 np0000003380 devstack@n-api.service[86936]: DEBUG nova.api.openstack.wsgi [None req-d3485585-7bb2-4c8c-b83b-c16d8c7980c7 admin admin] Action: 'create', calling method: >, body: {"flavor": {"ram": 8192, "vcpus": 4, "swap": 0, "id": "4", "OS-FLV-EXT-DATA:ephemeral": 0, "disk": 80, "os-flavor-access:is_public": true, "name": "m1.large"}} {{(pid=86936) _process_stack /opt/stack/nova/nova/api/openstack/wsgi.py:549}}
Jun 22 12:54:20.968235 np0000003380 devstack@n-api.service[86936]: INFO nova.api.openstack.requestlog [None req-d3485585-7bb2-4c8c-b83b-c16d8c7980c7 admin admin] 10.4.3.162 "POST /compute/v2.1/flavors" status: 200 len: 405 microversion: 2.61 time: 0.016718
Jun 22 12:54:20.968544 np0000003380 devstack@n-api.service[86936]: [pid: 86936|app: 0|req: 5/21] 10.4.3.162 () {72 vars in 1398 bytes} [Mon Jun 22 12:54:20 2026] POST /compute/v2.1/flavors => generated 405 bytes in 17 msecs (HTTP/1.1 200) 9 headers in 359 bytes (1 switches on core 0)
Jun 22 12:54:20.980875 np0000003380 devstack@n-api.service[86939]: DEBUG nova.api.openstack.wsgi [None req-e4b151ac-07c9-4b9e-9e5f-296f1c288ea6 admin admin] Action: 'create', calling method: >, body: {"extra_specs": {"hw_rng:allowed": "True"}} {{(pid=86939) _process_stack /opt/stack/nova/nova/api/openstack/wsgi.py:549}}
Jun 22 12:54:21.000938 np0000003380 devstack@n-api.service[86939]: INFO nova.api.openstack.requestlog [None req-e4b151ac-07c9-4b9e-9e5f-296f1c288ea6 admin admin] 10.4.3.162 "POST /compute/v2.1/flavors/4/os-extra_specs" status: 200 len: 43 microversion: 2.61 time: 0.022505
Jun 22 12:54:21.001269 np0000003380 devstack@n-api.service[86939]: [pid: 86939|app: 0|req: 7/22] 10.4.3.162 () {72 vars in 1448 bytes} [Mon Jun 22 12:54:20 2026] POST /compute/v2.1/flavors/4/os-extra_specs => generated 43 bytes in 23 msecs (HTTP/1.1 200) 9 headers in 358 bytes (1 switches on core 0)
Jun 22 12:54:21.208844 np0000003380 devstack@n-api.service[86938]: DEBUG nova.api.openstack.wsgi [None req-06446126-d8fb-4ef0-a308-d71b8b430514 admin admin] Action: 'create', calling method: >, body: {"flavor": {"ram": 16384, "vcpus": 8, "swap": 0, "id": "5", "OS-FLV-EXT-DATA:ephemeral": 0, "disk": 160, "os-flavor-access:is_public": true, "name": "m1.xlarge"}} {{(pid=86938) _process_stack /opt/stack/nova/nova/api/openstack/wsgi.py:549}}
Jun 22 12:54:21.223277 np0000003380 devstack@n-api.service[86938]: INFO nova.api.openstack.requestlog [None req-06446126-d8fb-4ef0-a308-d71b8b430514 admin admin] 10.4.3.162 "POST /compute/v2.1/flavors" status: 200 len: 408 microversion: 2.61 time: 0.016142
Jun 22 12:54:21.223579 np0000003380 devstack@n-api.service[86938]: [pid: 86938|app: 0|req: 6/23] 10.4.3.162 () {72 vars in 1398 bytes} [Mon Jun 22 12:54:21 2026] POST /compute/v2.1/flavors => generated 408 bytes in 17 msecs (HTTP/1.1 200) 9 headers in 359 bytes (1 switches on core 0)
Jun 22 12:54:21.233279 np0000003380 devstack@n-api.service[86937]: DEBUG nova.api.openstack.wsgi [None req-6f3095ef-1c35-4ca9-b783-7b7337ea9d7e admin admin] Action: 'create', calling method: >, body: {"extra_specs": {"hw_rng:allowed": "True"}} {{(pid=86937) _process_stack /opt/stack/nova/nova/api/openstack/wsgi.py:549}}
Jun 22 12:54:21.247920 np0000003380 devstack@n-api.service[86937]: INFO nova.api.openstack.requestlog [None req-6f3095ef-1c35-4ca9-b783-7b7337ea9d7e admin admin] 10.4.3.162 "POST /compute/v2.1/flavors/5/os-extra_specs" status: 200 len: 43 microversion: 2.61 time: 0.016492
Jun 22 12:54:21.248238 np0000003380 devstack@n-api.service[86937]: [pid: 86937|app: 0|req: 6/24] 10.4.3.162 () {72 vars in 1448 bytes} [Mon Jun 22 12:54:21 2026] POST /compute/v2.1/flavors/5/os-extra_specs => generated 43 bytes in 17 msecs (HTTP/1.1 200) 9 headers in 358 bytes (1 switches on core 0)
Jun 22 12:54:30.962402 np0000003380 devstack@n-api.service[86936]: DEBUG dbcounter [-] [86936] Writing DB stats nova_api:SELECT=11,nova_api:SAVEPOINT=3,nova_api:INSERT=5,nova_api:RELEASE=3 {{(pid=86936) stat_writer /opt/stack/data/venv/lib/python3.12/site-packages/dbcounter.py:115}}
Jun 22 12:54:30.997826 np0000003380 devstack@n-api.service[86939]: DEBUG dbcounter [-] [86939] Writing DB stats nova_api:INSERT=4,nova_api:SELECT=9,nova_api:SAVEPOINT=2,nova_api:RELEASE=2 {{(pid=86939) stat_writer /opt/stack/data/venv/lib/python3.12/site-packages/dbcounter.py:115}}
Jun 22 12:54:31.217994 np0000003380 devstack@n-api.service[86938]: DEBUG dbcounter [-] [86938] Writing DB stats nova_api:SELECT=10,nova_api:SAVEPOINT=2,nova_api:INSERT=5,nova_api:RELEASE=2 {{(pid=86938) stat_writer /opt/stack/data/venv/lib/python3.12/site-packages/dbcounter.py:115}}
Jun 22 12:54:31.245308 np0000003380 devstack@n-api.service[86937]: DEBUG dbcounter [-] [86937] Writing DB stats nova_api:INSERT=6,nova_api:SELECT=12,nova_api:SAVEPOINT=3,nova_api:RELEASE=3 {{(pid=86937) stat_writer /opt/stack/data/venv/lib/python3.12/site-packages/dbcounter.py:115}}
Jun 22 12:54:44.648761 np0000003380 devstack@n-api.service[86936]: DEBUG nova.api.openstack.wsgi [None req-9f400086-45d7-4ffb-b28e-37afcb235fa4 admin admin] Calling method '>' {{(pid=86936) _process_stack /opt/stack/nova/nova/api/openstack/wsgi.py:551}}
Jun 22 12:54:44.650671 np0000003380 devstack@n-api.service[86936]: DEBUG oslo_concurrency.lockutils [None req-9f400086-45d7-4ffb-b28e-37afcb235fa4 admin admin] Acquiring lock "00000000-0000-0000-0000-000000000000" by "nova.context.set_target_cell..get_or_set_cached_cell_and_set_connections" {{(pid=86936) inner /opt/stack/data/venv/lib/python3.12/site-packages/oslo_concurrency/lockutils.py:511}}
Jun 22 12:54:44.650856 np0000003380 devstack@n-api.service[86936]: DEBUG oslo_concurrency.lockutils [None req-9f400086-45d7-4ffb-b28e-37afcb235fa4 admin admin] Lock "00000000-0000-0000-0000-000000000000" acquired by "nova.context.set_target_cell..get_or_set_cached_cell_and_set_connections" :: waited 0.000s {{(pid=86936) inner /opt/stack/data/venv/lib/python3.12/site-packages/oslo_concurrency/lockutils.py:524}}
Jun 22 12:54:44.650976 np0000003380 devstack@n-api.service[86936]: DEBUG oslo_concurrency.lockutils [None req-9f400086-45d7-4ffb-b28e-37afcb235fa4 admin admin] Lock "00000000-0000-0000-0000-000000000000" "released" by "nova.context.set_target_cell..get_or_set_cached_cell_and_set_connections" :: held 0.000s {{(pid=86936) inner /opt/stack/data/venv/lib/python3.12/site-packages/oslo_concurrency/lockutils.py:543}}
Jun 22 12:54:44.651729 np0000003380 devstack@n-api.service[86936]: DEBUG oslo_concurrency.lockutils [None req-9f400086-45d7-4ffb-b28e-37afcb235fa4 admin admin] Acquiring lock "de692dd7-59cc-4b4a-8bfc-ad28881886ea" by "nova.context.set_target_cell..get_or_set_cached_cell_and_set_connections" {{(pid=86936) inner /opt/stack/data/venv/lib/python3.12/site-packages/oslo_concurrency/lockutils.py:511}}
Jun 22 12:54:44.652712 np0000003380 devstack@n-api.service[86936]: DEBUG oslo_concurrency.lockutils [None req-9f400086-45d7-4ffb-b28e-37afcb235fa4 admin admin] Lock "de692dd7-59cc-4b4a-8bfc-ad28881886ea" acquired by "nova.context.set_target_cell..get_or_set_cached_cell_and_set_connections" :: waited 0.001s {{(pid=86936) inner /opt/stack/data/venv/lib/python3.12/site-packages/oslo_concurrency/lockutils.py:524}}
