Jun 22 12:54:08.406294 np0000003380 nova-scheduler[96140]: DEBUG cotyledon.oslo_config_glue [-] profiler.es_scroll_time = 2m {{(pid=96140) log_opt_values /opt/stack/data/venv/lib/python3.12/site-packages/oslo_config/cfg.py:3253}}
Jun 22 12:54:08.406294 np0000003380 nova-scheduler[96140]: DEBUG cotyledon.oslo_config_glue [-] profiler.filter_error_trace = False {{(pid=96140) log_opt_values /opt/stack/data/venv/lib/python3.12/site-packages/oslo_config/cfg.py:3253}}
Jun 22 12:54:08.406294 np0000003380 nova-scheduler[96140]: DEBUG cotyledon.oslo_config_glue [-] profiler.hmac_keys = **** {{(pid=96140) log_opt_values /opt/stack/data/venv/lib/python3.12/site-packages/oslo_config/cfg.py:3253}}
Jun 22 12:54:08.406294 np0000003380 nova-scheduler[96140]: DEBUG cotyledon.oslo_config_glue [-] profiler.sentinel_service_name = mymaster {{(pid=96140) log_opt_values /opt/stack/data/venv/lib/python3.12/site-packages/oslo_config/cfg.py:3253}}
Jun 22 12:54:08.406294 np0000003380 nova-scheduler[96140]: DEBUG cotyledon.oslo_config_glue [-] profiler.socket_timeout = 0.1 {{(pid=96140) log_opt_values /opt/stack/data/venv/lib/python3.12/site-packages/oslo_config/cfg.py:3253}}
Jun 22 12:54:08.406294 np0000003380 nova-scheduler[96140]: DEBUG cotyledon.oslo_config_glue [-] profiler.trace_requests = False {{(pid=96140) log_opt_values /opt/stack/data/venv/lib/python3.12/site-packages/oslo_config/cfg.py:3253}}
Jun 22 12:54:08.406294 np0000003380 nova-scheduler[96140]: DEBUG cotyledon.oslo_config_glue [-] profiler.trace_sqlalchemy = False {{(pid=96140) log_opt_values /opt/stack/data/venv/lib/python3.12/site-packages/oslo_config/cfg.py:3253}}
Jun 22 12:54:08.406294 np0000003380 nova-scheduler[96140]: DEBUG cotyledon.oslo_config_glue [-] profiler_jaeger.process_tags = {} {{(pid=96140) log_opt_values /opt/stack/data/venv/lib/python3.12/site-packages/oslo_config/cfg.py:3253}}
Jun 22 12:54:08.406294 np0000003380 nova-scheduler[96140]: DEBUG cotyledon.oslo_config_glue [-] profiler_jaeger.service_name_prefix = None {{(pid=96140) log_opt_values /opt/stack/data/venv/lib/python3.12/site-packages/oslo_config/cfg.py:3253}}
Jun 22 12:54:08.406485 np0000003380 nova-scheduler[96140]: DEBUG cotyledon.oslo_config_glue [-] profiler_otlp.service_name_prefix = None {{(pid=96140) log_opt_values /opt/stack/data/venv/lib/python3.12/site-packages/oslo_config/cfg.py:3253}}
Jun 22 12:54:08.406485 np0000003380 nova-scheduler[96140]: DEBUG cotyledon.oslo_config_glue [-] oslo_messaging_rabbit.amqp_auto_delete = False {{(pid=96140) log_opt_values /opt/stack/data/venv/lib/python3.12/site-packages/oslo_config/cfg.py:3253}}
Jun 22 12:54:08.406485 np0000003380 nova-scheduler[96140]: DEBUG cotyledon.oslo_config_glue [-] oslo_messaging_rabbit.amqp_durable_queues = False {{(pid=96140) log_opt_values /opt/stack/data/venv/lib/python3.12/site-packages/oslo_config/cfg.py:3253}}
Jun 22 12:54:08.406485 np0000003380 nova-scheduler[96140]: DEBUG cotyledon.oslo_config_glue [-] oslo_messaging_rabbit.conn_pool_min_size = 2 {{(pid=96140) log_opt_values /opt/stack/data/venv/lib/python3.12/site-packages/oslo_config/cfg.py:3253}}
Jun 22 12:54:08.406485 np0000003380 nova-scheduler[96140]: DEBUG cotyledon.oslo_config_glue [-] oslo_messaging_rabbit.conn_pool_ttl = 1200 {{(pid=96140) log_opt_values /opt/stack/data/venv/lib/python3.12/site-packages/oslo_config/cfg.py:3253}}
Jun 22 12:54:08.406485 np0000003380 nova-scheduler[96140]: DEBUG cotyledon.oslo_config_glue [-] oslo_messaging_rabbit.direct_mandatory_flag = True {{(pid=96140) log_opt_values /opt/stack/data/venv/lib/python3.12/site-packages/oslo_config/cfg.py:3253}}
Jun 22 12:54:08.406485 np0000003380 nova-scheduler[96140]: DEBUG cotyledon.oslo_config_glue [-] oslo_messaging_rabbit.enable_cancel_on_failover = False {{(pid=96140) log_opt_values /opt/stack/data/venv/lib/python3.12/site-packages/oslo_config/cfg.py:3253}}
Jun 22 12:54:08.406485 np0000003380 nova-scheduler[96140]: DEBUG cotyledon.oslo_config_glue [-] oslo_messaging_rabbit.heartbeat_rate = 3 {{(pid=96140) log_opt_values /opt/stack/data/venv/lib/python3.12/site-packages/oslo_config/cfg.py:3253}}
Jun 22 12:54:08.406485 np0000003380 nova-scheduler[96140]: DEBUG cotyledon.oslo_config_glue [-] oslo_messaging_rabbit.heartbeat_timeout_threshold = 60 {{(pid=96140) log_opt_values /opt/stack/data/venv/lib/python3.12/site-packages/oslo_config/cfg.py:3253}}
Jun 22 12:54:08.406670 np0000003380 nova-scheduler[96140]: DEBUG cotyledon.oslo_config_glue [-] oslo_messaging_rabbit.hostname = np0000003380 {{(pid=96140) log_opt_values /opt/stack/data/venv/lib/python3.12/site-packages/oslo_config/cfg.py:3253}}
Jun 22 12:54:08.406670 np0000003380 nova-scheduler[96140]: DEBUG cotyledon.oslo_config_glue [-] oslo_messaging_rabbit.kombu_compression = None {{(pid=96140) log_opt_values /opt/stack/data/venv/lib/python3.12/site-packages/oslo_config/cfg.py:3253}}
Jun 22 12:54:08.406670 np0000003380 nova-scheduler[96140]: DEBUG cotyledon.oslo_config_glue [-] oslo_messaging_rabbit.kombu_failover_strategy = round-robin {{(pid=96140) log_opt_values /opt/stack/data/venv/lib/python3.12/site-packages/oslo_config/cfg.py:3253}}
Jun 22 12:54:08.406670 np0000003380 nova-scheduler[96140]: DEBUG cotyledon.oslo_config_glue [-] oslo_messaging_rabbit.kombu_missing_consumer_retry_timeout = 60 {{(pid=96140) log_opt_values /opt/stack/data/venv/lib/python3.12/site-packages/oslo_config/cfg.py:3253}}
Jun 22 12:54:08.406799 np0000003380 nova-scheduler[96166]: INFO dbcounter [None req-e5c1a1bc-78c5-407f-8606-4a11f35f62fa None None] Registered counter for database nova_cell0
Jun 22 12:54:08.406841 np0000003380 nova-scheduler[96140]: DEBUG cotyledon.oslo_config_glue [-] oslo_messaging_rabbit.kombu_reconnect_delay = 1.0 {{(pid=96140) log_opt_values /opt/stack/data/venv/lib/python3.12/site-packages/oslo_config/cfg.py:3253}}
Jun 22 12:54:08.406841 np0000003380 nova-scheduler[96140]: DEBUG cotyledon.oslo_config_glue [-] oslo_messaging_rabbit.kombu_reconnect_splay = 0.0 {{(pid=96140) log_opt_values /opt/stack/data/venv/lib/python3.12/site-packages/oslo_config/cfg.py:3253}}
Jun 22 12:54:08.406841 np0000003380 nova-scheduler[96140]: DEBUG cotyledon.oslo_config_glue [-] oslo_messaging_rabbit.processname = nova-scheduler {{(pid=96140) log_opt_values /opt/stack/data/venv/lib/python3.12/site-packages/oslo_config/cfg.py:3253}}
Jun 22 12:54:08.406841 np0000003380 nova-scheduler[96140]: DEBUG cotyledon.oslo_config_glue [-] oslo_messaging_rabbit.rabbit_ha_queues = False {{(pid=96140) log_opt_values /opt/stack/data/venv/lib/python3.12/site-packages/oslo_config/cfg.py:3253}}
Jun 22 12:54:08.406841 np0000003380 nova-scheduler[96140]: DEBUG cotyledon.oslo_config_glue [-] oslo_messaging_rabbit.rabbit_interval_max = 30 {{(pid=96140) log_opt_values /opt/stack/data/venv/lib/python3.12/site-packages/oslo_config/cfg.py:3253}}
Jun 22 12:54:08.406841 np0000003380 nova-scheduler[96140]: DEBUG cotyledon.oslo_config_glue [-] oslo_messaging_rabbit.rabbit_login_method = AMQPLAIN {{(pid=96140) log_opt_values /opt/stack/data/venv/lib/python3.12/site-packages/oslo_config/cfg.py:3253}}
Jun 22 12:54:08.406841 np0000003380 nova-scheduler[96140]: DEBUG cotyledon.oslo_config_glue [-] oslo_messaging_rabbit.rabbit_qos_prefetch_count = 0 {{(pid=96140) log_opt_values /opt/stack/data/venv/lib/python3.12/site-packages/oslo_config/cfg.py:3253}}
Jun 22 12:54:08.406841 np0000003380 nova-scheduler[96140]: DEBUG cotyledon.oslo_config_glue [-] oslo_messaging_rabbit.rabbit_quorum_delivery_limit = 0 {{(pid=96140) log_opt_values /opt/stack/data/venv/lib/python3.12/site-packages/oslo_config/cfg.py:3253}}
Jun 22 12:54:08.406841 np0000003380 nova-scheduler[96140]: DEBUG cotyledon.oslo_config_glue [-] oslo_messaging_rabbit.rabbit_quorum_max_memory_bytes = 0 {{(pid=96140) log_opt_values /opt/stack/data/venv/lib/python3.12/site-packages/oslo_config/cfg.py:3253}}
Jun 22 12:54:08.407092 np0000003380 nova-scheduler[96140]: DEBUG cotyledon.oslo_config_glue [-] oslo_messaging_rabbit.rabbit_quorum_max_memory_length = 0 {{(pid=96140) log_opt_values /opt/stack/data/venv/lib/python3.12/site-packages/oslo_config/cfg.py:3253}}
Jun 22 12:54:08.407092 np0000003380 nova-scheduler[96140]: DEBUG cotyledon.oslo_config_glue [-] oslo_messaging_rabbit.rabbit_quorum_queue = False {{(pid=96140) log_opt_values /opt/stack/data/venv/lib/python3.12/site-packages/oslo_config/cfg.py:3253}}
Jun 22 12:54:08.407092 np0000003380 nova-scheduler[96140]: DEBUG cotyledon.oslo_config_glue [-] oslo_messaging_rabbit.rabbit_retry_backoff = 2 {{(pid=96140) log_opt_values /opt/stack/data/venv/lib/python3.12/site-packages/oslo_config/cfg.py:3253}}
Jun 22 12:54:08.407092 np0000003380 nova-scheduler[96140]: DEBUG cotyledon.oslo_config_glue [-] oslo_messaging_rabbit.rabbit_retry_interval = 1 {{(pid=96140) log_opt_values /opt/stack/data/venv/lib/python3.12/site-packages/oslo_config/cfg.py:3253}}
Jun 22 12:54:08.407092 np0000003380 nova-scheduler[96140]: DEBUG cotyledon.oslo_config_glue [-] oslo_messaging_rabbit.rabbit_stream_fanout = False {{(pid=96140) log_opt_values /opt/stack/data/venv/lib/python3.12/site-packages/oslo_config/cfg.py:3253}}
Jun 22 12:54:08.407092 np0000003380 nova-scheduler[96140]: DEBUG cotyledon.oslo_config_glue [-] oslo_messaging_rabbit.rabbit_transient_queues_ttl = 1800 {{(pid=96140) log_opt_values /opt/stack/data/venv/lib/python3.12/site-packages/oslo_config/cfg.py:3253}}
Jun 22 12:54:08.407092 np0000003380 nova-scheduler[96140]: DEBUG cotyledon.oslo_config_glue [-] oslo_messaging_rabbit.rabbit_transient_quorum_queue = False {{(pid=96140) log_opt_values /opt/stack/data/venv/lib/python3.12/site-packages/oslo_config/cfg.py:3253}}
Jun 22 12:54:08.407092 np0000003380 nova-scheduler[96140]: DEBUG cotyledon.oslo_config_glue [-] oslo_messaging_rabbit.rpc_conn_pool_size = 30 {{(pid=96140) log_opt_values /opt/stack/data/venv/lib/python3.12/site-packages/oslo_config/cfg.py:3253}}
Jun 22 12:54:08.407092 np0000003380 nova-scheduler[96140]: DEBUG cotyledon.oslo_config_glue [-] oslo_messaging_rabbit.ssl = False {{(pid=96140) log_opt_values /opt/stack/data/venv/lib/python3.12/site-packages/oslo_config/cfg.py:3253}}
Jun 22 12:54:08.407338 np0000003380 nova-scheduler[96140]: DEBUG cotyledon.oslo_config_glue [-] oslo_messaging_rabbit.ssl_ca_file = {{(pid=96140) log_opt_values /opt/stack/data/venv/lib/python3.12/site-packages/oslo_config/cfg.py:3253}}
Jun 22 12:54:08.407338 np0000003380 nova-scheduler[96140]: DEBUG cotyledon.oslo_config_glue [-] oslo_messaging_rabbit.ssl_cert_file = {{(pid=96140) log_opt_values /opt/stack/data/venv/lib/python3.12/site-packages/oslo_config/cfg.py:3253}}
Jun 22 12:54:08.407338 np0000003380 nova-scheduler[96140]: DEBUG cotyledon.oslo_config_glue [-] oslo_messaging_rabbit.ssl_enforce_fips_mode = False {{(pid=96140) log_opt_values /opt/stack/data/venv/lib/python3.12/site-packages/oslo_config/cfg.py:3253}}
Jun 22 12:54:08.407338 np0000003380 nova-scheduler[96140]: DEBUG cotyledon.oslo_config_glue [-] oslo_messaging_rabbit.ssl_enforce_hostname_verification = True {{(pid=96140) log_opt_values /opt/stack/data/venv/lib/python3.12/site-packages/oslo_config/cfg.py:3253}}
Jun 22 12:54:08.407338 np0000003380 nova-scheduler[96140]: DEBUG cotyledon.oslo_config_glue [-] oslo_messaging_rabbit.ssl_key_file = {{(pid=96140) log_opt_values /opt/stack/data/venv/lib/python3.12/site-packages/oslo_config/cfg.py:3253}}
Jun 22 12:54:08.407338 np0000003380 nova-scheduler[96140]: DEBUG cotyledon.oslo_config_glue [-] oslo_messaging_rabbit.ssl_version = {{(pid=96140) log_opt_values /opt/stack/data/venv/lib/python3.12/site-packages/oslo_config/cfg.py:3253}}
Jun 22 12:54:08.407338 np0000003380 nova-scheduler[96140]: DEBUG cotyledon.oslo_config_glue [-] oslo_messaging_rabbit.use_queue_manager = False {{(pid=96140) log_opt_values /opt/stack/data/venv/lib/python3.12/site-packages/oslo_config/cfg.py:3253}}
Jun 22 12:54:08.407338 np0000003380 nova-scheduler[96140]: DEBUG cotyledon.oslo_config_glue [-] oslo_messaging_notifications.driver = ['messagingv2'] {{(pid=96140) log_opt_values /opt/stack/data/venv/lib/python3.12/site-packages/oslo_config/cfg.py:3253}}
Jun 22 12:54:08.407338 np0000003380 nova-scheduler[96140]: DEBUG cotyledon.oslo_config_glue [-] oslo_messaging_notifications.retry = -1 {{(pid=96140) log_opt_values /opt/stack/data/venv/lib/python3.12/site-packages/oslo_config/cfg.py:3253}}
Jun 22 12:54:08.407862 np0000003380 nova-scheduler[96140]: DEBUG cotyledon.oslo_config_glue [-] oslo_messaging_notifications.topics = ['notifications'] {{(pid=96140) log_opt_values /opt/stack/data/venv/lib/python3.12/site-packages/oslo_config/cfg.py:3253}}
Jun 22 12:54:08.407862 np0000003380 nova-scheduler[96140]: DEBUG cotyledon.oslo_config_glue [-] oslo_messaging_notifications.transport_url = **** {{(pid=96140) log_opt_values /opt/stack/data/venv/lib/python3.12/site-packages/oslo_config/cfg.py:3253}}
Jun 22 12:54:08.407862 np0000003380 nova-scheduler[96140]: DEBUG cotyledon.oslo_config_glue [-] oslo_limit.auth_section = None {{(pid=96140) log_opt_values /opt/stack/data/venv/lib/python3.12/site-packages/oslo_config/cfg.py:3253}}
Jun 22 12:54:08.407862 np0000003380 nova-scheduler[96140]: DEBUG cotyledon.oslo_config_glue [-] oslo_limit.auth_type = None {{(pid=96140) log_opt_values /opt/stack/data/venv/lib/python3.12/site-packages/oslo_config/cfg.py:3253}}
Jun 22 12:54:08.407862 np0000003380 nova-scheduler[96140]: DEBUG cotyledon.oslo_config_glue [-] oslo_limit.cafile = None {{(pid=96140) log_opt_values /opt/stack/data/venv/lib/python3.12/site-packages/oslo_config/cfg.py:3253}}
Jun 22 12:54:08.407862 np0000003380 nova-scheduler[96140]: DEBUG cotyledon.oslo_config_glue [-] oslo_limit.certfile = None {{(pid=96140) log_opt_values /opt/stack/data/venv/lib/python3.12/site-packages/oslo_config/cfg.py:3253}}
Jun 22 12:54:08.407862 np0000003380 nova-scheduler[96140]: DEBUG cotyledon.oslo_config_glue [-] oslo_limit.collect_timing = False {{(pid=96140) log_opt_values /opt/stack/data/venv/lib/python3.12/site-packages/oslo_config/cfg.py:3253}}
Jun 22 12:54:08.407862 np0000003380 nova-scheduler[96140]: DEBUG cotyledon.oslo_config_glue [-] oslo_limit.connect_retries = None {{(pid=96140) log_opt_values /opt/stack/data/venv/lib/python3.12/site-packages/oslo_config/cfg.py:3253}}
Jun 22 12:54:08.407862 np0000003380 nova-scheduler[96140]: DEBUG cotyledon.oslo_config_glue [-] oslo_limit.connect_retry_delay = None {{(pid=96140) log_opt_values /opt/stack/data/venv/lib/python3.12/site-packages/oslo_config/cfg.py:3253}}
Jun 22 12:54:08.408078 np0000003380 nova-scheduler[96140]: DEBUG cotyledon.oslo_config_glue [-] oslo_limit.endpoint_id = None {{(pid=96140) log_opt_values /opt/stack/data/venv/lib/python3.12/site-packages/oslo_config/cfg.py:3253}}
Jun 22 12:54:08.408078 np0000003380 nova-scheduler[96140]: DEBUG cotyledon.oslo_config_glue [-] oslo_limit.endpoint_interface = public {{(pid=96140) log_opt_values /opt/stack/data/venv/lib/python3.12/site-packages/oslo_config/cfg.py:3253}}
Jun 22 12:54:08.408078 np0000003380 nova-scheduler[96140]: DEBUG cotyledon.oslo_config_glue [-] oslo_limit.endpoint_override = None {{(pid=96140) log_opt_values /opt/stack/data/venv/lib/python3.12/site-packages/oslo_config/cfg.py:3253}}
Jun 22 12:54:08.408078 np0000003380 nova-scheduler[96140]: DEBUG cotyledon.oslo_config_glue [-] oslo_limit.endpoint_region_name = None {{(pid=96140) log_opt_values /opt/stack/data/venv/lib/python3.12/site-packages/oslo_config/cfg.py:3253}}
Jun 22 12:54:08.408078 np0000003380 nova-scheduler[96140]: DEBUG cotyledon.oslo_config_glue [-] oslo_limit.endpoint_service_name = None {{(pid=96140) log_opt_values /opt/stack/data/venv/lib/python3.12/site-packages/oslo_config/cfg.py:3253}}
Jun 22 12:54:08.408078 np0000003380 nova-scheduler[96140]: DEBUG cotyledon.oslo_config_glue [-] oslo_limit.endpoint_service_type = None {{(pid=96140) log_opt_values /opt/stack/data/venv/lib/python3.12/site-packages/oslo_config/cfg.py:3253}}
Jun 22 12:54:08.408078 np0000003380 nova-scheduler[96140]: DEBUG cotyledon.oslo_config_glue [-] oslo_limit.insecure = False {{(pid=96140) log_opt_values /opt/stack/data/venv/lib/python3.12/site-packages/oslo_config/cfg.py:3253}}
Jun 22 12:54:08.408078 np0000003380 nova-scheduler[96140]: DEBUG cotyledon.oslo_config_glue [-] oslo_limit.keyfile = None {{(pid=96140) log_opt_values /opt/stack/data/venv/lib/python3.12/site-packages/oslo_config/cfg.py:3253}}
Jun 22 12:54:08.408078 np0000003380 nova-scheduler[96140]: DEBUG cotyledon.oslo_config_glue [-] oslo_limit.max_version = None {{(pid=96140) log_opt_values /opt/stack/data/venv/lib/python3.12/site-packages/oslo_config/cfg.py:3253}}
Jun 22 12:54:08.408254 np0000003380 nova-scheduler[96140]: DEBUG cotyledon.oslo_config_glue [-] oslo_limit.min_version = None {{(pid=96140) log_opt_values /opt/stack/data/venv/lib/python3.12/site-packages/oslo_config/cfg.py:3253}}
Jun 22 12:54:08.408254 np0000003380 nova-scheduler[96140]: DEBUG cotyledon.oslo_config_glue [-] oslo_limit.region_name = None {{(pid=96140) log_opt_values /opt/stack/data/venv/lib/python3.12/site-packages/oslo_config/cfg.py:3253}}
Jun 22 12:54:08.408254 np0000003380 nova-scheduler[96140]: DEBUG cotyledon.oslo_config_glue [-] oslo_limit.retriable_status_codes = None {{(pid=96140) log_opt_values /opt/stack/data/venv/lib/python3.12/site-packages/oslo_config/cfg.py:3253}}
Jun 22 12:54:08.408254 np0000003380 nova-scheduler[96140]: DEBUG cotyledon.oslo_config_glue [-] oslo_limit.service_name = None {{(pid=96140) log_opt_values /opt/stack/data/venv/lib/python3.12/site-packages/oslo_config/cfg.py:3253}}
Jun 22 12:54:08.408254 np0000003380 nova-scheduler[96140]: DEBUG cotyledon.oslo_config_glue [-] oslo_limit.service_type = None {{(pid=96140) log_opt_values /opt/stack/data/venv/lib/python3.12/site-packages/oslo_config/cfg.py:3253}}
Jun 22 12:54:08.408254 np0000003380 nova-scheduler[96140]: DEBUG cotyledon.oslo_config_glue [-] oslo_limit.split_loggers = False {{(pid=96140) log_opt_values /opt/stack/data/venv/lib/python3.12/site-packages/oslo_config/cfg.py:3253}}
Jun 22 12:54:08.408254 np0000003380 nova-scheduler[96140]: DEBUG cotyledon.oslo_config_glue [-] oslo_limit.status_code_retries = None {{(pid=96140) log_opt_values /opt/stack/data/venv/lib/python3.12/site-packages/oslo_config/cfg.py:3253}}
Jun 22 12:54:08.408254 np0000003380 nova-scheduler[96140]: DEBUG cotyledon.oslo_config_glue [-] oslo_limit.status_code_retry_delay = None {{(pid=96140) log_opt_values /opt/stack/data/venv/lib/python3.12/site-packages/oslo_config/cfg.py:3253}}
Jun 22 12:54:08.408254 np0000003380 nova-scheduler[96140]: DEBUG cotyledon.oslo_config_glue [-] oslo_limit.timeout = None {{(pid=96140) log_opt_values /opt/stack/data/venv/lib/python3.12/site-packages/oslo_config/cfg.py:3253}}
Jun 22 12:54:08.408442 np0000003380 nova-scheduler[96140]: DEBUG cotyledon.oslo_config_glue [-] oslo_limit.valid_interfaces = None {{(pid=96140) log_opt_values /opt/stack/data/venv/lib/python3.12/site-packages/oslo_config/cfg.py:3253}}
Jun 22 12:54:08.408442 np0000003380 nova-scheduler[96140]: DEBUG cotyledon.oslo_config_glue [-] oslo_limit.version = None {{(pid=96140) log_opt_values /opt/stack/data/venv/lib/python3.12/site-packages/oslo_config/cfg.py:3253}}
Jun 22 12:54:08.408442 np0000003380 nova-scheduler[96140]: DEBUG cotyledon.oslo_config_glue [-] oslo_reports.file_event_handler = None {{(pid=96140) log_opt_values /opt/stack/data/venv/lib/python3.12/site-packages/oslo_config/cfg.py:3253}}
Jun 22 12:54:08.408442 np0000003380 nova-scheduler[96140]: DEBUG cotyledon.oslo_config_glue [-] oslo_reports.file_event_handler_interval = 1 {{(pid=96140) log_opt_values /opt/stack/data/venv/lib/python3.12/site-packages/oslo_config/cfg.py:3253}}
Jun 22 12:54:08.408442 np0000003380 nova-scheduler[96140]: DEBUG cotyledon.oslo_config_glue [-] oslo_reports.log_dir = None {{(pid=96140) log_opt_values /opt/stack/data/venv/lib/python3.12/site-packages/oslo_config/cfg.py:3253}}
Jun 22 12:54:08.408442 np0000003380 nova-scheduler[96140]: DEBUG cotyledon.oslo_config_glue [-] ******************************************************************************** {{(pid=96140) log_opt_values /opt/stack/data/venv/lib/python3.12/site-packages/oslo_config/cfg.py:3260}}
Jun 22 12:54:08.408442 np0000003380 nova-scheduler[96140]: DEBUG cotyledon._service_worker [-] Run service ServiceWrapper(2) [96140] {{(pid=96140) wait_forever /opt/stack/data/venv/lib/python3.12/site-packages/cotyledon/_service_worker.py:218}}
Jun 22 12:54:08.408442 np0000003380 nova-scheduler[96140]: INFO nova.service [-] Starting scheduler node (version 33.1.0)
Jun 22 12:54:08.408442 np0000003380 nova-scheduler[96140]: INFO dbcounter [None req-bde929e6-42c5-4493-98a8-3cc49f8eed92 None None] Registered counter for database nova_cell0
Jun 22 12:54:08.408636 np0000003380 nova-scheduler[96135]: DEBUG oslo_db.sqlalchemy.engines [None req-8ee12dd5-c896-44ae-b7d6-a67c0911ee2d None None] MySQL server mode set to STRICT_TRANS_TABLES,STRICT_ALL_TABLES,NO_ZERO_IN_DATE,NO_ZERO_DATE,ERROR_FOR_DIVISION_BY_ZERO,TRADITIONAL,NO_ENGINE_SUBSTITUTION {{(pid=96135) _check_effective_sql_mode /opt/stack/data/venv/lib/python3.12/site-packages/oslo_db/sqlalchemy/engines.py:325}}
Jun 22 12:54:08.408636 np0000003380 nova-scheduler[96135]: DEBUG dbcounter [-] [96135] Writer thread running {{(pid=96135) stat_writer /opt/stack/data/venv/lib/python3.12/site-packages/dbcounter.py:102}}
Jun 22 12:54:08.408712 np0000003380 nova-scheduler[96166]: DEBUG oslo_db.sqlalchemy.engines [None req-e5c1a1bc-78c5-407f-8606-4a11f35f62fa None None] MySQL server mode set to STRICT_TRANS_TABLES,STRICT_ALL_TABLES,NO_ZERO_IN_DATE,NO_ZERO_DATE,ERROR_FOR_DIVISION_BY_ZERO,TRADITIONAL,NO_ENGINE_SUBSTITUTION {{(pid=96166) _check_effective_sql_mode /opt/stack/data/venv/lib/python3.12/site-packages/oslo_db/sqlalchemy/engines.py:325}}
Jun 22 12:54:08.408823 np0000003380 nova-scheduler[96133]: DEBUG oslo_db.sqlalchemy.engines [None req-d53ef019-3884-48a4-b19c-93d6714852d7 None None] MySQL server mode set to STRICT_TRANS_TABLES,STRICT_ALL_TABLES,NO_ZERO_IN_DATE,NO_ZERO_DATE,ERROR_FOR_DIVISION_BY_ZERO,TRADITIONAL,NO_ENGINE_SUBSTITUTION {{(pid=96133) _check_effective_sql_mode /opt/stack/data/venv/lib/python3.12/site-packages/oslo_db/sqlalchemy/engines.py:325}}
Jun 22 12:54:08.414130 np0000003380 nova-scheduler[96135]: DEBUG nova.service [None req-8ee12dd5-c896-44ae-b7d6-a67c0911ee2d None None] Creating RPC server for service: nova-scheduler on topic: scheduler {{(pid=96135) start /opt/stack/nova/nova/service.py:196}}
Jun 22 12:54:08.414237 np0000003380 nova-scheduler[96166]: DEBUG dbcounter [-] [96166] Writer thread running {{(pid=96166) stat_writer /opt/stack/data/venv/lib/python3.12/site-packages/dbcounter.py:102}}
Jun 22 12:54:08.416917 np0000003380 nova-scheduler[96166]: DEBUG nova.service [None req-e5c1a1bc-78c5-407f-8606-4a11f35f62fa None None] Creating RPC server for service: nova-scheduler on topic: scheduler {{(pid=96166) start /opt/stack/nova/nova/service.py:196}}
Jun 22 12:54:08.419297 np0000003380 nova-scheduler[96133]: DEBUG dbcounter [-] [96133] Writer thread running {{(pid=96133) stat_writer /opt/stack/data/venv/lib/python3.12/site-packages/dbcounter.py:102}}
Jun 22 12:54:08.419379 np0000003380 nova-scheduler[96140]: DEBUG oslo_db.sqlalchemy.engines [None req-bde929e6-42c5-4493-98a8-3cc49f8eed92 None None] MySQL server mode set to STRICT_TRANS_TABLES,STRICT_ALL_TABLES,NO_ZERO_IN_DATE,NO_ZERO_DATE,ERROR_FOR_DIVISION_BY_ZERO,TRADITIONAL,NO_ENGINE_SUBSTITUTION {{(pid=96140) _check_effective_sql_mode /opt/stack/data/venv/lib/python3.12/site-packages/oslo_db/sqlalchemy/engines.py:325}}
Jun 22 12:54:08.422037 np0000003380 nova-scheduler[96133]: DEBUG nova.service [None req-d53ef019-3884-48a4-b19c-93d6714852d7 None None] Creating RPC server for service: nova-scheduler on topic: scheduler {{(pid=96133) start /opt/stack/nova/nova/service.py:196}}
Jun 22 12:54:08.429166 np0000003380 nova-scheduler[96140]: DEBUG dbcounter [-] [96140] Writer thread running {{(pid=96140) stat_writer /opt/stack/data/venv/lib/python3.12/site-packages/dbcounter.py:102}}
Jun 22 12:54:08.431987 np0000003380 nova-scheduler[96140]: DEBUG nova.service [None req-bde929e6-42c5-4493-98a8-3cc49f8eed92 None None] Creating RPC server for service: nova-scheduler on topic: scheduler {{(pid=96140) start /opt/stack/nova/nova/service.py:196}}
Jun 22 12:54:08.438953 np0000003380 nova-scheduler[96133]: DEBUG nova.service [None req-d53ef019-3884-48a4-b19c-93d6714852d7 None None] Join ServiceGroup membership for this service scheduler {{(pid=96133) start /opt/stack/nova/nova/service.py:222}}
Jun 22 12:54:08.439130 np0000003380 nova-scheduler[96133]: DEBUG nova.servicegroup.drivers.db [None req-d53ef019-3884-48a4-b19c-93d6714852d7 None None] DB_Driver: join new ServiceGroup member np0000003380 to the scheduler group, service = {{(pid=96133) join /opt/stack/nova/nova/servicegroup/drivers/db.py:44}}
Jun 22 12:54:08.440111 np0000003380 nova-scheduler[96135]: DEBUG nova.service [None req-8ee12dd5-c896-44ae-b7d6-a67c0911ee2d None None] Join ServiceGroup membership for this service scheduler {{(pid=96135) start /opt/stack/nova/nova/service.py:222}}
Jun 22 12:54:08.440324 np0000003380 nova-scheduler[96135]: DEBUG nova.servicegroup.drivers.db [None req-8ee12dd5-c896-44ae-b7d6-a67c0911ee2d None None] DB_Driver: join new ServiceGroup member np0000003380 to the scheduler group, service = {{(pid=96135) join /opt/stack/nova/nova/servicegroup/drivers/db.py:44}}
Jun 22 12:54:08.445939 np0000003380 nova-scheduler[96166]: DEBUG nova.service [None req-e5c1a1bc-78c5-407f-8606-4a11f35f62fa None None] Join ServiceGroup membership for this service scheduler {{(pid=96166) start /opt/stack/nova/nova/service.py:222}}
Jun 22 12:54:08.446129 np0000003380 nova-scheduler[96166]: DEBUG nova.servicegroup.drivers.db [None req-e5c1a1bc-78c5-407f-8606-4a11f35f62fa None None] DB_Driver: join new ServiceGroup member np0000003380 to the scheduler group, service = {{(pid=96166) join /opt/stack/nova/nova/servicegroup/drivers/db.py:44}}
Jun 22 12:54:08.450096 np0000003380 nova-scheduler[96140]: DEBUG nova.service [None req-bde929e6-42c5-4493-98a8-3cc49f8eed92 None None] Join ServiceGroup membership for this service scheduler {{(pid=96140) start /opt/stack/nova/nova/service.py:222}}
Jun 22 12:54:08.450284 np0000003380 nova-scheduler[96140]: DEBUG nova.servicegroup.drivers.db [None req-bde929e6-42c5-4493-98a8-3cc49f8eed92 None None] DB_Driver: join new ServiceGroup member np0000003380 to the scheduler group, service = {{(pid=96140) join /opt/stack/nova/nova/servicegroup/drivers/db.py:44}}
Jun 22 12:54:13.457181 np0000003380 nova-scheduler[96135]: DEBUG oslo.service.backend._threading.loopingcall [-] Fixed interval looping call 'nova.servicegroup.drivers.db.DbDriver._report_state' sleeping for 119.98 seconds {{(pid=96135) _run_loop /opt/stack/data/venv/lib/python3.12/site-packages/oslo_service/backend/_threading/loopingcall.py:125}}
Jun 22 12:54:13.459466 np0000003380 nova-scheduler[96133]: DEBUG oslo.service.backend._threading.loopingcall [-] Fixed interval looping call 'nova.servicegroup.drivers.db.DbDriver._report_state' sleeping for 119.98 seconds {{(pid=96133) _run_loop /opt/stack/data/venv/lib/python3.12/site-packages/oslo_service/backend/_threading/loopingcall.py:125}}
Jun 22 12:54:13.461514 np0000003380 nova-scheduler[96166]: DEBUG oslo.service.backend._threading.loopingcall [-] Fixed interval looping call 'nova.servicegroup.drivers.db.DbDriver._report_state' sleeping for 119.99 seconds {{(pid=96166) _run_loop /opt/stack/data/venv/lib/python3.12/site-packages/oslo_service/backend/_threading/loopingcall.py:125}}
Jun 22 12:54:13.464762 np0000003380 nova-scheduler[96140]: DEBUG oslo.service.backend._threading.loopingcall [-] Fixed interval looping call 'nova.servicegroup.drivers.db.DbDriver._report_state' sleeping for 119.99 seconds {{(pid=96140) _run_loop /opt/stack/data/venv/lib/python3.12/site-packages/oslo_service/backend/_threading/loopingcall.py:125}}
Jun 22 12:54:16.948851 np0000003380 nova-scheduler[94892]: DEBUG dbcounter [-] [94892] Writing DB stats nova_api:SELECT=3 {{(pid=94892) stat_writer /opt/stack/data/venv/lib/python3.12/site-packages/dbcounter.py:115}}
Jun 22 12:54:17.088803 np0000003380 nova-scheduler[94892]: DEBUG dbcounter [-] [94892] Writing DB stats nova_cell1:SELECT=1 {{(pid=94892) stat_writer /opt/stack/data/venv/lib/python3.12/site-packages/dbcounter.py:115}}
Jun 22 12:54:17.100138 np0000003380 nova-scheduler[94892]: DEBUG dbcounter [-] [94892] Writing DB stats nova_cell0:SELECT=1 {{(pid=94892) stat_writer /opt/stack/data/venv/lib/python3.12/site-packages/dbcounter.py:115}}
Jun 22 12:54:23.450380 np0000003380 nova-scheduler[96135]: DEBUG dbcounter [-] [96135] Writing DB stats nova_cell0:SELECT=4,nova_cell0:INSERT=1,nova_cell0:UPDATE=1 {{(pid=96135) stat_writer /opt/stack/data/venv/lib/python3.12/site-packages/dbcounter.py:115}}
Jun 22 12:54:23.452802 np0000003380 nova-scheduler[96133]: DEBUG dbcounter [-] [96133] Writing DB stats nova_cell0:SELECT=3,nova_cell0:UPDATE=1 {{(pid=96133) stat_writer /opt/stack/data/venv/lib/python3.12/site-packages/dbcounter.py:115}}
Jun 22 12:54:23.460835 np0000003380 nova-scheduler[96140]: DEBUG dbcounter [-] [96140] Writing DB stats nova_cell0:SELECT=3 {{(pid=96140) stat_writer /opt/stack/data/venv/lib/python3.12/site-packages/dbcounter.py:115}}
Jun 22 12:54:23.462546 np0000003380 nova-scheduler[96166]: DEBUG dbcounter [-] [96166] Writing DB stats nova_cell0:SELECT=3,nova_cell0:UPDATE=1 {{(pid=96166) stat_writer /opt/stack/data/venv/lib/python3.12/site-packages/dbcounter.py:115}}
Jun 22 12:54:29.452575 np0000003380 nova-scheduler[96140]: DEBUG oslo.service.backend._threading.loopingcall [None req-354a91e1-d999-4a62-9104-d6abf602382e None None] Dynamic interval looping call 'nova.service.Service.periodic_tasks' sleeping for 60.00 seconds {{(pid=96140) _run_loop /opt/stack/data/venv/lib/python3.12/site-packages/oslo_service/backend/_threading/loopingcall.py:125}}
Jun 22 12:54:42.442155 np0000003380 nova-scheduler[96135]: DEBUG oslo.service.backend._threading.loopingcall [None req-afd29698-eaf5-4c0e-9976-c603443cf431 None None] Dynamic interval looping call 'nova.service.Service.periodic_tasks' sleeping for 60.00 seconds {{(pid=96135) _run_loop /opt/stack/data/venv/lib/python3.12/site-packages/oslo_service/backend/_threading/loopingcall.py:125}}
Jun 22 12:54:43.448043 np0000003380 nova-scheduler[96166]: DEBUG oslo.service.backend._threading.loopingcall [None req-1e7b2cb8-4b78-4da2-809c-f9fb05ed71ae None None] Dynamic interval looping call 'nova.service.Service.periodic_tasks' sleeping for 60.00 seconds {{(pid=96166) _run_loop /opt/stack/data/venv/lib/python3.12/site-packages/oslo_service/backend/_threading/loopingcall.py:125}}
Jun 22 12:54:53.441209 np0000003380 nova-scheduler[96133]: DEBUG oslo.service.backend._threading.loopingcall [None req-b41ba3d3-098b-43b9-bf83-a258def175b5 None None] Dynamic interval looping call 'nova.service.Service.periodic_tasks' sleeping for 60.00 seconds {{(pid=96133) _run_loop /opt/stack/data/venv/lib/python3.12/site-packages/oslo_service/backend/_threading/loopingcall.py:125}}
Jun 22 12:55:29.453099 np0000003380 nova-scheduler[96140]: DEBUG oslo.service.backend._threading.loopingcall [None req-354a91e1-d999-4a62-9104-d6abf602382e None None] Dynamic interval looping call 'nova.service.Service.periodic_tasks' sleeping for 60.00 seconds {{(pid=96140) _run_loop /opt/stack/data/venv/lib/python3.12/site-packages/oslo_service/backend/_threading/loopingcall.py:125}}
Jun 22 12:55:42.442772 np0000003380 nova-scheduler[96135]: DEBUG oslo.service.backend._threading.loopingcall [None req-afd29698-eaf5-4c0e-9976-c603443cf431 None None] Dynamic interval looping call 'nova.service.Service.periodic_tasks' sleeping for 60.00 seconds {{(pid=96135) _run_loop /opt/stack/data/venv/lib/python3.12/site-packages/oslo_service/backend/_threading/loopingcall.py:125}}
Jun 22 12:55:43.448510 np0000003380 nova-scheduler[96166]: DEBUG oslo.service.backend._threading.loopingcall [None req-1e7b2cb8-4b78-4da2-809c-f9fb05ed71ae None None] Dynamic interval looping call 'nova.service.Service.periodic_tasks' sleeping for 60.00 seconds {{(pid=96166) _run_loop /opt/stack/data/venv/lib/python3.12/site-packages/oslo_service/backend/_threading/loopingcall.py:125}}
Jun 22 12:55:53.441796 np0000003380 nova-scheduler[96133]: DEBUG oslo.service.backend._threading.loopingcall [None req-b41ba3d3-098b-43b9-bf83-a258def175b5 None None] Dynamic interval looping call 'nova.service.Service.periodic_tasks' sleeping for 60.00 seconds {{(pid=96133) _run_loop /opt/stack/data/venv/lib/python3.12/site-packages/oslo_service/backend/_threading/loopingcall.py:125}}
Jun 22 12:56:13.445283 np0000003380 nova-scheduler[96135]: DEBUG oslo.service.backend._threading.loopingcall [-] Fixed interval looping call 'nova.servicegroup.drivers.db.DbDriver._report_state' sleeping for 119.99 seconds {{(pid=96135) _run_loop /opt/stack/data/venv/lib/python3.12/site-packages/oslo_service/backend/_threading/loopingcall.py:125}}
Jun 22 12:56:13.445892 np0000003380 nova-scheduler[96133]: DEBUG oslo.service.backend._threading.loopingcall [-] Fixed interval looping call 'nova.servicegroup.drivers.db.DbDriver._report_state' sleeping for 119.99 seconds {{(pid=96133) _run_loop /opt/stack/data/venv/lib/python3.12/site-packages/oslo_service/backend/_threading/loopingcall.py:125}}
Jun 22 12:56:13.455104 np0000003380 nova-scheduler[96166]: DEBUG oslo.service.backend._threading.loopingcall [-] Fixed interval looping call 'nova.servicegroup.drivers.db.DbDriver._report_state' sleeping for 120.00 seconds {{(pid=96166) _run_loop /opt/stack/data/venv/lib/python3.12/site-packages/oslo_service/backend/_threading/loopingcall.py:125}}
Jun 22 12:56:13.458112 np0000003380 nova-scheduler[96140]: DEBUG oslo.service.backend._threading.loopingcall [-] Fixed interval looping call 'nova.servicegroup.drivers.db.DbDriver._report_state' sleeping for 120.00 seconds {{(pid=96140) _run_loop /opt/stack/data/venv/lib/python3.12/site-packages/oslo_service/backend/_threading/loopingcall.py:125}}
Jun 22 12:56:23.440827 np0000003380 nova-scheduler[96135]: DEBUG dbcounter [-] [96135] Writing DB stats nova_cell0:SELECT=1,nova_cell0:UPDATE=1 {{(pid=96135) stat_writer /opt/stack/data/venv/lib/python3.12/site-packages/dbcounter.py:115}}
Jun 22 12:56:23.442523 np0000003380 nova-scheduler[96133]: DEBUG dbcounter [-] [96133] Writing DB stats nova_cell0:SELECT=1,nova_cell0:UPDATE=1 {{(pid=96133) stat_writer /opt/stack/data/venv/lib/python3.12/site-packages/dbcounter.py:115}}
Jun 22 12:56:23.453347 np0000003380 nova-scheduler[96166]: DEBUG dbcounter [-] [96166] Writing DB stats nova_cell0:SELECT=1 {{(pid=96166) stat_writer /opt/stack/data/venv/lib/python3.12/site-packages/dbcounter.py:115}}
Jun 22 12:56:23.456650 np0000003380 nova-scheduler[96140]: DEBUG dbcounter [-] [96140] Writing DB stats nova_cell0:SELECT=1 {{(pid=96140) stat_writer /opt/stack/data/venv/lib/python3.12/site-packages/dbcounter.py:115}}
Jun 22 12:56:29.453755 np0000003380 nova-scheduler[96140]: DEBUG oslo.service.backend._threading.loopingcall [None req-354a91e1-d999-4a62-9104-d6abf602382e None None] Dynamic interval looping call 'nova.service.Service.periodic_tasks' sleeping for 60.00 seconds {{(pid=96140) _run_loop /opt/stack/data/venv/lib/python3.12/site-packages/oslo_service/backend/_threading/loopingcall.py:125}}
Jun 22 12:56:42.443717 np0000003380 nova-scheduler[96135]: DEBUG oslo.service.backend._threading.loopingcall [None req-afd29698-eaf5-4c0e-9976-c603443cf431 None None] Dynamic interval looping call 'nova.service.Service.periodic_tasks' sleeping for 60.00 seconds {{(pid=96135) _run_loop /opt/stack/data/venv/lib/python3.12/site-packages/oslo_service/backend/_threading/loopingcall.py:125}}
Jun 22 12:56:43.449061 np0000003380 nova-scheduler[96166]: DEBUG oslo.service.backend._threading.loopingcall [None req-1e7b2cb8-4b78-4da2-809c-f9fb05ed71ae None None] Dynamic interval looping call 'nova.service.Service.periodic_tasks' sleeping for 60.00 seconds {{(pid=96166) _run_loop /opt/stack/data/venv/lib/python3.12/site-packages/oslo_service/backend/_threading/loopingcall.py:125}}
Jun 22 12:56:53.442807 np0000003380 nova-scheduler[96133]: DEBUG oslo.service.backend._threading.loopingcall [None req-b41ba3d3-098b-43b9-bf83-a258def175b5 None None] Dynamic interval looping call 'nova.service.Service.periodic_tasks' sleeping for 60.00 seconds {{(pid=96133) _run_loop /opt/stack/data/venv/lib/python3.12/site-packages/oslo_service/backend/_threading/loopingcall.py:125}}
Jun 22 12:57:02.937404 np0000003380 nova-scheduler[96133]: DEBUG nova.scheduler.manager [None req-5fb80366-fb0d-4cce-9b11-537ceb7e15bb tempest-DeleteServersTestJSON-768556331 tempest-DeleteServersTestJSON-768556331-project-member] Starting to schedule for instances: ['b96c02e1-256f-48f8-a3aa-7c20243a5d24'] {{(pid=96133) select_destinations /opt/stack/nova/nova/scheduler/manager.py:210}}
Jun 22 12:57:02.938076 np0000003380 nova-scheduler[96133]: DEBUG nova.scheduler.request_filter [None req-5fb80366-fb0d-4cce-9b11-537ceb7e15bb tempest-DeleteServersTestJSON-768556331 tempest-DeleteServersTestJSON-768556331-project-member] compute_status_filter request filter added forbidden trait COMPUTE_STATUS_DISABLED {{(pid=96133) compute_status_filter /opt/stack/nova/nova/scheduler/request_filter.py:253}}
Jun 22 12:57:02.938281 np0000003380 nova-scheduler[96133]: DEBUG nova.scheduler.request_filter [None req-5fb80366-fb0d-4cce-9b11-537ceb7e15bb tempest-DeleteServersTestJSON-768556331 tempest-DeleteServersTestJSON-768556331-project-member] Request filter 'compute_status_filter' took 0.0 seconds {{(pid=96133) wrapper /opt/stack/nova/nova/scheduler/request_filter.py:46}}
Jun 22 12:57:02.938524 np0000003380 nova-scheduler[96133]: DEBUG nova.scheduler.request_filter [None req-5fb80366-fb0d-4cce-9b11-537ceb7e15bb tempest-DeleteServersTestJSON-768556331 tempest-DeleteServersTestJSON-768556331-project-member] Request filter 'accelerators_filter' took 0.0 seconds {{(pid=96133) wrapper /opt/stack/nova/nova/scheduler/request_filter.py:46}}
Jun 22 12:57:02.938727 np0000003380 nova-scheduler[96133]: DEBUG nova.scheduler.request_filter [None req-5fb80366-fb0d-4cce-9b11-537ceb7e15bb tempest-DeleteServersTestJSON-768556331 tempest-DeleteServersTestJSON-768556331-project-member] Request filter 'packed_virtqueue_filter' took 0.0 seconds {{(pid=96133) wrapper /opt/stack/nova/nova/scheduler/request_filter.py:46}}
Jun 22 12:57:02.939000 np0000003380 nova-scheduler[96133]: DEBUG nova.scheduler.request_filter [None req-5fb80366-fb0d-4cce-9b11-537ceb7e15bb tempest-DeleteServersTestJSON-768556331 tempest-DeleteServersTestJSON-768556331-project-member] Request filter 'remote_managed_ports_filter' took 0.0 seconds {{(pid=96133) wrapper /opt/stack/nova/nova/scheduler/request_filter.py:46}}
Jun 22 12:57:02.939147 np0000003380 nova-scheduler[96133]: DEBUG nova.scheduler.request_filter [None req-5fb80366-fb0d-4cce-9b11-537ceb7e15bb tempest-DeleteServersTestJSON-768556331 tempest-DeleteServersTestJSON-768556331-project-member] ephemeral_encryption_filter skipped {{(pid=96133) ephemeral_encryption_filter /opt/stack/nova/nova/scheduler/request_filter.py:426}}
Jun 22 12:57:02.939306 np0000003380 nova-scheduler[96133]: DEBUG nova.scheduler.request_filter [None req-5fb80366-fb0d-4cce-9b11-537ceb7e15bb tempest-DeleteServersTestJSON-768556331 tempest-DeleteServersTestJSON-768556331-project-member] virtio_sound_filter skipped {{(pid=96133) virtio_sound_filter /opt/stack/nova/nova/scheduler/request_filter.py:460}}
Jun 22 12:57:02.939441 np0000003380 nova-scheduler[96133]: DEBUG nova.scheduler.request_filter [None req-5fb80366-fb0d-4cce-9b11-537ceb7e15bb tempest-DeleteServersTestJSON-768556331 tempest-DeleteServersTestJSON-768556331-project-member] tpm_secret_security_filter skipped {{(pid=96133) tpm_secret_security_filter /opt/stack/nova/nova/scheduler/request_filter.py:477}}
Jun 22 12:57:03.689371 np0000003380 nova-scheduler[96133]: INFO nova.utils [None req-5fb80366-fb0d-4cce-9b11-537ceb7e15bb tempest-DeleteServersTestJSON-768556331 tempest-DeleteServersTestJSON-768556331-project-member] The cell worker thread pool ForkProcess-1.cell_worker is initialized
Jun 22 12:57:03.689754 np0000003380 nova-scheduler[96133]: DEBUG oslo_concurrency.lockutils [None req-5fb80366-fb0d-4cce-9b11-537ceb7e15bb tempest-DeleteServersTestJSON-768556331 tempest-DeleteServersTestJSON-768556331-project-member] Acquiring lock "de692dd7-59cc-4b4a-8bfc-ad28881886ea" by "nova.context.set_target_cell..get_or_set_cached_cell_and_set_connections" {{(pid=96133) inner /opt/stack/data/venv/lib/python3.12/site-packages/oslo_concurrency/lockutils.py:511}}
Jun 22 12:57:03.689985 np0000003380 nova-scheduler[96133]: DEBUG oslo_concurrency.lockutils [None req-5fb80366-fb0d-4cce-9b11-537ceb7e15bb tempest-DeleteServersTestJSON-768556331 tempest-DeleteServersTestJSON-768556331-project-member] Lock "de692dd7-59cc-4b4a-8bfc-ad28881886ea" acquired by "nova.context.set_target_cell..get_or_set_cached_cell_and_set_connections" :: waited 0.000s {{(pid=96133) inner /opt/stack/data/venv/lib/python3.12/site-packages/oslo_concurrency/lockutils.py:524}}
Jun 22 12:57:03.700735 np0000003380 nova-scheduler[96133]: DEBUG oslo_concurrency.lockutils [None req-5fb80366-fb0d-4cce-9b11-537ceb7e15bb tempest-DeleteServersTestJSON-768556331 tempest-DeleteServersTestJSON-768556331-project-member] Lock "de692dd7-59cc-4b4a-8bfc-ad28881886ea" "released" by "nova.context.set_target_cell..get_or_set_cached_cell_and_set_connections" :: held 0.002s {{(pid=96133) inner /opt/stack/data/venv/lib/python3.12/site-packages/oslo_concurrency/lockutils.py:543}}
Jun 22 12:57:03.700735 np0000003380 nova-scheduler[96133]: INFO dbcounter [None req-5fb80366-fb0d-4cce-9b11-537ceb7e15bb tempest-DeleteServersTestJSON-768556331 tempest-DeleteServersTestJSON-768556331-project-member] Registered counter for database nova_cell1
Jun 22 12:57:03.751537 np0000003380 nova-scheduler[96133]: DEBUG oslo_db.sqlalchemy.engines [None req-5fb80366-fb0d-4cce-9b11-537ceb7e15bb tempest-DeleteServersTestJSON-768556331 tempest-DeleteServersTestJSON-768556331-project-member] MySQL server mode set to STRICT_TRANS_TABLES,STRICT_ALL_TABLES,NO_ZERO_IN_DATE,NO_ZERO_DATE,ERROR_FOR_DIVISION_BY_ZERO,TRADITIONAL,NO_ENGINE_SUBSTITUTION {{(pid=96133) _check_effective_sql_mode /opt/stack/data/venv/lib/python3.12/site-packages/oslo_db/sqlalchemy/engines.py:325}}
Jun 22 12:57:03.758703 np0000003380 nova-scheduler[96133]: DEBUG dbcounter [-] [96133] Writer thread running {{(pid=96133) stat_writer /opt/stack/data/venv/lib/python3.12/site-packages/dbcounter.py:102}}
Jun 22 12:57:03.778512 np0000003380 nova-scheduler[96133]: DEBUG oslo_db.sqlalchemy.engines [None req-5fb80366-fb0d-4cce-9b11-537ceb7e15bb tempest-DeleteServersTestJSON-768556331 tempest-DeleteServersTestJSON-768556331-project-member] Parent process 94892 forked (96133) with an open database connection, which is being discarded and recreated. {{(pid=96133) checkout /opt/stack/data/venv/lib/python3.12/site-packages/oslo_db/sqlalchemy/engines.py:402}}
Jun 22 12:57:03.826402 np0000003380 nova-scheduler[96133]: DEBUG dbcounter [-] [96133] Writer thread running {{(pid=96133) stat_writer /opt/stack/data/venv/lib/python3.12/site-packages/dbcounter.py:102}}
Jun 22 12:57:03.830544 np0000003380 nova-scheduler[96133]: DEBUG oslo_concurrency.lockutils [None req-5fb80366-fb0d-4cce-9b11-537ceb7e15bb tempest-DeleteServersTestJSON-768556331 tempest-DeleteServersTestJSON-768556331-project-member] Acquiring lock "de692dd7-59cc-4b4a-8bfc-ad28881886ea" by "nova.context.set_target_cell..get_or_set_cached_cell_and_set_connections" {{(pid=96133) inner /opt/stack/data/venv/lib/python3.12/site-packages/oslo_concurrency/lockutils.py:511}}
Jun 22 12:57:03.830724 np0000003380 nova-scheduler[96133]: DEBUG oslo_concurrency.lockutils [None req-5fb80366-fb0d-4cce-9b11-537ceb7e15bb tempest-DeleteServersTestJSON-768556331 tempest-DeleteServersTestJSON-768556331-project-member] Lock "de692dd7-59cc-4b4a-8bfc-ad28881886ea" acquired by "nova.context.set_target_cell..get_or_set_cached_cell_and_set_connections" :: waited 0.000s {{(pid=96133) inner /opt/stack/data/venv/lib/python3.12/site-packages/oslo_concurrency/lockutils.py:524}}
Jun 22 12:57:03.831005 np0000003380 nova-scheduler[96133]: DEBUG oslo_concurrency.lockutils [None req-5fb80366-fb0d-4cce-9b11-537ceb7e15bb tempest-DeleteServersTestJSON-768556331 tempest-DeleteServersTestJSON-768556331-project-member] Lock "de692dd7-59cc-4b4a-8bfc-ad28881886ea" "released" by "nova.context.set_target_cell..get_or_set_cached_cell_and_set_connections" :: held 0.000s {{(pid=96133) inner /opt/stack/data/venv/lib/python3.12/site-packages/oslo_concurrency/lockutils.py:543}}
Jun 22 12:57:03.836353 np0000003380 nova-scheduler[96133]: DEBUG oslo_concurrency.lockutils [None req-5fb80366-fb0d-4cce-9b11-537ceb7e15bb tempest-DeleteServersTestJSON-768556331 tempest-DeleteServersTestJSON-768556331-project-member] Acquiring lock "('np0000003380', 'np0000003380')" by "nova.scheduler.host_manager.HostState.update.._locked_update" {{(pid=96133) inner /opt/stack/data/venv/lib/python3.12/site-packages/oslo_concurrency/lockutils.py:511}}
Jun 22 12:57:03.836615 np0000003380 nova-scheduler[96133]: DEBUG oslo_concurrency.lockutils [None req-5fb80366-fb0d-4cce-9b11-537ceb7e15bb tempest-DeleteServersTestJSON-768556331 tempest-DeleteServersTestJSON-768556331-project-member] Lock "('np0000003380', 'np0000003380')" acquired by "nova.scheduler.host_manager.HostState.update.._locked_update" :: waited 0.000s {{(pid=96133) inner /opt/stack/data/venv/lib/python3.12/site-packages/oslo_concurrency/lockutils.py:524}}
Jun 22 12:57:03.837689 np0000003380 nova-scheduler[96133]: DEBUG nova.scheduler.host_manager [None req-5fb80366-fb0d-4cce-9b11-537ceb7e15bb tempest-DeleteServersTestJSON-768556331 tempest-DeleteServersTestJSON-768556331-project-member] Update host state from compute node: ComputeNode(cpu_allocation_ratio=4.0,cpu_info='{"arch": "x86_64", "model": "EPYC-Milan", "vendor": "AMD", "topology": {"cells": 1, "sockets": 16, "cores": 1, "threads": 1}, "maxphysaddr": {"mode": "emulate", "bits": 40}, "features": ["avx2", "mtrr", "osvw", "ibpb", "mca", "pause-filter", "pcid", "umip", "pku", "vmcb-clean", "sep", "cr8legacy", "gds-no", "vpclmulqdq", "fpu", "tsc-deadline", "tsc", "pclmuldq", "rdrand", "no-nested-data-bp", "vgif", "invpcid", "nrip-save", "erms", "wbnoinvd", "lm", "ssbd", "ibrs", "topoext", "popcnt", "clwb", "rdseed", "de", "perfctr_core", "fsrm", "cx16", "amd-stibp", "apic", "vaes", "v-vmsave-vmload", "xgetbv1", "bmi1", "mmxext", "vme", "mce", "cx8", "sse4.1", "pae", "stibp", "pse", "msr", "amd-ssbd", "flushbyasid", "sse", "movbe", "tsc-scale", "skip-l1dfl-vmentry", "lfence-always-serializing", "pat", "lbrv", "clflushopt", "misalignsse", "x2apic", "pni", "arat", "virt-ssbd", "syscall", "bmi2", "stibp-always-on", "pfthreshold", "clzero", "lahf_lm", "sha-ni", "hypervisor", "rdctl-no", "sse4a", "fxsr", "f16c", "smap", "adx", "smep", "ssse3", "cmp_legacy", "avx", "amd-psfd", "cmov", "xsavec", "sse2", "clflush", "svm", "null-sel-clr-base", "arch-capabilities", "pschange-mc-no", "xsaves", "rdtscp", "xsave", "spec-ctrl", "3dnowprefetch", "rdpid", "pge", "svme-addr-chk", "xsaveerptr", "mmx", "nx", "abm", "sse4.2", "aes", "pdpe1gb", "fma", "npt", "fxsr_opt", "xsaveopt", "fsgsbase", "tsc_adjust", "pse36", "mds-no"]}',created_at=2026-06-22T12:54:34Z,current_workload=0,deleted=False,deleted_at=None,disk_allocation_ratio=1.0,disk_available_least=74,free_disk_gb=95,free_ram_mb=63789,host='np0000003380',host_ip=10.4.3.162,hypervisor_hostname='np0000003380',hypervisor_type='QEMU',hypervisor_version=8002002,id=1,local_gb=95,local_gb_used=0,mapped=1,memory_mb=64301,memory_mb_used=512,metrics='[]',numa_topology='{"nova_object.name": "NUMATopology", "nova_object.namespace": "nova", "nova_object.version": "1.2", "nova_object.data": {"cells": [{"nova_object.name": "NUMACell", "nova_object.namespace": "nova", "nova_object.version": "1.5", "nova_object.data": {"id": 0, "cpuset": [0, 1, 2, 3, 4, 5, 6, 7, 8, 9, 10, 11, 12, 13, 14, 15], "pcpuset": [0, 1, 2, 3, 4, 5, 6, 7, 8, 9, 10, 11, 12, 13, 14, 15], "memory": 64301, "cpu_usage": 0, "memory_usage": 0, "pinned_cpus": [], "siblings": [[6], [12], [2], [15], [5], [11], [8], [14], [4], [1], [7], [10], [0], [13], [3], [9]], "mempages": [{"nova_object.name": "NUMAPagesTopology", "nova_object.namespace": "nova", "nova_object.version": "1.1", "nova_object.data": {"size_kb": 4, "total": 16461067, "used": 0, "reserved": 0}, "nova_object.changes": ["size_kb", "used", "total", "reserved"]}, {"nova_object.name": "NUMAPagesTopology", "nova_object.namespace": "nova", "nova_object.version": "1.1", "nova_object.data": {"size_kb": 2048, "total": 0, "used": 0, "reserved": 0}, "nova_object.changes": ["size_kb", "used", "total", "reserved"]}, {"nova_object.name": "NUMAPagesTopology", "nova_object.namespace": "nova", "nova_object.version": "1.1", "nova_object.data": {"size_kb": 1048576, "total": 0, "used": 0, "reserved": 0}, "nova_object.changes": ["size_kb", "used", "total", "reserved"]}], "network_metadata": {"nova_object.name": "NetworkMetadata", "nova_object.namespace": "nova", "nova_object.version": "1.0", "nova_object.data": {"physnets": [], "tunneled": false}, "nova_object.changes": ["tunneled", "physnets"]}, "socket": null}, "nova_object.changes": ["cpu_usage", "pinned_cpus", "memory_usage", "cpuset", "pcpuset", "siblings", "socket", "id", "memory", "network_metadata", "mempages"]}]}, "nova_object.changes": ["cells"]}',pci_device_pools=PciDevicePoolList,ram_allocation_ratio=1.0,running_vms=0,service_id=3,stats={failed_builds='0',uptime=' 12:56:19 up 29 min, 2 users, load average: 1.32, 1.44, 0.83
