Jun 22 12:54:13.677347 np0000003380 nova-conductor[98526]: DEBUG cotyledon.oslo_config_glue [-] profiler.es_scroll_time = 2m {{(pid=98526) log_opt_values /opt/stack/data/venv/lib/python3.12/site-packages/oslo_config/cfg.py:3253}}
Jun 22 12:54:13.677347 np0000003380 nova-conductor[98526]: DEBUG cotyledon.oslo_config_glue [-] profiler.filter_error_trace = False {{(pid=98526) log_opt_values /opt/stack/data/venv/lib/python3.12/site-packages/oslo_config/cfg.py:3253}}
Jun 22 12:54:13.677347 np0000003380 nova-conductor[98526]: DEBUG cotyledon.oslo_config_glue [-] profiler.hmac_keys = **** {{(pid=98526) log_opt_values /opt/stack/data/venv/lib/python3.12/site-packages/oslo_config/cfg.py:3253}}
Jun 22 12:54:13.677347 np0000003380 nova-conductor[98526]: DEBUG cotyledon.oslo_config_glue [-] profiler.sentinel_service_name = mymaster {{(pid=98526) log_opt_values /opt/stack/data/venv/lib/python3.12/site-packages/oslo_config/cfg.py:3253}}
Jun 22 12:54:13.677347 np0000003380 nova-conductor[98526]: DEBUG cotyledon.oslo_config_glue [-] profiler.socket_timeout = 0.1 {{(pid=98526) log_opt_values /opt/stack/data/venv/lib/python3.12/site-packages/oslo_config/cfg.py:3253}}
Jun 22 12:54:13.677536 np0000003380 nova-conductor[98526]: DEBUG cotyledon.oslo_config_glue [-] profiler.trace_requests = False {{(pid=98526) log_opt_values /opt/stack/data/venv/lib/python3.12/site-packages/oslo_config/cfg.py:3253}}
Jun 22 12:54:13.677536 np0000003380 nova-conductor[98526]: DEBUG cotyledon.oslo_config_glue [-] profiler.trace_sqlalchemy = False {{(pid=98526) log_opt_values /opt/stack/data/venv/lib/python3.12/site-packages/oslo_config/cfg.py:3253}}
Jun 22 12:54:13.677536 np0000003380 nova-conductor[98526]: DEBUG cotyledon.oslo_config_glue [-] profiler_jaeger.process_tags = {} {{(pid=98526) log_opt_values /opt/stack/data/venv/lib/python3.12/site-packages/oslo_config/cfg.py:3253}}
Jun 22 12:54:13.677536 np0000003380 nova-conductor[98526]: DEBUG cotyledon.oslo_config_glue [-] profiler_jaeger.service_name_prefix = None {{(pid=98526) log_opt_values /opt/stack/data/venv/lib/python3.12/site-packages/oslo_config/cfg.py:3253}}
Jun 22 12:54:13.677536 np0000003380 nova-conductor[98526]: DEBUG cotyledon.oslo_config_glue [-] profiler_otlp.service_name_prefix = None {{(pid=98526) log_opt_values /opt/stack/data/venv/lib/python3.12/site-packages/oslo_config/cfg.py:3253}}
Jun 22 12:54:13.677536 np0000003380 nova-conductor[98526]: DEBUG cotyledon.oslo_config_glue [-] oslo_messaging_rabbit.amqp_auto_delete = False {{(pid=98526) log_opt_values /opt/stack/data/venv/lib/python3.12/site-packages/oslo_config/cfg.py:3253}}
Jun 22 12:54:13.677536 np0000003380 nova-conductor[98526]: DEBUG cotyledon.oslo_config_glue [-] oslo_messaging_rabbit.amqp_durable_queues = False {{(pid=98526) log_opt_values /opt/stack/data/venv/lib/python3.12/site-packages/oslo_config/cfg.py:3253}}
Jun 22 12:54:13.677536 np0000003380 nova-conductor[98526]: DEBUG cotyledon.oslo_config_glue [-] oslo_messaging_rabbit.conn_pool_min_size = 2 {{(pid=98526) log_opt_values /opt/stack/data/venv/lib/python3.12/site-packages/oslo_config/cfg.py:3253}}
Jun 22 12:54:13.677536 np0000003380 nova-conductor[98526]: DEBUG cotyledon.oslo_config_glue [-] oslo_messaging_rabbit.conn_pool_ttl = 1200 {{(pid=98526) log_opt_values /opt/stack/data/venv/lib/python3.12/site-packages/oslo_config/cfg.py:3253}}
Jun 22 12:54:13.677709 np0000003380 nova-conductor[98526]: DEBUG cotyledon.oslo_config_glue [-] oslo_messaging_rabbit.direct_mandatory_flag = True {{(pid=98526) log_opt_values /opt/stack/data/venv/lib/python3.12/site-packages/oslo_config/cfg.py:3253}}
Jun 22 12:54:13.677709 np0000003380 nova-conductor[98526]: DEBUG cotyledon.oslo_config_glue [-] oslo_messaging_rabbit.enable_cancel_on_failover = False {{(pid=98526) log_opt_values /opt/stack/data/venv/lib/python3.12/site-packages/oslo_config/cfg.py:3253}}
Jun 22 12:54:13.677709 np0000003380 nova-conductor[98526]: DEBUG cotyledon.oslo_config_glue [-] oslo_messaging_rabbit.heartbeat_rate = 3 {{(pid=98526) log_opt_values /opt/stack/data/venv/lib/python3.12/site-packages/oslo_config/cfg.py:3253}}
Jun 22 12:54:13.677709 np0000003380 nova-conductor[98526]: DEBUG cotyledon.oslo_config_glue [-] oslo_messaging_rabbit.heartbeat_timeout_threshold = 60 {{(pid=98526) log_opt_values /opt/stack/data/venv/lib/python3.12/site-packages/oslo_config/cfg.py:3253}}
Jun 22 12:54:13.677709 np0000003380 nova-conductor[98526]: DEBUG cotyledon.oslo_config_glue [-] oslo_messaging_rabbit.hostname = np0000003380 {{(pid=98526) log_opt_values /opt/stack/data/venv/lib/python3.12/site-packages/oslo_config/cfg.py:3253}}
Jun 22 12:54:13.677709 np0000003380 nova-conductor[98526]: DEBUG cotyledon.oslo_config_glue [-] oslo_messaging_rabbit.kombu_compression = None {{(pid=98526) log_opt_values /opt/stack/data/venv/lib/python3.12/site-packages/oslo_config/cfg.py:3253}}
Jun 22 12:54:13.677709 np0000003380 nova-conductor[98526]: DEBUG cotyledon.oslo_config_glue [-] oslo_messaging_rabbit.kombu_failover_strategy = round-robin {{(pid=98526) log_opt_values /opt/stack/data/venv/lib/python3.12/site-packages/oslo_config/cfg.py:3253}}
Jun 22 12:54:13.677709 np0000003380 nova-conductor[98526]: DEBUG cotyledon.oslo_config_glue [-] oslo_messaging_rabbit.kombu_missing_consumer_retry_timeout = 60 {{(pid=98526) log_opt_values /opt/stack/data/venv/lib/python3.12/site-packages/oslo_config/cfg.py:3253}}
Jun 22 12:54:13.677709 np0000003380 nova-conductor[98526]: DEBUG cotyledon.oslo_config_glue [-] oslo_messaging_rabbit.kombu_reconnect_delay = 1.0 {{(pid=98526) log_opt_values /opt/stack/data/venv/lib/python3.12/site-packages/oslo_config/cfg.py:3253}}
Jun 22 12:54:13.677972 np0000003380 nova-conductor[98526]: DEBUG cotyledon.oslo_config_glue [-] oslo_messaging_rabbit.kombu_reconnect_splay = 0.0 {{(pid=98526) log_opt_values /opt/stack/data/venv/lib/python3.12/site-packages/oslo_config/cfg.py:3253}}
Jun 22 12:54:13.677972 np0000003380 nova-conductor[98526]: DEBUG cotyledon.oslo_config_glue [-] oslo_messaging_rabbit.processname = nova-conductor {{(pid=98526) log_opt_values /opt/stack/data/venv/lib/python3.12/site-packages/oslo_config/cfg.py:3253}}
Jun 22 12:54:13.677972 np0000003380 nova-conductor[98526]: DEBUG cotyledon.oslo_config_glue [-] oslo_messaging_rabbit.rabbit_ha_queues = False {{(pid=98526) log_opt_values /opt/stack/data/venv/lib/python3.12/site-packages/oslo_config/cfg.py:3253}}
Jun 22 12:54:13.677972 np0000003380 nova-conductor[98526]: DEBUG cotyledon.oslo_config_glue [-] oslo_messaging_rabbit.rabbit_interval_max = 30 {{(pid=98526) log_opt_values /opt/stack/data/venv/lib/python3.12/site-packages/oslo_config/cfg.py:3253}}
Jun 22 12:54:13.677972 np0000003380 nova-conductor[98526]: DEBUG cotyledon.oslo_config_glue [-] oslo_messaging_rabbit.rabbit_login_method = AMQPLAIN {{(pid=98526) log_opt_values /opt/stack/data/venv/lib/python3.12/site-packages/oslo_config/cfg.py:3253}}
Jun 22 12:54:13.677972 np0000003380 nova-conductor[98526]: DEBUG cotyledon.oslo_config_glue [-] oslo_messaging_rabbit.rabbit_qos_prefetch_count = 0 {{(pid=98526) log_opt_values /opt/stack/data/venv/lib/python3.12/site-packages/oslo_config/cfg.py:3253}}
Jun 22 12:54:13.677972 np0000003380 nova-conductor[98526]: DEBUG cotyledon.oslo_config_glue [-] oslo_messaging_rabbit.rabbit_quorum_delivery_limit = 0 {{(pid=98526) log_opt_values /opt/stack/data/venv/lib/python3.12/site-packages/oslo_config/cfg.py:3253}}
Jun 22 12:54:13.677972 np0000003380 nova-conductor[98526]: DEBUG cotyledon.oslo_config_glue [-] oslo_messaging_rabbit.rabbit_quorum_max_memory_bytes = 0 {{(pid=98526) log_opt_values /opt/stack/data/venv/lib/python3.12/site-packages/oslo_config/cfg.py:3253}}
Jun 22 12:54:13.677972 np0000003380 nova-conductor[98526]: DEBUG cotyledon.oslo_config_glue [-] oslo_messaging_rabbit.rabbit_quorum_max_memory_length = 0 {{(pid=98526) log_opt_values /opt/stack/data/venv/lib/python3.12/site-packages/oslo_config/cfg.py:3253}}
Jun 22 12:54:13.678230 np0000003380 nova-conductor[98526]: DEBUG cotyledon.oslo_config_glue [-] oslo_messaging_rabbit.rabbit_quorum_queue = False {{(pid=98526) log_opt_values /opt/stack/data/venv/lib/python3.12/site-packages/oslo_config/cfg.py:3253}}
Jun 22 12:54:13.678230 np0000003380 nova-conductor[98526]: DEBUG cotyledon.oslo_config_glue [-] oslo_messaging_rabbit.rabbit_retry_backoff = 2 {{(pid=98526) log_opt_values /opt/stack/data/venv/lib/python3.12/site-packages/oslo_config/cfg.py:3253}}
Jun 22 12:54:13.678230 np0000003380 nova-conductor[98526]: DEBUG cotyledon.oslo_config_glue [-] oslo_messaging_rabbit.rabbit_retry_interval = 1 {{(pid=98526) log_opt_values /opt/stack/data/venv/lib/python3.12/site-packages/oslo_config/cfg.py:3253}}
Jun 22 12:54:13.678230 np0000003380 nova-conductor[98526]: DEBUG cotyledon.oslo_config_glue [-] oslo_messaging_rabbit.rabbit_stream_fanout = False {{(pid=98526) log_opt_values /opt/stack/data/venv/lib/python3.12/site-packages/oslo_config/cfg.py:3253}}
Jun 22 12:54:13.678230 np0000003380 nova-conductor[98526]: DEBUG cotyledon.oslo_config_glue [-] oslo_messaging_rabbit.rabbit_transient_queues_ttl = 1800 {{(pid=98526) log_opt_values /opt/stack/data/venv/lib/python3.12/site-packages/oslo_config/cfg.py:3253}}
Jun 22 12:54:13.678230 np0000003380 nova-conductor[98526]: DEBUG cotyledon.oslo_config_glue [-] oslo_messaging_rabbit.rabbit_transient_quorum_queue = False {{(pid=98526) log_opt_values /opt/stack/data/venv/lib/python3.12/site-packages/oslo_config/cfg.py:3253}}
Jun 22 12:54:13.678230 np0000003380 nova-conductor[98526]: DEBUG cotyledon.oslo_config_glue [-] oslo_messaging_rabbit.rpc_conn_pool_size = 30 {{(pid=98526) log_opt_values /opt/stack/data/venv/lib/python3.12/site-packages/oslo_config/cfg.py:3253}}
Jun 22 12:54:13.678230 np0000003380 nova-conductor[98526]: DEBUG cotyledon.oslo_config_glue [-] oslo_messaging_rabbit.ssl = False {{(pid=98526) log_opt_values /opt/stack/data/venv/lib/python3.12/site-packages/oslo_config/cfg.py:3253}}
Jun 22 12:54:13.678230 np0000003380 nova-conductor[98526]: DEBUG cotyledon.oslo_config_glue [-] oslo_messaging_rabbit.ssl_ca_file = {{(pid=98526) log_opt_values /opt/stack/data/venv/lib/python3.12/site-packages/oslo_config/cfg.py:3253}}
Jun 22 12:54:13.678502 np0000003380 nova-conductor[98526]: DEBUG cotyledon.oslo_config_glue [-] oslo_messaging_rabbit.ssl_cert_file = {{(pid=98526) log_opt_values /opt/stack/data/venv/lib/python3.12/site-packages/oslo_config/cfg.py:3253}}
Jun 22 12:54:13.678502 np0000003380 nova-conductor[98526]: DEBUG cotyledon.oslo_config_glue [-] oslo_messaging_rabbit.ssl_enforce_fips_mode = False {{(pid=98526) log_opt_values /opt/stack/data/venv/lib/python3.12/site-packages/oslo_config/cfg.py:3253}}
Jun 22 12:54:13.678502 np0000003380 nova-conductor[98526]: DEBUG cotyledon.oslo_config_glue [-] oslo_messaging_rabbit.ssl_enforce_hostname_verification = True {{(pid=98526) log_opt_values /opt/stack/data/venv/lib/python3.12/site-packages/oslo_config/cfg.py:3253}}
Jun 22 12:54:13.678502 np0000003380 nova-conductor[98526]: DEBUG cotyledon.oslo_config_glue [-] oslo_messaging_rabbit.ssl_key_file = {{(pid=98526) log_opt_values /opt/stack/data/venv/lib/python3.12/site-packages/oslo_config/cfg.py:3253}}
Jun 22 12:54:13.678502 np0000003380 nova-conductor[98526]: DEBUG cotyledon.oslo_config_glue [-] oslo_messaging_rabbit.ssl_version = {{(pid=98526) log_opt_values /opt/stack/data/venv/lib/python3.12/site-packages/oslo_config/cfg.py:3253}}
Jun 22 12:54:13.678502 np0000003380 nova-conductor[98526]: DEBUG cotyledon.oslo_config_glue [-] oslo_messaging_rabbit.use_queue_manager = False {{(pid=98526) log_opt_values /opt/stack/data/venv/lib/python3.12/site-packages/oslo_config/cfg.py:3253}}
Jun 22 12:54:13.678502 np0000003380 nova-conductor[98526]: DEBUG cotyledon.oslo_config_glue [-] oslo_messaging_notifications.driver = ['messagingv2'] {{(pid=98526) log_opt_values /opt/stack/data/venv/lib/python3.12/site-packages/oslo_config/cfg.py:3253}}
Jun 22 12:54:13.678502 np0000003380 nova-conductor[98526]: DEBUG cotyledon.oslo_config_glue [-] oslo_messaging_notifications.retry = -1 {{(pid=98526) log_opt_values /opt/stack/data/venv/lib/python3.12/site-packages/oslo_config/cfg.py:3253}}
Jun 22 12:54:13.678502 np0000003380 nova-conductor[98526]: DEBUG cotyledon.oslo_config_glue [-] oslo_messaging_notifications.topics = ['notifications'] {{(pid=98526) log_opt_values /opt/stack/data/venv/lib/python3.12/site-packages/oslo_config/cfg.py:3253}}
Jun 22 12:54:13.678707 np0000003380 nova-conductor[98526]: DEBUG cotyledon.oslo_config_glue [-] oslo_messaging_notifications.transport_url = **** {{(pid=98526) log_opt_values /opt/stack/data/venv/lib/python3.12/site-packages/oslo_config/cfg.py:3253}}
Jun 22 12:54:13.678707 np0000003380 nova-conductor[98526]: DEBUG cotyledon.oslo_config_glue [-] oslo_limit.auth_section = None {{(pid=98526) log_opt_values /opt/stack/data/venv/lib/python3.12/site-packages/oslo_config/cfg.py:3253}}
Jun 22 12:54:13.678707 np0000003380 nova-conductor[98526]: DEBUG cotyledon.oslo_config_glue [-] oslo_limit.auth_type = None {{(pid=98526) log_opt_values /opt/stack/data/venv/lib/python3.12/site-packages/oslo_config/cfg.py:3253}}
Jun 22 12:54:13.678707 np0000003380 nova-conductor[98526]: DEBUG cotyledon.oslo_config_glue [-] oslo_limit.cafile = None {{(pid=98526) log_opt_values /opt/stack/data/venv/lib/python3.12/site-packages/oslo_config/cfg.py:3253}}
Jun 22 12:54:13.678707 np0000003380 nova-conductor[98526]: DEBUG cotyledon.oslo_config_glue [-] oslo_limit.certfile = None {{(pid=98526) log_opt_values /opt/stack/data/venv/lib/python3.12/site-packages/oslo_config/cfg.py:3253}}
Jun 22 12:54:13.678707 np0000003380 nova-conductor[98526]: DEBUG cotyledon.oslo_config_glue [-] oslo_limit.collect_timing = False {{(pid=98526) log_opt_values /opt/stack/data/venv/lib/python3.12/site-packages/oslo_config/cfg.py:3253}}
Jun 22 12:54:13.678707 np0000003380 nova-conductor[98526]: DEBUG cotyledon.oslo_config_glue [-] oslo_limit.connect_retries = None {{(pid=98526) log_opt_values /opt/stack/data/venv/lib/python3.12/site-packages/oslo_config/cfg.py:3253}}
Jun 22 12:54:13.678707 np0000003380 nova-conductor[98526]: DEBUG cotyledon.oslo_config_glue [-] oslo_limit.connect_retry_delay = None {{(pid=98526) log_opt_values /opt/stack/data/venv/lib/python3.12/site-packages/oslo_config/cfg.py:3253}}
Jun 22 12:54:13.678707 np0000003380 nova-conductor[98526]: DEBUG cotyledon.oslo_config_glue [-] oslo_limit.endpoint_id = None {{(pid=98526) log_opt_values /opt/stack/data/venv/lib/python3.12/site-packages/oslo_config/cfg.py:3253}}
Jun 22 12:54:13.679268 np0000003380 nova-conductor[98526]: DEBUG cotyledon.oslo_config_glue [-] oslo_limit.endpoint_interface = public {{(pid=98526) log_opt_values /opt/stack/data/venv/lib/python3.12/site-packages/oslo_config/cfg.py:3253}}
Jun 22 12:54:13.679268 np0000003380 nova-conductor[98526]: DEBUG cotyledon.oslo_config_glue [-] oslo_limit.endpoint_override = None {{(pid=98526) log_opt_values /opt/stack/data/venv/lib/python3.12/site-packages/oslo_config/cfg.py:3253}}
Jun 22 12:54:13.679268 np0000003380 nova-conductor[98526]: DEBUG cotyledon.oslo_config_glue [-] oslo_limit.endpoint_region_name = None {{(pid=98526) log_opt_values /opt/stack/data/venv/lib/python3.12/site-packages/oslo_config/cfg.py:3253}}
Jun 22 12:54:13.679268 np0000003380 nova-conductor[98526]: DEBUG cotyledon.oslo_config_glue [-] oslo_limit.endpoint_service_name = None {{(pid=98526) log_opt_values /opt/stack/data/venv/lib/python3.12/site-packages/oslo_config/cfg.py:3253}}
Jun 22 12:54:13.679268 np0000003380 nova-conductor[98526]: DEBUG cotyledon.oslo_config_glue [-] oslo_limit.endpoint_service_type = None {{(pid=98526) log_opt_values /opt/stack/data/venv/lib/python3.12/site-packages/oslo_config/cfg.py:3253}}
Jun 22 12:54:13.679268 np0000003380 nova-conductor[98526]: DEBUG cotyledon.oslo_config_glue [-] oslo_limit.insecure = False {{(pid=98526) log_opt_values /opt/stack/data/venv/lib/python3.12/site-packages/oslo_config/cfg.py:3253}}
Jun 22 12:54:13.679268 np0000003380 nova-conductor[98526]: DEBUG cotyledon.oslo_config_glue [-] oslo_limit.keyfile = None {{(pid=98526) log_opt_values /opt/stack/data/venv/lib/python3.12/site-packages/oslo_config/cfg.py:3253}}
Jun 22 12:54:13.679268 np0000003380 nova-conductor[98526]: DEBUG cotyledon.oslo_config_glue [-] oslo_limit.max_version = None {{(pid=98526) log_opt_values /opt/stack/data/venv/lib/python3.12/site-packages/oslo_config/cfg.py:3253}}
Jun 22 12:54:13.679268 np0000003380 nova-conductor[98526]: DEBUG cotyledon.oslo_config_glue [-] oslo_limit.min_version = None {{(pid=98526) log_opt_values /opt/stack/data/venv/lib/python3.12/site-packages/oslo_config/cfg.py:3253}}
Jun 22 12:54:13.679577 np0000003380 nova-conductor[98526]: DEBUG cotyledon.oslo_config_glue [-] oslo_limit.region_name = None {{(pid=98526) log_opt_values /opt/stack/data/venv/lib/python3.12/site-packages/oslo_config/cfg.py:3253}}
Jun 22 12:54:13.679577 np0000003380 nova-conductor[98526]: DEBUG cotyledon.oslo_config_glue [-] oslo_limit.retriable_status_codes = None {{(pid=98526) log_opt_values /opt/stack/data/venv/lib/python3.12/site-packages/oslo_config/cfg.py:3253}}
Jun 22 12:54:13.679577 np0000003380 nova-conductor[98526]: DEBUG cotyledon.oslo_config_glue [-] oslo_limit.service_name = None {{(pid=98526) log_opt_values /opt/stack/data/venv/lib/python3.12/site-packages/oslo_config/cfg.py:3253}}
Jun 22 12:54:13.679577 np0000003380 nova-conductor[98526]: DEBUG cotyledon.oslo_config_glue [-] oslo_limit.service_type = None {{(pid=98526) log_opt_values /opt/stack/data/venv/lib/python3.12/site-packages/oslo_config/cfg.py:3253}}
Jun 22 12:54:13.679577 np0000003380 nova-conductor[98526]: DEBUG cotyledon.oslo_config_glue [-] oslo_limit.split_loggers = False {{(pid=98526) log_opt_values /opt/stack/data/venv/lib/python3.12/site-packages/oslo_config/cfg.py:3253}}
Jun 22 12:54:13.679577 np0000003380 nova-conductor[98526]: DEBUG cotyledon.oslo_config_glue [-] oslo_limit.status_code_retries = None {{(pid=98526) log_opt_values /opt/stack/data/venv/lib/python3.12/site-packages/oslo_config/cfg.py:3253}}
Jun 22 12:54:13.679577 np0000003380 nova-conductor[98526]: DEBUG cotyledon.oslo_config_glue [-] oslo_limit.status_code_retry_delay = None {{(pid=98526) log_opt_values /opt/stack/data/venv/lib/python3.12/site-packages/oslo_config/cfg.py:3253}}
Jun 22 12:54:13.679577 np0000003380 nova-conductor[98526]: DEBUG cotyledon.oslo_config_glue [-] oslo_limit.timeout = None {{(pid=98526) log_opt_values /opt/stack/data/venv/lib/python3.12/site-packages/oslo_config/cfg.py:3253}}
Jun 22 12:54:13.679577 np0000003380 nova-conductor[98526]: DEBUG cotyledon.oslo_config_glue [-] oslo_limit.valid_interfaces = None {{(pid=98526) log_opt_values /opt/stack/data/venv/lib/python3.12/site-packages/oslo_config/cfg.py:3253}}
Jun 22 12:54:13.679849 np0000003380 nova-conductor[98526]: DEBUG cotyledon.oslo_config_glue [-] oslo_limit.version = None {{(pid=98526) log_opt_values /opt/stack/data/venv/lib/python3.12/site-packages/oslo_config/cfg.py:3253}}
Jun 22 12:54:13.679849 np0000003380 nova-conductor[98526]: DEBUG cotyledon.oslo_config_glue [-] oslo_reports.file_event_handler = None {{(pid=98526) log_opt_values /opt/stack/data/venv/lib/python3.12/site-packages/oslo_config/cfg.py:3253}}
Jun 22 12:54:13.679849 np0000003380 nova-conductor[98526]: DEBUG cotyledon.oslo_config_glue [-] oslo_reports.file_event_handler_interval = 1 {{(pid=98526) log_opt_values /opt/stack/data/venv/lib/python3.12/site-packages/oslo_config/cfg.py:3253}}
Jun 22 12:54:13.679849 np0000003380 nova-conductor[98526]: DEBUG cotyledon.oslo_config_glue [-] oslo_reports.log_dir = None {{(pid=98526) log_opt_values /opt/stack/data/venv/lib/python3.12/site-packages/oslo_config/cfg.py:3253}}
Jun 22 12:54:13.679849 np0000003380 nova-conductor[98526]: DEBUG cotyledon.oslo_config_glue [-] ******************************************************************************** {{(pid=98526) log_opt_values /opt/stack/data/venv/lib/python3.12/site-packages/oslo_config/cfg.py:3260}}
Jun 22 12:54:13.679849 np0000003380 nova-conductor[98526]: DEBUG cotyledon._service_worker [-] Run service ServiceWrapper(3) [98526] {{(pid=98526) wait_forever /opt/stack/data/venv/lib/python3.12/site-packages/cotyledon/_service_worker.py:218}}
Jun 22 12:54:13.679849 np0000003380 nova-conductor[98526]: INFO nova.service [-] Starting conductor node (version 33.1.0)
Jun 22 12:54:13.679849 np0000003380 nova-conductor[98526]: INFO dbcounter [None req-e6346cf3-058f-45da-8446-b939cddef284 None None] Registered counter for database nova_cell0
Jun 22 12:54:13.681261 np0000003380 nova-conductor[98515]: DEBUG oslo_db.sqlalchemy.engines [None req-37c49f51-2acf-4efa-80c0-61fe8891d2bf None None] MySQL server mode set to STRICT_TRANS_TABLES,STRICT_ALL_TABLES,NO_ZERO_IN_DATE,NO_ZERO_DATE,ERROR_FOR_DIVISION_BY_ZERO,TRADITIONAL,NO_ENGINE_SUBSTITUTION {{(pid=98515) _check_effective_sql_mode /opt/stack/data/venv/lib/python3.12/site-packages/oslo_db/sqlalchemy/engines.py:325}}
Jun 22 12:54:13.687083 np0000003380 nova-conductor[98507]: DEBUG oslo_db.sqlalchemy.engines [None req-53cd81db-81cd-4aeb-8f6f-849b92fdd50a None None] MySQL server mode set to STRICT_TRANS_TABLES,STRICT_ALL_TABLES,NO_ZERO_IN_DATE,NO_ZERO_DATE,ERROR_FOR_DIVISION_BY_ZERO,TRADITIONAL,NO_ENGINE_SUBSTITUTION {{(pid=98507) _check_effective_sql_mode /opt/stack/data/venv/lib/python3.12/site-packages/oslo_db/sqlalchemy/engines.py:325}}
Jun 22 12:54:13.691606 np0000003380 nova-conductor[98515]: DEBUG dbcounter [-] [98515] Writer thread running {{(pid=98515) stat_writer /opt/stack/data/venv/lib/python3.12/site-packages/dbcounter.py:102}}
Jun 22 12:54:13.696407 np0000003380 nova-conductor[98507]: DEBUG dbcounter [-] [98507] Writer thread running {{(pid=98507) stat_writer /opt/stack/data/venv/lib/python3.12/site-packages/dbcounter.py:102}}
Jun 22 12:54:13.707286 np0000003380 nova-conductor[98515]: DEBUG nova.service [None req-37c49f51-2acf-4efa-80c0-61fe8891d2bf None None] Creating RPC server for service: nova-conductor on topic: conductor {{(pid=98515) start /opt/stack/nova/nova/service.py:196}}
Jun 22 12:54:13.708563 np0000003380 nova-conductor[98521]: DEBUG oslo_db.sqlalchemy.engines [None req-ca9b41b7-2510-4930-9cf6-ba62e3a0109d None None] MySQL server mode set to STRICT_TRANS_TABLES,STRICT_ALL_TABLES,NO_ZERO_IN_DATE,NO_ZERO_DATE,ERROR_FOR_DIVISION_BY_ZERO,TRADITIONAL,NO_ENGINE_SUBSTITUTION {{(pid=98521) _check_effective_sql_mode /opt/stack/data/venv/lib/python3.12/site-packages/oslo_db/sqlalchemy/engines.py:325}}
Jun 22 12:54:13.711051 np0000003380 nova-conductor[98507]: DEBUG nova.service [None req-53cd81db-81cd-4aeb-8f6f-849b92fdd50a None None] Creating RPC server for service: nova-conductor on topic: conductor {{(pid=98507) start /opt/stack/nova/nova/service.py:196}}
Jun 22 12:54:13.716148 np0000003380 nova-conductor[98526]: DEBUG oslo_db.sqlalchemy.engines [None req-e6346cf3-058f-45da-8446-b939cddef284 None None] MySQL server mode set to STRICT_TRANS_TABLES,STRICT_ALL_TABLES,NO_ZERO_IN_DATE,NO_ZERO_DATE,ERROR_FOR_DIVISION_BY_ZERO,TRADITIONAL,NO_ENGINE_SUBSTITUTION {{(pid=98526) _check_effective_sql_mode /opt/stack/data/venv/lib/python3.12/site-packages/oslo_db/sqlalchemy/engines.py:325}}
Jun 22 12:54:13.718345 np0000003380 nova-conductor[98521]: DEBUG dbcounter [-] [98521] Writer thread running {{(pid=98521) stat_writer /opt/stack/data/venv/lib/python3.12/site-packages/dbcounter.py:102}}
Jun 22 12:54:13.721120 np0000003380 nova-conductor[98521]: DEBUG nova.service [None req-ca9b41b7-2510-4930-9cf6-ba62e3a0109d None None] Creating RPC server for service: nova-conductor on topic: conductor {{(pid=98521) start /opt/stack/nova/nova/service.py:196}}
Jun 22 12:54:13.729835 np0000003380 nova-conductor[98526]: DEBUG dbcounter [-] [98526] Writer thread running {{(pid=98526) stat_writer /opt/stack/data/venv/lib/python3.12/site-packages/dbcounter.py:102}}
Jun 22 12:54:13.733769 np0000003380 nova-conductor[98526]: DEBUG nova.service [None req-e6346cf3-058f-45da-8446-b939cddef284 None None] Creating RPC server for service: nova-conductor on topic: conductor {{(pid=98526) start /opt/stack/nova/nova/service.py:196}}
Jun 22 12:54:13.734294 np0000003380 nova-conductor[98507]: DEBUG nova.service [None req-53cd81db-81cd-4aeb-8f6f-849b92fdd50a None None] Join ServiceGroup membership for this service conductor {{(pid=98507) start /opt/stack/nova/nova/service.py:222}}
Jun 22 12:54:13.735414 np0000003380 nova-conductor[98507]: DEBUG nova.servicegroup.drivers.db [None req-53cd81db-81cd-4aeb-8f6f-849b92fdd50a None None] DB_Driver: join new ServiceGroup member np0000003380 to the conductor group, service = {{(pid=98507) join /opt/stack/nova/nova/servicegroup/drivers/db.py:44}}
Jun 22 12:54:13.735543 np0000003380 nova-conductor[98515]: DEBUG nova.service [None req-37c49f51-2acf-4efa-80c0-61fe8891d2bf None None] Join ServiceGroup membership for this service conductor {{(pid=98515) start /opt/stack/nova/nova/service.py:222}}
Jun 22 12:54:13.735543 np0000003380 nova-conductor[98515]: DEBUG nova.servicegroup.drivers.db [None req-37c49f51-2acf-4efa-80c0-61fe8891d2bf None None] DB_Driver: join new ServiceGroup member np0000003380 to the conductor group, service = {{(pid=98515) join /opt/stack/nova/nova/servicegroup/drivers/db.py:44}}
Jun 22 12:54:13.740131 np0000003380 nova-conductor[98521]: DEBUG nova.service [None req-ca9b41b7-2510-4930-9cf6-ba62e3a0109d None None] Join ServiceGroup membership for this service conductor {{(pid=98521) start /opt/stack/nova/nova/service.py:222}}
Jun 22 12:54:13.740296 np0000003380 nova-conductor[98521]: DEBUG nova.servicegroup.drivers.db [None req-ca9b41b7-2510-4930-9cf6-ba62e3a0109d None None] DB_Driver: join new ServiceGroup member np0000003380 to the conductor group, service = {{(pid=98521) join /opt/stack/nova/nova/servicegroup/drivers/db.py:44}}
Jun 22 12:54:13.752841 np0000003380 nova-conductor[98526]: DEBUG nova.service [None req-e6346cf3-058f-45da-8446-b939cddef284 None None] Join ServiceGroup membership for this service conductor {{(pid=98526) start /opt/stack/nova/nova/service.py:222}}
Jun 22 12:54:13.752841 np0000003380 nova-conductor[98526]: DEBUG nova.servicegroup.drivers.db [None req-e6346cf3-058f-45da-8446-b939cddef284 None None] DB_Driver: join new ServiceGroup member np0000003380 to the conductor group, service = {{(pid=98526) join /opt/stack/nova/nova/servicegroup/drivers/db.py:44}}
Jun 22 12:54:18.737681 np0000003380 nova-conductor[98507]: DEBUG oslo.service.backend._threading.loopingcall [None req-6806fd4b-a630-44aa-8669-f514bb0d995b None None] Dynamic interval looping call 'nova.service.Service.periodic_tasks' sleeping for 60.00 seconds {{(pid=98507) _run_loop /opt/stack/data/venv/lib/python3.12/site-packages/oslo_service/backend/_threading/loopingcall.py:125}}
Jun 22 12:54:18.747920 np0000003380 nova-conductor[98507]: DEBUG oslo.service.backend._threading.loopingcall [-] Fixed interval looping call 'nova.servicegroup.drivers.db.DbDriver._report_state' sleeping for 119.99 seconds {{(pid=98507) _run_loop /opt/stack/data/venv/lib/python3.12/site-packages/oslo_service/backend/_threading/loopingcall.py:125}}
Jun 22 12:54:18.748044 np0000003380 nova-conductor[98515]: DEBUG oslo.service.backend._threading.loopingcall [-] Fixed interval looping call 'nova.servicegroup.drivers.db.DbDriver._report_state' sleeping for 119.99 seconds {{(pid=98515) _run_loop /opt/stack/data/venv/lib/python3.12/site-packages/oslo_service/backend/_threading/loopingcall.py:125}}
Jun 22 12:54:18.752486 np0000003380 nova-conductor[98521]: DEBUG oslo.service.backend._threading.loopingcall [-] Fixed interval looping call 'nova.servicegroup.drivers.db.DbDriver._report_state' sleeping for 119.99 seconds {{(pid=98521) _run_loop /opt/stack/data/venv/lib/python3.12/site-packages/oslo_service/backend/_threading/loopingcall.py:125}}
Jun 22 12:54:18.763175 np0000003380 nova-conductor[98526]: DEBUG oslo.service.backend._threading.loopingcall [-] Fixed interval looping call 'nova.servicegroup.drivers.db.DbDriver._report_state' sleeping for 119.99 seconds {{(pid=98526) _run_loop /opt/stack/data/venv/lib/python3.12/site-packages/oslo_service/backend/_threading/loopingcall.py:125}}
Jun 22 12:54:20.737302 np0000003380 nova-conductor[98515]: DEBUG oslo.service.backend._threading.loopingcall [None req-0b5c3c22-1c3c-4536-95f7-25407473ba58 None None] Dynamic interval looping call 'nova.service.Service.periodic_tasks' sleeping for 60.00 seconds {{(pid=98515) _run_loop /opt/stack/data/venv/lib/python3.12/site-packages/oslo_service/backend/_threading/loopingcall.py:125}}
Jun 22 12:54:22.296633 np0000003380 nova-conductor[97033]: DEBUG dbcounter [-] [97033] Writing DB stats nova_api:SELECT=1 {{(pid=97033) stat_writer /opt/stack/data/venv/lib/python3.12/site-packages/dbcounter.py:115}}
Jun 22 12:54:22.433761 np0000003380 nova-conductor[97033]: DEBUG dbcounter [-] [97033] Writing DB stats nova_cell0:SELECT=1 {{(pid=97033) stat_writer /opt/stack/data/venv/lib/python3.12/site-packages/dbcounter.py:115}}
Jun 22 12:54:22.437378 np0000003380 nova-conductor[97033]: DEBUG dbcounter [-] [97033] Writing DB stats nova_cell1:SELECT=1 {{(pid=97033) stat_writer /opt/stack/data/venv/lib/python3.12/site-packages/dbcounter.py:115}}
Jun 22 12:54:24.754698 np0000003380 nova-conductor[98526]: DEBUG oslo.service.backend._threading.loopingcall [None req-29fabb06-a160-4acc-b37d-1faafb48d227 None None] Dynamic interval looping call 'nova.service.Service.periodic_tasks' sleeping for 60.00 seconds {{(pid=98526) _run_loop /opt/stack/data/venv/lib/python3.12/site-packages/oslo_service/backend/_threading/loopingcall.py:125}}
Jun 22 12:54:28.744567 np0000003380 nova-conductor[98507]: DEBUG dbcounter [-] [98507] Writing DB stats nova_cell0:SELECT=5,nova_cell0:INSERT=1,nova_cell0:UPDATE=1 {{(pid=98507) stat_writer /opt/stack/data/venv/lib/python3.12/site-packages/dbcounter.py:115}}
Jun 22 12:54:28.744796 np0000003380 nova-conductor[98515]: DEBUG dbcounter [-] [98515] Writing DB stats nova_cell0:SELECT=4,nova_cell0:INSERT=1,nova_cell0:UPDATE=1 {{(pid=98515) stat_writer /opt/stack/data/venv/lib/python3.12/site-packages/dbcounter.py:115}}
Jun 22 12:54:28.749739 np0000003380 nova-conductor[98521]: DEBUG dbcounter [-] [98521] Writing DB stats nova_cell0:SELECT=3 {{(pid=98521) stat_writer /opt/stack/data/venv/lib/python3.12/site-packages/dbcounter.py:115}}
Jun 22 12:54:28.760507 np0000003380 nova-conductor[98526]: DEBUG dbcounter [-] [98526] Writing DB stats nova_cell0:SELECT=3 {{(pid=98526) stat_writer /opt/stack/data/venv/lib/python3.12/site-packages/dbcounter.py:115}}
Jun 22 12:54:56.742601 np0000003380 nova-conductor[98521]: DEBUG oslo.service.backend._threading.loopingcall [None req-21c260c1-db2c-4d9e-8359-caf45ed80610 None None] Dynamic interval looping call 'nova.service.Service.periodic_tasks' sleeping for 60.00 seconds {{(pid=98521) _run_loop /opt/stack/data/venv/lib/python3.12/site-packages/oslo_service/backend/_threading/loopingcall.py:125}}
Jun 22 12:55:18.738333 np0000003380 nova-conductor[98507]: DEBUG oslo.service.backend._threading.loopingcall [None req-6806fd4b-a630-44aa-8669-f514bb0d995b None None] Dynamic interval looping call 'nova.service.Service.periodic_tasks' sleeping for 60.00 seconds {{(pid=98507) _run_loop /opt/stack/data/venv/lib/python3.12/site-packages/oslo_service/backend/_threading/loopingcall.py:125}}
Jun 22 12:55:20.737904 np0000003380 nova-conductor[98515]: DEBUG oslo.service.backend._threading.loopingcall [None req-0b5c3c22-1c3c-4536-95f7-25407473ba58 None None] Dynamic interval looping call 'nova.service.Service.periodic_tasks' sleeping for 60.00 seconds {{(pid=98515) _run_loop /opt/stack/data/venv/lib/python3.12/site-packages/oslo_service/backend/_threading/loopingcall.py:125}}
Jun 22 12:55:24.755215 np0000003380 nova-conductor[98526]: DEBUG oslo.service.backend._threading.loopingcall [None req-29fabb06-a160-4acc-b37d-1faafb48d227 None None] Dynamic interval looping call 'nova.service.Service.periodic_tasks' sleeping for 60.00 seconds {{(pid=98526) _run_loop /opt/stack/data/venv/lib/python3.12/site-packages/oslo_service/backend/_threading/loopingcall.py:125}}
Jun 22 12:55:56.743159 np0000003380 nova-conductor[98521]: DEBUG oslo.service.backend._threading.loopingcall [None req-21c260c1-db2c-4d9e-8359-caf45ed80610 None None] Dynamic interval looping call 'nova.service.Service.periodic_tasks' sleeping for 60.00 seconds {{(pid=98521) _run_loop /opt/stack/data/venv/lib/python3.12/site-packages/oslo_service/backend/_threading/loopingcall.py:125}}
Jun 22 12:56:18.739030 np0000003380 nova-conductor[98507]: DEBUG oslo.service.backend._threading.loopingcall [None req-6806fd4b-a630-44aa-8669-f514bb0d995b None None] Dynamic interval looping call 'nova.service.Service.periodic_tasks' sleeping for 60.00 seconds {{(pid=98507) _run_loop /opt/stack/data/venv/lib/python3.12/site-packages/oslo_service/backend/_threading/loopingcall.py:125}}
Jun 22 12:56:18.744680 np0000003380 nova-conductor[98507]: DEBUG oslo.service.backend._threading.loopingcall [-] Fixed interval looping call 'nova.servicegroup.drivers.db.DbDriver._report_state' sleeping for 119.99 seconds {{(pid=98507) _run_loop /opt/stack/data/venv/lib/python3.12/site-packages/oslo_service/backend/_threading/loopingcall.py:125}}
Jun 22 12:56:18.745372 np0000003380 nova-conductor[98515]: DEBUG oslo.service.backend._threading.loopingcall [-] Fixed interval looping call 'nova.servicegroup.drivers.db.DbDriver._report_state' sleeping for 119.99 seconds {{(pid=98515) _run_loop /opt/stack/data/venv/lib/python3.12/site-packages/oslo_service/backend/_threading/loopingcall.py:125}}
Jun 22 12:56:18.745903 np0000003380 nova-conductor[98521]: DEBUG oslo.service.backend._threading.loopingcall [-] Fixed interval looping call 'nova.servicegroup.drivers.db.DbDriver._report_state' sleeping for 120.00 seconds {{(pid=98521) _run_loop /opt/stack/data/venv/lib/python3.12/site-packages/oslo_service/backend/_threading/loopingcall.py:125}}
Jun 22 12:56:18.756656 np0000003380 nova-conductor[98526]: DEBUG oslo.service.backend._threading.loopingcall [-] Fixed interval looping call 'nova.servicegroup.drivers.db.DbDriver._report_state' sleeping for 120.00 seconds {{(pid=98526) _run_loop /opt/stack/data/venv/lib/python3.12/site-packages/oslo_service/backend/_threading/loopingcall.py:125}}
Jun 22 12:56:20.738390 np0000003380 nova-conductor[98515]: DEBUG oslo.service.backend._threading.loopingcall [None req-0b5c3c22-1c3c-4536-95f7-25407473ba58 None None] Dynamic interval looping call 'nova.service.Service.periodic_tasks' sleeping for 60.00 seconds {{(pid=98515) _run_loop /opt/stack/data/venv/lib/python3.12/site-packages/oslo_service/backend/_threading/loopingcall.py:125}}
Jun 22 12:56:24.755808 np0000003380 nova-conductor[98526]: DEBUG oslo.service.backend._threading.loopingcall [None req-29fabb06-a160-4acc-b37d-1faafb48d227 None None] Dynamic interval looping call 'nova.service.Service.periodic_tasks' sleeping for 60.00 seconds {{(pid=98526) _run_loop /opt/stack/data/venv/lib/python3.12/site-packages/oslo_service/backend/_threading/loopingcall.py:125}}
Jun 22 12:56:28.741669 np0000003380 nova-conductor[98507]: DEBUG dbcounter [-] [98507] Writing DB stats nova_cell0:SELECT=1,nova_cell0:UPDATE=1 {{(pid=98507) stat_writer /opt/stack/data/venv/lib/python3.12/site-packages/dbcounter.py:115}}
Jun 22 12:56:28.742161 np0000003380 nova-conductor[98515]: DEBUG dbcounter [-] [98515] Writing DB stats nova_cell0:SELECT=1,nova_cell0:UPDATE=1 {{(pid=98515) stat_writer /opt/stack/data/venv/lib/python3.12/site-packages/dbcounter.py:115}}
Jun 22 12:56:28.744147 np0000003380 nova-conductor[98521]: DEBUG dbcounter [-] [98521] Writing DB stats nova_cell0:SELECT=1 {{(pid=98521) stat_writer /opt/stack/data/venv/lib/python3.12/site-packages/dbcounter.py:115}}
Jun 22 12:56:28.755039 np0000003380 nova-conductor[98526]: DEBUG dbcounter [-] [98526] Writing DB stats nova_cell0:SELECT=1 {{(pid=98526) stat_writer /opt/stack/data/venv/lib/python3.12/site-packages/dbcounter.py:115}}
Jun 22 12:56:56.743734 np0000003380 nova-conductor[98521]: DEBUG oslo.service.backend._threading.loopingcall [None req-21c260c1-db2c-4d9e-8359-caf45ed80610 None None] Dynamic interval looping call 'nova.service.Service.periodic_tasks' sleeping for 60.00 seconds {{(pid=98521) _run_loop /opt/stack/data/venv/lib/python3.12/site-packages/oslo_service/backend/_threading/loopingcall.py:125}}
Jun 22 12:57:02.838995 np0000003380 nova-conductor[98507]: DEBUG oslo_db.sqlalchemy.engines [None req-5fb80366-fb0d-4cce-9b11-537ceb7e15bb tempest-DeleteServersTestJSON-768556331 tempest-DeleteServersTestJSON-768556331-project-member] Parent process 97033 forked (98507) with an open database connection, which is being discarded and recreated. {{(pid=98507) checkout /opt/stack/data/venv/lib/python3.12/site-packages/oslo_db/sqlalchemy/engines.py:402}}
Jun 22 12:57:02.903493 np0000003380 nova-conductor[98507]: DEBUG dbcounter [-] [98507] Writer thread running {{(pid=98507) stat_writer /opt/stack/data/venv/lib/python3.12/site-packages/dbcounter.py:102}}
Jun 22 12:57:04.433480 np0000003380 nova-conductor[98507]: DEBUG nova.conductor.manager [None req-5fb80366-fb0d-4cce-9b11-537ceb7e15bb tempest-DeleteServersTestJSON-768556331 tempest-DeleteServersTestJSON-768556331-project-member] Took 1.53 seconds to select destinations for 1 instance(s). {{(pid=98507) _schedule_instances /opt/stack/nova/nova/conductor/manager.py:968}}
Jun 22 12:57:04.468796 np0000003380 nova-conductor[98507]: DEBUG oslo_concurrency.lockutils [None req-5fb80366-fb0d-4cce-9b11-537ceb7e15bb tempest-DeleteServersTestJSON-768556331 tempest-DeleteServersTestJSON-768556331-project-member] Acquiring lock "de692dd7-59cc-4b4a-8bfc-ad28881886ea" by "nova.context.set_target_cell..get_or_set_cached_cell_and_set_connections" {{(pid=98507) inner /opt/stack/data/venv/lib/python3.12/site-packages/oslo_concurrency/lockutils.py:511}}
Jun 22 12:57:04.469004 np0000003380 nova-conductor[98507]: DEBUG oslo_concurrency.lockutils [None req-5fb80366-fb0d-4cce-9b11-537ceb7e15bb tempest-DeleteServersTestJSON-768556331 tempest-DeleteServersTestJSON-768556331-project-member] Lock "de692dd7-59cc-4b4a-8bfc-ad28881886ea" acquired by "nova.context.set_target_cell..get_or_set_cached_cell_and_set_connections" :: waited 0.000s {{(pid=98507) inner /opt/stack/data/venv/lib/python3.12/site-packages/oslo_concurrency/lockutils.py:524}}
Jun 22 12:57:04.470325 np0000003380 nova-conductor[98507]: DEBUG oslo_concurrency.lockutils [None req-5fb80366-fb0d-4cce-9b11-537ceb7e15bb tempest-DeleteServersTestJSON-768556331 tempest-DeleteServersTestJSON-768556331-project-member] Lock "de692dd7-59cc-4b4a-8bfc-ad28881886ea" "released" by "nova.context.set_target_cell..get_or_set_cached_cell_and_set_connections" :: held 0.001s {{(pid=98507) inner /opt/stack/data/venv/lib/python3.12/site-packages/oslo_concurrency/lockutils.py:543}}
Jun 22 12:57:04.472779 np0000003380 nova-conductor[98507]: INFO dbcounter [None req-5fb80366-fb0d-4cce-9b11-537ceb7e15bb tempest-DeleteServersTestJSON-768556331 tempest-DeleteServersTestJSON-768556331-project-member] Registered counter for database nova_cell1
Jun 22 12:57:04.525744 np0000003380 nova-conductor[98507]: DEBUG oslo_db.sqlalchemy.engines [None req-5fb80366-fb0d-4cce-9b11-537ceb7e15bb tempest-DeleteServersTestJSON-768556331 tempest-DeleteServersTestJSON-768556331-project-member] MySQL server mode set to STRICT_TRANS_TABLES,STRICT_ALL_TABLES,NO_ZERO_IN_DATE,NO_ZERO_DATE,ERROR_FOR_DIVISION_BY_ZERO,TRADITIONAL,NO_ENGINE_SUBSTITUTION {{(pid=98507) _check_effective_sql_mode /opt/stack/data/venv/lib/python3.12/site-packages/oslo_db/sqlalchemy/engines.py:325}}
Jun 22 12:57:04.532632 np0000003380 nova-conductor[98507]: DEBUG dbcounter [-] [98507] Writer thread running {{(pid=98507) stat_writer /opt/stack/data/venv/lib/python3.12/site-packages/dbcounter.py:102}}
Jun 22 12:57:04.600067 np0000003380 nova-conductor[98507]: INFO nova.utils [None req-5fb80366-fb0d-4cce-9b11-537ceb7e15bb tempest-DeleteServersTestJSON-768556331 tempest-DeleteServersTestJSON-768556331-project-member] The cell worker thread pool ForkProcess-1.cell_worker is initialized
Jun 22 12:57:04.600370 np0000003380 nova-conductor[98507]: DEBUG oslo_concurrency.lockutils [None req-5fb80366-fb0d-4cce-9b11-537ceb7e15bb tempest-DeleteServersTestJSON-768556331 tempest-DeleteServersTestJSON-768556331-project-member] Acquiring lock "00000000-0000-0000-0000-000000000000" by "nova.context.set_target_cell..get_or_set_cached_cell_and_set_connections" {{(pid=98507) inner /opt/stack/data/venv/lib/python3.12/site-packages/oslo_concurrency/lockutils.py:511}}
Jun 22 12:57:04.600672 np0000003380 nova-conductor[98507]: DEBUG oslo_concurrency.lockutils [None req-5fb80366-fb0d-4cce-9b11-537ceb7e15bb tempest-DeleteServersTestJSON-768556331 tempest-DeleteServersTestJSON-768556331-project-member] Lock "00000000-0000-0000-0000-000000000000" acquired by "nova.context.set_target_cell..get_or_set_cached_cell_and_set_connections" :: waited 0.000s {{(pid=98507) inner /opt/stack/data/venv/lib/python3.12/site-packages/oslo_concurrency/lockutils.py:524}}
Jun 22 12:57:04.601077 np0000003380 nova-conductor[98507]: DEBUG oslo_concurrency.lockutils [None req-5fb80366-fb0d-4cce-9b11-537ceb7e15bb tempest-DeleteServersTestJSON-768556331 tempest-DeleteServersTestJSON-768556331-project-member] Lock "00000000-0000-0000-0000-000000000000" "released" by "nova.context.set_target_cell..get_or_set_cached_cell_and_set_connections" :: held 0.000s {{(pid=98507) inner /opt/stack/data/venv/lib/python3.12/site-packages/oslo_concurrency/lockutils.py:543}}
Jun 22 12:57:04.602203 np0000003380 nova-conductor[98507]: DEBUG oslo_concurrency.lockutils [None req-5fb80366-fb0d-4cce-9b11-537ceb7e15bb tempest-DeleteServersTestJSON-768556331 tempest-DeleteServersTestJSON-768556331-project-member] Acquiring lock "de692dd7-59cc-4b4a-8bfc-ad28881886ea" by "nova.context.set_target_cell..get_or_set_cached_cell_and_set_connections" {{(pid=98507) inner /opt/stack/data/venv/lib/python3.12/site-packages/oslo_concurrency/lockutils.py:511}}
Jun 22 12:57:04.602203 np0000003380 nova-conductor[98507]: DEBUG oslo_concurrency.lockutils [None req-5fb80366-fb0d-4cce-9b11-537ceb7e15bb tempest-DeleteServersTestJSON-768556331 tempest-DeleteServersTestJSON-768556331-project-member] Lock "de692dd7-59cc-4b4a-8bfc-ad28881886ea" acquired by "nova.context.set_target_cell..get_or_set_cached_cell_and_set_connections" :: waited 0.000s {{(pid=98507) inner /opt/stack/data/venv/lib/python3.12/site-packages/oslo_concurrency/lockutils.py:524}}
Jun 22 12:57:04.602203 np0000003380 nova-conductor[98507]: DEBUG oslo_concurrency.lockutils [None req-5fb80366-fb0d-4cce-9b11-537ceb7e15bb tempest-DeleteServersTestJSON-768556331 tempest-DeleteServersTestJSON-768556331-project-member] Lock "de692dd7-59cc-4b4a-8bfc-ad28881886ea" "released" by "nova.context.set_target_cell..get_or_set_cached_cell_and_set_connections" :: held 0.000s {{(pid=98507) inner /opt/stack/data/venv/lib/python3.12/site-packages/oslo_concurrency/lockutils.py:543}}
Jun 22 12:57:04.604502 np0000003380 nova-conductor[98507]: INFO dbcounter [None req-5fb80366-fb0d-4cce-9b11-537ceb7e15bb tempest-DeleteServersTestJSON-768556331 tempest-DeleteServersTestJSON-768556331-project-member] Registered counter for database nova_cell0
Jun 22 12:57:04.659959 np0000003380 nova-conductor[98507]: DEBUG oslo_db.sqlalchemy.engines [None req-5fb80366-fb0d-4cce-9b11-537ceb7e15bb tempest-DeleteServersTestJSON-768556331 tempest-DeleteServersTestJSON-768556331-project-member] MySQL server mode set to STRICT_TRANS_TABLES,STRICT_ALL_TABLES,NO_ZERO_IN_DATE,NO_ZERO_DATE,ERROR_FOR_DIVISION_BY_ZERO,TRADITIONAL,NO_ENGINE_SUBSTITUTION {{(pid=98507) _check_effective_sql_mode /opt/stack/data/venv/lib/python3.12/site-packages/oslo_db/sqlalchemy/engines.py:325}}
Jun 22 12:57:04.667627 np0000003380 nova-conductor[98507]: DEBUG dbcounter [-] [98507] Writer thread running {{(pid=98507) stat_writer /opt/stack/data/venv/lib/python3.12/site-packages/dbcounter.py:102}}
Jun 22 12:57:04.681658 np0000003380 nova-conductor[98507]: DEBUG nova.quota [None req-5fb80366-fb0d-4cce-9b11-537ceb7e15bb tempest-DeleteServersTestJSON-768556331 tempest-DeleteServersTestJSON-768556331-project-member] Getting quotas for project 70c11d4c7867445d954b6971587a0ec9. Resources: {'cores', 'instances', 'ram'} {{(pid=98507) _get_quotas /opt/stack/nova/nova/quota.py:392}}
Jun 22 12:57:04.686498 np0000003380 nova-conductor[98507]: DEBUG nova.quota [None req-5fb80366-fb0d-4cce-9b11-537ceb7e15bb tempest-DeleteServersTestJSON-768556331 tempest-DeleteServersTestJSON-768556331-project-member] Getting quotas for user 31d26e72f8014cb687d9965c97be6480 and project 70c11d4c7867445d954b6971587a0ec9. Resources: {'cores', 'instances', 'ram'} {{(pid=98507) _get_quotas /opt/stack/nova/nova/quota.py:382}}
Jun 22 12:57:04.694047 np0000003380 nova-conductor[98507]: DEBUG nova.conductor.manager [None req-5fb80366-fb0d-4cce-9b11-537ceb7e15bb tempest-DeleteServersTestJSON-768556331 tempest-DeleteServersTestJSON-768556331-project-member] [instance: b96c02e1-256f-48f8-a3aa-7c20243a5d24] Selected host: np0000003380; Selected node: np0000003380; Alternates: [] {{(pid=98507) schedule_and_build_instances /opt/stack/nova/nova/conductor/manager.py:1784}}
Jun 22 12:57:04.694978 np0000003380 nova-conductor[98507]: DEBUG oslo_concurrency.lockutils [None req-5fb80366-fb0d-4cce-9b11-537ceb7e15bb tempest-DeleteServersTestJSON-768556331 tempest-DeleteServersTestJSON-768556331-project-member] Acquiring lock "de692dd7-59cc-4b4a-8bfc-ad28881886ea" by "nova.context.set_target_cell..get_or_set_cached_cell_and_set_connections" {{(pid=98507) inner /opt/stack/data/venv/lib/python3.12/site-packages/oslo_concurrency/lockutils.py:511}}
Jun 22 12:57:04.695950 np0000003380 nova-conductor[98507]: DEBUG oslo_concurrency.lockutils [None req-5fb80366-fb0d-4cce-9b11-537ceb7e15bb tempest-DeleteServersTestJSON-768556331 tempest-DeleteServersTestJSON-768556331-project-member] Lock "de692dd7-59cc-4b4a-8bfc-ad28881886ea" acquired by "nova.context.set_target_cell..get_or_set_cached_cell_and_set_connections" :: waited 0.000s {{(pid=98507) inner /opt/stack/data/venv/lib/python3.12/site-packages/oslo_concurrency/lockutils.py:524}}
Jun 22 12:57:04.695950 np0000003380 nova-conductor[98507]: DEBUG oslo_concurrency.lockutils [None req-5fb80366-fb0d-4cce-9b11-537ceb7e15bb tempest-DeleteServersTestJSON-768556331 tempest-DeleteServersTestJSON-768556331-project-member] Lock "de692dd7-59cc-4b4a-8bfc-ad28881886ea" "released" by "nova.context.set_target_cell..get_or_set_cached_cell_and_set_connections" :: held 0.000s {{(pid=98507) inner /opt/stack/data/venv/lib/python3.12/site-packages/oslo_concurrency/lockutils.py:543}}
Jun 22 12:57:04.712131 np0000003380 nova-conductor[98507]: DEBUG nova.conductor.manager [None req-5fb80366-fb0d-4cce-9b11-537ceb7e15bb tempest-DeleteServersTestJSON-768556331 tempest-DeleteServersTestJSON-768556331-project-member] [instance: b96c02e1-256f-48f8-a3aa-7c20243a5d24] block_device_mapping [BlockDeviceMapping(attachment_id=,boot_index=0,connection_info=None,created_at=,delete_on_termination=True,deleted=,deleted_at=,destination_type='local',device_name=None,device_type='disk',disk_bus=None,encrypted=False,encryption_format=None,encryption_options=None,encryption_secret_uuid=None,guest_format=None,id=,image_id='587f7f5e-f9ed-4ddd-8cb4-d3fe8a766b35',instance=,instance_uuid=,no_device=False,snapshot_id=None,source_type='image',tag=None,updated_at=,uuid=,volume_id=None,volume_size=None,volume_type=None)] {{(pid=98507) _create_block_device_mapping /opt/stack/nova/nova/conductor/manager.py:1529}}
Jun 22 12:57:04.713866 np0000003380 nova-conductor[98507]: DEBUG oslo_concurrency.lockutils [None req-5fb80366-fb0d-4cce-9b11-537ceb7e15bb tempest-DeleteServersTestJSON-768556331 tempest-DeleteServersTestJSON-768556331-project-member] Acquiring lock "de692dd7-59cc-4b4a-8bfc-ad28881886ea" by "nova.context.set_target_cell..get_or_set_cached_cell_and_set_connections" {{(pid=98507) inner /opt/stack/data/venv/lib/python3.12/site-packages/oslo_concurrency/lockutils.py:511}}
Jun 22 12:57:04.714033 np0000003380 nova-conductor[98507]: DEBUG oslo_concurrency.lockutils [None req-5fb80366-fb0d-4cce-9b11-537ceb7e15bb tempest-DeleteServersTestJSON-768556331 tempest-DeleteServersTestJSON-768556331-project-member] Lock "de692dd7-59cc-4b4a-8bfc-ad28881886ea" acquired by "nova.context.set_target_cell..get_or_set_cached_cell_and_set_connections" :: waited 0.000s {{(pid=98507) inner /opt/stack/data/venv/lib/python3.12/site-packages/oslo_concurrency/lockutils.py:524}}
Jun 22 12:57:04.714594 np0000003380 nova-conductor[98507]: DEBUG oslo_concurrency.lockutils [None req-5fb80366-fb0d-4cce-9b11-537ceb7e15bb tempest-DeleteServersTestJSON-768556331 tempest-DeleteServersTestJSON-768556331-project-member] Lock "de692dd7-59cc-4b4a-8bfc-ad28881886ea" "released" by "nova.context.set_target_cell..get_or_set_cached_cell_and_set_connections" :: held 0.000s {{(pid=98507) inner /opt/stack/data/venv/lib/python3.12/site-packages/oslo_concurrency/lockutils.py:543}}
Jun 22 12:57:04.770017 np0000003380 nova-conductor[98507]: DEBUG oslo_concurrency.lockutils [None req-5fb80366-fb0d-4cce-9b11-537ceb7e15bb tempest-DeleteServersTestJSON-768556331 tempest-DeleteServersTestJSON-768556331-project-member] Acquiring lock "de692dd7-59cc-4b4a-8bfc-ad28881886ea" by "nova.context.set_target_cell..get_or_set_cached_cell_and_set_connections" {{(pid=98507) inner /opt/stack/data/venv/lib/python3.12/site-packages/oslo_concurrency/lockutils.py:511}}
Jun 22 12:57:04.770017 np0000003380 nova-conductor[98507]: DEBUG oslo_concurrency.lockutils [None req-5fb80366-fb0d-4cce-9b11-537ceb7e15bb tempest-DeleteServersTestJSON-768556331 tempest-DeleteServersTestJSON-768556331-project-member] Lock "de692dd7-59cc-4b4a-8bfc-ad28881886ea" acquired by "nova.context.set_target_cell..get_or_set_cached_cell_and_set_connections" :: waited 0.000s {{(pid=98507) inner /opt/stack/data/venv/lib/python3.12/site-packages/oslo_concurrency/lockutils.py:524}}
