Jul 03 12:07:29.880069 np0000004415 devstack@g-api.service[99655]: DEBUG glance_store.location [-] Registering scheme swift with {'store': , 'location_class': , 'store_entry': 'swift'} {{(pid=99655) register_scheme_map /opt/stack/data/venv/lib/python3.12/site-packages/glance_store/location.py:146}}
Jul 03 12:07:29.880130 np0000004415 devstack@g-api.service[99654]: DEBUG glance_store.location [-] Registering scheme swift with {'store': , 'location_class': , 'store_entry': 'swift'} {{(pid=99654) register_scheme_map /opt/stack/data/venv/lib/python3.12/site-packages/glance_store/location.py:146}}
Jul 03 12:07:29.880176 np0000004415 devstack@g-api.service[99655]: DEBUG glance_store.location [-] Registering scheme swift+http with {'store': , 'location_class': , 'store_entry': 'swift'} {{(pid=99655) register_scheme_map /opt/stack/data/venv/lib/python3.12/site-packages/glance_store/location.py:146}}
Jul 03 12:07:29.880237 np0000004415 devstack@g-api.service[99654]: DEBUG glance_store.location [-] Registering scheme swift+http with {'store': , 'location_class': , 'store_entry': 'swift'} {{(pid=99654) register_scheme_map /opt/stack/data/venv/lib/python3.12/site-packages/glance_store/location.py:146}}
Jul 03 12:07:29.880290 np0000004415 devstack@g-api.service[99655]: DEBUG glance_store.location [-] Registering scheme swift+config with {'store': , 'location_class': , 'store_entry': 'swift'} {{(pid=99655) register_scheme_map /opt/stack/data/venv/lib/python3.12/site-packages/glance_store/location.py:146}}
Jul 03 12:07:29.880337 np0000004415 devstack@g-api.service[99654]: DEBUG glance_store.location [-] Registering scheme swift+https with {'store': , 'location_class': , 'store_entry': 'swift'} {{(pid=99654) register_scheme_map /opt/stack/data/venv/lib/python3.12/site-packages/glance_store/location.py:146}}
Jul 03 12:07:29.880380 np0000004415 devstack@g-api.service[99653]: DEBUG glance_store.capabilities [-] Store glance_store._drivers.swift.store.SingleTenantStore doesn't support updating dynamic storage capabilities. Please overwrite 'update_capabilities' method of the store to implement updating logics if needed. {{(pid=99653) update_capabilities /opt/stack/data/venv/lib/python3.12/site-packages/glance_store/capabilities.py:91}}
Jul 03 12:07:29.880380 np0000004415 devstack@g-api.service[99653]: DEBUG glance_store.driver [-] Late loading location class glance_store._drivers.swift.store.StoreLocation {{(pid=99653) get_store_location_class /opt/stack/data/venv/lib/python3.12/site-packages/glance_store/driver.py:134}}
Jul 03 12:07:29.880456 np0000004415 devstack@g-api.service[99654]: DEBUG glance_store.location [-] Registering scheme swift with {'store': , 'location_class': , 'store_entry': 'swift'} {{(pid=99654) register_scheme_map /opt/stack/data/venv/lib/python3.12/site-packages/glance_store/location.py:146}}
Jul 03 12:07:29.880497 np0000004415 devstack@g-api.service[99653]: DEBUG glance_store.location [-] Registering scheme swift+https with {'store': , 'location_class': , 'store_entry': 'swift'} {{(pid=99653) register_scheme_map /opt/stack/data/venv/lib/python3.12/site-packages/glance_store/location.py:146}}
Jul 03 12:07:29.880546 np0000004415 devstack@g-api.service[99654]: DEBUG glance_store.location [-] Registering scheme swift+http with {'store': , 'location_class': , 'store_entry': 'swift'} {{(pid=99654) register_scheme_map /opt/stack/data/venv/lib/python3.12/site-packages/glance_store/location.py:146}}
Jul 03 12:07:29.880589 np0000004415 devstack@g-api.service[99653]: DEBUG glance_store.location [-] Registering scheme swift+https with {'store': , 'location_class': , 'store_entry': 'swift'} {{(pid=99653) register_scheme_map /opt/stack/data/venv/lib/python3.12/site-packages/glance_store/location.py:146}}
Jul 03 12:07:29.880629 np0000004415 devstack@g-api.service[99654]: DEBUG glance_store.location [-] Registering scheme swift+config with {'store': , 'location_class': , 'store_entry': 'swift'} {{(pid=99654) register_scheme_map /opt/stack/data/venv/lib/python3.12/site-packages/glance_store/location.py:146}}
Jul 03 12:07:29.880678 np0000004415 devstack@g-api.service[99653]: DEBUG glance_store.location [-] Registering scheme swift with {'store': , 'location_class': , 'store_entry': 'swift'} {{(pid=99653) register_scheme_map /opt/stack/data/venv/lib/python3.12/site-packages/glance_store/location.py:146}}
Jul 03 12:07:29.880678 np0000004415 devstack@g-api.service[99653]: DEBUG glance_store.location [-] Registering scheme swift+https with {'store': , 'location_class': , 'store_entry': 'swift'} {{(pid=99653) register_scheme_map /opt/stack/data/venv/lib/python3.12/site-packages/glance_store/location.py:146}}
Jul 03 12:07:29.880760 np0000004415 devstack@g-api.service[99655]: DEBUG glance.sqlite_migration [-] SQLite caching database not located, skipping migration {{(pid=99655) get_db_path /opt/stack/glance/glance/sqlite_migration.py:68}}
Jul 03 12:07:29.880802 np0000004415 devstack@g-api.service[99653]: DEBUG glance_store.location [-] Registering scheme swift with {'store': , 'location_class': , 'store_entry': 'swift'} {{(pid=99653) register_scheme_map /opt/stack/data/venv/lib/python3.12/site-packages/glance_store/location.py:146}}
Jul 03 12:07:29.880802 np0000004415 devstack@g-api.service[99653]: DEBUG glance_store.location [-] Registering scheme swift+http with {'store': , 'location_class': , 'store_entry': 'swift'} {{(pid=99653) register_scheme_map /opt/stack/data/venv/lib/python3.12/site-packages/glance_store/location.py:146}}
Jul 03 12:07:29.880802 np0000004415 devstack@g-api.service[99653]: DEBUG glance_store.location [-] Registering scheme swift+https with {'store': , 'location_class': , 'store_entry': 'swift'} {{(pid=99653) register_scheme_map /opt/stack/data/venv/lib/python3.12/site-packages/glance_store/location.py:146}}
Jul 03 12:07:29.880802 np0000004415 devstack@g-api.service[99653]: DEBUG glance_store.location [-] Registering scheme swift with {'store': , 'location_class': , 'store_entry': 'swift'} {{(pid=99653) register_scheme_map /opt/stack/data/venv/lib/python3.12/site-packages/glance_store/location.py:146}}
Jul 03 12:07:29.880949 np0000004415 devstack@g-api.service[99654]: DEBUG glance.sqlite_migration [-] SQLite caching database not located, skipping migration {{(pid=99654) get_db_path /opt/stack/glance/glance/sqlite_migration.py:68}}
Jul 03 12:07:29.880980 np0000004415 devstack@g-api.service[99653]: DEBUG glance_store.location [-] Registering scheme swift+http with {'store': , 'location_class': , 'store_entry': 'swift'} {{(pid=99653) register_scheme_map /opt/stack/data/venv/lib/python3.12/site-packages/glance_store/location.py:146}}
Jul 03 12:07:29.881002 np0000004415 devstack@g-api.service[99655]: WARNING glance.common.wsgi_app [-] Import methods are enabled but staging directory /tmp/staging/ does not exist; Imports will fail!
Jul 03 12:07:29.881026 np0000004415 devstack@g-api.service[99653]: DEBUG glance_store.location [-] Registering scheme swift+config with {'store': , 'location_class': , 'store_entry': 'swift'} {{(pid=99653) register_scheme_map /opt/stack/data/venv/lib/python3.12/site-packages/glance_store/location.py:146}}
Jul 03 12:07:29.881056 np0000004415 devstack@g-api.service[99654]: WARNING glance.common.wsgi_app [-] Import methods are enabled but staging directory /tmp/staging/ does not exist; Imports will fail!
Jul 03 12:07:29.881084 np0000004415 devstack@g-api.service[99653]: DEBUG glance.sqlite_migration [-] SQLite caching database not located, skipping migration {{(pid=99653) get_db_path /opt/stack/glance/glance/sqlite_migration.py:68}}
Jul 03 12:07:29.881084 np0000004415 devstack@g-api.service[99653]: WARNING glance.common.wsgi_app [-] Import methods are enabled but staging directory /tmp/staging/ does not exist; Imports will fail!
Jul 03 12:07:30.017603 np0000004415 devstack@g-api.service[99655]: DEBUG glance.common.config [None req-404dd60d-17b2-44b3-9f7b-2a817ebca5d0 None None] Loading glance-api-keystone+cachemanagement from /etc/glance/glance-api-paste.ini {{(pid=99655) load_paste_app /opt/stack/glance/glance/common/config.py:765}}
Jul 03 12:07:30.022277 np0000004415 devstack@g-api.service[99653]: DEBUG glance.common.config [None req-b912d81b-6a18-4771-a115-0097191e2450 None None] Loading glance-api-keystone+cachemanagement from /etc/glance/glance-api-paste.ini {{(pid=99653) load_paste_app /opt/stack/glance/glance/common/config.py:765}}
Jul 03 12:07:30.034166 np0000004415 devstack@g-api.service[99654]: DEBUG glance.common.config [None req-3162aa96-146d-401d-86c4-71fbb220f2e8 None None] Loading glance-api-keystone+cachemanagement from /etc/glance/glance-api-paste.ini {{(pid=99654) load_paste_app /opt/stack/glance/glance/common/config.py:765}}
Jul 03 12:07:30.621731 np0000004415 devstack@g-api.service[99655]: INFO glance.image_cache [None req-404dd60d-17b2-44b3-9f7b-2a817ebca5d0 None None] Image cache loaded driver 'centralized_db'.
Jul 03 12:07:30.623290 np0000004415 devstack@g-api.service[99654]: INFO glance.image_cache [None req-3162aa96-146d-401d-86c4-71fbb220f2e8 None None] Image cache loaded driver 'centralized_db'.
Jul 03 12:07:30.624168 np0000004415 devstack@g-api.service[99653]: INFO glance.image_cache [None req-b912d81b-6a18-4771-a115-0097191e2450 None None] Image cache loaded driver 'centralized_db'.
Jul 03 12:07:30.664522 np0000004415 devstack@g-api.service[99655]: INFO dbcounter [None req-404dd60d-17b2-44b3-9f7b-2a817ebca5d0 None None] Registered counter for database glance
Jul 03 12:07:30.676635 np0000004415 devstack@g-api.service[99653]: INFO dbcounter [None req-b912d81b-6a18-4771-a115-0097191e2450 None None] Registered counter for database glance
Jul 03 12:07:30.678843 np0000004415 devstack@g-api.service[99654]: INFO dbcounter [None req-3162aa96-146d-401d-86c4-71fbb220f2e8 None None] Registered counter for database glance
Jul 03 12:07:30.706144 np0000004415 devstack@g-api.service[99655]: DEBUG oslo_db.sqlalchemy.engines [None req-404dd60d-17b2-44b3-9f7b-2a817ebca5d0 None None] MySQL server mode set to STRICT_TRANS_TABLES,STRICT_ALL_TABLES,NO_ZERO_IN_DATE,NO_ZERO_DATE,ERROR_FOR_DIVISION_BY_ZERO,TRADITIONAL,NO_ENGINE_SUBSTITUTION {{(pid=99655) _check_effective_sql_mode /opt/stack/data/venv/lib/python3.12/site-packages/oslo_db/sqlalchemy/engines.py:325}}
Jul 03 12:07:30.726821 np0000004415 devstack@g-api.service[99653]: DEBUG oslo_db.sqlalchemy.engines [None req-b912d81b-6a18-4771-a115-0097191e2450 None None] MySQL server mode set to STRICT_TRANS_TABLES,STRICT_ALL_TABLES,NO_ZERO_IN_DATE,NO_ZERO_DATE,ERROR_FOR_DIVISION_BY_ZERO,TRADITIONAL,NO_ENGINE_SUBSTITUTION {{(pid=99653) _check_effective_sql_mode /opt/stack/data/venv/lib/python3.12/site-packages/oslo_db/sqlalchemy/engines.py:325}}
Jul 03 12:07:30.727975 np0000004415 devstack@g-api.service[99655]: DEBUG dbcounter [-] [99655] Writer thread running {{(pid=99655) stat_writer /opt/stack/data/venv/lib/python3.12/site-packages/dbcounter.py:102}}
Jul 03 12:07:30.728961 np0000004415 devstack@g-api.service[99654]: DEBUG oslo_db.sqlalchemy.engines [None req-3162aa96-146d-401d-86c4-71fbb220f2e8 None None] MySQL server mode set to STRICT_TRANS_TABLES,STRICT_ALL_TABLES,NO_ZERO_IN_DATE,NO_ZERO_DATE,ERROR_FOR_DIVISION_BY_ZERO,TRADITIONAL,NO_ENGINE_SUBSTITUTION {{(pid=99654) _check_effective_sql_mode /opt/stack/data/venv/lib/python3.12/site-packages/oslo_db/sqlalchemy/engines.py:325}}
Jul 03 12:07:30.746301 np0000004415 devstack@g-api.service[99655]: INFO glance.image_cache [None req-404dd60d-17b2-44b3-9f7b-2a817ebca5d0 None None] Image cache loaded driver 'centralized_db'.
Jul 03 12:07:30.748211 np0000004415 devstack@g-api.service[99653]: DEBUG dbcounter [-] [99653] Writer thread running {{(pid=99653) stat_writer /opt/stack/data/venv/lib/python3.12/site-packages/dbcounter.py:102}}
Jul 03 12:07:30.754293 np0000004415 devstack@g-api.service[99654]: DEBUG dbcounter [-] [99654] Writer thread running {{(pid=99654) stat_writer /opt/stack/data/venv/lib/python3.12/site-packages/dbcounter.py:102}}
Jul 03 12:07:30.756710 np0000004415 devstack@g-api.service[99654]: DEBUG glance.image_cache.drivers.centralized_db [None req-3162aa96-146d-401d-86c4-71fbb220f2e8 None None] Node reference is already recorded, ignoring it {{(pid=99654) configure /opt/stack/glance/glance/image_cache/drivers/centralized_db.py:71}}
Jul 03 12:07:30.758103 np0000004415 devstack@g-api.service[99653]: DEBUG glance.image_cache.drivers.centralized_db [None req-b912d81b-6a18-4771-a115-0097191e2450 None None] Node reference is already recorded, ignoring it {{(pid=99653) configure /opt/stack/glance/glance/image_cache/drivers/centralized_db.py:71}}
Jul 03 12:07:30.763092 np0000004415 devstack@g-api.service[99654]: INFO glance.image_cache [None req-3162aa96-146d-401d-86c4-71fbb220f2e8 None None] Image cache loaded driver 'centralized_db'.
Jul 03 12:07:30.766494 np0000004415 devstack@g-api.service[99653]: INFO glance.image_cache [None req-b912d81b-6a18-4771-a115-0097191e2450 None None] Image cache loaded driver 'centralized_db'.
Jul 03 12:07:30.772129 np0000004415 devstack@g-api.service[99654]: DEBUG glance.image_cache.drivers.centralized_db [None req-3162aa96-146d-401d-86c4-71fbb220f2e8 None None] Node reference is already recorded, ignoring it {{(pid=99654) configure /opt/stack/glance/glance/image_cache/drivers/centralized_db.py:71}}
Jul 03 12:07:30.841791 np0000004415 devstack@g-api.service[99655]: DEBUG glance.image_cache.drivers.centralized_db [None req-404dd60d-17b2-44b3-9f7b-2a817ebca5d0 None None] Node reference is already recorded, ignoring it {{(pid=99655) configure /opt/stack/glance/glance/image_cache/drivers/centralized_db.py:71}}
Jul 03 12:07:30.847221 np0000004415 devstack@g-api.service[99655]: DEBUG glance.api.v2.cached_images [None req-404dd60d-17b2-44b3-9f7b-2a817ebca5d0 None None] Started cache worker thread {{(pid=99655) __init__ /opt/stack/glance/glance/api/v2/cached_images.py:69}}
Jul 03 12:07:30.847982 np0000004415 devstack@g-api.service[99655]: INFO glance.image_cache [None req-404dd60d-17b2-44b3-9f7b-2a817ebca5d0 None None] Image cache loaded driver 'centralized_db'.
Jul 03 12:07:30.858545 np0000004415 devstack@g-api.service[99655]: DEBUG glance.image_cache.drivers.centralized_db [None req-404dd60d-17b2-44b3-9f7b-2a817ebca5d0 None None] Node reference is already recorded, ignoring it {{(pid=99655) configure /opt/stack/glance/glance/image_cache/drivers/centralized_db.py:71}}
Jul 03 12:07:30.864743 np0000004415 devstack@g-api.service[99654]: DEBUG glance.api.v2.cached_images [None req-3162aa96-146d-401d-86c4-71fbb220f2e8 None None] Started cache worker thread {{(pid=99654) __init__ /opt/stack/glance/glance/api/v2/cached_images.py:69}}
Jul 03 12:07:30.864920 np0000004415 devstack@g-api.service[99655]: INFO glance.api.middleware.cache_manage [None req-404dd60d-17b2-44b3-9f7b-2a817ebca5d0 None None] Initialized image cache management middleware
Jul 03 12:07:30.865084 np0000004415 devstack@g-api.service[99655]: INFO glance.image_cache [None req-404dd60d-17b2-44b3-9f7b-2a817ebca5d0 None None] Image cache loaded driver 'centralized_db'.
Jul 03 12:07:30.865510 np0000004415 devstack@g-api.service[99654]: INFO glance.image_cache [None req-3162aa96-146d-401d-86c4-71fbb220f2e8 None None] Image cache loaded driver 'centralized_db'.
Jul 03 12:07:30.867755 np0000004415 devstack@g-api.service[99653]: DEBUG glance.image_cache.drivers.centralized_db [None req-b912d81b-6a18-4771-a115-0097191e2450 None None] Node reference is already recorded, ignoring it {{(pid=99653) configure /opt/stack/glance/glance/image_cache/drivers/centralized_db.py:71}}
Jul 03 12:07:30.872559 np0000004415 devstack@g-api.service[99653]: DEBUG glance.api.v2.cached_images [None req-b912d81b-6a18-4771-a115-0097191e2450 None None] Started cache worker thread {{(pid=99653) __init__ /opt/stack/glance/glance/api/v2/cached_images.py:69}}
Jul 03 12:07:30.872855 np0000004415 devstack@g-api.service[99653]: INFO glance.image_cache [None req-b912d81b-6a18-4771-a115-0097191e2450 None None] Image cache loaded driver 'centralized_db'.
Jul 03 12:07:30.872977 np0000004415 devstack@g-api.service[99654]: DEBUG glance.image_cache.drivers.centralized_db [None req-3162aa96-146d-401d-86c4-71fbb220f2e8 None None] Node reference is already recorded, ignoring it {{(pid=99654) configure /opt/stack/glance/glance/image_cache/drivers/centralized_db.py:71}}
Jul 03 12:07:30.876617 np0000004415 devstack@g-api.service[99655]: DEBUG glance.image_cache.drivers.centralized_db [None req-404dd60d-17b2-44b3-9f7b-2a817ebca5d0 None None] Node reference is already recorded, ignoring it {{(pid=99655) configure /opt/stack/glance/glance/image_cache/drivers/centralized_db.py:71}}
Jul 03 12:07:30.877675 np0000004415 devstack@g-api.service[99654]: INFO glance.api.middleware.cache_manage [None req-3162aa96-146d-401d-86c4-71fbb220f2e8 None None] Initialized image cache management middleware
Jul 03 12:07:30.877831 np0000004415 devstack@g-api.service[99654]: INFO glance.image_cache [None req-3162aa96-146d-401d-86c4-71fbb220f2e8 None None] Image cache loaded driver 'centralized_db'.
Jul 03 12:07:30.880141 np0000004415 devstack@g-api.service[99655]: INFO glance.api.middleware.cache [None req-404dd60d-17b2-44b3-9f7b-2a817ebca5d0 None None] Initialized image cache middleware
Jul 03 12:07:30.880396 np0000004415 devstack@g-api.service[99653]: DEBUG glance.image_cache.drivers.centralized_db [None req-b912d81b-6a18-4771-a115-0097191e2450 None None] Node reference is already recorded, ignoring it {{(pid=99653) configure /opt/stack/glance/glance/image_cache/drivers/centralized_db.py:71}}
Jul 03 12:07:30.885407 np0000004415 devstack@g-api.service[99654]: DEBUG glance.image_cache.drivers.centralized_db [None req-3162aa96-146d-401d-86c4-71fbb220f2e8 None None] Node reference is already recorded, ignoring it {{(pid=99654) configure /opt/stack/glance/glance/image_cache/drivers/centralized_db.py:71}}
Jul 03 12:07:30.886303 np0000004415 devstack@g-api.service[99653]: INFO glance.api.middleware.cache_manage [None req-b912d81b-6a18-4771-a115-0097191e2450 None None] Initialized image cache management middleware
Jul 03 12:07:30.886446 np0000004415 devstack@g-api.service[99653]: INFO glance.image_cache [None req-b912d81b-6a18-4771-a115-0097191e2450 None None] Image cache loaded driver 'centralized_db'.
Jul 03 12:07:30.891140 np0000004415 devstack@g-api.service[99655]: DEBUG glance.common.config [None req-404dd60d-17b2-44b3-9f7b-2a817ebca5d0 None None] ******************************************************************************** {{(pid=99655) log_opt_values /opt/stack/data/venv/lib/python3.12/site-packages/oslo_config/cfg.py:3226}}
Jul 03 12:07:30.891290 np0000004415 devstack@g-api.service[99654]: INFO glance.api.middleware.cache [None req-3162aa96-146d-401d-86c4-71fbb220f2e8 None None] Initialized image cache middleware
Jul 03 12:07:30.891355 np0000004415 devstack@g-api.service[99655]: DEBUG glance.common.config [None req-404dd60d-17b2-44b3-9f7b-2a817ebca5d0 None None] Configuration options gathered from: {{(pid=99655) log_opt_values /opt/stack/data/venv/lib/python3.12/site-packages/oslo_config/cfg.py:3227}}
Jul 03 12:07:30.891495 np0000004415 devstack@g-api.service[99655]: DEBUG glance.common.config [None req-404dd60d-17b2-44b3-9f7b-2a817ebca5d0 None None] command line args: [] {{(pid=99655) log_opt_values /opt/stack/data/venv/lib/python3.12/site-packages/oslo_config/cfg.py:3228}}
Jul 03 12:07:30.891745 np0000004415 devstack@g-api.service[99655]: DEBUG glance.common.config [None req-404dd60d-17b2-44b3-9f7b-2a817ebca5d0 None None] config files: ['/etc/glance/glance-image-import.conf', '/etc/glance/glance-api.conf'] {{(pid=99655) log_opt_values /opt/stack/data/venv/lib/python3.12/site-packages/oslo_config/cfg.py:3229}}
Jul 03 12:07:30.891818 np0000004415 devstack@g-api.service[99655]: DEBUG glance.common.config [None req-404dd60d-17b2-44b3-9f7b-2a817ebca5d0 None None] ================================================================================ {{(pid=99655) log_opt_values /opt/stack/data/venv/lib/python3.12/site-packages/oslo_config/cfg.py:3234}}
Jul 03 12:07:30.891942 np0000004415 devstack@g-api.service[99655]: DEBUG glance.common.config [None req-404dd60d-17b2-44b3-9f7b-2a817ebca5d0 None None] allow_anonymous_access = False {{(pid=99655) log_opt_values /opt/stack/data/venv/lib/python3.12/site-packages/oslo_config/cfg.py:3242}}
Jul 03 12:07:30.892036 np0000004415 devstack@g-api.service[99655]: DEBUG glance.common.config [None req-404dd60d-17b2-44b3-9f7b-2a817ebca5d0 None None] api_limit_max = 1000 {{(pid=99655) log_opt_values /opt/stack/data/venv/lib/python3.12/site-packages/oslo_config/cfg.py:3242}}
Jul 03 12:07:30.892204 np0000004415 devstack@g-api.service[99655]: DEBUG glance.common.config [None req-404dd60d-17b2-44b3-9f7b-2a817ebca5d0 None None] backlog = 4096 {{(pid=99655) log_opt_values /opt/stack/data/venv/lib/python3.12/site-packages/oslo_config/cfg.py:3242}}
Jul 03 12:07:30.892402 np0000004415 devstack@g-api.service[99655]: DEBUG glance.common.config [None req-404dd60d-17b2-44b3-9f7b-2a817ebca5d0 None None] bind_host = 0.0.0.0 {{(pid=99655) log_opt_values /opt/stack/data/venv/lib/python3.12/site-packages/oslo_config/cfg.py:3242}}
Jul 03 12:07:30.892536 np0000004415 devstack@g-api.service[99655]: DEBUG glance.common.config [None req-404dd60d-17b2-44b3-9f7b-2a817ebca5d0 None None] bind_port = 19292 {{(pid=99655) log_opt_values /opt/stack/data/venv/lib/python3.12/site-packages/oslo_config/cfg.py:3242}}
Jul 03 12:07:30.892682 np0000004415 devstack@g-api.service[99655]: DEBUG glance.common.config [None req-404dd60d-17b2-44b3-9f7b-2a817ebca5d0 None None] client_socket_timeout = 900 {{(pid=99655) log_opt_values /opt/stack/data/venv/lib/python3.12/site-packages/oslo_config/cfg.py:3242}}
Jul 03 12:07:30.892834 np0000004415 devstack@g-api.service[99655]: DEBUG glance.common.config [None req-404dd60d-17b2-44b3-9f7b-2a817ebca5d0 None None] config_dir = [] {{(pid=99655) log_opt_values /opt/stack/data/venv/lib/python3.12/site-packages/oslo_config/cfg.py:3242}}
Jul 03 12:07:30.892954 np0000004415 devstack@g-api.service[99655]: DEBUG glance.common.config [None req-404dd60d-17b2-44b3-9f7b-2a817ebca5d0 None None] config_file = ['/etc/glance/glance-image-import.conf', '/etc/glance/glance-api.conf'] {{(pid=99655) log_opt_values /opt/stack/data/venv/lib/python3.12/site-packages/oslo_config/cfg.py:3242}}
Jul 03 12:07:30.893128 np0000004415 devstack@g-api.service[99655]: DEBUG glance.common.config [None req-404dd60d-17b2-44b3-9f7b-2a817ebca5d0 None None] config_source = [] {{(pid=99655) log_opt_values /opt/stack/data/venv/lib/python3.12/site-packages/oslo_config/cfg.py:3242}}
Jul 03 12:07:30.893311 np0000004415 devstack@g-api.service[99655]: DEBUG glance.common.config [None req-404dd60d-17b2-44b3-9f7b-2a817ebca5d0 None None] control_exchange = glance {{(pid=99655) log_opt_values /opt/stack/data/venv/lib/python3.12/site-packages/oslo_config/cfg.py:3242}}
Jul 03 12:07:30.893424 np0000004415 devstack@g-api.service[99655]: DEBUG glance.common.config [None req-404dd60d-17b2-44b3-9f7b-2a817ebca5d0 None None] debug = True {{(pid=99655) log_opt_values /opt/stack/data/venv/lib/python3.12/site-packages/oslo_config/cfg.py:3242}}
Jul 03 12:07:30.893694 np0000004415 devstack@g-api.service[99655]: DEBUG glance.common.config [None req-404dd60d-17b2-44b3-9f7b-2a817ebca5d0 None None] default_log_levels = ['amqp=WARN', 'boto=WARN', 'sqlalchemy=WARN', 'suds=INFO', 'oslo.messaging=INFO', 'oslo_messaging=INFO', 'iso8601=WARN', 'requests.packages.urllib3.connectionpool=WARN', 'urllib3.connectionpool=WARN', 'websocket=WARN', 'requests.packages.urllib3.util.retry=WARN', 'urllib3.util.retry=WARN', 'keystonemiddleware=WARN', 'routes.middleware=WARN', 'stevedore=WARN', 'taskflow=WARN', 'keystoneauth=WARN', 'oslo.cache=INFO', 'oslo_policy=INFO', 'dogpile.core.dogpile=INFO'] {{(pid=99655) log_opt_values /opt/stack/data/venv/lib/python3.12/site-packages/oslo_config/cfg.py:3242}}
Jul 03 12:07:30.893817 np0000004415 devstack@g-api.service[99655]: DEBUG glance.common.config [None req-404dd60d-17b2-44b3-9f7b-2a817ebca5d0 None None] default_publisher_id = image.localhost {{(pid=99655) log_opt_values /opt/stack/data/venv/lib/python3.12/site-packages/oslo_config/cfg.py:3242}}
Jul 03 12:07:30.893921 np0000004415 devstack@g-api.service[99655]: DEBUG glance.common.config [None req-404dd60d-17b2-44b3-9f7b-2a817ebca5d0 None None] delayed_delete = False {{(pid=99655) log_opt_values /opt/stack/data/venv/lib/python3.12/site-packages/oslo_config/cfg.py:3242}}
Jul 03 12:07:30.894037 np0000004415 devstack@g-api.service[99655]: DEBUG glance.common.config [None req-404dd60d-17b2-44b3-9f7b-2a817ebca5d0 None None] digest_algorithm = sha256 {{(pid=99655) log_opt_values /opt/stack/data/venv/lib/python3.12/site-packages/oslo_config/cfg.py:3242}}
Jul 03 12:07:30.894146 np0000004415 devstack@g-api.service[99653]: DEBUG glance.image_cache.drivers.centralized_db [None req-b912d81b-6a18-4771-a115-0097191e2450 None None] Node reference is already recorded, ignoring it {{(pid=99653) configure /opt/stack/glance/glance/image_cache/drivers/centralized_db.py:71}}
Jul 03 12:07:30.894182 np0000004415 devstack@g-api.service[99655]: DEBUG glance.common.config [None req-404dd60d-17b2-44b3-9f7b-2a817ebca5d0 None None] disabled_notifications = [] {{(pid=99655) log_opt_values /opt/stack/data/venv/lib/python3.12/site-packages/oslo_config/cfg.py:3242}}
Jul 03 12:07:30.894270 np0000004415 devstack@g-api.service[99655]: DEBUG glance.common.config [None req-404dd60d-17b2-44b3-9f7b-2a817ebca5d0 None None] do_secure_hash = True {{(pid=99655) log_opt_values /opt/stack/data/venv/lib/python3.12/site-packages/oslo_config/cfg.py:3242}}
Jul 03 12:07:30.894388 np0000004415 devstack@g-api.service[99655]: DEBUG glance.common.config [None req-404dd60d-17b2-44b3-9f7b-2a817ebca5d0 None None] enabled_backends = None {{(pid=99655) log_opt_values /opt/stack/data/venv/lib/python3.12/site-packages/oslo_config/cfg.py:3242}}
Jul 03 12:07:30.894506 np0000004415 devstack@g-api.service[99655]: DEBUG glance.common.config [None req-404dd60d-17b2-44b3-9f7b-2a817ebca5d0 None None] enabled_import_methods = ['glance-direct', 'web-download', 'copy-image'] {{(pid=99655) log_opt_values /opt/stack/data/venv/lib/python3.12/site-packages/oslo_config/cfg.py:3242}}
Jul 03 12:07:30.894614 np0000004415 devstack@g-api.service[99655]: DEBUG glance.common.config [None req-404dd60d-17b2-44b3-9f7b-2a817ebca5d0 None None] fatal_deprecations = False {{(pid=99655) log_opt_values /opt/stack/data/venv/lib/python3.12/site-packages/oslo_config/cfg.py:3242}}
Jul 03 12:07:30.894717 np0000004415 devstack@g-api.service[99655]: DEBUG glance.common.config [None req-404dd60d-17b2-44b3-9f7b-2a817ebca5d0 None None] hashing_algorithm = sha512 {{(pid=99655) log_opt_values /opt/stack/data/venv/lib/python3.12/site-packages/oslo_config/cfg.py:3242}}
Jul 03 12:07:30.894816 np0000004415 devstack@g-api.service[99655]: DEBUG glance.common.config [None req-404dd60d-17b2-44b3-9f7b-2a817ebca5d0 None None] http_keepalive = True {{(pid=99655) log_opt_values /opt/stack/data/venv/lib/python3.12/site-packages/oslo_config/cfg.py:3242}}
Jul 03 12:07:30.894914 np0000004415 devstack@g-api.service[99655]: DEBUG glance.common.config [None req-404dd60d-17b2-44b3-9f7b-2a817ebca5d0 None None] http_retries = 3 {{(pid=99655) log_opt_values /opt/stack/data/venv/lib/python3.12/site-packages/oslo_config/cfg.py:3242}}
Jul 03 12:07:30.895022 np0000004415 devstack@g-api.service[99655]: DEBUG glance.common.config [None req-404dd60d-17b2-44b3-9f7b-2a817ebca5d0 None None] image_cache_dir = /opt/stack/data/glance/cache/ {{(pid=99655) log_opt_values /opt/stack/data/venv/lib/python3.12/site-packages/oslo_config/cfg.py:3242}}
Jul 03 12:07:30.895138 np0000004415 devstack@g-api.service[99655]: DEBUG glance.common.config [None req-404dd60d-17b2-44b3-9f7b-2a817ebca5d0 None None] image_cache_driver = centralized_db {{(pid=99655) log_opt_values /opt/stack/data/venv/lib/python3.12/site-packages/oslo_config/cfg.py:3242}}
Jul 03 12:07:30.895265 np0000004415 devstack@g-api.service[99655]: DEBUG glance.common.config [None req-404dd60d-17b2-44b3-9f7b-2a817ebca5d0 None None] image_cache_max_size = 10737418240 {{(pid=99655) log_opt_values /opt/stack/data/venv/lib/python3.12/site-packages/oslo_config/cfg.py:3242}}
Jul 03 12:07:30.895374 np0000004415 devstack@g-api.service[99655]: DEBUG glance.common.config [None req-404dd60d-17b2-44b3-9f7b-2a817ebca5d0 None None] image_cache_sqlite_db = cache.db {{(pid=99655) log_opt_values /opt/stack/data/venv/lib/python3.12/site-packages/oslo_config/cfg.py:3242}}
Jul 03 12:07:30.895477 np0000004415 devstack@g-api.service[99655]: DEBUG glance.common.config [None req-404dd60d-17b2-44b3-9f7b-2a817ebca5d0 None None] image_cache_stall_time = 86400 {{(pid=99655) log_opt_values /opt/stack/data/venv/lib/python3.12/site-packages/oslo_config/cfg.py:3242}}
Jul 03 12:07:30.895576 np0000004415 devstack@g-api.service[99655]: DEBUG glance.common.config [None req-404dd60d-17b2-44b3-9f7b-2a817ebca5d0 None None] image_location_quota = 10 {{(pid=99655) log_opt_values /opt/stack/data/venv/lib/python3.12/site-packages/oslo_config/cfg.py:3242}}
Jul 03 12:07:30.895675 np0000004415 devstack@g-api.service[99655]: DEBUG glance.common.config [None req-404dd60d-17b2-44b3-9f7b-2a817ebca5d0 None None] image_member_quota = 128 {{(pid=99655) log_opt_values /opt/stack/data/venv/lib/python3.12/site-packages/oslo_config/cfg.py:3242}}
Jul 03 12:07:30.895776 np0000004415 devstack@g-api.service[99655]: DEBUG glance.common.config [None req-404dd60d-17b2-44b3-9f7b-2a817ebca5d0 None None] image_property_quota = 128 {{(pid=99655) log_opt_values /opt/stack/data/venv/lib/python3.12/site-packages/oslo_config/cfg.py:3242}}
Jul 03 12:07:30.895874 np0000004415 devstack@g-api.service[99655]: DEBUG glance.common.config [None req-404dd60d-17b2-44b3-9f7b-2a817ebca5d0 None None] image_size_cap = 1099511627776 {{(pid=99655) log_opt_values /opt/stack/data/venv/lib/python3.12/site-packages/oslo_config/cfg.py:3242}}
Jul 03 12:07:30.895971 np0000004415 devstack@g-api.service[99655]: DEBUG glance.common.config [None req-404dd60d-17b2-44b3-9f7b-2a817ebca5d0 None None] image_tag_quota = 128 {{(pid=99655) log_opt_values /opt/stack/data/venv/lib/python3.12/site-packages/oslo_config/cfg.py:3242}}
Jul 03 12:07:30.896087 np0000004415 devstack@g-api.service[99655]: DEBUG glance.common.config [None req-404dd60d-17b2-44b3-9f7b-2a817ebca5d0 None None] instance_format = [instance: %(uuid)s] {{(pid=99655) log_opt_values /opt/stack/data/venv/lib/python3.12/site-packages/oslo_config/cfg.py:3242}}
Jul 03 12:07:30.896276 np0000004415 devstack@g-api.service[99655]: DEBUG glance.common.config [None req-404dd60d-17b2-44b3-9f7b-2a817ebca5d0 None None] instance_uuid_format = [instance: %(uuid)s] {{(pid=99655) log_opt_values /opt/stack/data/venv/lib/python3.12/site-packages/oslo_config/cfg.py:3242}}
Jul 03 12:07:30.896423 np0000004415 devstack@g-api.service[99655]: DEBUG glance.common.config [None req-404dd60d-17b2-44b3-9f7b-2a817ebca5d0 None None] limit_param_default = 25 {{(pid=99655) log_opt_values /opt/stack/data/venv/lib/python3.12/site-packages/oslo_config/cfg.py:3242}}
Jul 03 12:07:30.896580 np0000004415 devstack@g-api.service[99655]: DEBUG glance.common.config [None req-404dd60d-17b2-44b3-9f7b-2a817ebca5d0 None None] log_color = False {{(pid=99655) log_opt_values /opt/stack/data/venv/lib/python3.12/site-packages/oslo_config/cfg.py:3242}}
Jul 03 12:07:30.896736 np0000004415 devstack@g-api.service[99655]: DEBUG glance.common.config [None req-404dd60d-17b2-44b3-9f7b-2a817ebca5d0 None None] log_config_append = None {{(pid=99655) log_opt_values /opt/stack/data/venv/lib/python3.12/site-packages/oslo_config/cfg.py:3242}}
Jul 03 12:07:30.896889 np0000004415 devstack@g-api.service[99655]: DEBUG glance.common.config [None req-404dd60d-17b2-44b3-9f7b-2a817ebca5d0 None None] log_date_format = %Y-%m-%d %H:%M:%S {{(pid=99655) log_opt_values /opt/stack/data/venv/lib/python3.12/site-packages/oslo_config/cfg.py:3242}}
Jul 03 12:07:30.897033 np0000004415 devstack@g-api.service[99655]: DEBUG glance.common.config [None req-404dd60d-17b2-44b3-9f7b-2a817ebca5d0 None None] log_dir = None {{(pid=99655) log_opt_values /opt/stack/data/venv/lib/python3.12/site-packages/oslo_config/cfg.py:3242}}
Jul 03 12:07:30.897181 np0000004415 devstack@g-api.service[99655]: DEBUG glance.common.config [None req-404dd60d-17b2-44b3-9f7b-2a817ebca5d0 None None] log_file = None {{(pid=99655) log_opt_values /opt/stack/data/venv/lib/python3.12/site-packages/oslo_config/cfg.py:3242}}
Jul 03 12:07:30.897356 np0000004415 devstack@g-api.service[99655]: DEBUG glance.common.config [None req-404dd60d-17b2-44b3-9f7b-2a817ebca5d0 None None] log_rotate_interval = 1 {{(pid=99655) log_opt_values /opt/stack/data/venv/lib/python3.12/site-packages/oslo_config/cfg.py:3242}}
Jul 03 12:07:30.897516 np0000004415 devstack@g-api.service[99655]: DEBUG glance.common.config [None req-404dd60d-17b2-44b3-9f7b-2a817ebca5d0 None None] log_rotate_interval_type = days {{(pid=99655) log_opt_values /opt/stack/data/venv/lib/python3.12/site-packages/oslo_config/cfg.py:3242}}
Jul 03 12:07:30.897562 np0000004415 devstack@g-api.service[99653]: INFO glance.api.middleware.cache [None req-b912d81b-6a18-4771-a115-0097191e2450 None None] Initialized image cache middleware
Jul 03 12:07:30.897673 np0000004415 devstack@g-api.service[99655]: DEBUG glance.common.config [None req-404dd60d-17b2-44b3-9f7b-2a817ebca5d0 None None] log_rotation_type = none {{(pid=99655) log_opt_values /opt/stack/data/venv/lib/python3.12/site-packages/oslo_config/cfg.py:3242}}
Jul 03 12:07:30.897788 np0000004415 devstack@g-api.service[99655]: DEBUG glance.common.config [None req-404dd60d-17b2-44b3-9f7b-2a817ebca5d0 None None] logging_context_format_string = %(color)s%(levelname)s %(name)s [%(global_request_id)s %(request_id)s %(project_name)s %(user_name)s%(color)s] %(instance)s%(color)s%(message)s {{(pid=99655) log_opt_values /opt/stack/data/venv/lib/python3.12/site-packages/oslo_config/cfg.py:3242}}
Jul 03 12:07:30.897901 np0000004415 devstack@g-api.service[99655]: DEBUG glance.common.config [None req-404dd60d-17b2-44b3-9f7b-2a817ebca5d0 None None] logging_debug_format_suffix = {{(pid=%(process)d) %(funcName)s %(pathname)s:%(lineno)d}} {{(pid=99655) log_opt_values /opt/stack/data/venv/lib/python3.12/site-packages/oslo_config/cfg.py:3242}}
Jul 03 12:07:30.898065 np0000004415 devstack@g-api.service[99655]: DEBUG glance.common.config [None req-404dd60d-17b2-44b3-9f7b-2a817ebca5d0 None None] logging_default_format_string = %(color)s%(levelname)s %(name)s [-%(color)s] %(instance)s%(color)s%(message)s {{(pid=99655) log_opt_values /opt/stack/data/venv/lib/python3.12/site-packages/oslo_config/cfg.py:3242}}
Jul 03 12:07:30.898239 np0000004415 devstack@g-api.service[99655]: DEBUG glance.common.config [None req-404dd60d-17b2-44b3-9f7b-2a817ebca5d0 None None] logging_exception_prefix = ERROR %(name)s %(instance)s {{(pid=99655) log_opt_values /opt/stack/data/venv/lib/python3.12/site-packages/oslo_config/cfg.py:3242}}
Jul 03 12:07:30.898361 np0000004415 devstack@g-api.service[99655]: DEBUG glance.common.config [None req-404dd60d-17b2-44b3-9f7b-2a817ebca5d0 None None] logging_user_identity_format = %(user)s %(project)s %(domain)s %(system_scope)s %(user_domain)s %(project_domain)s {{(pid=99655) log_opt_values /opt/stack/data/venv/lib/python3.12/site-packages/oslo_config/cfg.py:3242}}
Jul 03 12:07:30.898512 np0000004415 devstack@g-api.service[99655]: DEBUG glance.common.config [None req-404dd60d-17b2-44b3-9f7b-2a817ebca5d0 None None] max_header_line = 16384 {{(pid=99655) log_opt_values /opt/stack/data/venv/lib/python3.12/site-packages/oslo_config/cfg.py:3242}}
Jul 03 12:07:30.898659 np0000004415 devstack@g-api.service[99655]: DEBUG glance.common.config [None req-404dd60d-17b2-44b3-9f7b-2a817ebca5d0 None None] max_logfile_count = 30 {{(pid=99655) log_opt_values /opt/stack/data/venv/lib/python3.12/site-packages/oslo_config/cfg.py:3242}}
Jul 03 12:07:30.898802 np0000004415 devstack@g-api.service[99655]: DEBUG glance.common.config [None req-404dd60d-17b2-44b3-9f7b-2a817ebca5d0 None None] max_logfile_size_mb = 200 {{(pid=99655) log_opt_values /opt/stack/data/venv/lib/python3.12/site-packages/oslo_config/cfg.py:3242}}
Jul 03 12:07:30.898941 np0000004415 devstack@g-api.service[99655]: DEBUG glance.common.config [None req-404dd60d-17b2-44b3-9f7b-2a817ebca5d0 None None] max_request_id_length = 64 {{(pid=99655) log_opt_values /opt/stack/data/venv/lib/python3.12/site-packages/oslo_config/cfg.py:3242}}
Jul 03 12:07:30.899099 np0000004415 devstack@g-api.service[99655]: DEBUG glance.common.config [None req-404dd60d-17b2-44b3-9f7b-2a817ebca5d0 None None] metadata_encryption_key = **** {{(pid=99655) log_opt_values /opt/stack/data/venv/lib/python3.12/site-packages/oslo_config/cfg.py:3242}}
Jul 03 12:07:30.899224 np0000004415 devstack@g-api.service[99655]: DEBUG glance.common.config [None req-404dd60d-17b2-44b3-9f7b-2a817ebca5d0 None None] node_staging_uri = file:///tmp/staging/ {{(pid=99655) log_opt_values /opt/stack/data/venv/lib/python3.12/site-packages/oslo_config/cfg.py:3242}}
Jul 03 12:07:30.899326 np0000004415 devstack@g-api.service[99655]: DEBUG glance.common.config [None req-404dd60d-17b2-44b3-9f7b-2a817ebca5d0 None None] property_protection_file = None {{(pid=99655) log_opt_values /opt/stack/data/venv/lib/python3.12/site-packages/oslo_config/cfg.py:3242}}
Jul 03 12:07:30.899424 np0000004415 devstack@g-api.service[99655]: DEBUG glance.common.config [None req-404dd60d-17b2-44b3-9f7b-2a817ebca5d0 None None] property_protection_rule_format = roles {{(pid=99655) log_opt_values /opt/stack/data/venv/lib/python3.12/site-packages/oslo_config/cfg.py:3242}}
Jul 03 12:07:30.899548 np0000004415 devstack@g-api.service[99655]: DEBUG glance.common.config [None req-404dd60d-17b2-44b3-9f7b-2a817ebca5d0 None None] public_endpoint = https://10.4.3.124/image {{(pid=99655) log_opt_values /opt/stack/data/venv/lib/python3.12/site-packages/oslo_config/cfg.py:3242}}
Jul 03 12:07:30.899645 np0000004415 devstack@g-api.service[99655]: DEBUG glance.common.config [None req-404dd60d-17b2-44b3-9f7b-2a817ebca5d0 None None] publish_errors = False {{(pid=99655) log_opt_values /opt/stack/data/venv/lib/python3.12/site-packages/oslo_config/cfg.py:3242}}
Jul 03 12:07:30.899731 np0000004415 devstack@g-api.service[99655]: DEBUG glance.common.config [None req-404dd60d-17b2-44b3-9f7b-2a817ebca5d0 None None] pydev_worker_debug_host = None {{(pid=99655) log_opt_values /opt/stack/data/venv/lib/python3.12/site-packages/oslo_config/cfg.py:3242}}
Jul 03 12:07:30.899821 np0000004415 devstack@g-api.service[99655]: DEBUG glance.common.config [None req-404dd60d-17b2-44b3-9f7b-2a817ebca5d0 None None] pydev_worker_debug_port = 5678 {{(pid=99655) log_opt_values /opt/stack/data/venv/lib/python3.12/site-packages/oslo_config/cfg.py:3242}}
Jul 03 12:07:30.899907 np0000004415 devstack@g-api.service[99655]: DEBUG glance.common.config [None req-404dd60d-17b2-44b3-9f7b-2a817ebca5d0 None None] rate_limit_burst = 0 {{(pid=99655) log_opt_values /opt/stack/data/venv/lib/python3.12/site-packages/oslo_config/cfg.py:3242}}
Jul 03 12:07:30.900002 np0000004415 devstack@g-api.service[99655]: DEBUG glance.common.config [None req-404dd60d-17b2-44b3-9f7b-2a817ebca5d0 None None] rate_limit_except_level = CRITICAL {{(pid=99655) log_opt_values /opt/stack/data/venv/lib/python3.12/site-packages/oslo_config/cfg.py:3242}}
Jul 03 12:07:30.900105 np0000004415 devstack@g-api.service[99655]: DEBUG glance.common.config [None req-404dd60d-17b2-44b3-9f7b-2a817ebca5d0 None None] rate_limit_interval = 0 {{(pid=99655) log_opt_values /opt/stack/data/venv/lib/python3.12/site-packages/oslo_config/cfg.py:3242}}
Jul 03 12:07:30.900203 np0000004415 devstack@g-api.service[99655]: DEBUG glance.common.config [None req-404dd60d-17b2-44b3-9f7b-2a817ebca5d0 None None] scrub_pool_size = 1 {{(pid=99655) log_opt_values /opt/stack/data/venv/lib/python3.12/site-packages/oslo_config/cfg.py:3242}}
Jul 03 12:07:30.900300 np0000004415 devstack@g-api.service[99655]: DEBUG glance.common.config [None req-404dd60d-17b2-44b3-9f7b-2a817ebca5d0 None None] scrub_time = 0 {{(pid=99655) log_opt_values /opt/stack/data/venv/lib/python3.12/site-packages/oslo_config/cfg.py:3242}}
Jul 03 12:07:30.900413 np0000004415 devstack@g-api.service[99655]: DEBUG glance.common.config [None req-404dd60d-17b2-44b3-9f7b-2a817ebca5d0 None None] shell_completion = None {{(pid=99655) log_opt_values /opt/stack/data/venv/lib/python3.12/site-packages/oslo_config/cfg.py:3242}}
Jul 03 12:07:30.900507 np0000004415 devstack@g-api.service[99655]: DEBUG glance.common.config [None req-404dd60d-17b2-44b3-9f7b-2a817ebca5d0 None None] show_image_direct_url = False {{(pid=99655) log_opt_values /opt/stack/data/venv/lib/python3.12/site-packages/oslo_config/cfg.py:3242}}
Jul 03 12:07:30.900727 np0000004415 devstack@g-api.service[99655]: WARNING oslo_config.cfg [None req-404dd60d-17b2-44b3-9f7b-2a817ebca5d0 None None] Deprecated: Option "show_multiple_locations" from group "DEFAULT" is deprecated for removal (Use of this option, deprecated since Newton, is a security risk and will be removed once we figure out a way to satisfy those use cases that currently require it. An earlier announcement that the same functionality can be achieved with greater granularity by using policies is incorrect. You cannot work around this option via policy configuration at the present time, though that is the direction we believe the fix will take. Please keep an eye on the Glance release notes to stay up to date on progress in addressing this issue.). Its value may be silently ignored in the future.
Jul 03 12:07:30.900816 np0000004415 devstack@g-api.service[99655]: DEBUG glance.common.config [None req-404dd60d-17b2-44b3-9f7b-2a817ebca5d0 None None] show_multiple_locations = False {{(pid=99655) log_opt_values /opt/stack/data/venv/lib/python3.12/site-packages/oslo_config/cfg.py:3242}}
Jul 03 12:07:30.900912 np0000004415 devstack@g-api.service[99655]: DEBUG glance.common.config [None req-404dd60d-17b2-44b3-9f7b-2a817ebca5d0 None None] syslog_log_facility = LOG_USER {{(pid=99655) log_opt_values /opt/stack/data/venv/lib/python3.12/site-packages/oslo_config/cfg.py:3242}}
Jul 03 12:07:30.901002 np0000004415 devstack@g-api.service[99655]: DEBUG glance.common.config [None req-404dd60d-17b2-44b3-9f7b-2a817ebca5d0 None None] tcp_keepidle = 600 {{(pid=99655) log_opt_values /opt/stack/data/venv/lib/python3.12/site-packages/oslo_config/cfg.py:3242}}
Jul 03 12:07:30.901107 np0000004415 devstack@g-api.service[99655]: DEBUG glance.common.config [None req-404dd60d-17b2-44b3-9f7b-2a817ebca5d0 None None] transport_url = **** {{(pid=99655) log_opt_values /opt/stack/data/venv/lib/python3.12/site-packages/oslo_config/cfg.py:3242}}
Jul 03 12:07:30.901198 np0000004415 devstack@g-api.service[99655]: DEBUG glance.common.config [None req-404dd60d-17b2-44b3-9f7b-2a817ebca5d0 None None] use_journal = False {{(pid=99655) log_opt_values /opt/stack/data/venv/lib/python3.12/site-packages/oslo_config/cfg.py:3242}}
Jul 03 12:07:30.901309 np0000004415 devstack@g-api.service[99655]: DEBUG glance.common.config [None req-404dd60d-17b2-44b3-9f7b-2a817ebca5d0 None None] use_json = False {{(pid=99655) log_opt_values /opt/stack/data/venv/lib/python3.12/site-packages/oslo_config/cfg.py:3242}}
Jul 03 12:07:30.901400 np0000004415 devstack@g-api.service[99655]: DEBUG glance.common.config [None req-404dd60d-17b2-44b3-9f7b-2a817ebca5d0 None None] use_keystone_limits = True {{(pid=99655) log_opt_values /opt/stack/data/venv/lib/python3.12/site-packages/oslo_config/cfg.py:3242}}
Jul 03 12:07:30.901489 np0000004415 devstack@g-api.service[99655]: DEBUG glance.common.config [None req-404dd60d-17b2-44b3-9f7b-2a817ebca5d0 None None] use_stderr = False {{(pid=99655) log_opt_values /opt/stack/data/venv/lib/python3.12/site-packages/oslo_config/cfg.py:3242}}
Jul 03 12:07:30.901582 np0000004415 devstack@g-api.service[99655]: DEBUG glance.common.config [None req-404dd60d-17b2-44b3-9f7b-2a817ebca5d0 None None] use_syslog = False {{(pid=99655) log_opt_values /opt/stack/data/venv/lib/python3.12/site-packages/oslo_config/cfg.py:3242}}
Jul 03 12:07:30.901672 np0000004415 devstack@g-api.service[99655]: DEBUG glance.common.config [None req-404dd60d-17b2-44b3-9f7b-2a817ebca5d0 None None] user_storage_quota = 0 {{(pid=99655) log_opt_values /opt/stack/data/venv/lib/python3.12/site-packages/oslo_config/cfg.py:3242}}
Jul 03 12:07:30.901765 np0000004415 devstack@g-api.service[99655]: DEBUG glance.common.config [None req-404dd60d-17b2-44b3-9f7b-2a817ebca5d0 None None] worker_self_reference_url = http://127.0.0.1:60999 {{(pid=99655) log_opt_values /opt/stack/data/venv/lib/python3.12/site-packages/oslo_config/cfg.py:3242}}
Jul 03 12:07:30.901848 np0000004415 devstack@g-api.service[99655]: DEBUG glance.common.config [None req-404dd60d-17b2-44b3-9f7b-2a817ebca5d0 None None] workers = None {{(pid=99655) log_opt_values /opt/stack/data/venv/lib/python3.12/site-packages/oslo_config/cfg.py:3242}}
Jul 03 12:07:30.901949 np0000004415 devstack@g-api.service[99655]: DEBUG glance.common.config [None req-404dd60d-17b2-44b3-9f7b-2a817ebca5d0 None None] oslo_concurrency.disable_process_locking = False {{(pid=99655) log_opt_values /opt/stack/data/venv/lib/python3.12/site-packages/oslo_config/cfg.py:3253}}
Jul 03 12:07:30.902058 np0000004415 devstack@g-api.service[99655]: DEBUG glance.common.config [None req-404dd60d-17b2-44b3-9f7b-2a817ebca5d0 None None] oslo_concurrency.lock_path = /opt/stack/data/glance/locks {{(pid=99655) log_opt_values /opt/stack/data/venv/lib/python3.12/site-packages/oslo_config/cfg.py:3253}}
Jul 03 12:07:30.902156 np0000004415 devstack@g-api.service[99655]: DEBUG glance.common.config [None req-404dd60d-17b2-44b3-9f7b-2a817ebca5d0 None None] oslo_middleware.enable_proxy_headers_parsing = False {{(pid=99655) log_opt_values /opt/stack/data/venv/lib/python3.12/site-packages/oslo_config/cfg.py:3253}}
Jul 03 12:07:30.902273 np0000004415 devstack@g-api.service[99655]: DEBUG glance.common.config [None req-404dd60d-17b2-44b3-9f7b-2a817ebca5d0 None None] oslo_middleware.http_basic_auth_user_file = /etc/htpasswd {{(pid=99655) log_opt_values /opt/stack/data/venv/lib/python3.12/site-packages/oslo_config/cfg.py:3253}}
Jul 03 12:07:30.902366 np0000004415 devstack@g-api.service[99655]: DEBUG glance.common.config [None req-404dd60d-17b2-44b3-9f7b-2a817ebca5d0 None None] paste_deploy.config_file = None {{(pid=99655) log_opt_values /opt/stack/data/venv/lib/python3.12/site-packages/oslo_config/cfg.py:3253}}
Jul 03 12:07:30.902468 np0000004415 devstack@g-api.service[99655]: DEBUG glance.common.config [None req-404dd60d-17b2-44b3-9f7b-2a817ebca5d0 None None] paste_deploy.flavor = keystone+cachemanagement {{(pid=99655) log_opt_values /opt/stack/data/venv/lib/python3.12/site-packages/oslo_config/cfg.py:3253}}
Jul 03 12:07:30.902590 np0000004415 devstack@g-api.service[99655]: DEBUG glance.common.config [None req-404dd60d-17b2-44b3-9f7b-2a817ebca5d0 None None] image_format.container_formats = ['ami', 'ari', 'aki', 'bare', 'ovf', 'ova', 'docker', 'compressed'] {{(pid=99655) log_opt_values /opt/stack/data/venv/lib/python3.12/site-packages/oslo_config/cfg.py:3253}}
Jul 03 12:07:30.902713 np0000004415 devstack@g-api.service[99655]: DEBUG glance.common.config [None req-404dd60d-17b2-44b3-9f7b-2a817ebca5d0 None None] image_format.disk_formats = ['ami', 'ari', 'aki', 'vhd', 'vhdx', 'vmdk', 'raw', 'qcow2', 'vdi', 'iso', 'ploop'] {{(pid=99655) log_opt_values /opt/stack/data/venv/lib/python3.12/site-packages/oslo_config/cfg.py:3253}}
Jul 03 12:07:30.902807 np0000004415 devstack@g-api.service[99655]: DEBUG glance.common.config [None req-404dd60d-17b2-44b3-9f7b-2a817ebca5d0 None None] image_format.gpt_safety_checks_nonfatal = [] {{(pid=99655) log_opt_values /opt/stack/data/venv/lib/python3.12/site-packages/oslo_config/cfg.py:3253}}
Jul 03 12:07:30.902901 np0000004415 devstack@g-api.service[99655]: DEBUG glance.common.config [None req-404dd60d-17b2-44b3-9f7b-2a817ebca5d0 None None] image_format.require_image_format_match = True {{(pid=99655) log_opt_values /opt/stack/data/venv/lib/python3.12/site-packages/oslo_config/cfg.py:3253}}
Jul 03 12:07:30.902998 np0000004415 devstack@g-api.service[99655]: DEBUG glance.common.config [None req-404dd60d-17b2-44b3-9f7b-2a817ebca5d0 None None] image_format.vmdk_allowed_types = ['streamOptimized', 'monolithicSparse'] {{(pid=99655) log_opt_values /opt/stack/data/venv/lib/python3.12/site-packages/oslo_config/cfg.py:3253}}
Jul 03 12:07:30.903125 np0000004415 devstack@g-api.service[99655]: DEBUG glance.common.config [None req-404dd60d-17b2-44b3-9f7b-2a817ebca5d0 None None] task.task_executor = taskflow {{(pid=99655) log_opt_values /opt/stack/data/venv/lib/python3.12/site-packages/oslo_config/cfg.py:3253}}
Jul 03 12:07:30.903241 np0000004415 devstack@g-api.service[99655]: DEBUG glance.common.config [None req-404dd60d-17b2-44b3-9f7b-2a817ebca5d0 None None] task.task_time_to_live = 48 {{(pid=99655) log_opt_values /opt/stack/data/venv/lib/python3.12/site-packages/oslo_config/cfg.py:3253}}
Jul 03 12:07:30.903335 np0000004415 devstack@g-api.service[99655]: DEBUG glance.common.config [None req-404dd60d-17b2-44b3-9f7b-2a817ebca5d0 None None] task.work_dir = None {{(pid=99655) log_opt_values /opt/stack/data/venv/lib/python3.12/site-packages/oslo_config/cfg.py:3253}}
Jul 03 12:07:30.903427 np0000004415 devstack@g-api.service[99655]: DEBUG glance.common.config [None req-404dd60d-17b2-44b3-9f7b-2a817ebca5d0 None None] wsgi.python_interpreter = /opt/stack/data/venv/bin/python3 {{(pid=99655) log_opt_values /opt/stack/data/venv/lib/python3.12/site-packages/oslo_config/cfg.py:3253}}
